The Swift Package Index logo.Swift Package Index

Build Information

Failed to build SwiftDraw, reference main (85b0f6), with Swift 6.4 for visionOS using Xcode 27.0 on 22 Sep 2026 03:09:21 UTC.

Build Command

env DEVELOPER_DIR=/Applications/Xcode-27.0.0-Release.Candidate.app xcrun xcodebuild -IDEClonedSourcePackagesDirPathOverride=$PWD/.dependencies -skipMacroValidation -skipPackagePluginValidation -derivedDataPath $PWD/.derivedData build -scheme SwiftDraw-Package -destination generic/platform=xrOS

Build Log

========================================
RunAll
========================================
Builder version: 5.1.0
Interrupt handler set up.
========================================
Checkout
========================================
Clone URL: https://github.com/colinc86/SwiftDraw.git
Reference: main
Initialized empty Git repository in /Users/admin/builder/spi-builder-workspace/.git/
From https://github.com/colinc86/SwiftDraw
 * branch            main       -> FETCH_HEAD
 * [new branch]      main       -> origin/main
HEAD is now at 85b0f65 Merge pull request #75 from marcprux/main
Cloned https://github.com/colinc86/SwiftDraw.git
Revision (git rev-parse @):
85b0f65868385e84ab56483131624b3fb96f962a
SUCCESS checkout https://github.com/colinc86/SwiftDraw.git at main
========================================
Build
========================================
Selected platform:         visionOS
Swift version:             6.4
Building package at path:  $PWD
https://github.com/colinc86/SwiftDraw.git
Command line invocation:
    /Applications/Xcode-27.0.0-Release.Candidate.app/Contents/Developer/usr/bin/xcodebuild -IDEClonedSourcePackagesDirPathOverride=/Users/admin/builder/spi-builder-workspace/.dependencies -resolvePackageDependencies
Resolve Package Graph
Resolve Package Graph
Resolved source packages:
  SwiftDraw: /Users/admin/builder/spi-builder-workspace
resolved source packages: SwiftDraw
2026-09-21 23:08:23.843 xcodebuild[529:3041] [MT] IDERunDestination: Supported platforms for the buildables in the current scheme is empty.
2026-09-21 23:08:24.011 xcodebuild[529:3041] [MT] IDERunDestination: Supported platforms for the buildables in the current scheme is empty.
2026-09-21 23:08:25.635 xcodebuild[529:3041] [MT] IDERunDestination: Supported platforms for the buildables in the current scheme is empty.
{
  "dependencies" : [
  ],
  "manifest_display_name" : "SwiftDraw",
  "name" : "SwiftDraw",
  "path" : "/Users/admin/builder/spi-builder-workspace",
  "platforms" : [
    {
      "name" : "macos",
      "version" : "10.15"
    },
    {
      "name" : "ios",
      "version" : "13.0"
    },
    {
      "name" : "tvos",
      "version" : "13.0"
    },
    {
      "name" : "watchos",
      "version" : "6.0"
    }
  ],
  "products" : [
    {
      "name" : "swiftdrawcli",
      "targets" : [
        "CommandLine"
      ],
      "type" : {
        "executable" : null
      }
    },
    {
      "name" : "SwiftDraw",
      "targets" : [
        "SwiftDraw"
      ],
      "type" : {
        "library" : [
          "automatic"
        ]
      }
    }
  ],
  "targets" : [
    {
      "c99name" : "SwiftDrawTests",
      "module_type" : "SwiftTarget",
      "name" : "SwiftDrawTests",
      "path" : "SwiftDrawTests",
      "resources" : [
        {
          "path" : "/Users/admin/builder/spi-builder-workspace/SwiftDrawTests/Test.bundle",
          "rule" : {
            "copy" : {
            }
          }
        }
      ],
      "sources" : [
        "Bundle+Extensions.swift",
        "CGPath+SegmentTests.swift",
        "CGRendererTests.swift",
        "CommandLine.ArgumentsTests.swift",
        "CommandLine.ConfigurationTests.swift",
        "CoordinateTests.swift",
        "DOM+Extensions.swift",
        "DOM.ElementTests.swift",
        "DOM.PresentationAttributesTests.swift",
        "GradientTests.swift",
        "Image+CoreGraphicsTests.swift",
        "LayerTree.Builder.LayerTests.swift",
        "LayerTree.Builder.Path.ArcTests.swift",
        "LayerTree.Builder.ShapeTests.swift",
        "LayerTree.BuilderTests.swift",
        "LayerTree.ColorTests.swift",
        "LayerTree.CommandGeneratorTests.swift",
        "LayerTree.ImageTests.swift",
        "LayerTree.LayerTests.swift",
        "LayerTree.Path+BoundsTests.swift",
        "LayerTree.Path+ReversedTests.swift",
        "LayerTree.Path+SubpathTests.swift",
        "LayerTree.PathTests.swift",
        "LayerTree.ShapeTests.swift",
        "LayerTree.TransformTests.swift",
        "MockRenderer.swift",
        "NSBitmapImageRep+Extensions.swift",
        "NSImage+SVGTests.swift",
        "Parser.AttributesTests.swift",
        "Parser.GraphicAttributeTests.swift",
        "Parser.SVGTests.swift",
        "Parser.XML.ColorTests.swift",
        "Parser.XML.ElementTests.swift",
        "Parser.XML.FilterTests.swift",
        "Parser.XML.ImageTests.swift",
        "Parser.XML.LinearGradientTests.swift",
        "Parser.XML.PathTests.swift",
        "Parser.XML.PatternTests.swift",
        "Parser.XML.RadialGradientTests.swift",
        "Parser.XML.StyleSheetTests.swift",
        "Parser.XML.TextTests.swift",
        "Parser.XML.TransformTests.swift",
        "ParserSVGImageTests.swift",
        "Renderer.CGTextTests.swift",
        "Renderer.CoreGraphicsTypesTests.swift",
        "Renderer.LayerTreeProviderTests.swift",
        "Renderer.SFSymbolTests.swift",
        "Renderer.SVGTests.swift",
        "RendererTests.swift",
        "SVGTests.swift",
        "StackTests.swift",
        "StyleTests.swift",
        "UIImage+SVGTests.swift",
        "URL+DataTests.swift",
        "UseTests.swift",
        "Utilities/PairedSequenceTests.swift",
        "ValueParserTests.swift",
        "XML.FormatterTests.swift",
        "XML.Parser.ScannerTests.swift",
        "XML.SAXParserTests.swift"
      ],
      "target_dependencies" : [
        "SwiftDraw"
      ],
      "type" : "test"
    },
    {
      "c99name" : "SwiftDraw",
      "module_type" : "SwiftTarget",
      "name" : "SwiftDraw",
      "path" : "SwiftDraw",
      "product_memberships" : [
        "swiftdrawcli",
        "SwiftDraw"
      ],
      "sources" : [
        "CGImage+Mask.swift",
        "CGPath+Segment.swift",
        "CGPattern+Closure.swift",
        "CGTextRenderer+Code.swift",
        "CommandLine+Process.swift",
        "CommandLine.Arguments.swift",
        "CommandLine.Configuration.swift",
        "CommandLine.swift",
        "CoordinateFormatter.swift",
        "DOM.Color.swift",
        "DOM.Element.swift",
        "DOM.Filter.swift",
        "DOM.Image.swift",
        "DOM.LinearGradient.swift",
        "DOM.Path.swift",
        "DOM.Pattern.swift",
        "DOM.PresentationAttributes.swift",
        "DOM.RadialGradient.swift",
        "DOM.SVG+Parse.swift",
        "DOM.SVG.swift",
        "DOM.Switch.swift",
        "DOM.Text.swift",
        "DOM.Use.swift",
        "DOM.swift",
        "LayerTree.Builder.Layer.swift",
        "LayerTree.Builder.Path.Arc.swift",
        "LayerTree.Builder.Path.swift",
        "LayerTree.Builder.Shape.swift",
        "LayerTree.Builder.Text.swift",
        "LayerTree.Builder.swift",
        "LayerTree.Color.swift",
        "LayerTree.CommandGenerator.swift",
        "LayerTree.CommandOptimizer.swift",
        "LayerTree.Gradient.swift",
        "LayerTree.Image.swift",
        "LayerTree.Layer.swift",
        "LayerTree.Path+Bounds.swift",
        "LayerTree.Path+Reversed.swift",
        "LayerTree.Path+Subpath.swift",
        "LayerTree.Path.swift",
        "LayerTree.Pattern.swift",
        "LayerTree.Shape.swift",
        "LayerTree.Transform.swift",
        "LayerTree.swift",
        "NSImage+SVG.swift",
        "Parser.XML.Attributes.swift",
        "Parser.XML.Color.swift",
        "Parser.XML.Element.swift",
        "Parser.XML.Filter.swift",
        "Parser.XML.Image.swift",
        "Parser.XML.LinearGradient.swift",
        "Parser.XML.Path.swift",
        "Parser.XML.Pattern.swift",
        "Parser.XML.RadialGradient.swift",
        "Parser.XML.SVG.swift",
        "Parser.XML.Scanner.swift",
        "Parser.XML.StyleSheet.swift",
        "Parser.XML.Text.swift",
        "Parser.XML.Transform.swift",
        "Parser.XML.Use.swift",
        "Parser.XML.swift",
        "Renderer.CGText+Path.swift",
        "Renderer.CGText.swift",
        "Renderer.CoreGraphics.swift",
        "Renderer.LayerTree.swift",
        "Renderer.SFSymbol+CGPath.swift",
        "Renderer.SFSymbol.swift",
        "Renderer.SVG.swift",
        "Renderer.swift",
        "SVG+CoreGraphics.swift",
        "SVG+Deprecated.swift",
        "SVG+Hashable.swift",
        "SVG+Insets.swift",
        "SVG.swift",
        "SVGView.swift",
        "Stack.swift",
        "UIImage+SVG.swift",
        "URL+Data.swift",
        "URL+Fragment.swift",
        "Utilities/PairedSequence.swift",
        "Utilities/TextOutputStream+StandardError.swift",
        "XML.Element.swift",
        "XML.Formatter.SVG.swift",
        "XML.Formatter.swift",
        "XML.SAXParser.swift"
      ],
      "type" : "library"
    },
    {
      "c99name" : "CommandLine",
      "module_type" : "SwiftTarget",
      "name" : "CommandLine",
      "path" : "CommandLine",
      "product_memberships" : [
        "swiftdrawcli"
      ],
      "sources" : [
        "CommandLine.swift",
        "TextOutputStream+StandardError.swift",
        "main.swift"
      ],
      "target_dependencies" : [
        "SwiftDraw"
      ],
      "type" : "executable"
    }
  ],
  "tools_version" : "5.8"
}
{
  "workspace" : {
    "name" : "SwiftDraw",
    "schemes" : [
      "SwiftDraw",
      "SwiftDraw-Package",
      "swiftdrawcli"
    ]
  }
}
2026-09-21 23:09:01.679 xcodebuild[626:3853] [MT] IDERunDestination: Supported platforms for the buildables in the current scheme is empty.
2026-09-21 23:09:01.791 xcodebuild[626:3853] [MT] IDERunDestination: Supported platforms for the buildables in the current scheme is empty.
{
  "workspace" : {
    "name" : "SwiftDraw",
    "schemes" : [
      "SwiftDraw",
      "SwiftDraw-Package",
      "swiftdrawcli"
    ]
  }
}
2026-09-21 23:09:02.792 xcodebuild[628:3911] [MT] IDERunDestination: Supported platforms for the buildables in the current scheme is empty.
2026-09-21 23:09:02.900 xcodebuild[628:3911] [MT] IDERunDestination: Supported platforms for the buildables in the current scheme is empty.
Running build ...
env DEVELOPER_DIR=/Applications/Xcode-27.0.0-Release.Candidate.app xcrun xcodebuild -IDEClonedSourcePackagesDirPathOverride=$PWD/.dependencies -skipMacroValidation -skipPackagePluginValidation -derivedDataPath $PWD/.derivedData build -scheme SwiftDraw-Package -destination generic/platform=xrOS
Command line invocation:
    /Applications/Xcode-27.0.0-Release.Candidate.app/Contents/Developer/usr/bin/xcodebuild -IDEClonedSourcePackagesDirPathOverride=/Users/admin/builder/spi-builder-workspace/.dependencies -skipMacroValidation -skipPackagePluginValidation -derivedDataPath /Users/admin/builder/spi-builder-workspace/.derivedData build -scheme SwiftDraw-Package -destination generic/platform=xrOS
Resolve Package Graph
Resolved source packages:
  SwiftDraw: /Users/admin/builder/spi-builder-workspace
ComputePackagePrebuildTargetDependencyGraph
Prepare packages
CreateBuildRequest
SendProjectDescription
CreateBuildOperation
ComputeTargetDependencyGraph
note: Building targets in dependency order
note: Target dependency graph (3 targets)
    Target 'swiftdrawcli-product' in project 'SwiftDraw'
        ➜ Explicit dependency on target 'SwiftDraw' in project 'SwiftDraw'
    Target 'SwiftDraw-product' in project 'SwiftDraw'
        ➜ Explicit dependency on target 'SwiftDraw' in project 'SwiftDraw'
    Target 'SwiftDraw' in project 'SwiftDraw' (no dependencies)
GatherProvisioningInputs
CreateBuildDescription
ExecuteExternalTool /Applications/Xcode-27.0.0-Release.Candidate.app/Contents/Developer/Toolchains/XcodeDefault.xctoolchain/usr/bin/clang -v -E -dM -isysroot /Applications/Xcode-27.0.0-Release.Candidate.app/Contents/Developer/Platforms/XROS.platform/Developer/SDKs/XROS27.0.sdk -x c -c /dev/null
ExecuteExternalTool /Applications/Xcode-27.0.0-Release.Candidate.app/Contents/Developer/Toolchains/XcodeDefault.xctoolchain/usr/bin/swiftc --version
ExecuteExternalTool /Applications/Xcode-27.0.0-Release.Candidate.app/Contents/Developer/Toolchains/XcodeDefault.xctoolchain/usr/bin/ld -version_details
Build description signature: 004d1e431fdcdf68878c80f6015d2435
Build description path: /Users/admin/builder/spi-builder-workspace/.derivedData/Build/Intermediates.noindex/XCBuildData/004d1e431fdcdf68878c80f6015d2435.xcbuilddata
CreateBuildDirectory /Users/admin/builder/spi-builder-workspace/.derivedData/SDKExplicitPrecompiledModules
    cd /Users/admin/builder/spi-builder-workspace/.swiftpm/xcode
    builtin-create-build-directory /Users/admin/builder/spi-builder-workspace/.derivedData/SDKExplicitPrecompiledModules
CreateBuildDirectory /Users/admin/builder/spi-builder-workspace/.derivedData/CompilationCache.noindex
    cd /Users/admin/builder/spi-builder-workspace/.swiftpm/xcode
    builtin-create-build-directory /Users/admin/builder/spi-builder-workspace/.derivedData/CompilationCache.noindex
CreateBuildDirectory /Users/admin/builder/spi-builder-workspace/.derivedData/ModuleCache.noindex
    cd /Users/admin/builder/spi-builder-workspace/.swiftpm/xcode
    builtin-create-build-directory /Users/admin/builder/spi-builder-workspace/.derivedData/ModuleCache.noindex
ClangStatCache /Applications/Xcode-27.0.0-Release.Candidate.app/Contents/Developer/Toolchains/XcodeDefault.xctoolchain/usr/bin/clang-stat-cache /Applications/Xcode-27.0.0-Release.Candidate.app/Contents/Developer/Platforms/XROS.platform/Developer/SDKs/XROS27.0.sdk /Users/admin/builder/spi-builder-workspace/.derivedData/SDKStatCaches.noindex/xros27.0-24M361-e829b21a6f8c9b70876ba0858053c044735bd543db762f57723cac368afd1ce4.sdkstatcache
    cd /Users/admin/builder/spi-builder-workspace/.swiftpm/xcode
    /Applications/Xcode-27.0.0-Release.Candidate.app/Contents/Developer/Toolchains/XcodeDefault.xctoolchain/usr/bin/clang-stat-cache /Applications/Xcode-27.0.0-Release.Candidate.app/Contents/Developer/Platforms/XROS.platform/Developer/SDKs/XROS27.0.sdk -o /Users/admin/builder/spi-builder-workspace/.derivedData/SDKStatCaches.noindex/xros27.0-24M361-e829b21a6f8c9b70876ba0858053c044735bd543db762f57723cac368afd1ce4.sdkstatcache
CreateBuildDirectory /Users/admin/builder/spi-builder-workspace/.derivedData/Build/Products
    cd /Users/admin/builder/spi-builder-workspace/.swiftpm/xcode
    builtin-create-build-directory /Users/admin/builder/spi-builder-workspace/.derivedData/Build/Products
CreateBuildDirectory /Users/admin/builder/spi-builder-workspace/.derivedData/Build/Intermediates.noindex
    cd /Users/admin/builder/spi-builder-workspace/.swiftpm/xcode
    builtin-create-build-directory /Users/admin/builder/spi-builder-workspace/.derivedData/Build/Intermediates.noindex
CreateBuildDirectory /Users/admin/builder/spi-builder-workspace/.derivedData/Build/Products/Debug-xros
    cd /Users/admin/builder/spi-builder-workspace/.swiftpm/xcode
    builtin-create-build-directory /Users/admin/builder/spi-builder-workspace/.derivedData/Build/Products/Debug-xros
CreateBuildDirectory /Users/admin/builder/spi-builder-workspace/.derivedData/Build/Intermediates.noindex/PrecompiledHeaders
    cd /Users/admin/builder/spi-builder-workspace/.swiftpm/xcode
    builtin-create-build-directory /Users/admin/builder/spi-builder-workspace/.derivedData/Build/Intermediates.noindex/PrecompiledHeaders
CreateBuildDirectory /Users/admin/builder/spi-builder-workspace/.derivedData/Build/Intermediates.noindex/ExplicitPrecompiledModules
    cd /Users/admin/builder/spi-builder-workspace/.swiftpm/xcode
    builtin-create-build-directory /Users/admin/builder/spi-builder-workspace/.derivedData/Build/Intermediates.noindex/ExplicitPrecompiledModules
CreateBuildDirectory /Users/admin/builder/spi-builder-workspace/.derivedData/Build/Intermediates.noindex/SwiftExplicitPrecompiledModules
    cd /Users/admin/builder/spi-builder-workspace/.swiftpm/xcode
    builtin-create-build-directory /Users/admin/builder/spi-builder-workspace/.derivedData/Build/Intermediates.noindex/SwiftExplicitPrecompiledModules
CreateBuildDirectory /Users/admin/builder/spi-builder-workspace/.derivedData/Build/Intermediates.noindex/EagerLinkingTBDs/Debug-xros
    cd /Users/admin/builder/spi-builder-workspace/.swiftpm/xcode
    builtin-create-build-directory /Users/admin/builder/spi-builder-workspace/.derivedData/Build/Intermediates.noindex/EagerLinkingTBDs/Debug-xros
CreateBuildDirectory /Users/admin/builder/spi-builder-workspace/.derivedData/Build/Products/Debug-xros/PackageFrameworks
    cd /Users/admin/builder/spi-builder-workspace/.swiftpm/xcode
    builtin-create-build-directory /Users/admin/builder/spi-builder-workspace/.derivedData/Build/Products/Debug-xros/PackageFrameworks
WriteAuxiliaryFile /Users/admin/builder/spi-builder-workspace/.derivedData/Build/Intermediates.noindex/SwiftDraw.build/Debug-xros/swiftdrawcli-p.build/swiftdrawcli.DependencyStaticMetadataFileList (in target 'swiftdrawcli-product' from project 'SwiftDraw')
    cd /Users/admin/builder/spi-builder-workspace
    write-file /Users/admin/builder/spi-builder-workspace/.derivedData/Build/Intermediates.noindex/SwiftDraw.build/Debug-xros/swiftdrawcli-p.build/swiftdrawcli.DependencyStaticMetadataFileList
WriteAuxiliaryFile /Users/admin/builder/spi-builder-workspace/.derivedData/Build/Intermediates.noindex/SwiftDraw.build/Debug-xros/SwiftDraw-t.build/SwiftDraw.DependencyMetadataFileList (in target 'SwiftDraw' from project 'SwiftDraw')
    cd /Users/admin/builder/spi-builder-workspace
    write-file /Users/admin/builder/spi-builder-workspace/.derivedData/Build/Intermediates.noindex/SwiftDraw.build/Debug-xros/SwiftDraw-t.build/SwiftDraw.DependencyMetadataFileList
WriteAuxiliaryFile /Users/admin/builder/spi-builder-workspace/.derivedData/Build/Intermediates.noindex/SwiftDraw.build/Debug-xros/SwiftDraw-t.build/SwiftDraw.modulemap (in target 'SwiftDraw' from project 'SwiftDraw')
    cd /Users/admin/builder/spi-builder-workspace
    write-file /Users/admin/builder/spi-builder-workspace/.derivedData/Build/Intermediates.noindex/SwiftDraw.build/Debug-xros/SwiftDraw-t.build/SwiftDraw.modulemap
WriteAuxiliaryFile /Users/admin/builder/spi-builder-workspace/.derivedData/Build/Intermediates.noindex/SwiftDraw.build/Debug-xros/SwiftDraw-t.build/SwiftDraw.DependencyStaticMetadataFileList (in target 'SwiftDraw' from project 'SwiftDraw')
    cd /Users/admin/builder/spi-builder-workspace
    write-file /Users/admin/builder/spi-builder-workspace/.derivedData/Build/Intermediates.noindex/SwiftDraw.build/Debug-xros/SwiftDraw-t.build/SwiftDraw.DependencyStaticMetadataFileList
WriteAuxiliaryFile /Users/admin/builder/spi-builder-workspace/.derivedData/Build/Intermediates.noindex/SwiftDraw.build/Debug-xros/swiftdrawcli-p.build/swiftdrawcli.DependencyMetadataFileList (in target 'swiftdrawcli-product' from project 'SwiftDraw')
    cd /Users/admin/builder/spi-builder-workspace
    write-file /Users/admin/builder/spi-builder-workspace/.derivedData/Build/Intermediates.noindex/SwiftDraw.build/Debug-xros/swiftdrawcli-p.build/swiftdrawcli.DependencyMetadataFileList
WriteAuxiliaryFile /Users/admin/builder/spi-builder-workspace/.derivedData/Build/Intermediates.noindex/SwiftDraw.build/Debug-xros/swiftdrawcli-p.build/Objects-normal/arm64/swiftdrawcli_const_extract_protocols.json (in target 'swiftdrawcli-product' from project 'SwiftDraw')
    cd /Users/admin/builder/spi-builder-workspace
    write-file /Users/admin/builder/spi-builder-workspace/.derivedData/Build/Intermediates.noindex/SwiftDraw.build/Debug-xros/swiftdrawcli-p.build/Objects-normal/arm64/swiftdrawcli_const_extract_protocols.json
WriteAuxiliaryFile /Users/admin/builder/spi-builder-workspace/.derivedData/Build/Intermediates.noindex/SwiftDraw.build/Debug-xros/swiftdrawcli-p.build/Objects-normal/arm64/swiftdrawcli.LinkFileList (in target 'swiftdrawcli-product' from project 'SwiftDraw')
    cd /Users/admin/builder/spi-builder-workspace
    write-file /Users/admin/builder/spi-builder-workspace/.derivedData/Build/Intermediates.noindex/SwiftDraw.build/Debug-xros/swiftdrawcli-p.build/Objects-normal/arm64/swiftdrawcli.LinkFileList
WriteAuxiliaryFile /Users/admin/builder/spi-builder-workspace/.derivedData/Build/Intermediates.noindex/SwiftDraw.build/Debug-xros/swiftdrawcli-p.build/Objects-normal/arm64/swiftdrawcli.SwiftFileList (in target 'swiftdrawcli-product' from project 'SwiftDraw')
    cd /Users/admin/builder/spi-builder-workspace
    write-file /Users/admin/builder/spi-builder-workspace/.derivedData/Build/Intermediates.noindex/SwiftDraw.build/Debug-xros/swiftdrawcli-p.build/Objects-normal/arm64/swiftdrawcli.SwiftFileList
WriteAuxiliaryFile /Users/admin/builder/spi-builder-workspace/.derivedData/Build/Intermediates.noindex/SwiftDraw.build/Debug-xros/swiftdrawcli-p.build/Objects-normal/arm64/swiftdrawcli-OutputFileMap.json (in target 'swiftdrawcli-product' from project 'SwiftDraw')
    cd /Users/admin/builder/spi-builder-workspace
    write-file /Users/admin/builder/spi-builder-workspace/.derivedData/Build/Intermediates.noindex/SwiftDraw.build/Debug-xros/swiftdrawcli-p.build/Objects-normal/arm64/swiftdrawcli-OutputFileMap.json
WriteAuxiliaryFile /Users/admin/builder/spi-builder-workspace/.derivedData/Build/Intermediates.noindex/SwiftDraw.build/Debug-xros/SwiftDraw-t.build/Objects-normal/arm64/SwiftDraw_const_extract_protocols.json (in target 'SwiftDraw' from project 'SwiftDraw')
    cd /Users/admin/builder/spi-builder-workspace
    write-file /Users/admin/builder/spi-builder-workspace/.derivedData/Build/Intermediates.noindex/SwiftDraw.build/Debug-xros/SwiftDraw-t.build/Objects-normal/arm64/SwiftDraw_const_extract_protocols.json
WriteAuxiliaryFile /Users/admin/builder/spi-builder-workspace/.derivedData/Build/Intermediates.noindex/SwiftDraw.build/Debug-xros/SwiftDraw-t.build/Objects-normal/arm64/SwiftDraw.SwiftFileList (in target 'SwiftDraw' from project 'SwiftDraw')
    cd /Users/admin/builder/spi-builder-workspace
    write-file /Users/admin/builder/spi-builder-workspace/.derivedData/Build/Intermediates.noindex/SwiftDraw.build/Debug-xros/SwiftDraw-t.build/Objects-normal/arm64/SwiftDraw.SwiftFileList
WriteAuxiliaryFile /Users/admin/builder/spi-builder-workspace/.derivedData/Build/Intermediates.noindex/SwiftDraw.build/Debug-xros/SwiftDraw-t.build/Objects-normal/arm64/SwiftDraw.SwiftConstValuesFileList (in target 'SwiftDraw' from project 'SwiftDraw')
    cd /Users/admin/builder/spi-builder-workspace
    write-file /Users/admin/builder/spi-builder-workspace/.derivedData/Build/Intermediates.noindex/SwiftDraw.build/Debug-xros/SwiftDraw-t.build/Objects-normal/arm64/SwiftDraw.SwiftConstValuesFileList
WriteAuxiliaryFile /Users/admin/builder/spi-builder-workspace/.derivedData/Build/Intermediates.noindex/SwiftDraw.build/Debug-xros/SwiftDraw-t.build/Objects-normal/arm64/SwiftDraw.LinkFileList (in target 'SwiftDraw' from project 'SwiftDraw')
    cd /Users/admin/builder/spi-builder-workspace
    write-file /Users/admin/builder/spi-builder-workspace/.derivedData/Build/Intermediates.noindex/SwiftDraw.build/Debug-xros/SwiftDraw-t.build/Objects-normal/arm64/SwiftDraw.LinkFileList
WriteAuxiliaryFile /Users/admin/builder/spi-builder-workspace/.derivedData/Build/Intermediates.noindex/SwiftDraw.build/Debug-xros/SwiftDraw-t.build/Objects-normal/arm64/SwiftDraw-OutputFileMap.json (in target 'SwiftDraw' from project 'SwiftDraw')
    cd /Users/admin/builder/spi-builder-workspace
    write-file /Users/admin/builder/spi-builder-workspace/.derivedData/Build/Intermediates.noindex/SwiftDraw.build/Debug-xros/SwiftDraw-t.build/Objects-normal/arm64/SwiftDraw-OutputFileMap.json
Copy /Users/admin/builder/spi-builder-workspace/.derivedData/Build/Intermediates.noindex/GeneratedModuleMaps-xros/SwiftDraw.modulemap /Users/admin/builder/spi-builder-workspace/.derivedData/Build/Intermediates.noindex/SwiftDraw.build/Debug-xros/SwiftDraw-t.build/SwiftDraw.modulemap (in target 'SwiftDraw' from project 'SwiftDraw')
    cd /Users/admin/builder/spi-builder-workspace
    builtin-copy -exclude .DS_Store -exclude CVS -exclude .svn -exclude .git -exclude .hg -resolve-src-symlinks /Users/admin/builder/spi-builder-workspace/.derivedData/Build/Intermediates.noindex/SwiftDraw.build/Debug-xros/SwiftDraw-t.build/SwiftDraw.modulemap /Users/admin/builder/spi-builder-workspace/.derivedData/Build/Intermediates.noindex/GeneratedModuleMaps-xros
SwiftDriver SwiftDraw normal arm64 com.apple.xcode.tools.swift.compiler (in target 'SwiftDraw' from project 'SwiftDraw')
    cd /Users/admin/builder/spi-builder-workspace/.swiftpm/xcode
    builtin-SwiftDriver -- /Applications/Xcode-27.0.0-Release.Candidate.app/Contents/Developer/Toolchains/XcodeDefault.xctoolchain/usr/bin/swiftc -parse-as-library -module-name SwiftDraw -Onone @/Users/admin/builder/spi-builder-workspace/.derivedData/Build/Intermediates.noindex/SwiftDraw.build/Debug-xros/SwiftDraw-t.build/Objects-normal/arm64/SwiftDraw.SwiftFileList -DSWIFT_PACKAGE -DDEBUG -DSWIFT_MODULE_RESOURCE_BUNDLE_UNAVAILABLE -DXcode -plugin-path /Applications/Xcode-27.0.0-Release.Candidate.app/Contents/Developer/Toolchains/XcodeDefault.xctoolchain/usr/lib/swift/host/plugins/testing -enable-experimental-feature DebugDescriptionMacro -sdk /Applications/Xcode-27.0.0-Release.Candidate.app/Contents/Developer/Platforms/XROS.platform/Developer/SDKs/XROS27.0.sdk -target arm64-apple-xros1.0 -g -module-cache-path /Users/admin/builder/spi-builder-workspace/.derivedData/ModuleCache.noindex -Xfrontend -serialize-debugging-options -profile-coverage-mapping -profile-generate -enable-testing -index-store-path /Users/admin/builder/spi-builder-workspace/.derivedData/Index.noindex/DataStore -Xcc -D_LIBCPP_HARDENING_MODE\=_LIBCPP_HARDENING_MODE_DEBUG -swift-version 5 -I /Users/admin/builder/spi-builder-workspace/.derivedData/Build/Products/Debug-xros -Isystem /Applications/Xcode-27.0.0-Release.Candidate.app/Contents/Developer/Platforms/XROS.platform/Developer/usr/lib -F /Users/admin/builder/spi-builder-workspace/.derivedData/Build/Products/Debug-xros -F /Applications/Xcode-27.0.0-Release.Candidate.app/Contents/Developer/Platforms/XROS.platform/Developer/Library/Frameworks -F /Applications/Xcode-27.0.0-Release.Candidate.app/Contents/Developer/Platforms/XROS.platform/Developer/SDKs/XROS27.0.sdk/Developer/Library/Frameworks -c -j10 -enable-batch-mode -incremental -Xcc -ivfsstatcache -Xcc /Users/admin/builder/spi-builder-workspace/.derivedData/SDKStatCaches.noindex/xros27.0-24M361-e829b21a6f8c9b70876ba0858053c044735bd543db762f57723cac368afd1ce4.sdkstatcache -output-file-map /Users/admin/builder/spi-builder-workspace/.derivedData/Build/Intermediates.noindex/SwiftDraw.build/Debug-xros/SwiftDraw-t.build/Objects-normal/arm64/SwiftDraw-OutputFileMap.json -save-temps -no-color-diagnostics -explicit-module-build -module-cache-path /Users/admin/builder/spi-builder-workspace/.derivedData/Build/Intermediates.noindex/SwiftExplicitPrecompiledModules -clang-scanner-module-cache-path /Users/admin/builder/spi-builder-workspace/.derivedData/ModuleCache.noindex -sdk-module-cache-path /Users/admin/builder/spi-builder-workspace/.derivedData/SDKExplicitPrecompiledModules -emit-dependencies -emit-module -emit-module-path /Users/admin/builder/spi-builder-workspace/.derivedData/Build/Intermediates.noindex/SwiftDraw.build/Debug-xros/SwiftDraw-t.build/Objects-normal/arm64/SwiftDraw.swiftmodule -serialize-diagnostics -dependency-scan-serialize-diagnostics-path /Users/admin/builder/spi-builder-workspace/.derivedData/Build/Intermediates.noindex/SwiftDraw.build/Debug-xros/SwiftDraw-t.build/Objects-normal/arm64/SwiftDraw-dependency-scan.dia -validate-clang-modules-once -clang-build-session-file /Users/admin/builder/spi-builder-workspace/.derivedData/ModuleCache.noindex/Session.modulevalidation -Xcc -fmodules-prune-interval\=86400 -Xcc -fmodules-prune-after\=345600 -emit-const-values -const-gather-protocols-list /Users/admin/builder/spi-builder-workspace/.derivedData/Build/Intermediates.noindex/SwiftDraw.build/Debug-xros/SwiftDraw-t.build/Objects-normal/arm64/SwiftDraw_const_extract_protocols.json -Xcc -I/Users/admin/builder/spi-builder-workspace/.derivedData/Build/Products/Debug-xros/include -Xcc -I/Users/admin/builder/spi-builder-workspace/.derivedData/Build/Intermediates.noindex/SwiftDraw.build/Debug-xros/SwiftDraw-t.build/DerivedSources-normal/arm64 -Xcc -I/Users/admin/builder/spi-builder-workspace/.derivedData/Build/Intermediates.noindex/SwiftDraw.build/Debug-xros/SwiftDraw-t.build/DerivedSources/arm64 -Xcc -I/Users/admin/builder/spi-builder-workspace/.derivedData/Build/Intermediates.noindex/SwiftDraw.build/Debug-xros/SwiftDraw-t.build/DerivedSources -Xcc -DSWIFT_PACKAGE -Xcc -DDEBUG\=1 -emit-objc-header -emit-objc-header-path /Users/admin/builder/spi-builder-workspace/.derivedData/Build/Intermediates.noindex/SwiftDraw.build/Debug-xros/SwiftDraw-t.build/Objects-normal/arm64/SwiftDraw-Swift.h -working-directory /Users/admin/builder/spi-builder-workspace/.swiftpm/xcode -experimental-emit-module-separately -disable-cmo
SwiftExplicitDependencyGeneratePcm arm64 /Users/admin/builder/spi-builder-workspace/.derivedData/SDKExplicitPrecompiledModules/ptrcheck-BXA97MNLI4BB0HF5I8MJE403D.pcm
SwiftExplicitDependencyGeneratePcm arm64 /Users/admin/builder/spi-builder-workspace/.derivedData/SDKExplicitPrecompiledModules/ShaderGraph-AW1O397P711WTY8KSK8LZX9YA.pcm
SwiftExplicitDependencyGeneratePcm arm64 /Users/admin/builder/spi-builder-workspace/.derivedData/SDKExplicitPrecompiledModules/_Builtin_stdbool-5BU2ADS7JXQMYENKQHW9X8XOU.pcm
SwiftExplicitDependencyGeneratePcm arm64 /Users/admin/builder/spi-builder-workspace/.derivedData/SDKExplicitPrecompiledModules/DeveloperToolsSupport-46GOQP8J1QTHLYQSJW81T8UZ3.pcm
SwiftExplicitDependencyGeneratePcm arm64 /Users/admin/builder/spi-builder-workspace/.derivedData/SDKExplicitPrecompiledModules/SwiftShims-CI4H5RO9IYFFWQ2COB512Q2S9.pcm
SwiftExplicitDependencyGeneratePcm arm64 /Users/admin/builder/spi-builder-workspace/.derivedData/SDKExplicitPrecompiledModules/_Builtin_stddef-5NQ9Z1GV07GBSRQGAQCGXGVRI.pcm
SwiftExplicitDependencyGeneratePcm arm64 /Users/admin/builder/spi-builder-workspace/.derivedData/SDKExplicitPrecompiledModules/_Builtin_stdarg-CDA349K2K4US766844K8E0PVA.pcm
SwiftExplicitDependencyGeneratePcm arm64 /Users/admin/builder/spi-builder-workspace/.derivedData/SDKExplicitPrecompiledModules/_AvailabilityInternal-1Q8IQP6M38UWSGZ95UCEY2M44.pcm
SwiftExplicitDependencyGeneratePcm arm64 /Users/admin/builder/spi-builder-workspace/.derivedData/SDKExplicitPrecompiledModules/_Builtin_float-6WKHNW5S40U2QGHXXGETUDIRA.pcm
SwiftExplicitDependencyGeneratePcm arm64 /Users/admin/builder/spi-builder-workspace/.derivedData/SDKExplicitPrecompiledModules/ptrauth-1WBA714DZSVUL5JQDJ08CLKZ.pcm
SwiftExplicitDependencyGeneratePcm arm64 /Users/admin/builder/spi-builder-workspace/.derivedData/SDKExplicitPrecompiledModules/_SwiftConcurrencyShims-C8XHKSHX96D5YYALNM4W70Z0O.pcm
SwiftExplicitDependencyGeneratePcm arm64 /Users/admin/builder/spi-builder-workspace/.derivedData/SDKExplicitPrecompiledModules/_DarwinFoundation1-5RGRVV2TZ6WC4WZW5IXF8NQ04.pcm
SwiftExplicitDependencyGeneratePcm arm64 /Users/admin/builder/spi-builder-workspace/.derivedData/SDKExplicitPrecompiledModules/_DarwinFoundation2-ENTECK156YEWITZRRBTOCE4KR.pcm
SwiftExplicitDependencyGeneratePcm arm64 /Users/admin/builder/spi-builder-workspace/.derivedData/SDKExplicitPrecompiledModules/_Builtin_limits-425JDMN5HPM3D0UEI8LEHP6NM.pcm
SwiftExplicitDependencyGeneratePcm arm64 /Users/admin/builder/spi-builder-workspace/.derivedData/SDKExplicitPrecompiledModules/_Builtin_tgmath-BPYSMHWI520EQRL2HW519ZY7Z.pcm
SwiftExplicitDependencyGeneratePcm arm64 /Users/admin/builder/spi-builder-workspace/.derivedData/SDKExplicitPrecompiledModules/_Builtin_stdint-8OR6T47OOYJA90ZBO3N1USDE.pcm
SwiftExplicitDependencyGeneratePcm arm64 /Users/admin/builder/spi-builder-workspace/.derivedData/SDKExplicitPrecompiledModules/string_h-2GT67HHHHK5CF1V1S31LH0PU2.pcm
SwiftExplicitDependencyGeneratePcm arm64 /Users/admin/builder/spi-builder-workspace/.derivedData/SDKExplicitPrecompiledModules/sys_types-AYM0BHR77VKMWZCO2T0XGV2HF.pcm
SwiftExplicitDependencyGeneratePcm arm64 /Users/admin/builder/spi-builder-workspace/.derivedData/SDKExplicitPrecompiledModules/_DarwinFoundation3-9ZHN6JKBS40BBA81RQMV8H0IC.pcm
SwiftExplicitDependencyGeneratePcm arm64 /Users/admin/builder/spi-builder-workspace/.derivedData/SDKExplicitPrecompiledModules/_Builtin_stdatomic-1VUZPM79PNCAHXVBERD53WRSF.pcm
SwiftExplicitDependencyGeneratePcm arm64 /Users/admin/builder/spi-builder-workspace/.derivedData/SDKExplicitPrecompiledModules/_Builtin_intrinsics-BC5IJI3YI34RQ61ZNVDRDZ6RN.pcm
SwiftExplicitDependencyGeneratePcm arm64 /Users/admin/builder/spi-builder-workspace/.derivedData/SDKExplicitPrecompiledModules/_Builtin_inttypes-11B64KJD36B3YOHBR1BBXBJY8.pcm
SwiftExplicitDependencyGeneratePcm arm64 /Users/admin/builder/spi-builder-workspace/.derivedData/SDKExplicitPrecompiledModules/Darwin-60P5LVNQO3ESRRM5DCJ05PFNK.pcm
SwiftExplicitDependencyGeneratePcm arm64 /Users/admin/builder/spi-builder-workspace/.derivedData/SDKExplicitPrecompiledModules/simd-9XXAB17Y6E4BBPQADD61NZ23.pcm
SwiftExplicitDependencyGeneratePcm arm64 /Users/admin/builder/spi-builder-workspace/.derivedData/SDKExplicitPrecompiledModules/ObjectiveC-26TIBFYCEJZVP216ZZAU1X8KN.pcm
SwiftExplicitDependencyGeneratePcm arm64 /Users/admin/builder/spi-builder-workspace/.derivedData/SDKExplicitPrecompiledModules/MachO-3XTHY7HWV6RF3KXKYQVHUBUXK.pcm
SwiftExplicitDependencyGeneratePcm arm64 /Users/admin/builder/spi-builder-workspace/.derivedData/SDKExplicitPrecompiledModules/os_object-692CJ8BG6RE5H04487EJJOVXW.pcm
SwiftExplicitDependencyGeneratePcm arm64 /Users/admin/builder/spi-builder-workspace/.derivedData/SDKExplicitPrecompiledModules/os_workgroup-4U1VXMWIZD80E7PRUQF2G7P9X.pcm
SwiftExplicitDependencyGeneratePcm arm64 /Users/admin/builder/spi-builder-workspace/.derivedData/SDKExplicitPrecompiledModules/Dispatch-CLT3466HKC22GCKAWSCNG0H7T.pcm
SwiftExplicitDependencyGeneratePcm arm64 /Users/admin/builder/spi-builder-workspace/.derivedData/SDKExplicitPrecompiledModules/Spatial-5E0I2846LO3ZE24CSVR2O57TI.pcm
SwiftExplicitDependencyGeneratePcm arm64 /Users/admin/builder/spi-builder-workspace/.derivedData/SDKExplicitPrecompiledModules/dnssd-CCUV1M8EULNEQJUXO7L0PJAL4.pcm
SwiftExplicitDependencyGeneratePcm arm64 /Users/admin/builder/spi-builder-workspace/.derivedData/SDKExplicitPrecompiledModules/XPC-EP5EU7FNGP4VOA3EDM18P1KHO.pcm
SwiftExplicitDependencyGeneratePcm arm64 /Users/admin/builder/spi-builder-workspace/.derivedData/SDKExplicitPrecompiledModules/CoreFoundation-AVLTZVCXBU2TO75JCN4AGU8XJ.pcm
SwiftExplicitDependencyGeneratePcm arm64 /Users/admin/builder/spi-builder-workspace/.derivedData/SDKExplicitPrecompiledModules/os-1004XEJ3IXOOAU0KL58SM3D0K.pcm
SwiftExplicitDependencyGeneratePcm arm64 /Users/admin/builder/spi-builder-workspace/.derivedData/SDKExplicitPrecompiledModules/Security-8TH2M8WJIQMET4SADWX0N8372.pcm
SwiftExplicitDependencyGeneratePcm arm64 /Users/admin/builder/spi-builder-workspace/.derivedData/SDKExplicitPrecompiledModules/CoreGraphics-BFUJ177R223UT2ZI327ZTZY91.pcm
SwiftExplicitDependencyGeneratePcm arm64 /Users/admin/builder/spi-builder-workspace/.derivedData/SDKExplicitPrecompiledModules/CoreAudioTypes-45UXYEQRN95KG6BF2CW0QIYK9.pcm
SwiftExplicitDependencyGeneratePcm arm64 /Users/admin/builder/spi-builder-workspace/.derivedData/SDKExplicitPrecompiledModules/CFNetwork-5MI70N1VLDQSWTX4COWLMSIRO.pcm
SwiftExplicitDependencyGeneratePcm arm64 /Users/admin/builder/spi-builder-workspace/.derivedData/SDKExplicitPrecompiledModules/CoreAudio-CXS3C78T5TQDGLEGXIBJ04WJ4.pcm
SwiftExplicitDependencyGeneratePcm arm64 /Users/admin/builder/spi-builder-workspace/.derivedData/SDKExplicitPrecompiledModules/Foundation-8GON1KVEKRN3NOQI8RETBRWJP.pcm
SwiftExplicitDependencyGeneratePcm arm64 /Users/admin/builder/spi-builder-workspace/.derivedData/SDKExplicitPrecompiledModules/ImageIO-5CC6COR9KJYI1UBL7CSHLU2OG.pcm
SwiftExplicitDependencyGeneratePcm arm64 /Users/admin/builder/spi-builder-workspace/.derivedData/SDKExplicitPrecompiledModules/CoreText-6F9TY5TEPCCZ1K2KYM4GMEGHD.pcm
SwiftExplicitDependencyGeneratePcm arm64 /Users/admin/builder/spi-builder-workspace/.derivedData/SDKExplicitPrecompiledModules/Accessibility-1DR4J4YDVDGAYQTZ0FKZ1PU09.pcm
SwiftExplicitDependencyGeneratePcm arm64 /Users/admin/builder/spi-builder-workspace/.derivedData/SDKExplicitPrecompiledModules/UserNotifications-8IIV1V1FPNAPA4LY1Y23LOM2N.pcm
SwiftExplicitDependencyGeneratePcm arm64 /Users/admin/builder/spi-builder-workspace/.derivedData/SDKExplicitPrecompiledModules/CoreTransferable-8TBYAKHCX6UC8QQSS7BD8GQK5.pcm
SwiftExplicitDependencyGeneratePcm arm64 /Users/admin/builder/spi-builder-workspace/.derivedData/SDKExplicitPrecompiledModules/CoreData-73N6Z547OZUEZ8ADGEC6XRHWN.pcm
SwiftExplicitDependencyGeneratePcm arm64 /Users/admin/builder/spi-builder-workspace/.derivedData/SDKExplicitPrecompiledModules/DataDetection-BANTQ3WXXGKZJYC0LLB3MD9K0.pcm
SwiftExplicitDependencyGeneratePcm arm64 /Users/admin/builder/spi-builder-workspace/.derivedData/SDKExplicitPrecompiledModules/UniformTypeIdentifiers-E5KMWDZEKS4QW9RO1KBRDEXV6.pcm
SwiftExplicitDependencyGeneratePcm arm64 /Users/admin/builder/spi-builder-workspace/.derivedData/SDKExplicitPrecompiledModules/IOSurface-5FE9U89GVFF9A7X7AGO2R8ENI.pcm
SwiftExplicitDependencyGeneratePcm arm64 /Users/admin/builder/spi-builder-workspace/.derivedData/SDKExplicitPrecompiledModules/UIUtilities-AOVGLUWEAN6CG2UZFNESGSP6C.pcm
SwiftExplicitDependencyGeneratePcm arm64 /Users/admin/builder/spi-builder-workspace/.derivedData/SDKExplicitPrecompiledModules/LocalAuthentication-9MSPUJ85OBXBTOD7NJCT1GZ0O.pcm
SwiftExplicitDependencyGeneratePcm arm64 /Users/admin/builder/spi-builder-workspace/.derivedData/SDKExplicitPrecompiledModules/FileProvider-C9I28SI56F2SEVH1BCWTKGODO.pcm
SwiftExplicitDependencyGeneratePcm arm64 /Users/admin/builder/spi-builder-workspace/.derivedData/SDKExplicitPrecompiledModules/OSLog-BNGT87TS0GMBFF7TY70HHB69.pcm
SwiftExplicitDependencyGeneratePcm arm64 /Users/admin/builder/spi-builder-workspace/.derivedData/SDKExplicitPrecompiledModules/CoreMIDI-7L19IC4ZH9BPYLVTD8IIFWN9R.pcm
SwiftExplicitDependencyGeneratePcm arm64 /Users/admin/builder/spi-builder-workspace/.derivedData/SDKExplicitPrecompiledModules/_LocationEssentials-8GQGFVARUE99D8VJX3TINY0VP.pcm
SwiftExplicitDependencyGeneratePcm arm64 /Users/admin/builder/spi-builder-workspace/.derivedData/SDKExplicitPrecompiledModules/Network-EQPZZF3W6BWG89K0PY9NZO3T0.pcm
SwiftExplicitDependencyGeneratePcm arm64 /Users/admin/builder/spi-builder-workspace/.derivedData/SDKExplicitPrecompiledModules/Symbols-8G2XC01RPQ5HYIZE6JNUT864I.pcm
SwiftExplicitDependencyGeneratePcm arm64 /Users/admin/builder/spi-builder-workspace/.derivedData/SDKExplicitPrecompiledModules/Metal-EKNUM9P3PRIBHZK1ZBD6BA2T7.pcm
SwiftExplicitDependencyGeneratePcm arm64 /Users/admin/builder/spi-builder-workspace/.derivedData/SDKExplicitPrecompiledModules/OpenGLES-56BKSYXNVAP91BYZRWAKQZKGI.pcm
SwiftExplicitDependencyGeneratePcm arm64 /Users/admin/builder/spi-builder-workspace/.derivedData/SDKExplicitPrecompiledModules/CoreLocation-1SN37095DAPVJ068LLP9TBDQX.pcm
SwiftExplicitDependencyGeneratePcm arm64 /Users/admin/builder/spi-builder-workspace/.derivedData/SDKExplicitPrecompiledModules/AudioToolbox-2K3S8EA590EB3GMH6D6784BWZ.pcm
SwiftExplicitDependencyGeneratePcm arm64 /Users/admin/builder/spi-builder-workspace/.derivedData/SDKExplicitPrecompiledModules/AVRouting-55P8FRNK50AFZOMMB2LBBOX33.pcm
SwiftExplicitDependencyGeneratePcm arm64 /Users/admin/builder/spi-builder-workspace/.derivedData/SDKExplicitPrecompiledModules/CoreMotion-10LV922UPGE28QX2SOIO7ALIZ.pcm
SwiftExplicitDependencyCompileModuleFromInterface arm64 /Users/admin/builder/spi-builder-workspace/.derivedData/SDKExplicitPrecompiledModules/ShaderGraph-URHKVVOFZL5Z.swiftmodule
SwiftExplicitDependencyGeneratePcm arm64 /Users/admin/builder/spi-builder-workspace/.derivedData/SDKExplicitPrecompiledModules/CoreVideo-E12HJSJSLO0YKWYBES11UKJ02.pcm
SwiftExplicitDependencyGeneratePcm arm64 /Users/admin/builder/spi-builder-workspace/.derivedData/SDKExplicitPrecompiledModules/QuartzCore-12T8WVKUNCL1N7VXH87MM4YOB.pcm
SwiftExplicitDependencyGeneratePcm arm64 /Users/admin/builder/spi-builder-workspace/.derivedData/SDKExplicitPrecompiledModules/CoreMedia-D1IBHC28BRHWLNUG1Q75G5YN0.pcm
SwiftExplicitDependencyGeneratePcm arm64 /Users/admin/builder/spi-builder-workspace/.derivedData/SDKExplicitPrecompiledModules/CoreML-37QYERWC0RQN4IY4377UD0TY1.pcm
SwiftExplicitDependencyGeneratePcm arm64 /Users/admin/builder/spi-builder-workspace/.derivedData/SDKExplicitPrecompiledModules/ARKitFoundation-3N77COW7DLP77CM0PWZXSR9BD.pcm
SwiftExplicitDependencyGeneratePcm arm64 /Users/admin/builder/spi-builder-workspace/.derivedData/SDKExplicitPrecompiledModules/CoreImage-8WF1P230U10QM666EQMNV7OF1.pcm
SwiftExplicitDependencyGeneratePcm arm64 /Users/admin/builder/spi-builder-workspace/.derivedData/SDKExplicitPrecompiledModules/SwiftUICore-6OBBMA39VFD4CB6SG2PE41FAP.pcm
SwiftExplicitDependencyGeneratePcm arm64 /Users/admin/builder/spi-builder-workspace/.derivedData/SDKExplicitPrecompiledModules/VideoToolbox-7I4MDYIPJ4IWU1ZSL4JE3I7M6.pcm
SwiftExplicitDependencyGeneratePcm arm64 /Users/admin/builder/spi-builder-workspace/.derivedData/SDKExplicitPrecompiledModules/MediaToolbox-1J5U29ERBPNPI1HKEJHXOP8EV.pcm
SwiftExplicitDependencyGeneratePcm arm64 /Users/admin/builder/spi-builder-workspace/.derivedData/SDKExplicitPrecompiledModules/AVFAudio-E8GATWFYYBEBB41O9N0LRRGYC.pcm
SwiftExplicitDependencyGeneratePcm arm64 /Users/admin/builder/spi-builder-workspace/.derivedData/SDKExplicitPrecompiledModules/Vision-DVVG9MQGC3IMTVPTC1691MQ6Z.pcm
SwiftExplicitDependencyGeneratePcm arm64 /Users/admin/builder/spi-builder-workspace/.derivedData/SDKExplicitPrecompiledModules/UIKit-2D2PMAAE45TMO6S28UCGCO5BR.pcm
SwiftExplicitDependencyGeneratePcm arm64 /Users/admin/builder/spi-builder-workspace/.derivedData/SDKExplicitPrecompiledModules/AVFoundation-DFCX8GQJWVA3CZBITWEHAZEFX.pcm
SwiftExplicitDependencyGeneratePcm arm64 /Users/admin/builder/spi-builder-workspace/.derivedData/SDKExplicitPrecompiledModules/ARKitCore-307YVPJLQNB66BTBIONHZNP86.pcm
SwiftExplicitDependencyGeneratePcm arm64 /Users/admin/builder/spi-builder-workspace/.derivedData/SDKExplicitPrecompiledModules/GameController-7QL0VMQHE24OWQFUR0UFT89DW.pcm
SwiftExplicitDependencyGeneratePcm arm64 /Users/admin/builder/spi-builder-workspace/.derivedData/SDKExplicitPrecompiledModules/SwiftUI-77PUPXISY3V3TUF5FJEHUQC86.pcm
SwiftExplicitDependencyGeneratePcm arm64 /Users/admin/builder/spi-builder-workspace/.derivedData/SDKExplicitPrecompiledModules/ARKit-27VDPOZ50FG2MJG7OFV6IFQYQ.pcm
SwiftEmitModule normal arm64 Emitting\ module\ for\ SwiftDraw (in target 'SwiftDraw' from project 'SwiftDraw')
SwiftCompile normal arm64 (in target 'SwiftDraw' from project 'SwiftDraw')
    cd /Users/admin/builder/spi-builder-workspace/.swiftpm/xcode

SwiftCompile normal arm64 Compiling\ Renderer.CGText+Path.swift,\ Renderer.CGText.swift,\ Renderer.CoreGraphics.swift,\ Renderer.LayerTree.swift,\ Renderer.SFSymbol+CGPath.swift,\ Renderer.SFSymbol.swift,\ Renderer.SVG.swift,\ Renderer.swift /Users/admin/builder/spi-builder-workspace/SwiftDraw/Renderer.CGText+Path.swift /Users/admin/builder/spi-builder-workspace/SwiftDraw/Renderer.CGText.swift /Users/admin/builder/spi-builder-workspace/SwiftDraw/Renderer.CoreGraphics.swift /Users/admin/builder/spi-builder-workspace/SwiftDraw/Renderer.LayerTree.swift /Users/admin/builder/spi-builder-workspace/SwiftDraw/Renderer.SFSymbol+CGPath.swift /Users/admin/builder/spi-builder-workspace/SwiftDraw/Renderer.SFSymbol.swift /Users/admin/builder/spi-builder-workspace/SwiftDraw/Renderer.SVG.swift /Users/admin/builder/spi-builder-workspace/SwiftDraw/Renderer.swift (in target 'SwiftDraw' from project 'SwiftDraw')
SwiftCompile normal arm64 /Users/admin/builder/spi-builder-workspace/SwiftDraw/Renderer.CGText+Path.swift (in target 'SwiftDraw' from project 'SwiftDraw')
    cd /Users/admin/builder/spi-builder-workspace/.swiftpm/xcode
    builtin-SwiftPerFileCompile Renderer.CGText+Path.swift
SwiftCompile normal arm64 /Users/admin/builder/spi-builder-workspace/SwiftDraw/Renderer.CGText.swift (in target 'SwiftDraw' from project 'SwiftDraw')
    cd /Users/admin/builder/spi-builder-workspace/.swiftpm/xcode
    builtin-SwiftPerFileCompile Renderer.CGText.swift
SwiftCompile normal arm64 /Users/admin/builder/spi-builder-workspace/SwiftDraw/Renderer.CoreGraphics.swift (in target 'SwiftDraw' from project 'SwiftDraw')
    cd /Users/admin/builder/spi-builder-workspace/.swiftpm/xcode
    builtin-SwiftPerFileCompile Renderer.CoreGraphics.swift
SwiftCompile normal arm64 /Users/admin/builder/spi-builder-workspace/SwiftDraw/Renderer.LayerTree.swift (in target 'SwiftDraw' from project 'SwiftDraw')
    cd /Users/admin/builder/spi-builder-workspace/.swiftpm/xcode
    builtin-SwiftPerFileCompile Renderer.LayerTree.swift
SwiftCompile normal arm64 /Users/admin/builder/spi-builder-workspace/SwiftDraw/Renderer.SFSymbol+CGPath.swift (in target 'SwiftDraw' from project 'SwiftDraw')
    cd /Users/admin/builder/spi-builder-workspace/.swiftpm/xcode
    builtin-SwiftPerFileCompile Renderer.SFSymbol+CGPath.swift
SwiftCompile normal arm64 /Users/admin/builder/spi-builder-workspace/SwiftDraw/Renderer.SFSymbol.swift (in target 'SwiftDraw' from project 'SwiftDraw')
    cd /Users/admin/builder/spi-builder-workspace/.swiftpm/xcode
    builtin-SwiftPerFileCompile Renderer.SFSymbol.swift
SwiftCompile normal arm64 /Users/admin/builder/spi-builder-workspace/SwiftDraw/Renderer.SVG.swift (in target 'SwiftDraw' from project 'SwiftDraw')
    cd /Users/admin/builder/spi-builder-workspace/.swiftpm/xcode
    builtin-SwiftPerFileCompile Renderer.SVG.swift
SwiftCompile normal arm64 /Users/admin/builder/spi-builder-workspace/SwiftDraw/Renderer.swift (in target 'SwiftDraw' from project 'SwiftDraw')
    cd /Users/admin/builder/spi-builder-workspace/.swiftpm/xcode
    builtin-SwiftPerFileCompile Renderer.swift
SwiftCompile normal arm64 Compiling\ Parser.XML.Attributes.swift,\ Parser.XML.Color.swift,\ Parser.XML.Element.swift,\ Parser.XML.Filter.swift,\ Parser.XML.Image.swift,\ Parser.XML.LinearGradient.swift,\ Parser.XML.Path.swift,\ Parser.XML.Pattern.swift /Users/admin/builder/spi-builder-workspace/SwiftDraw/Parser.XML.Attributes.swift /Users/admin/builder/spi-builder-workspace/SwiftDraw/Parser.XML.Color.swift /Users/admin/builder/spi-builder-workspace/SwiftDraw/Parser.XML.Element.swift /Users/admin/builder/spi-builder-workspace/SwiftDraw/Parser.XML.Filter.swift /Users/admin/builder/spi-builder-workspace/SwiftDraw/Parser.XML.Image.swift /Users/admin/builder/spi-builder-workspace/SwiftDraw/Parser.XML.LinearGradient.swift /Users/admin/builder/spi-builder-workspace/SwiftDraw/Parser.XML.Path.swift /Users/admin/builder/spi-builder-workspace/SwiftDraw/Parser.XML.Pattern.swift (in target 'SwiftDraw' from project 'SwiftDraw')
SwiftCompile normal arm64 /Users/admin/builder/spi-builder-workspace/SwiftDraw/Parser.XML.Attributes.swift (in target 'SwiftDraw' from project 'SwiftDraw')
    cd /Users/admin/builder/spi-builder-workspace/.swiftpm/xcode
    builtin-SwiftPerFileCompile Parser.XML.Attributes.swift
SwiftCompile normal arm64 /Users/admin/builder/spi-builder-workspace/SwiftDraw/Parser.XML.Color.swift (in target 'SwiftDraw' from project 'SwiftDraw')
    cd /Users/admin/builder/spi-builder-workspace/.swiftpm/xcode
    builtin-SwiftPerFileCompile Parser.XML.Color.swift
SwiftCompile normal arm64 /Users/admin/builder/spi-builder-workspace/SwiftDraw/Parser.XML.Element.swift (in target 'SwiftDraw' from project 'SwiftDraw')
    cd /Users/admin/builder/spi-builder-workspace/.swiftpm/xcode
    builtin-SwiftPerFileCompile Parser.XML.Element.swift
SwiftCompile normal arm64 /Users/admin/builder/spi-builder-workspace/SwiftDraw/Parser.XML.Filter.swift (in target 'SwiftDraw' from project 'SwiftDraw')
    cd /Users/admin/builder/spi-builder-workspace/.swiftpm/xcode
    builtin-SwiftPerFileCompile Parser.XML.Filter.swift
SwiftCompile normal arm64 /Users/admin/builder/spi-builder-workspace/SwiftDraw/Parser.XML.Image.swift (in target 'SwiftDraw' from project 'SwiftDraw')
    cd /Users/admin/builder/spi-builder-workspace/.swiftpm/xcode
    builtin-SwiftPerFileCompile Parser.XML.Image.swift
SwiftCompile normal arm64 /Users/admin/builder/spi-builder-workspace/SwiftDraw/Parser.XML.LinearGradient.swift (in target 'SwiftDraw' from project 'SwiftDraw')
    cd /Users/admin/builder/spi-builder-workspace/.swiftpm/xcode
    builtin-SwiftPerFileCompile Parser.XML.LinearGradient.swift
SwiftCompile normal arm64 /Users/admin/builder/spi-builder-workspace/SwiftDraw/Parser.XML.Path.swift (in target 'SwiftDraw' from project 'SwiftDraw')
    cd /Users/admin/builder/spi-builder-workspace/.swiftpm/xcode
    builtin-SwiftPerFileCompile Parser.XML.Path.swift
SwiftCompile normal arm64 /Users/admin/builder/spi-builder-workspace/SwiftDraw/Parser.XML.Pattern.swift (in target 'SwiftDraw' from project 'SwiftDraw')
    cd /Users/admin/builder/spi-builder-workspace/.swiftpm/xcode
    builtin-SwiftPerFileCompile Parser.XML.Pattern.swift
SwiftCompile normal arm64 Compiling\ SVG+CoreGraphics.swift,\ SVG+Deprecated.swift,\ SVG+Hashable.swift,\ SVG+Insets.swift,\ SVG.swift,\ SVGView.swift,\ Stack.swift,\ UIImage+SVG.swift /Users/admin/builder/spi-builder-workspace/SwiftDraw/SVG+CoreGraphics.swift /Users/admin/builder/spi-builder-workspace/SwiftDraw/SVG+Deprecated.swift /Users/admin/builder/spi-builder-workspace/SwiftDraw/SVG+Hashable.swift /Users/admin/builder/spi-builder-workspace/SwiftDraw/SVG+Insets.swift /Users/admin/builder/spi-builder-workspace/SwiftDraw/SVG.swift /Users/admin/builder/spi-builder-workspace/SwiftDraw/SVGView.swift /Users/admin/builder/spi-builder-workspace/SwiftDraw/Stack.swift /Users/admin/builder/spi-builder-workspace/SwiftDraw/UIImage+SVG.swift (in target 'SwiftDraw' from project 'SwiftDraw')
/Users/admin/builder/spi-builder-workspace/SwiftDraw/UIImage+SVG.swift:129:9: error: 'UIScreen' is unavailable in visionOS
127 |         WKInterfaceDevice.current().screenScale
128 | #else
129 |         UIScreen.main.scale
    |         `- error: 'UIScreen' is unavailable in visionOS
130 | #endif
131 |     }
/Applications/Xcode-27.0.0-Release.Candidate.app/Contents/Developer/Platforms/XROS.platform/Developer/SDKs/XROS27.0.sdk/System/Library/Frameworks/UIKit.framework/Headers/UIScreen.h:54:12: note: 'UIScreen' has been explicitly marked unavailable here
 52 |
 53 | UIKIT_EXTERN API_AVAILABLE(ios(2.0)) API_UNAVAILABLE(visionos, watchos) NS_SWIFT_UI_ACTOR
 54 | @interface UIScreen : NSObject <UITraitEnvironment>
    |            `- note: 'UIScreen' has been explicitly marked unavailable here
 55 |
 56 | @property(class, nonatomic, readonly) NSArray<UIScreen *> *screens API_DEPRECATED("Use UIApplication.shared.openSessions to find open sessions with scenes from other screens", ios(3.2, 16.0), visionos(1.0, 1.0)) API_UNAVAILABLE(watchos); // all screens currently attached to the device
Failed frontend command:
SwiftCompile normal arm64 /Users/admin/builder/spi-builder-workspace/SwiftDraw/SVG+CoreGraphics.swift (in target 'SwiftDraw' from project 'SwiftDraw')
    cd /Users/admin/builder/spi-builder-workspace/.swiftpm/xcode
    builtin-SwiftPerFileCompile SVG+CoreGraphics.swift
SwiftCompile normal arm64 /Users/admin/builder/spi-builder-workspace/SwiftDraw/SVG+Deprecated.swift (in target 'SwiftDraw' from project 'SwiftDraw')
    cd /Users/admin/builder/spi-builder-workspace/.swiftpm/xcode
    builtin-SwiftPerFileCompile SVG+Deprecated.swift
SwiftCompile normal arm64 /Users/admin/builder/spi-builder-workspace/SwiftDraw/SVG+Hashable.swift (in target 'SwiftDraw' from project 'SwiftDraw')
    cd /Users/admin/builder/spi-builder-workspace/.swiftpm/xcode
    builtin-SwiftPerFileCompile SVG+Hashable.swift
SwiftCompile normal arm64 /Users/admin/builder/spi-builder-workspace/SwiftDraw/SVG+Insets.swift (in target 'SwiftDraw' from project 'SwiftDraw')
    cd /Users/admin/builder/spi-builder-workspace/.swiftpm/xcode
    builtin-SwiftPerFileCompile SVG+Insets.swift
SwiftCompile normal arm64 /Users/admin/builder/spi-builder-workspace/SwiftDraw/SVG.swift (in target 'SwiftDraw' from project 'SwiftDraw')
    cd /Users/admin/builder/spi-builder-workspace/.swiftpm/xcode
    builtin-SwiftPerFileCompile SVG.swift
SwiftCompile normal arm64 /Users/admin/builder/spi-builder-workspace/SwiftDraw/SVGView.swift (in target 'SwiftDraw' from project 'SwiftDraw')
    cd /Users/admin/builder/spi-builder-workspace/.swiftpm/xcode
    builtin-SwiftPerFileCompile SVGView.swift
SwiftCompile normal arm64 /Users/admin/builder/spi-builder-workspace/SwiftDraw/Stack.swift (in target 'SwiftDraw' from project 'SwiftDraw')
    cd /Users/admin/builder/spi-builder-workspace/.swiftpm/xcode
    builtin-SwiftPerFileCompile Stack.swift
SwiftCompile normal arm64 /Users/admin/builder/spi-builder-workspace/SwiftDraw/UIImage+SVG.swift (in target 'SwiftDraw' from project 'SwiftDraw')
    cd /Users/admin/builder/spi-builder-workspace/.swiftpm/xcode
    builtin-SwiftPerFileCompile UIImage+SVG.swift
/Applications/Xcode-27.0.0-Release.Candidate.app/Contents/Developer/Toolchains/XcodeDefault.xctoolchain/usr/bin/swift-frontend -frontend -c /Users/admin/builder/spi-builder-workspace/SwiftDraw/CGImage+Mask.swift /Users/admin/builder/spi-builder-workspace/SwiftDraw/CGPath+Segment.swift /Users/admin/builder/spi-builder-workspace/SwiftDraw/CGPattern+Closure.swift /Users/admin/builder/spi-builder-workspace/SwiftDraw/CGTextRenderer+Code.swift /Users/admin/builder/spi-builder-workspace/SwiftDraw/CommandLine+Process.swift /Users/admin/builder/spi-builder-workspace/SwiftDraw/CommandLine.Arguments.swift /Users/admin/builder/spi-builder-workspace/SwiftDraw/CommandLine.Configuration.swift /Users/admin/builder/spi-builder-workspace/SwiftDraw/CommandLine.swift /Users/admin/builder/spi-builder-workspace/SwiftDraw/CoordinateFormatter.swift /Users/admin/builder/spi-builder-workspace/SwiftDraw/DOM.Color.swift /Users/admin/builder/spi-builder-workspace/SwiftDraw/DOM.Element.swift /Users/admin/builder/spi-builder-workspace/SwiftDraw/DOM.Filter.swift /Users/admin/builder/spi-builder-workspace/SwiftDraw/DOM.Image.swift /Users/admin/builder/spi-builder-workspace/SwiftDraw/DOM.LinearGradient.swift /Users/admin/builder/spi-builder-workspace/SwiftDraw/DOM.Path.swift /Users/admin/builder/spi-builder-workspace/SwiftDraw/DOM.Pattern.swift /Users/admin/builder/spi-builder-workspace/SwiftDraw/DOM.PresentationAttributes.swift /Users/admin/builder/spi-builder-workspace/SwiftDraw/DOM.RadialGradient.swift /Users/admin/builder/spi-builder-workspace/SwiftDraw/DOM.SVG+Parse.swift /Users/admin/builder/spi-builder-workspace/SwiftDraw/DOM.SVG.swift /Users/admin/builder/spi-builder-workspace/SwiftDraw/DOM.Switch.swift /Users/admin/builder/spi-builder-workspace/SwiftDraw/DOM.Text.swift /Users/admin/builder/spi-builder-workspace/SwiftDraw/DOM.Use.swift /Users/admin/builder/spi-builder-workspace/SwiftDraw/DOM.swift /Users/admin/builder/spi-builder-workspace/SwiftDraw/LayerTree.Builder.Layer.swift /Users/admin/builder/spi-builder-workspace/SwiftDraw/LayerTree.Builder.Path.Arc.swift /Users/admin/builder/spi-builder-workspace/SwiftDraw/LayerTree.Builder.Path.swift /Users/admin/builder/spi-builder-workspace/SwiftDraw/LayerTree.Builder.Shape.swift /Users/admin/builder/spi-builder-workspace/SwiftDraw/LayerTree.Builder.Text.swift /Users/admin/builder/spi-builder-workspace/SwiftDraw/LayerTree.Builder.swift /Users/admin/builder/spi-builder-workspace/SwiftDraw/LayerTree.Color.swift /Users/admin/builder/spi-builder-workspace/SwiftDraw/LayerTree.CommandGenerator.swift /Users/admin/builder/spi-builder-workspace/SwiftDraw/LayerTree.CommandOptimizer.swift /Users/admin/builder/spi-builder-workspace/SwiftDraw/LayerTree.Gradient.swift /Users/admin/builder/spi-builder-workspace/SwiftDraw/LayerTree.Image.swift /Users/admin/builder/spi-builder-workspace/SwiftDraw/LayerTree.Layer.swift /Users/admin/builder/spi-builder-workspace/SwiftDraw/LayerTree.Path+Bounds.swift /Users/admin/builder/spi-builder-workspace/SwiftDraw/LayerTree.Path+Reversed.swift /Users/admin/builder/spi-builder-workspace/SwiftDraw/LayerTree.Path+Subpath.swift /Users/admin/builder/spi-builder-workspace/SwiftDraw/LayerTree.Path.swift /Users/admin/builder/spi-builder-workspace/SwiftDraw/LayerTree.Pattern.swift /Users/admin/builder/spi-builder-workspace/SwiftDraw/LayerTree.Shape.swift /Users/admin/builder/spi-builder-workspace/SwiftDraw/LayerTree.Transform.swift /Users/admin/builder/spi-builder-workspace/SwiftDraw/LayerTree.swift /Users/admin/builder/spi-builder-workspace/SwiftDraw/NSImage+SVG.swift /Users/admin/builder/spi-builder-workspace/SwiftDraw/Parser.XML.Attributes.swift /Users/admin/builder/spi-builder-workspace/SwiftDraw/Parser.XML.Color.swift /Users/admin/builder/spi-builder-workspace/SwiftDraw/Parser.XML.Element.swift /Users/admin/builder/spi-builder-workspace/SwiftDraw/Parser.XML.Filter.swift /Users/admin/builder/spi-builder-workspace/SwiftDraw/Parser.XML.Image.swift /Users/admin/builder/spi-builder-workspace/SwiftDraw/Parser.XML.LinearGradient.swift /Users/admin/builder/spi-builder-workspace/SwiftDraw/Parser.XML.Path.swift /Users/admin/builder/spi-builder-workspace/SwiftDraw/Parser.XML.Pattern.swift /Users/admin/builder/spi-builder-workspace/SwiftDraw/Parser.XML.RadialGradient.swift /Users/admin/builder/spi-builder-workspace/SwiftDraw/Parser.XML.SVG.swift /Users/admin/builder/spi-builder-workspace/SwiftDraw/Parser.XML.Scanner.swift /Users/admin/builder/spi-builder-workspace/SwiftDraw/Parser.XML.StyleSheet.swift /Users/admin/builder/spi-builder-workspace/SwiftDraw/Parser.XML.Text.swift /Users/admin/builder/spi-builder-workspace/SwiftDraw/Parser.XML.Transform.swift /Users/admin/builder/spi-builder-workspace/SwiftDraw/Parser.XML.Use.swift /Users/admin/builder/spi-builder-workspace/SwiftDraw/Parser.XML.swift /Users/admin/builder/spi-builder-workspace/SwiftDraw/Renderer.CGText+Path.swift /Users/admin/builder/spi-builder-workspace/SwiftDraw/Renderer.CGText.swift /Users/admin/builder/spi-builder-workspace/SwiftDraw/Renderer.CoreGraphics.swift /Users/admin/builder/spi-builder-workspace/SwiftDraw/Renderer.LayerTree.swift /Users/admin/builder/spi-builder-workspace/SwiftDraw/Renderer.SFSymbol+CGPath.swift /Users/admin/builder/spi-builder-workspace/SwiftDraw/Renderer.SFSymbol.swift /Users/admin/builder/spi-builder-workspace/SwiftDraw/Renderer.SVG.swift /Users/admin/builder/spi-builder-workspace/SwiftDraw/Renderer.swift -primary-file /Users/admin/builder/spi-builder-workspace/SwiftDraw/SVG+CoreGraphics.swift -primary-file /Users/admin/builder/spi-builder-workspace/SwiftDraw/SVG+Deprecated.swift -primary-file /Users/admin/builder/spi-builder-workspace/SwiftDraw/SVG+Hashable.swift -primary-file /Users/admin/builder/spi-builder-workspace/SwiftDraw/SVG+Insets.swift -primary-file /Users/admin/builder/spi-builder-workspace/SwiftDraw/SVG.swift -primary-file /Users/admin/builder/spi-builder-workspace/SwiftDraw/SVGView.swift -primary-file /Users/admin/builder/spi-builder-workspace/SwiftDraw/Stack.swift -primary-file /Users/admin/builder/spi-builder-workspace/SwiftDraw/UIImage+SVG.swift /Users/admin/builder/spi-builder-workspace/SwiftDraw/URL+Data.swift /Users/admin/builder/spi-builder-workspace/SwiftDraw/URL+Fragment.swift /Users/admin/builder/spi-builder-workspace/SwiftDraw/Utilities/PairedSequence.swift /Users/admin/builder/spi-builder-workspace/SwiftDraw/Utilities/TextOutputStream+StandardError.swift /Users/admin/builder/spi-builder-workspace/SwiftDraw/XML.Element.swift /Users/admin/builder/spi-builder-workspace/SwiftDraw/XML.Formatter.SVG.swift /Users/admin/builder/spi-builder-workspace/SwiftDraw/XML.Formatter.swift /Users/admin/builder/spi-builder-workspace/SwiftDraw/XML.SAXParser.swift -supplementary-output-file-map /Users/admin/builder/spi-builder-workspace/.derivedData/Build/Intermediates.noindex/SwiftDraw.build/Debug-xros/SwiftDraw-t.build/Objects-normal/arm64/supplementaryOutputs-9 -target arm64-apple-xros1.0 -module-can-import-version CoreGraphics 2049 2049.0.0 -module-can-import-version CoreText 904 904.0.0 -module-can-import-version Darwin 428.0.10 0 -module-can-import-version SwiftUI 8.0.84.1 8.0.84 -module-can-import-version UIKit 9127.0.84.1 9127.0.84 -disable-cross-import-overlay-search -swift-module-cross-import Darwin /Applications/Xcode-27.0.0-Release.Candidate.app/Contents/Developer/Platforms/XROS.platform/Developer/SDKs/XROS.sdk/usr/include/Darwin.swiftcrossimport/xlocale.swiftoverlay -load-resolved-plugin /Applications/Xcode-27.0.0-Release.Candidate.app/Contents/Developer/Platforms/XROS.platform/Developer/usr/lib/swift/host/plugins/libFoundationMacros.dylib\#/Applications/Xcode-27.0.0-Release.Candidate.app/Contents/Developer/Platforms/XROS.platform/Developer/usr/bin/swift-plugin-server\#FoundationMacros -load-resolved-plugin /Applications/Xcode-27.0.0-Release.Candidate.app/Contents/Developer/Platforms/XROS.platform/Developer/usr/lib/swift/host/plugins/libObservationMacros.dylib\#/Applications/Xcode-27.0.0-Release.Candidate.app/Contents/Developer/Platforms/XROS.platform/Developer/usr/bin/swift-plugin-server\#ObservationMacros -load-resolved-plugin /Applications/Xcode-27.0.0-Release.Candidate.app/Contents/Developer/Platforms/XROS.platform/Developer/usr/lib/swift/host/plugins/libPreviewsMacros.dylib\#/Applications/Xcode-27.0.0-Release.Candidate.app/Contents/Developer/Platforms/XROS.platform/Developer/usr/bin/swift-plugin-server\#PreviewsMacros -load-resolved-plugin /Applications/Xcode-27.0.0-Release.Candidate.app/Contents/Developer/Platforms/XROS.platform/Developer/usr/lib/swift/host/plugins/libSwiftMacros.dylib\#/Applications/Xcode-27.0.0-Release.Candidate.app/Contents/Developer/Platforms/XROS.platform/Developer/usr/bin/swift-plugin-server\#SwiftMacros -load-resolved-plugin /Applications/Xcode-27.0.0-Release.Candidate.app/Contents/Developer/Platforms/XROS.platform/Developer/usr/lib/swift/host/plugins/libSwiftUIMacros.dylib\#/Applications/Xcode-27.0.0-Release.Candidate.app/Contents/Developer/Platforms/XROS.platform/Developer/usr/bin/swift-plugin-server\#SwiftUIMacros -disable-implicit-swift-modules -Xcc -fno-implicit-modules -Xcc -fno-implicit-module-maps -explicit-swift-module-map-file /Users/admin/builder/spi-builder-workspace/.derivedData/Build/Intermediates.noindex/SwiftDraw.build/Debug-xros/SwiftDraw-t.build/Objects-normal/arm64/SwiftDraw-dependencies-1.json -Xllvm -aarch64-use-tbi -enable-objc-interop -stack-check -sdk /Applications/Xcode-27.0.0-Release.Candidate.app/Contents/Developer/Platforms/XROS.platform/Developer/SDKs/XROS27.0.sdk -I /Users/admin/builder/spi-builder-workspace/.derivedData/Build/Products/Debug-xros -Isystem /Applications/Xcode-27.0.0-Release.Candidate.app/Contents/Developer/Platforms/XROS.platform/Developer/usr/lib -F /Users/admin/builder/spi-builder-workspace/.derivedData/Build/Products/Debug-xros -F /Applications/Xcode-27.0.0-Release.Candidate.app/Contents/Developer/Platforms/XROS.platform/Developer/Library/Frameworks -F /Applications/Xcode-27.0.0-Release.Candidate.app/Contents/Developer/Platforms/XROS.platform/Developer/SDKs/XROS27.0.sdk/Developer/Library/Frameworks -module-cache-path /Users/admin/builder/spi-builder-workspace/.derivedData/Build/Intermediates.noindex/SwiftExplicitPrecompiledModules -no-color-diagnostics -Xcc -fno-color-diagnostics -enable-testing -g -debug-info-format\=dwarf -dwarf-version\=4 -profile-generate -profile-coverage-mapping -swift-version 5 -Onone -D SWIFT_PACKAGE -D DEBUG -D SWIFT_MODULE_RESOURCE_BUNDLE_UNAVAILABLE -D Xcode -serialize-debugging-options -enable-experimental-feature DebugDescriptionMacro -empty-abi-descriptor -validate-clang-modules-once -clang-build-session-file /Users/admin/builder/spi-builder-workspace/.derivedData/ModuleCache.noindex/Session.modulevalidation -Xcc -working-directory -Xcc /Users/admin/builder/spi-builder-workspace/.swiftpm/xcode -enable-anonymous-context-mangled-names -file-compilation-dir /Users/admin/builder/spi-builder-workspace/.swiftpm/xcode -Xcc -D_LIBCPP_HARDENING_MODE\=_LIBCPP_HARDENING_MODE_DEBUG -Xcc -ivfsstatcache -Xcc /Users/admin/builder/spi-builder-workspace/.derivedData/SDKStatCaches.noindex/xros27.0-24M361-e829b21a6f8c9b70876ba0858053c044735bd543db762f57723cac368afd1ce4.sdkstatcache -Xcc -fmodules-prune-interval\=86400 -Xcc -fmodules-prune-after\=345600 -Xcc -I/Users/admin/builder/spi-builder-workspace/.derivedData/Build/Products/Debug-xros/include -Xcc -I/Users/admin/builder/spi-builder-workspace/.derivedData/Build/Intermediates.noindex/SwiftDraw.build/Debug-xros/SwiftDraw-t.build/DerivedSources-normal/arm64 -Xcc -I/Users/admin/builder/spi-builder-workspace/.derivedData/Build/Intermediates.noindex/SwiftDraw.build/Debug-xros/SwiftDraw-t.build/DerivedSources/arm64 -Xcc -I/Users/admin/builder/spi-builder-workspace/.derivedData/Build/Intermediates.noindex/SwiftDraw.build/Debug-xros/SwiftDraw-t.build/DerivedSources -Xcc -DSWIFT_PACKAGE -Xcc -DDEBUG\=1 -no-auto-bridging-header-chaining -module-name SwiftDraw -const-gather-protocols-file /Users/admin/builder/spi-builder-workspace/.derivedData/Build/Intermediates.noindex/SwiftDraw.build/Debug-xros/SwiftDraw-t.build/Objects-normal/arm64/SwiftDraw_const_extract_protocols.json -disable-clang-spi -clang-target arm64-apple-xros27.0 -target-sdk-version 27.0 -target-sdk-name xros27.0 -in-process-plugin-server-path /Applications/Xcode-27.0.0-Release.Candidate.app/Contents/Developer/Toolchains/XcodeDefault.xctoolchain/usr/lib/swift/host/libSwiftInProcPluginServer.dylib -parse-as-library -o /Users/admin/builder/spi-builder-workspace/.derivedData/Build/Intermediates.noindex/SwiftDraw.build/Debug-xros/SwiftDraw-t.build/Objects-normal/arm64/SVG+CoreGraphics.o -o /Users/admin/builder/spi-builder-workspace/.derivedData/Build/Intermediates.noindex/SwiftDraw.build/Debug-xros/SwiftDraw-t.build/Objects-normal/arm64/SVG+Deprecated.o -o /Users/admin/builder/spi-builder-workspace/.derivedData/Build/Intermediates.noindex/SwiftDraw.build/Debug-xros/SwiftDraw-t.build/Objects-normal/arm64/SVG+Hashable.o -o /Users/admin/builder/spi-builder-workspace/.derivedData/Build/Intermediates.noindex/SwiftDraw.build/Debug-xros/SwiftDraw-t.build/Objects-normal/arm64/SVG+Insets.o -o /Users/admin/builder/spi-builder-workspace/.derivedData/Build/Intermediates.noindex/SwiftDraw.build/Debug-xros/SwiftDraw-t.build/Objects-normal/arm64/SVG.o -o /Users/admin/builder/spi-builder-workspace/.derivedData/Build/Intermediates.noindex/SwiftDraw.build/Debug-xros/SwiftDraw-t.build/Objects-normal/arm64/SVGView.o -o /Users/admin/builder/spi-builder-workspace/.derivedData/Build/Intermediates.noindex/SwiftDraw.build/Debug-xros/SwiftDraw-t.build/Objects-normal/arm64/Stack.o -o /Users/admin/builder/spi-builder-workspace/.derivedData/Build/Intermediates.noindex/SwiftDraw.build/Debug-xros/SwiftDraw-t.build/Objects-normal/arm64/UIImage+SVG.o -debug-module-path /Users/admin/builder/spi-builder-workspace/.derivedData/Build/Intermediates.noindex/SwiftDraw.build/Debug-xros/SwiftDraw-t.build/Objects-normal/arm64/SwiftDraw.swiftmodule -index-unit-output-path /SwiftDraw.build/Debug-xros/SwiftDraw-t.build/Objects-normal/arm64/SVG+CoreGraphics.o -index-unit-output-path /SwiftDraw.build/Debug-xros/SwiftDraw-t.build/Objects-normal/arm64/SVG+Deprecated.o -index-unit-output-path /SwiftDraw.build/Debug-xros/SwiftDraw-t.build/Objects-normal/arm64/SVG+Hashable.o -index-unit-output-path /SwiftDraw.build/Debug-xros/SwiftDraw-t.build/Objects-normal/arm64/SVG+Insets.o -index-unit-output-path /SwiftDraw.build/Debug-xros/SwiftDraw-t.build/Objects-normal/arm64/SVG.o -index-unit-output-path /SwiftDraw.build/Debug-xros/SwiftDraw-t.build/Objects-normal/arm64/SVGView.o -index-unit-output-path /SwiftDraw.build/Debug-xros/SwiftDraw-t.build/Objects-normal/arm64/Stack.o -index-unit-output-path /SwiftDraw.build/Debug-xros/SwiftDraw-t.build/Objects-normal/arm64/UIImage+SVG.o -index-store-path /Users/admin/builder/spi-builder-workspace/.derivedData/Index.noindex/DataStore -index-system-modules
SwiftCompile normal arm64 Compiling\ Parser.XML.RadialGradient.swift,\ Parser.XML.SVG.swift,\ Parser.XML.Scanner.swift,\ Parser.XML.StyleSheet.swift,\ Parser.XML.Text.swift,\ Parser.XML.Transform.swift,\ Parser.XML.Use.swift,\ Parser.XML.swift /Users/admin/builder/spi-builder-workspace/SwiftDraw/Parser.XML.RadialGradient.swift /Users/admin/builder/spi-builder-workspace/SwiftDraw/Parser.XML.SVG.swift /Users/admin/builder/spi-builder-workspace/SwiftDraw/Parser.XML.Scanner.swift /Users/admin/builder/spi-builder-workspace/SwiftDraw/Parser.XML.StyleSheet.swift /Users/admin/builder/spi-builder-workspace/SwiftDraw/Parser.XML.Text.swift /Users/admin/builder/spi-builder-workspace/SwiftDraw/Parser.XML.Transform.swift /Users/admin/builder/spi-builder-workspace/SwiftDraw/Parser.XML.Use.swift /Users/admin/builder/spi-builder-workspace/SwiftDraw/Parser.XML.swift (in target 'SwiftDraw' from project 'SwiftDraw')
SwiftCompile normal arm64 /Users/admin/builder/spi-builder-workspace/SwiftDraw/Parser.XML.RadialGradient.swift (in target 'SwiftDraw' from project 'SwiftDraw')
    cd /Users/admin/builder/spi-builder-workspace/.swiftpm/xcode
    builtin-SwiftPerFileCompile Parser.XML.RadialGradient.swift
SwiftCompile normal arm64 /Users/admin/builder/spi-builder-workspace/SwiftDraw/Parser.XML.SVG.swift (in target 'SwiftDraw' from project 'SwiftDraw')
    cd /Users/admin/builder/spi-builder-workspace/.swiftpm/xcode
    builtin-SwiftPerFileCompile Parser.XML.SVG.swift
SwiftCompile normal arm64 /Users/admin/builder/spi-builder-workspace/SwiftDraw/Parser.XML.Scanner.swift (in target 'SwiftDraw' from project 'SwiftDraw')
    cd /Users/admin/builder/spi-builder-workspace/.swiftpm/xcode
    builtin-SwiftPerFileCompile Parser.XML.Scanner.swift
SwiftCompile normal arm64 /Users/admin/builder/spi-builder-workspace/SwiftDraw/Parser.XML.StyleSheet.swift (in target 'SwiftDraw' from project 'SwiftDraw')
    cd /Users/admin/builder/spi-builder-workspace/.swiftpm/xcode
    builtin-SwiftPerFileCompile Parser.XML.StyleSheet.swift
SwiftCompile normal arm64 /Users/admin/builder/spi-builder-workspace/SwiftDraw/Parser.XML.Text.swift (in target 'SwiftDraw' from project 'SwiftDraw')
    cd /Users/admin/builder/spi-builder-workspace/.swiftpm/xcode
    builtin-SwiftPerFileCompile Parser.XML.Text.swift
SwiftCompile normal arm64 /Users/admin/builder/spi-builder-workspace/SwiftDraw/Parser.XML.Transform.swift (in target 'SwiftDraw' from project 'SwiftDraw')
    cd /Users/admin/builder/spi-builder-workspace/.swiftpm/xcode
    builtin-SwiftPerFileCompile Parser.XML.Transform.swift
SwiftCompile normal arm64 /Users/admin/builder/spi-builder-workspace/SwiftDraw/Parser.XML.Use.swift (in target 'SwiftDraw' from project 'SwiftDraw')
    cd /Users/admin/builder/spi-builder-workspace/.swiftpm/xcode
    builtin-SwiftPerFileCompile Parser.XML.Use.swift
SwiftCompile normal arm64 /Users/admin/builder/spi-builder-workspace/SwiftDraw/Parser.XML.swift (in target 'SwiftDraw' from project 'SwiftDraw')
    cd /Users/admin/builder/spi-builder-workspace/.swiftpm/xcode
    builtin-SwiftPerFileCompile Parser.XML.swift
SwiftCompile normal arm64 Compiling\ LayerTree.Builder.Shape.swift,\ LayerTree.Builder.Text.swift,\ LayerTree.Builder.swift,\ LayerTree.Color.swift,\ LayerTree.CommandGenerator.swift,\ LayerTree.CommandOptimizer.swift,\ LayerTree.Gradient.swift,\ LayerTree.Image.swift,\ LayerTree.Layer.swift /Users/admin/builder/spi-builder-workspace/SwiftDraw/LayerTree.Builder.Shape.swift /Users/admin/builder/spi-builder-workspace/SwiftDraw/LayerTree.Builder.Text.swift /Users/admin/builder/spi-builder-workspace/SwiftDraw/LayerTree.Builder.swift /Users/admin/builder/spi-builder-workspace/SwiftDraw/LayerTree.Color.swift /Users/admin/builder/spi-builder-workspace/SwiftDraw/LayerTree.CommandGenerator.swift /Users/admin/builder/spi-builder-workspace/SwiftDraw/LayerTree.CommandOptimizer.swift /Users/admin/builder/spi-builder-workspace/SwiftDraw/LayerTree.Gradient.swift /Users/admin/builder/spi-builder-workspace/SwiftDraw/LayerTree.Image.swift /Users/admin/builder/spi-builder-workspace/SwiftDraw/LayerTree.Layer.swift (in target 'SwiftDraw' from project 'SwiftDraw')
SwiftCompile normal arm64 /Users/admin/builder/spi-builder-workspace/SwiftDraw/LayerTree.Builder.Shape.swift (in target 'SwiftDraw' from project 'SwiftDraw')
    cd /Users/admin/builder/spi-builder-workspace/.swiftpm/xcode
    builtin-SwiftPerFileCompile LayerTree.Builder.Shape.swift
SwiftCompile normal arm64 /Users/admin/builder/spi-builder-workspace/SwiftDraw/LayerTree.Builder.Text.swift (in target 'SwiftDraw' from project 'SwiftDraw')
    cd /Users/admin/builder/spi-builder-workspace/.swiftpm/xcode
    builtin-SwiftPerFileCompile LayerTree.Builder.Text.swift
SwiftCompile normal arm64 /Users/admin/builder/spi-builder-workspace/SwiftDraw/LayerTree.Builder.swift (in target 'SwiftDraw' from project 'SwiftDraw')
    cd /Users/admin/builder/spi-builder-workspace/.swiftpm/xcode
    builtin-SwiftPerFileCompile LayerTree.Builder.swift
SwiftCompile normal arm64 /Users/admin/builder/spi-builder-workspace/SwiftDraw/LayerTree.Color.swift (in target 'SwiftDraw' from project 'SwiftDraw')
    cd /Users/admin/builder/spi-builder-workspace/.swiftpm/xcode
    builtin-SwiftPerFileCompile LayerTree.Color.swift
SwiftCompile normal arm64 /Users/admin/builder/spi-builder-workspace/SwiftDraw/LayerTree.CommandGenerator.swift (in target 'SwiftDraw' from project 'SwiftDraw')
    cd /Users/admin/builder/spi-builder-workspace/.swiftpm/xcode
    builtin-SwiftPerFileCompile LayerTree.CommandGenerator.swift
SwiftCompile normal arm64 /Users/admin/builder/spi-builder-workspace/SwiftDraw/LayerTree.CommandOptimizer.swift (in target 'SwiftDraw' from project 'SwiftDraw')
    cd /Users/admin/builder/spi-builder-workspace/.swiftpm/xcode
    builtin-SwiftPerFileCompile LayerTree.CommandOptimizer.swift
SwiftCompile normal arm64 /Users/admin/builder/spi-builder-workspace/SwiftDraw/LayerTree.Gradient.swift (in target 'SwiftDraw' from project 'SwiftDraw')
    cd /Users/admin/builder/spi-builder-workspace/.swiftpm/xcode
    builtin-SwiftPerFileCompile LayerTree.Gradient.swift
SwiftCompile normal arm64 /Users/admin/builder/spi-builder-workspace/SwiftDraw/LayerTree.Image.swift (in target 'SwiftDraw' from project 'SwiftDraw')
    cd /Users/admin/builder/spi-builder-workspace/.swiftpm/xcode
    builtin-SwiftPerFileCompile LayerTree.Image.swift
SwiftCompile normal arm64 /Users/admin/builder/spi-builder-workspace/SwiftDraw/LayerTree.Layer.swift (in target 'SwiftDraw' from project 'SwiftDraw')
    cd /Users/admin/builder/spi-builder-workspace/.swiftpm/xcode
    builtin-SwiftPerFileCompile LayerTree.Layer.swift
SwiftCompile normal arm64 Compiling\ LayerTree.Path+Bounds.swift,\ LayerTree.Path+Reversed.swift,\ LayerTree.Path+Subpath.swift,\ LayerTree.Path.swift,\ LayerTree.Pattern.swift,\ LayerTree.Shape.swift,\ LayerTree.Transform.swift,\ LayerTree.swift,\ NSImage+SVG.swift /Users/admin/builder/spi-builder-workspace/SwiftDraw/LayerTree.Path+Bounds.swift /Users/admin/builder/spi-builder-workspace/SwiftDraw/LayerTree.Path+Reversed.swift /Users/admin/builder/spi-builder-workspace/SwiftDraw/LayerTree.Path+Subpath.swift /Users/admin/builder/spi-builder-workspace/SwiftDraw/LayerTree.Path.swift /Users/admin/builder/spi-builder-workspace/SwiftDraw/LayerTree.Pattern.swift /Users/admin/builder/spi-builder-workspace/SwiftDraw/LayerTree.Shape.swift /Users/admin/builder/spi-builder-workspace/SwiftDraw/LayerTree.Transform.swift /Users/admin/builder/spi-builder-workspace/SwiftDraw/LayerTree.swift /Users/admin/builder/spi-builder-workspace/SwiftDraw/NSImage+SVG.swift (in target 'SwiftDraw' from project 'SwiftDraw')
SwiftCompile normal arm64 /Users/admin/builder/spi-builder-workspace/SwiftDraw/LayerTree.Path+Bounds.swift (in target 'SwiftDraw' from project 'SwiftDraw')
    cd /Users/admin/builder/spi-builder-workspace/.swiftpm/xcode
    builtin-SwiftPerFileCompile LayerTree.Path+Bounds.swift
SwiftCompile normal arm64 /Users/admin/builder/spi-builder-workspace/SwiftDraw/LayerTree.Path+Reversed.swift (in target 'SwiftDraw' from project 'SwiftDraw')
    cd /Users/admin/builder/spi-builder-workspace/.swiftpm/xcode
    builtin-SwiftPerFileCompile LayerTree.Path+Reversed.swift
SwiftCompile normal arm64 /Users/admin/builder/spi-builder-workspace/SwiftDraw/LayerTree.Path+Subpath.swift (in target 'SwiftDraw' from project 'SwiftDraw')
    cd /Users/admin/builder/spi-builder-workspace/.swiftpm/xcode
    builtin-SwiftPerFileCompile LayerTree.Path+Subpath.swift
SwiftCompile normal arm64 /Users/admin/builder/spi-builder-workspace/SwiftDraw/LayerTree.Path.swift (in target 'SwiftDraw' from project 'SwiftDraw')
    cd /Users/admin/builder/spi-builder-workspace/.swiftpm/xcode
    builtin-SwiftPerFileCompile LayerTree.Path.swift
SwiftCompile normal arm64 /Users/admin/builder/spi-builder-workspace/SwiftDraw/LayerTree.Pattern.swift (in target 'SwiftDraw' from project 'SwiftDraw')
    cd /Users/admin/builder/spi-builder-workspace/.swiftpm/xcode
    builtin-SwiftPerFileCompile LayerTree.Pattern.swift
SwiftCompile normal arm64 /Users/admin/builder/spi-builder-workspace/SwiftDraw/LayerTree.Shape.swift (in target 'SwiftDraw' from project 'SwiftDraw')
    cd /Users/admin/builder/spi-builder-workspace/.swiftpm/xcode
    builtin-SwiftPerFileCompile LayerTree.Shape.swift
SwiftCompile normal arm64 /Users/admin/builder/spi-builder-workspace/SwiftDraw/LayerTree.Transform.swift (in target 'SwiftDraw' from project 'SwiftDraw')
    cd /Users/admin/builder/spi-builder-workspace/.swiftpm/xcode
    builtin-SwiftPerFileCompile LayerTree.Transform.swift
SwiftCompile normal arm64 /Users/admin/builder/spi-builder-workspace/SwiftDraw/LayerTree.swift (in target 'SwiftDraw' from project 'SwiftDraw')
    cd /Users/admin/builder/spi-builder-workspace/.swiftpm/xcode
    builtin-SwiftPerFileCompile LayerTree.swift
SwiftCompile normal arm64 /Users/admin/builder/spi-builder-workspace/SwiftDraw/NSImage+SVG.swift (in target 'SwiftDraw' from project 'SwiftDraw')
    cd /Users/admin/builder/spi-builder-workspace/.swiftpm/xcode
    builtin-SwiftPerFileCompile NSImage+SVG.swift
SwiftCompile normal arm64 Compiling\ DOM.SVG+Parse.swift,\ DOM.SVG.swift,\ DOM.Switch.swift,\ DOM.Text.swift,\ DOM.Use.swift,\ DOM.swift,\ LayerTree.Builder.Layer.swift,\ LayerTree.Builder.Path.Arc.swift,\ LayerTree.Builder.Path.swift /Users/admin/builder/spi-builder-workspace/SwiftDraw/DOM.SVG+Parse.swift /Users/admin/builder/spi-builder-workspace/SwiftDraw/DOM.SVG.swift /Users/admin/builder/spi-builder-workspace/SwiftDraw/DOM.Switch.swift /Users/admin/builder/spi-builder-workspace/SwiftDraw/DOM.Text.swift /Users/admin/builder/spi-builder-workspace/SwiftDraw/DOM.Use.swift /Users/admin/builder/spi-builder-workspace/SwiftDraw/DOM.swift /Users/admin/builder/spi-builder-workspace/SwiftDraw/LayerTree.Builder.Layer.swift /Users/admin/builder/spi-builder-workspace/SwiftDraw/LayerTree.Builder.Path.Arc.swift /Users/admin/builder/spi-builder-workspace/SwiftDraw/LayerTree.Builder.Path.swift (in target 'SwiftDraw' from project 'SwiftDraw')
SwiftCompile normal arm64 /Users/admin/builder/spi-builder-workspace/SwiftDraw/DOM.SVG+Parse.swift (in target 'SwiftDraw' from project 'SwiftDraw')
    cd /Users/admin/builder/spi-builder-workspace/.swiftpm/xcode
    builtin-SwiftPerFileCompile DOM.SVG+Parse.swift
SwiftCompile normal arm64 /Users/admin/builder/spi-builder-workspace/SwiftDraw/DOM.SVG.swift (in target 'SwiftDraw' from project 'SwiftDraw')
    cd /Users/admin/builder/spi-builder-workspace/.swiftpm/xcode
    builtin-SwiftPerFileCompile DOM.SVG.swift
SwiftCompile normal arm64 /Users/admin/builder/spi-builder-workspace/SwiftDraw/DOM.Switch.swift (in target 'SwiftDraw' from project 'SwiftDraw')
    cd /Users/admin/builder/spi-builder-workspace/.swiftpm/xcode
    builtin-SwiftPerFileCompile DOM.Switch.swift
SwiftCompile normal arm64 /Users/admin/builder/spi-builder-workspace/SwiftDraw/DOM.Text.swift (in target 'SwiftDraw' from project 'SwiftDraw')
    cd /Users/admin/builder/spi-builder-workspace/.swiftpm/xcode
    builtin-SwiftPerFileCompile DOM.Text.swift
SwiftCompile normal arm64 /Users/admin/builder/spi-builder-workspace/SwiftDraw/DOM.Use.swift (in target 'SwiftDraw' from project 'SwiftDraw')
    cd /Users/admin/builder/spi-builder-workspace/.swiftpm/xcode
    builtin-SwiftPerFileCompile DOM.Use.swift
SwiftCompile normal arm64 /Users/admin/builder/spi-builder-workspace/SwiftDraw/DOM.swift (in target 'SwiftDraw' from project 'SwiftDraw')
    cd /Users/admin/builder/spi-builder-workspace/.swiftpm/xcode
    builtin-SwiftPerFileCompile DOM.swift
SwiftCompile normal arm64 /Users/admin/builder/spi-builder-workspace/SwiftDraw/LayerTree.Builder.Layer.swift (in target 'SwiftDraw' from project 'SwiftDraw')
    cd /Users/admin/builder/spi-builder-workspace/.swiftpm/xcode
    builtin-SwiftPerFileCompile LayerTree.Builder.Layer.swift
SwiftCompile normal arm64 /Users/admin/builder/spi-builder-workspace/SwiftDraw/LayerTree.Builder.Path.Arc.swift (in target 'SwiftDraw' from project 'SwiftDraw')
    cd /Users/admin/builder/spi-builder-workspace/.swiftpm/xcode
    builtin-SwiftPerFileCompile LayerTree.Builder.Path.Arc.swift
SwiftCompile normal arm64 /Users/admin/builder/spi-builder-workspace/SwiftDraw/LayerTree.Builder.Path.swift (in target 'SwiftDraw' from project 'SwiftDraw')
    cd /Users/admin/builder/spi-builder-workspace/.swiftpm/xcode
    builtin-SwiftPerFileCompile LayerTree.Builder.Path.swift
SwiftCompile normal arm64 Compiling\ URL+Data.swift,\ URL+Fragment.swift,\ PairedSequence.swift,\ TextOutputStream+StandardError.swift,\ XML.Element.swift,\ XML.Formatter.SVG.swift,\ XML.Formatter.swift,\ XML.SAXParser.swift /Users/admin/builder/spi-builder-workspace/SwiftDraw/URL+Data.swift /Users/admin/builder/spi-builder-workspace/SwiftDraw/URL+Fragment.swift /Users/admin/builder/spi-builder-workspace/SwiftDraw/Utilities/PairedSequence.swift /Users/admin/builder/spi-builder-workspace/SwiftDraw/Utilities/TextOutputStream+StandardError.swift /Users/admin/builder/spi-builder-workspace/SwiftDraw/XML.Element.swift /Users/admin/builder/spi-builder-workspace/SwiftDraw/XML.Formatter.SVG.swift /Users/admin/builder/spi-builder-workspace/SwiftDraw/XML.Formatter.swift /Users/admin/builder/spi-builder-workspace/SwiftDraw/XML.SAXParser.swift (in target 'SwiftDraw' from project 'SwiftDraw')
SwiftCompile normal arm64 /Users/admin/builder/spi-builder-workspace/SwiftDraw/URL+Data.swift (in target 'SwiftDraw' from project 'SwiftDraw')
    cd /Users/admin/builder/spi-builder-workspace/.swiftpm/xcode
    builtin-SwiftPerFileCompile URL+Data.swift
SwiftCompile normal arm64 /Users/admin/builder/spi-builder-workspace/SwiftDraw/URL+Fragment.swift (in target 'SwiftDraw' from project 'SwiftDraw')
    cd /Users/admin/builder/spi-builder-workspace/.swiftpm/xcode
    builtin-SwiftPerFileCompile URL+Fragment.swift
SwiftCompile normal arm64 /Users/admin/builder/spi-builder-workspace/SwiftDraw/Utilities/PairedSequence.swift (in target 'SwiftDraw' from project 'SwiftDraw')
    cd /Users/admin/builder/spi-builder-workspace/.swiftpm/xcode
    builtin-SwiftPerFileCompile PairedSequence.swift
SwiftCompile normal arm64 /Users/admin/builder/spi-builder-workspace/SwiftDraw/Utilities/TextOutputStream+StandardError.swift (in target 'SwiftDraw' from project 'SwiftDraw')
    cd /Users/admin/builder/spi-builder-workspace/.swiftpm/xcode
    builtin-SwiftPerFileCompile TextOutputStream+StandardError.swift
SwiftCompile normal arm64 /Users/admin/builder/spi-builder-workspace/SwiftDraw/XML.Element.swift (in target 'SwiftDraw' from project 'SwiftDraw')
    cd /Users/admin/builder/spi-builder-workspace/.swiftpm/xcode
    builtin-SwiftPerFileCompile XML.Element.swift
SwiftCompile normal arm64 /Users/admin/builder/spi-builder-workspace/SwiftDraw/XML.Formatter.SVG.swift (in target 'SwiftDraw' from project 'SwiftDraw')
    cd /Users/admin/builder/spi-builder-workspace/.swiftpm/xcode
    builtin-SwiftPerFileCompile XML.Formatter.SVG.swift
SwiftCompile normal arm64 /Users/admin/builder/spi-builder-workspace/SwiftDraw/XML.Formatter.swift (in target 'SwiftDraw' from project 'SwiftDraw')
    cd /Users/admin/builder/spi-builder-workspace/.swiftpm/xcode
    builtin-SwiftPerFileCompile XML.Formatter.swift
SwiftCompile normal arm64 /Users/admin/builder/spi-builder-workspace/SwiftDraw/XML.SAXParser.swift (in target 'SwiftDraw' from project 'SwiftDraw')
    cd /Users/admin/builder/spi-builder-workspace/.swiftpm/xcode
    builtin-SwiftPerFileCompile XML.SAXParser.swift
SwiftCompile normal arm64 Compiling\ CGImage+Mask.swift,\ CGPath+Segment.swift,\ CGPattern+Closure.swift,\ CGTextRenderer+Code.swift,\ CommandLine+Process.swift,\ CommandLine.Arguments.swift,\ CommandLine.Configuration.swift,\ CommandLine.swift,\ CoordinateFormatter.swift /Users/admin/builder/spi-builder-workspace/SwiftDraw/CGImage+Mask.swift /Users/admin/builder/spi-builder-workspace/SwiftDraw/CGPath+Segment.swift /Users/admin/builder/spi-builder-workspace/SwiftDraw/CGPattern+Closure.swift /Users/admin/builder/spi-builder-workspace/SwiftDraw/CGTextRenderer+Code.swift /Users/admin/builder/spi-builder-workspace/SwiftDraw/CommandLine+Process.swift /Users/admin/builder/spi-builder-workspace/SwiftDraw/CommandLine.Arguments.swift /Users/admin/builder/spi-builder-workspace/SwiftDraw/CommandLine.Configuration.swift /Users/admin/builder/spi-builder-workspace/SwiftDraw/CommandLine.swift /Users/admin/builder/spi-builder-workspace/SwiftDraw/CoordinateFormatter.swift (in target 'SwiftDraw' from project 'SwiftDraw')
SwiftCompile normal arm64 /Users/admin/builder/spi-builder-workspace/SwiftDraw/CGImage+Mask.swift (in target 'SwiftDraw' from project 'SwiftDraw')
    cd /Users/admin/builder/spi-builder-workspace/.swiftpm/xcode
    builtin-SwiftPerFileCompile CGImage+Mask.swift
SwiftCompile normal arm64 /Users/admin/builder/spi-builder-workspace/SwiftDraw/CGPath+Segment.swift (in target 'SwiftDraw' from project 'SwiftDraw')
    cd /Users/admin/builder/spi-builder-workspace/.swiftpm/xcode
    builtin-SwiftPerFileCompile CGPath+Segment.swift
SwiftCompile normal arm64 /Users/admin/builder/spi-builder-workspace/SwiftDraw/CGPattern+Closure.swift (in target 'SwiftDraw' from project 'SwiftDraw')
    cd /Users/admin/builder/spi-builder-workspace/.swiftpm/xcode
    builtin-SwiftPerFileCompile CGPattern+Closure.swift
SwiftCompile normal arm64 /Users/admin/builder/spi-builder-workspace/SwiftDraw/CGTextRenderer+Code.swift (in target 'SwiftDraw' from project 'SwiftDraw')
    cd /Users/admin/builder/spi-builder-workspace/.swiftpm/xcode
    builtin-SwiftPerFileCompile CGTextRenderer+Code.swift
SwiftCompile normal arm64 /Users/admin/builder/spi-builder-workspace/SwiftDraw/CommandLine+Process.swift (in target 'SwiftDraw' from project 'SwiftDraw')
    cd /Users/admin/builder/spi-builder-workspace/.swiftpm/xcode
    builtin-SwiftPerFileCompile CommandLine+Process.swift
SwiftCompile normal arm64 /Users/admin/builder/spi-builder-workspace/SwiftDraw/CommandLine.Arguments.swift (in target 'SwiftDraw' from project 'SwiftDraw')
    cd /Users/admin/builder/spi-builder-workspace/.swiftpm/xcode
    builtin-SwiftPerFileCompile CommandLine.Arguments.swift
SwiftCompile normal arm64 /Users/admin/builder/spi-builder-workspace/SwiftDraw/CommandLine.Configuration.swift (in target 'SwiftDraw' from project 'SwiftDraw')
    cd /Users/admin/builder/spi-builder-workspace/.swiftpm/xcode
    builtin-SwiftPerFileCompile CommandLine.Configuration.swift
SwiftCompile normal arm64 /Users/admin/builder/spi-builder-workspace/SwiftDraw/CommandLine.swift (in target 'SwiftDraw' from project 'SwiftDraw')
    cd /Users/admin/builder/spi-builder-workspace/.swiftpm/xcode
    builtin-SwiftPerFileCompile CommandLine.swift
SwiftCompile normal arm64 /Users/admin/builder/spi-builder-workspace/SwiftDraw/CoordinateFormatter.swift (in target 'SwiftDraw' from project 'SwiftDraw')
    cd /Users/admin/builder/spi-builder-workspace/.swiftpm/xcode
    builtin-SwiftPerFileCompile CoordinateFormatter.swift
SwiftCompile normal arm64 Compiling\ DOM.Color.swift,\ DOM.Element.swift,\ DOM.Filter.swift,\ DOM.Image.swift,\ DOM.LinearGradient.swift,\ DOM.Path.swift,\ DOM.Pattern.swift,\ DOM.PresentationAttributes.swift,\ DOM.RadialGradient.swift /Users/admin/builder/spi-builder-workspace/SwiftDraw/DOM.Color.swift /Users/admin/builder/spi-builder-workspace/SwiftDraw/DOM.Element.swift /Users/admin/builder/spi-builder-workspace/SwiftDraw/DOM.Filter.swift /Users/admin/builder/spi-builder-workspace/SwiftDraw/DOM.Image.swift /Users/admin/builder/spi-builder-workspace/SwiftDraw/DOM.LinearGradient.swift /Users/admin/builder/spi-builder-workspace/SwiftDraw/DOM.Path.swift /Users/admin/builder/spi-builder-workspace/SwiftDraw/DOM.Pattern.swift /Users/admin/builder/spi-builder-workspace/SwiftDraw/DOM.PresentationAttributes.swift /Users/admin/builder/spi-builder-workspace/SwiftDraw/DOM.RadialGradient.swift (in target 'SwiftDraw' from project 'SwiftDraw')
SwiftCompile normal arm64 /Users/admin/builder/spi-builder-workspace/SwiftDraw/DOM.Color.swift (in target 'SwiftDraw' from project 'SwiftDraw')
    cd /Users/admin/builder/spi-builder-workspace/.swiftpm/xcode
    builtin-SwiftPerFileCompile DOM.Color.swift
SwiftCompile normal arm64 /Users/admin/builder/spi-builder-workspace/SwiftDraw/DOM.Element.swift (in target 'SwiftDraw' from project 'SwiftDraw')
    cd /Users/admin/builder/spi-builder-workspace/.swiftpm/xcode
    builtin-SwiftPerFileCompile DOM.Element.swift
SwiftCompile normal arm64 /Users/admin/builder/spi-builder-workspace/SwiftDraw/DOM.Filter.swift (in target 'SwiftDraw' from project 'SwiftDraw')
    cd /Users/admin/builder/spi-builder-workspace/.swiftpm/xcode
    builtin-SwiftPerFileCompile DOM.Filter.swift
SwiftCompile normal arm64 /Users/admin/builder/spi-builder-workspace/SwiftDraw/DOM.Image.swift (in target 'SwiftDraw' from project 'SwiftDraw')
    cd /Users/admin/builder/spi-builder-workspace/.swiftpm/xcode
    builtin-SwiftPerFileCompile DOM.Image.swift
SwiftCompile normal arm64 /Users/admin/builder/spi-builder-workspace/SwiftDraw/DOM.LinearGradient.swift (in target 'SwiftDraw' from project 'SwiftDraw')
    cd /Users/admin/builder/spi-builder-workspace/.swiftpm/xcode
    builtin-SwiftPerFileCompile DOM.LinearGradient.swift
SwiftCompile normal arm64 /Users/admin/builder/spi-builder-workspace/SwiftDraw/DOM.Path.swift (in target 'SwiftDraw' from project 'SwiftDraw')
    cd /Users/admin/builder/spi-builder-workspace/.swiftpm/xcode
    builtin-SwiftPerFileCompile DOM.Path.swift
SwiftCompile normal arm64 /Users/admin/builder/spi-builder-workspace/SwiftDraw/DOM.Pattern.swift (in target 'SwiftDraw' from project 'SwiftDraw')
    cd /Users/admin/builder/spi-builder-workspace/.swiftpm/xcode
    builtin-SwiftPerFileCompile DOM.Pattern.swift
SwiftCompile normal arm64 /Users/admin/builder/spi-builder-workspace/SwiftDraw/DOM.PresentationAttributes.swift (in target 'SwiftDraw' from project 'SwiftDraw')
    cd /Users/admin/builder/spi-builder-workspace/.swiftpm/xcode
    builtin-SwiftPerFileCompile DOM.PresentationAttributes.swift
SwiftCompile normal arm64 /Users/admin/builder/spi-builder-workspace/SwiftDraw/DOM.RadialGradient.swift (in target 'SwiftDraw' from project 'SwiftDraw')
    cd /Users/admin/builder/spi-builder-workspace/.swiftpm/xcode
    builtin-SwiftPerFileCompile DOM.RadialGradient.swift
SwiftDriverJobDiscovery normal arm64 Emitting module for SwiftDraw (in target 'SwiftDraw' from project 'SwiftDraw')
SwiftDriver\ Compilation\ Requirements SwiftDraw normal arm64 com.apple.xcode.tools.swift.compiler (in target 'SwiftDraw' from project 'SwiftDraw')
    cd /Users/admin/builder/spi-builder-workspace/.swiftpm/xcode
    builtin-Swift-Compilation-Requirements -- /Applications/Xcode-27.0.0-Release.Candidate.app/Contents/Developer/Toolchains/XcodeDefault.xctoolchain/usr/bin/swiftc -parse-as-library -module-name SwiftDraw -Onone @/Users/admin/builder/spi-builder-workspace/.derivedData/Build/Intermediates.noindex/SwiftDraw.build/Debug-xros/SwiftDraw-t.build/Objects-normal/arm64/SwiftDraw.SwiftFileList -DSWIFT_PACKAGE -DDEBUG -DSWIFT_MODULE_RESOURCE_BUNDLE_UNAVAILABLE -DXcode -plugin-path /Applications/Xcode-27.0.0-Release.Candidate.app/Contents/Developer/Toolchains/XcodeDefault.xctoolchain/usr/lib/swift/host/plugins/testing -enable-experimental-feature DebugDescriptionMacro -sdk /Applications/Xcode-27.0.0-Release.Candidate.app/Contents/Developer/Platforms/XROS.platform/Developer/SDKs/XROS27.0.sdk -target arm64-apple-xros1.0 -g -module-cache-path /Users/admin/builder/spi-builder-workspace/.derivedData/ModuleCache.noindex -Xfrontend -serialize-debugging-options -profile-coverage-mapping -profile-generate -enable-testing -index-store-path /Users/admin/builder/spi-builder-workspace/.derivedData/Index.noindex/DataStore -Xcc -D_LIBCPP_HARDENING_MODE\=_LIBCPP_HARDENING_MODE_DEBUG -swift-version 5 -I /Users/admin/builder/spi-builder-workspace/.derivedData/Build/Products/Debug-xros -Isystem /Applications/Xcode-27.0.0-Release.Candidate.app/Contents/Developer/Platforms/XROS.platform/Developer/usr/lib -F /Users/admin/builder/spi-builder-workspace/.derivedData/Build/Products/Debug-xros -F /Applications/Xcode-27.0.0-Release.Candidate.app/Contents/Developer/Platforms/XROS.platform/Developer/Library/Frameworks -F /Applications/Xcode-27.0.0-Release.Candidate.app/Contents/Developer/Platforms/XROS.platform/Developer/SDKs/XROS27.0.sdk/Developer/Library/Frameworks -c -j10 -enable-batch-mode -incremental -Xcc -ivfsstatcache -Xcc /Users/admin/builder/spi-builder-workspace/.derivedData/SDKStatCaches.noindex/xros27.0-24M361-e829b21a6f8c9b70876ba0858053c044735bd543db762f57723cac368afd1ce4.sdkstatcache -output-file-map /Users/admin/builder/spi-builder-workspace/.derivedData/Build/Intermediates.noindex/SwiftDraw.build/Debug-xros/SwiftDraw-t.build/Objects-normal/arm64/SwiftDraw-OutputFileMap.json -save-temps -no-color-diagnostics -explicit-module-build -module-cache-path /Users/admin/builder/spi-builder-workspace/.derivedData/Build/Intermediates.noindex/SwiftExplicitPrecompiledModules -clang-scanner-module-cache-path /Users/admin/builder/spi-builder-workspace/.derivedData/ModuleCache.noindex -sdk-module-cache-path /Users/admin/builder/spi-builder-workspace/.derivedData/SDKExplicitPrecompiledModules -emit-dependencies -emit-module -emit-module-path /Users/admin/builder/spi-builder-workspace/.derivedData/Build/Intermediates.noindex/SwiftDraw.build/Debug-xros/SwiftDraw-t.build/Objects-normal/arm64/SwiftDraw.swiftmodule -serialize-diagnostics -dependency-scan-serialize-diagnostics-path /Users/admin/builder/spi-builder-workspace/.derivedData/Build/Intermediates.noindex/SwiftDraw.build/Debug-xros/SwiftDraw-t.build/Objects-normal/arm64/SwiftDraw-dependency-scan.dia -validate-clang-modules-once -clang-build-session-file /Users/admin/builder/spi-builder-workspace/.derivedData/ModuleCache.noindex/Session.modulevalidation -Xcc -fmodules-prune-interval\=86400 -Xcc -fmodules-prune-after\=345600 -emit-const-values -const-gather-protocols-list /Users/admin/builder/spi-builder-workspace/.derivedData/Build/Intermediates.noindex/SwiftDraw.build/Debug-xros/SwiftDraw-t.build/Objects-normal/arm64/SwiftDraw_const_extract_protocols.json -Xcc -I/Users/admin/builder/spi-builder-workspace/.derivedData/Build/Products/Debug-xros/include -Xcc -I/Users/admin/builder/spi-builder-workspace/.derivedData/Build/Intermediates.noindex/SwiftDraw.build/Debug-xros/SwiftDraw-t.build/DerivedSources-normal/arm64 -Xcc -I/Users/admin/builder/spi-builder-workspace/.derivedData/Build/Intermediates.noindex/SwiftDraw.build/Debug-xros/SwiftDraw-t.build/DerivedSources/arm64 -Xcc -I/Users/admin/builder/spi-builder-workspace/.derivedData/Build/Intermediates.noindex/SwiftDraw.build/Debug-xros/SwiftDraw-t.build/DerivedSources -Xcc -DSWIFT_PACKAGE -Xcc -DDEBUG\=1 -emit-objc-header -emit-objc-header-path /Users/admin/builder/spi-builder-workspace/.derivedData/Build/Intermediates.noindex/SwiftDraw.build/Debug-xros/SwiftDraw-t.build/Objects-normal/arm64/SwiftDraw-Swift.h -working-directory /Users/admin/builder/spi-builder-workspace/.swiftpm/xcode -experimental-emit-module-separately -disable-cmo
SwiftDriverJobDiscovery normal arm64 Compiling URL+Data.swift, URL+Fragment.swift, PairedSequence.swift, TextOutputStream+StandardError.swift, XML.Element.swift, XML.Formatter.SVG.swift, XML.Formatter.swift, XML.SAXParser.swift (in target 'SwiftDraw' from project 'SwiftDraw')
SwiftDriverJobDiscovery normal arm64 Compiling Parser.XML.RadialGradient.swift, Parser.XML.SVG.swift, Parser.XML.Scanner.swift, Parser.XML.StyleSheet.swift, Parser.XML.Text.swift, Parser.XML.Transform.swift, Parser.XML.Use.swift, Parser.XML.swift (in target 'SwiftDraw' from project 'SwiftDraw')
SwiftDriverJobDiscovery normal arm64 Compiling DOM.SVG+Parse.swift, DOM.SVG.swift, DOM.Switch.swift, DOM.Text.swift, DOM.Use.swift, DOM.swift, LayerTree.Builder.Layer.swift, LayerTree.Builder.Path.Arc.swift, LayerTree.Builder.Path.swift (in target 'SwiftDraw' from project 'SwiftDraw')
SwiftDriverJobDiscovery normal arm64 Compiling Parser.XML.Attributes.swift, Parser.XML.Color.swift, Parser.XML.Element.swift, Parser.XML.Filter.swift, Parser.XML.Image.swift, Parser.XML.LinearGradient.swift, Parser.XML.Path.swift, Parser.XML.Pattern.swift (in target 'SwiftDraw' from project 'SwiftDraw')
SwiftDriverJobDiscovery normal arm64 Compiling DOM.Color.swift, DOM.Element.swift, DOM.Filter.swift, DOM.Image.swift, DOM.LinearGradient.swift, DOM.Path.swift, DOM.Pattern.swift, DOM.PresentationAttributes.swift, DOM.RadialGradient.swift (in target 'SwiftDraw' from project 'SwiftDraw')
SwiftMergeGeneratedHeaders /Users/admin/builder/spi-builder-workspace/.derivedData/Build/Intermediates.noindex/GeneratedModuleMaps-xros/SwiftDraw-Swift.h /Users/admin/builder/spi-builder-workspace/.derivedData/Build/Intermediates.noindex/SwiftDraw.build/Debug-xros/SwiftDraw-t.build/Objects-normal/arm64/SwiftDraw-Swift.h (in target 'SwiftDraw' from project 'SwiftDraw')
    cd /Users/admin/builder/spi-builder-workspace
    builtin-swiftHeaderTool -arch arm64 /Users/admin/builder/spi-builder-workspace/.derivedData/Build/Intermediates.noindex/SwiftDraw.build/Debug-xros/SwiftDraw-t.build/Objects-normal/arm64/SwiftDraw-Swift.h -o /Users/admin/builder/spi-builder-workspace/.derivedData/Build/Intermediates.noindex/GeneratedModuleMaps-xros/SwiftDraw-Swift.h
Copy /Users/admin/builder/spi-builder-workspace/.derivedData/Build/Products/Debug-xros/SwiftDraw.swiftmodule/arm64-apple-xros.swiftmodule /Users/admin/builder/spi-builder-workspace/.derivedData/Build/Intermediates.noindex/SwiftDraw.build/Debug-xros/SwiftDraw-t.build/Objects-normal/arm64/SwiftDraw.swiftmodule (in target 'SwiftDraw' from project 'SwiftDraw')
    cd /Users/admin/builder/spi-builder-workspace
    builtin-copy -exclude .DS_Store -exclude CVS -exclude .svn -exclude .git -exclude .hg -resolve-src-symlinks -rename /Users/admin/builder/spi-builder-workspace/.derivedData/Build/Intermediates.noindex/SwiftDraw.build/Debug-xros/SwiftDraw-t.build/Objects-normal/arm64/SwiftDraw.swiftmodule /Users/admin/builder/spi-builder-workspace/.derivedData/Build/Products/Debug-xros/SwiftDraw.swiftmodule/arm64-apple-xros.swiftmodule
Copy /Users/admin/builder/spi-builder-workspace/.derivedData/Build/Products/Debug-xros/SwiftDraw.swiftmodule/arm64-apple-xros.abi.json /Users/admin/builder/spi-builder-workspace/.derivedData/Build/Intermediates.noindex/SwiftDraw.build/Debug-xros/SwiftDraw-t.build/Objects-normal/arm64/SwiftDraw.abi.json (in target 'SwiftDraw' from project 'SwiftDraw')
    cd /Users/admin/builder/spi-builder-workspace
    builtin-copy -exclude .DS_Store -exclude CVS -exclude .svn -exclude .git -exclude .hg -resolve-src-symlinks -rename /Users/admin/builder/spi-builder-workspace/.derivedData/Build/Intermediates.noindex/SwiftDraw.build/Debug-xros/SwiftDraw-t.build/Objects-normal/arm64/SwiftDraw.abi.json /Users/admin/builder/spi-builder-workspace/.derivedData/Build/Products/Debug-xros/SwiftDraw.swiftmodule/arm64-apple-xros.abi.json
Copy /Users/admin/builder/spi-builder-workspace/.derivedData/Build/Products/Debug-xros/SwiftDraw.swiftmodule/arm64-apple-xros.swiftdoc /Users/admin/builder/spi-builder-workspace/.derivedData/Build/Intermediates.noindex/SwiftDraw.build/Debug-xros/SwiftDraw-t.build/Objects-normal/arm64/SwiftDraw.swiftdoc (in target 'SwiftDraw' from project 'SwiftDraw')
    cd /Users/admin/builder/spi-builder-workspace
    builtin-copy -exclude .DS_Store -exclude CVS -exclude .svn -exclude .git -exclude .hg -resolve-src-symlinks -rename /Users/admin/builder/spi-builder-workspace/.derivedData/Build/Intermediates.noindex/SwiftDraw.build/Debug-xros/SwiftDraw-t.build/Objects-normal/arm64/SwiftDraw.swiftdoc /Users/admin/builder/spi-builder-workspace/.derivedData/Build/Products/Debug-xros/SwiftDraw.swiftmodule/arm64-apple-xros.swiftdoc
Copy /Users/admin/builder/spi-builder-workspace/.derivedData/Build/Products/Debug-xros/SwiftDraw.swiftmodule/Project/arm64-apple-xros.swiftsourceinfo /Users/admin/builder/spi-builder-workspace/.derivedData/Build/Intermediates.noindex/SwiftDraw.build/Debug-xros/SwiftDraw-t.build/Objects-normal/arm64/SwiftDraw.swiftsourceinfo (in target 'SwiftDraw' from project 'SwiftDraw')
    cd /Users/admin/builder/spi-builder-workspace
    builtin-copy -exclude .DS_Store -exclude CVS -exclude .svn -exclude .git -exclude .hg -resolve-src-symlinks -rename /Users/admin/builder/spi-builder-workspace/.derivedData/Build/Intermediates.noindex/SwiftDraw.build/Debug-xros/SwiftDraw-t.build/Objects-normal/arm64/SwiftDraw.swiftsourceinfo /Users/admin/builder/spi-builder-workspace/.derivedData/Build/Products/Debug-xros/SwiftDraw.swiftmodule/Project/arm64-apple-xros.swiftsourceinfo
SwiftDriver swiftdrawcli normal arm64 com.apple.xcode.tools.swift.compiler (in target 'swiftdrawcli-product' from project 'SwiftDraw')
    cd /Users/admin/builder/spi-builder-workspace/.swiftpm/xcode
    builtin-SwiftDriver -- /Applications/Xcode-27.0.0-Release.Candidate.app/Contents/Developer/Toolchains/XcodeDefault.xctoolchain/usr/bin/swiftc -module-name CommandLine -Onone @/Users/admin/builder/spi-builder-workspace/.derivedData/Build/Intermediates.noindex/SwiftDraw.build/Debug-xros/swiftdrawcli-p.build/Objects-normal/arm64/swiftdrawcli.SwiftFileList -DSWIFT_PACKAGE -DDEBUG -DXcode -plugin-path /Applications/Xcode-27.0.0-Release.Candidate.app/Contents/Developer/Toolchains/XcodeDefault.xctoolchain/usr/lib/swift/host/plugins/testing -enable-experimental-feature DebugDescriptionMacro -sdk /Applications/Xcode-27.0.0-Release.Candidate.app/Contents/Developer/Platforms/XROS.platform/Developer/SDKs/XROS27.0.sdk -target arm64-apple-xros1.0 -g -module-cache-path /Users/admin/builder/spi-builder-workspace/.derivedData/ModuleCache.noindex -Xfrontend -serialize-debugging-options -profile-coverage-mapping -profile-generate -enable-testing -index-store-path /Users/admin/builder/spi-builder-workspace/.derivedData/Index.noindex/DataStore -Xcc -D_LIBCPP_HARDENING_MODE\=_LIBCPP_HARDENING_MODE_DEBUG -swift-version 5 -I /Users/admin/builder/spi-builder-workspace/.derivedData/Build/Products/Debug-xros -Isystem /Applications/Xcode-27.0.0-Release.Candidate.app/Contents/Developer/Platforms/XROS.platform/Developer/usr/lib -F /Users/admin/builder/spi-builder-workspace/.derivedData/Build/Products/Debug-xros/PackageFrameworks -F /Users/admin/builder/spi-builder-workspace/.derivedData/Build/Products/Debug-xros -F /Applications/Xcode-27.0.0-Release.Candidate.app/Contents/Developer/Platforms/XROS.platform/Developer/Library/Frameworks -F /Applications/Xcode-27.0.0-Release.Candidate.app/Contents/Developer/Platforms/XROS.platform/Developer/SDKs/XROS27.0.sdk/Developer/Library/Frameworks -c -j10 -enable-batch-mode -incremental -Xcc -ivfsstatcache -Xcc /Users/admin/builder/spi-builder-workspace/.derivedData/SDKStatCaches.noindex/xros27.0-24M361-e829b21a6f8c9b70876ba0858053c044735bd543db762f57723cac368afd1ce4.sdkstatcache -output-file-map /Users/admin/builder/spi-builder-workspace/.derivedData/Build/Intermediates.noindex/SwiftDraw.build/Debug-xros/swiftdrawcli-p.build/Objects-normal/arm64/swiftdrawcli-OutputFileMap.json -save-temps -no-color-diagnostics -explicit-module-build -module-cache-path /Users/admin/builder/spi-builder-workspace/.derivedData/Build/Intermediates.noindex/SwiftExplicitPrecompiledModules -clang-scanner-module-cache-path /Users/admin/builder/spi-builder-workspace/.derivedData/ModuleCache.noindex -sdk-module-cache-path /Users/admin/builder/spi-builder-workspace/.derivedData/SDKExplicitPrecompiledModules -emit-dependencies -emit-module -emit-module-path /Users/admin/builder/spi-builder-workspace/.derivedData/Build/Intermediates.noindex/SwiftDraw.build/Debug-xros/swiftdrawcli-p.build/Objects-normal/arm64/CommandLine.swiftmodule -serialize-diagnostics -dependency-scan-serialize-diagnostics-path /Users/admin/builder/spi-builder-workspace/.derivedData/Build/Intermediates.noindex/SwiftDraw.build/Debug-xros/swiftdrawcli-p.build/Objects-normal/arm64/CommandLine-dependency-scan.dia -validate-clang-modules-once -clang-build-session-file /Users/admin/builder/spi-builder-workspace/.derivedData/ModuleCache.noindex/Session.modulevalidation -Xcc -fmodules-prune-interval\=86400 -Xcc -fmodules-prune-after\=345600 -emit-const-values -const-gather-protocols-list /Users/admin/builder/spi-builder-workspace/.derivedData/Build/Intermediates.noindex/SwiftDraw.build/Debug-xros/swiftdrawcli-p.build/Objects-normal/arm64/swiftdrawcli_const_extract_protocols.json -Xcc -I/Users/admin/builder/spi-builder-workspace/.derivedData/Build/Products/Debug-xros/include -Xcc -I/Users/admin/builder/spi-builder-workspace/.derivedData/Build/Intermediates.noindex/SwiftDraw.build/Debug-xros/swiftdrawcli-p.build/DerivedSources-normal/arm64 -Xcc -I/Users/admin/builder/spi-builder-workspace/.derivedData/Build/Intermediates.noindex/SwiftDraw.build/Debug-xros/swiftdrawcli-p.build/DerivedSources/arm64 -Xcc -I/Users/admin/builder/spi-builder-workspace/.derivedData/Build/Intermediates.noindex/SwiftDraw.build/Debug-xros/swiftdrawcli-p.build/DerivedSources -Xcc -DSWIFT_PACKAGE -Xcc -DDEBUG\=1 -working-directory /Users/admin/builder/spi-builder-workspace/.swiftpm/xcode -experimental-emit-module-separately -disable-cmo
SwiftDriverJobDiscovery normal arm64 Compiling LayerTree.Path+Bounds.swift, LayerTree.Path+Reversed.swift, LayerTree.Path+Subpath.swift, LayerTree.Path.swift, LayerTree.Pattern.swift, LayerTree.Shape.swift, LayerTree.Transform.swift, LayerTree.swift, NSImage+SVG.swift (in target 'SwiftDraw' from project 'SwiftDraw')
SwiftDriverJobDiscovery normal arm64 Compiling CGImage+Mask.swift, CGPath+Segment.swift, CGPattern+Closure.swift, CGTextRenderer+Code.swift, CommandLine+Process.swift, CommandLine.Arguments.swift, CommandLine.Configuration.swift, CommandLine.swift, CoordinateFormatter.swift (in target 'SwiftDraw' from project 'SwiftDraw')
SwiftDriverJobDiscovery normal arm64 Compiling LayerTree.Builder.Shape.swift, LayerTree.Builder.Text.swift, LayerTree.Builder.swift, LayerTree.Color.swift, LayerTree.CommandGenerator.swift, LayerTree.CommandOptimizer.swift, LayerTree.Gradient.swift, LayerTree.Image.swift, LayerTree.Layer.swift (in target 'SwiftDraw' from project 'SwiftDraw')
SwiftCompile normal arm64 Compiling\ main.swift /Users/admin/builder/spi-builder-workspace/CommandLine/main.swift (in target 'swiftdrawcli-product' from project 'SwiftDraw')
SwiftCompile normal arm64 /Users/admin/builder/spi-builder-workspace/CommandLine/main.swift (in target 'swiftdrawcli-product' from project 'SwiftDraw')
    cd /Users/admin/builder/spi-builder-workspace/.swiftpm/xcode
    builtin-SwiftPerFileCompile main.swift
SwiftCompile normal arm64 Compiling\ CommandLine.swift /Users/admin/builder/spi-builder-workspace/CommandLine/CommandLine.swift (in target 'swiftdrawcli-product' from project 'SwiftDraw')
SwiftCompile normal arm64 /Users/admin/builder/spi-builder-workspace/CommandLine/CommandLine.swift (in target 'swiftdrawcli-product' from project 'SwiftDraw')
    cd /Users/admin/builder/spi-builder-workspace/.swiftpm/xcode
    builtin-SwiftPerFileCompile CommandLine.swift
SwiftCompile normal arm64 Compiling\ TextOutputStream+StandardError.swift /Users/admin/builder/spi-builder-workspace/CommandLine/TextOutputStream+StandardError.swift (in target 'swiftdrawcli-product' from project 'SwiftDraw')
SwiftCompile normal arm64 /Users/admin/builder/spi-builder-workspace/CommandLine/TextOutputStream+StandardError.swift (in target 'swiftdrawcli-product' from project 'SwiftDraw')
    cd /Users/admin/builder/spi-builder-workspace/.swiftpm/xcode
    builtin-SwiftPerFileCompile TextOutputStream+StandardError.swift
SwiftEmitModule normal arm64 Emitting\ module\ for\ CommandLine (in target 'swiftdrawcli-product' from project 'SwiftDraw')
SwiftCompile normal arm64 (in target 'swiftdrawcli-product' from project 'SwiftDraw')
    cd /Users/admin/builder/spi-builder-workspace/.swiftpm/xcode

SwiftDriverJobDiscovery normal arm64 Compiling main.swift (in target 'swiftdrawcli-product' from project 'SwiftDraw')
SwiftDriverJobDiscovery normal arm64 Emitting module for CommandLine (in target 'swiftdrawcli-product' from project 'SwiftDraw')
SwiftDriver\ Compilation\ Requirements swiftdrawcli normal arm64 com.apple.xcode.tools.swift.compiler (in target 'swiftdrawcli-product' from project 'SwiftDraw')
    cd /Users/admin/builder/spi-builder-workspace/.swiftpm/xcode
    builtin-Swift-Compilation-Requirements -- /Applications/Xcode-27.0.0-Release.Candidate.app/Contents/Developer/Toolchains/XcodeDefault.xctoolchain/usr/bin/swiftc -module-name CommandLine -Onone @/Users/admin/builder/spi-builder-workspace/.derivedData/Build/Intermediates.noindex/SwiftDraw.build/Debug-xros/swiftdrawcli-p.build/Objects-normal/arm64/swiftdrawcli.SwiftFileList -DSWIFT_PACKAGE -DDEBUG -DXcode -plugin-path /Applications/Xcode-27.0.0-Release.Candidate.app/Contents/Developer/Toolchains/XcodeDefault.xctoolchain/usr/lib/swift/host/plugins/testing -enable-experimental-feature DebugDescriptionMacro -sdk /Applications/Xcode-27.0.0-Release.Candidate.app/Contents/Developer/Platforms/XROS.platform/Developer/SDKs/XROS27.0.sdk -target arm64-apple-xros1.0 -g -module-cache-path /Users/admin/builder/spi-builder-workspace/.derivedData/ModuleCache.noindex -Xfrontend -serialize-debugging-options -profile-coverage-mapping -profile-generate -enable-testing -index-store-path /Users/admin/builder/spi-builder-workspace/.derivedData/Index.noindex/DataStore -Xcc -D_LIBCPP_HARDENING_MODE\=_LIBCPP_HARDENING_MODE_DEBUG -swift-version 5 -I /Users/admin/builder/spi-builder-workspace/.derivedData/Build/Products/Debug-xros -Isystem /Applications/Xcode-27.0.0-Release.Candidate.app/Contents/Developer/Platforms/XROS.platform/Developer/usr/lib -F /Users/admin/builder/spi-builder-workspace/.derivedData/Build/Products/Debug-xros/PackageFrameworks -F /Users/admin/builder/spi-builder-workspace/.derivedData/Build/Products/Debug-xros -F /Applications/Xcode-27.0.0-Release.Candidate.app/Contents/Developer/Platforms/XROS.platform/Developer/Library/Frameworks -F /Applications/Xcode-27.0.0-Release.Candidate.app/Contents/Developer/Platforms/XROS.platform/Developer/SDKs/XROS27.0.sdk/Developer/Library/Frameworks -c -j10 -enable-batch-mode -incremental -Xcc -ivfsstatcache -Xcc /Users/admin/builder/spi-builder-workspace/.derivedData/SDKStatCaches.noindex/xros27.0-24M361-e829b21a6f8c9b70876ba0858053c044735bd543db762f57723cac368afd1ce4.sdkstatcache -output-file-map /Users/admin/builder/spi-builder-workspace/.derivedData/Build/Intermediates.noindex/SwiftDraw.build/Debug-xros/swiftdrawcli-p.build/Objects-normal/arm64/swiftdrawcli-OutputFileMap.json -save-temps -no-color-diagnostics -explicit-module-build -module-cache-path /Users/admin/builder/spi-builder-workspace/.derivedData/Build/Intermediates.noindex/SwiftExplicitPrecompiledModules -clang-scanner-module-cache-path /Users/admin/builder/spi-builder-workspace/.derivedData/ModuleCache.noindex -sdk-module-cache-path /Users/admin/builder/spi-builder-workspace/.derivedData/SDKExplicitPrecompiledModules -emit-dependencies -emit-module -emit-module-path /Users/admin/builder/spi-builder-workspace/.derivedData/Build/Intermediates.noindex/SwiftDraw.build/Debug-xros/swiftdrawcli-p.build/Objects-normal/arm64/CommandLine.swiftmodule -serialize-diagnostics -dependency-scan-serialize-diagnostics-path /Users/admin/builder/spi-builder-workspace/.derivedData/Build/Intermediates.noindex/SwiftDraw.build/Debug-xros/swiftdrawcli-p.build/Objects-normal/arm64/CommandLine-dependency-scan.dia -validate-clang-modules-once -clang-build-session-file /Users/admin/builder/spi-builder-workspace/.derivedData/ModuleCache.noindex/Session.modulevalidation -Xcc -fmodules-prune-interval\=86400 -Xcc -fmodules-prune-after\=345600 -emit-const-values -const-gather-protocols-list /Users/admin/builder/spi-builder-workspace/.derivedData/Build/Intermediates.noindex/SwiftDraw.build/Debug-xros/swiftdrawcli-p.build/Objects-normal/arm64/swiftdrawcli_const_extract_protocols.json -Xcc -I/Users/admin/builder/spi-builder-workspace/.derivedData/Build/Products/Debug-xros/include -Xcc -I/Users/admin/builder/spi-builder-workspace/.derivedData/Build/Intermediates.noindex/SwiftDraw.build/Debug-xros/swiftdrawcli-p.build/DerivedSources-normal/arm64 -Xcc -I/Users/admin/builder/spi-builder-workspace/.derivedData/Build/Intermediates.noindex/SwiftDraw.build/Debug-xros/swiftdrawcli-p.build/DerivedSources/arm64 -Xcc -I/Users/admin/builder/spi-builder-workspace/.derivedData/Build/Intermediates.noindex/SwiftDraw.build/Debug-xros/swiftdrawcli-p.build/DerivedSources -Xcc -DSWIFT_PACKAGE -Xcc -DDEBUG\=1 -working-directory /Users/admin/builder/spi-builder-workspace/.swiftpm/xcode -experimental-emit-module-separately -disable-cmo
SwiftDriverJobDiscovery normal arm64 Compiling TextOutputStream+StandardError.swift (in target 'swiftdrawcli-product' from project 'SwiftDraw')
SwiftDriverJobDiscovery normal arm64 Compiling CommandLine.swift (in target 'swiftdrawcli-product' from project 'SwiftDraw')
SwiftDriver\ Compilation swiftdrawcli normal arm64 com.apple.xcode.tools.swift.compiler (in target 'swiftdrawcli-product' from project 'SwiftDraw')
    cd /Users/admin/builder/spi-builder-workspace/.swiftpm/xcode
    builtin-Swift-Compilation -- /Applications/Xcode-27.0.0-Release.Candidate.app/Contents/Developer/Toolchains/XcodeDefault.xctoolchain/usr/bin/swiftc -module-name CommandLine -Onone @/Users/admin/builder/spi-builder-workspace/.derivedData/Build/Intermediates.noindex/SwiftDraw.build/Debug-xros/swiftdrawcli-p.build/Objects-normal/arm64/swiftdrawcli.SwiftFileList -DSWIFT_PACKAGE -DDEBUG -DXcode -plugin-path /Applications/Xcode-27.0.0-Release.Candidate.app/Contents/Developer/Toolchains/XcodeDefault.xctoolchain/usr/lib/swift/host/plugins/testing -enable-experimental-feature DebugDescriptionMacro -sdk /Applications/Xcode-27.0.0-Release.Candidate.app/Contents/Developer/Platforms/XROS.platform/Developer/SDKs/XROS27.0.sdk -target arm64-apple-xros1.0 -g -module-cache-path /Users/admin/builder/spi-builder-workspace/.derivedData/ModuleCache.noindex -Xfrontend -serialize-debugging-options -profile-coverage-mapping -profile-generate -enable-testing -index-store-path /Users/admin/builder/spi-builder-workspace/.derivedData/Index.noindex/DataStore -Xcc -D_LIBCPP_HARDENING_MODE\=_LIBCPP_HARDENING_MODE_DEBUG -swift-version 5 -I /Users/admin/builder/spi-builder-workspace/.derivedData/Build/Products/Debug-xros -Isystem /Applications/Xcode-27.0.0-Release.Candidate.app/Contents/Developer/Platforms/XROS.platform/Developer/usr/lib -F /Users/admin/builder/spi-builder-workspace/.derivedData/Build/Products/Debug-xros/PackageFrameworks -F /Users/admin/builder/spi-builder-workspace/.derivedData/Build/Products/Debug-xros -F /Applications/Xcode-27.0.0-Release.Candidate.app/Contents/Developer/Platforms/XROS.platform/Developer/Library/Frameworks -F /Applications/Xcode-27.0.0-Release.Candidate.app/Contents/Developer/Platforms/XROS.platform/Developer/SDKs/XROS27.0.sdk/Developer/Library/Frameworks -c -j10 -enable-batch-mode -incremental -Xcc -ivfsstatcache -Xcc /Users/admin/builder/spi-builder-workspace/.derivedData/SDKStatCaches.noindex/xros27.0-24M361-e829b21a6f8c9b70876ba0858053c044735bd543db762f57723cac368afd1ce4.sdkstatcache -output-file-map /Users/admin/builder/spi-builder-workspace/.derivedData/Build/Intermediates.noindex/SwiftDraw.build/Debug-xros/swiftdrawcli-p.build/Objects-normal/arm64/swiftdrawcli-OutputFileMap.json -save-temps -no-color-diagnostics -explicit-module-build -module-cache-path /Users/admin/builder/spi-builder-workspace/.derivedData/Build/Intermediates.noindex/SwiftExplicitPrecompiledModules -clang-scanner-module-cache-path /Users/admin/builder/spi-builder-workspace/.derivedData/ModuleCache.noindex -sdk-module-cache-path /Users/admin/builder/spi-builder-workspace/.derivedData/SDKExplicitPrecompiledModules -emit-dependencies -emit-module -emit-module-path /Users/admin/builder/spi-builder-workspace/.derivedData/Build/Intermediates.noindex/SwiftDraw.build/Debug-xros/swiftdrawcli-p.build/Objects-normal/arm64/CommandLine.swiftmodule -serialize-diagnostics -dependency-scan-serialize-diagnostics-path /Users/admin/builder/spi-builder-workspace/.derivedData/Build/Intermediates.noindex/SwiftDraw.build/Debug-xros/swiftdrawcli-p.build/Objects-normal/arm64/CommandLine-dependency-scan.dia -validate-clang-modules-once -clang-build-session-file /Users/admin/builder/spi-builder-workspace/.derivedData/ModuleCache.noindex/Session.modulevalidation -Xcc -fmodules-prune-interval\=86400 -Xcc -fmodules-prune-after\=345600 -emit-const-values -const-gather-protocols-list /Users/admin/builder/spi-builder-workspace/.derivedData/Build/Intermediates.noindex/SwiftDraw.build/Debug-xros/swiftdrawcli-p.build/Objects-normal/arm64/swiftdrawcli_const_extract_protocols.json -Xcc -I/Users/admin/builder/spi-builder-workspace/.derivedData/Build/Products/Debug-xros/include -Xcc -I/Users/admin/builder/spi-builder-workspace/.derivedData/Build/Intermediates.noindex/SwiftDraw.build/Debug-xros/swiftdrawcli-p.build/DerivedSources-normal/arm64 -Xcc -I/Users/admin/builder/spi-builder-workspace/.derivedData/Build/Intermediates.noindex/SwiftDraw.build/Debug-xros/swiftdrawcli-p.build/DerivedSources/arm64 -Xcc -I/Users/admin/builder/spi-builder-workspace/.derivedData/Build/Intermediates.noindex/SwiftDraw.build/Debug-xros/swiftdrawcli-p.build/DerivedSources -Xcc -DSWIFT_PACKAGE -Xcc -DDEBUG\=1 -working-directory /Users/admin/builder/spi-builder-workspace/.swiftpm/xcode -experimental-emit-module-separately -disable-cmo
SwiftDriverJobDiscovery normal arm64 Compiling Renderer.CGText+Path.swift, Renderer.CGText.swift, Renderer.CoreGraphics.swift, Renderer.LayerTree.swift, Renderer.SFSymbol+CGPath.swift, Renderer.SFSymbol.swift, Renderer.SVG.swift, Renderer.swift (in target 'SwiftDraw' from project 'SwiftDraw')
PruneExplicitPrecompiledModules /Users/admin/builder/spi-builder-workspace/.derivedData/Build/Intermediates.noindex/SwiftExplicitPrecompiledModules
PruneExplicitPrecompiledModules /Users/admin/builder/spi-builder-workspace/.derivedData/Build/Intermediates.noindex/ExplicitPrecompiledModules
PruneExplicitPrecompiledModules /Users/admin/builder/spi-builder-workspace/.derivedData/SDKExplicitPrecompiledModules
2026-09-21 23:09:03.815 xcodebuild[629:3935] [MT] IDERunDestination: Supported platforms for the buildables in the current scheme is empty.
2026-09-21 23:09:03.926 xcodebuild[629:3935] [MT] IDERunDestination: Supported platforms for the buildables in the current scheme is empty.
** BUILD FAILED **
The following build commands failed:
	SwiftCompile normal arm64 /Users/admin/builder/spi-builder-workspace/SwiftDraw/UIImage+SVG.swift (in target 'SwiftDraw' from project 'SwiftDraw')
	SwiftCompile normal arm64 Compiling\ SVG+CoreGraphics.swift,\ SVG+Deprecated.swift,\ SVG+Hashable.swift,\ SVG+Insets.swift,\ SVG.swift,\ SVGView.swift,\ Stack.swift,\ UIImage+SVG.swift /Users/admin/builder/spi-builder-workspace/SwiftDraw/SVG+CoreGraphics.swift /Users/admin/builder/spi-builder-workspace/SwiftDraw/SVG+Deprecated.swift /Users/admin/builder/spi-builder-workspace/SwiftDraw/SVG+Hashable.swift /Users/admin/builder/spi-builder-workspace/SwiftDraw/SVG+Insets.swift /Users/admin/builder/spi-builder-workspace/SwiftDraw/SVG.swift /Users/admin/builder/spi-builder-workspace/SwiftDraw/SVGView.swift /Users/admin/builder/spi-builder-workspace/SwiftDraw/Stack.swift /Users/admin/builder/spi-builder-workspace/SwiftDraw/UIImage+SVG.swift (in target 'SwiftDraw' from project 'SwiftDraw')
	Building workspace SwiftDraw with scheme SwiftDraw-Package
(3 failures)
Command line invocation:
    /Applications/Xcode-27.0.0-Release.Candidate.app/Contents/Developer/usr/bin/xcodebuild -IDEClonedSourcePackagesDirPathOverride=/Users/admin/builder/spi-builder-workspace/.dependencies -resolvePackageDependencies
Resolve Package Graph
Resolved source packages:
  SwiftDraw: /Users/admin/builder/spi-builder-workspace
resolved source packages: SwiftDraw
2026-09-21 23:09:16.622 xcodebuild[779:4774] [MT] IDERunDestination: Supported platforms for the buildables in the current scheme is empty.
2026-09-21 23:09:16.735 xcodebuild[779:4774] [MT] IDERunDestination: Supported platforms for the buildables in the current scheme is empty.
{
  "dependencies" : [
  ],
  "manifest_display_name" : "SwiftDraw",
  "name" : "SwiftDraw",
  "path" : "/Users/admin/builder/spi-builder-workspace",
  "platforms" : [
    {
      "name" : "macos",
      "version" : "10.15"
    },
    {
      "name" : "ios",
      "version" : "13.0"
    },
    {
      "name" : "tvos",
      "version" : "13.0"
    },
    {
      "name" : "watchos",
      "version" : "6.0"
    }
  ],
  "products" : [
    {
      "name" : "swiftdrawcli",
      "targets" : [
        "CommandLine"
      ],
      "type" : {
        "executable" : null
      }
    },
    {
      "name" : "SwiftDraw",
      "targets" : [
        "SwiftDraw"
      ],
      "type" : {
        "library" : [
          "automatic"
        ]
      }
    }
  ],
  "targets" : [
    {
      "c99name" : "SwiftDrawTests",
      "module_type" : "SwiftTarget",
      "name" : "SwiftDrawTests",
      "path" : "SwiftDrawTests",
      "resources" : [
        {
          "path" : "/Users/admin/builder/spi-builder-workspace/SwiftDrawTests/Test.bundle",
          "rule" : {
            "copy" : {
            }
          }
        }
      ],
      "sources" : [
        "Bundle+Extensions.swift",
        "CGPath+SegmentTests.swift",
        "CGRendererTests.swift",
        "CommandLine.ArgumentsTests.swift",
        "CommandLine.ConfigurationTests.swift",
        "CoordinateTests.swift",
        "DOM+Extensions.swift",
        "DOM.ElementTests.swift",
        "DOM.PresentationAttributesTests.swift",
        "GradientTests.swift",
        "Image+CoreGraphicsTests.swift",
        "LayerTree.Builder.LayerTests.swift",
        "LayerTree.Builder.Path.ArcTests.swift",
        "LayerTree.Builder.ShapeTests.swift",
        "LayerTree.BuilderTests.swift",
        "LayerTree.ColorTests.swift",
        "LayerTree.CommandGeneratorTests.swift",
        "LayerTree.ImageTests.swift",
        "LayerTree.LayerTests.swift",
        "LayerTree.Path+BoundsTests.swift",
        "LayerTree.Path+ReversedTests.swift",
        "LayerTree.Path+SubpathTests.swift",
        "LayerTree.PathTests.swift",
        "LayerTree.ShapeTests.swift",
        "LayerTree.TransformTests.swift",
        "MockRenderer.swift",
        "NSBitmapImageRep+Extensions.swift",
        "NSImage+SVGTests.swift",
        "Parser.AttributesTests.swift",
        "Parser.GraphicAttributeTests.swift",
        "Parser.SVGTests.swift",
        "Parser.XML.ColorTests.swift",
        "Parser.XML.ElementTests.swift",
        "Parser.XML.FilterTests.swift",
        "Parser.XML.ImageTests.swift",
        "Parser.XML.LinearGradientTests.swift",
        "Parser.XML.PathTests.swift",
        "Parser.XML.PatternTests.swift",
        "Parser.XML.RadialGradientTests.swift",
        "Parser.XML.StyleSheetTests.swift",
        "Parser.XML.TextTests.swift",
        "Parser.XML.TransformTests.swift",
        "ParserSVGImageTests.swift",
        "Renderer.CGTextTests.swift",
        "Renderer.CoreGraphicsTypesTests.swift",
        "Renderer.LayerTreeProviderTests.swift",
        "Renderer.SFSymbolTests.swift",
        "Renderer.SVGTests.swift",
        "RendererTests.swift",
        "SVGTests.swift",
        "StackTests.swift",
        "StyleTests.swift",
        "UIImage+SVGTests.swift",
        "URL+DataTests.swift",
        "UseTests.swift",
        "Utilities/PairedSequenceTests.swift",
        "ValueParserTests.swift",
        "XML.FormatterTests.swift",
        "XML.Parser.ScannerTests.swift",
        "XML.SAXParserTests.swift"
      ],
      "target_dependencies" : [
        "SwiftDraw"
      ],
      "type" : "test"
    },
    {
      "c99name" : "SwiftDraw",
      "module_type" : "SwiftTarget",
      "name" : "SwiftDraw",
      "path" : "SwiftDraw",
      "product_memberships" : [
        "swiftdrawcli",
        "SwiftDraw"
      ],
      "sources" : [
        "CGImage+Mask.swift",
        "CGPath+Segment.swift",
        "CGPattern+Closure.swift",
        "CGTextRenderer+Code.swift",
        "CommandLine+Process.swift",
        "CommandLine.Arguments.swift",
        "CommandLine.Configuration.swift",
        "CommandLine.swift",
        "CoordinateFormatter.swift",
        "DOM.Color.swift",
        "DOM.Element.swift",
        "DOM.Filter.swift",
        "DOM.Image.swift",
        "DOM.LinearGradient.swift",
        "DOM.Path.swift",
        "DOM.Pattern.swift",
        "DOM.PresentationAttributes.swift",
        "DOM.RadialGradient.swift",
        "DOM.SVG+Parse.swift",
        "DOM.SVG.swift",
        "DOM.Switch.swift",
        "DOM.Text.swift",
        "DOM.Use.swift",
        "DOM.swift",
        "LayerTree.Builder.Layer.swift",
        "LayerTree.Builder.Path.Arc.swift",
        "LayerTree.Builder.Path.swift",
        "LayerTree.Builder.Shape.swift",
        "LayerTree.Builder.Text.swift",
        "LayerTree.Builder.swift",
        "LayerTree.Color.swift",
        "LayerTree.CommandGenerator.swift",
        "LayerTree.CommandOptimizer.swift",
        "LayerTree.Gradient.swift",
        "LayerTree.Image.swift",
        "LayerTree.Layer.swift",
        "LayerTree.Path+Bounds.swift",
        "LayerTree.Path+Reversed.swift",
        "LayerTree.Path+Subpath.swift",
        "LayerTree.Path.swift",
        "LayerTree.Pattern.swift",
        "LayerTree.Shape.swift",
        "LayerTree.Transform.swift",
        "LayerTree.swift",
        "NSImage+SVG.swift",
        "Parser.XML.Attributes.swift",
        "Parser.XML.Color.swift",
        "Parser.XML.Element.swift",
        "Parser.XML.Filter.swift",
        "Parser.XML.Image.swift",
        "Parser.XML.LinearGradient.swift",
        "Parser.XML.Path.swift",
        "Parser.XML.Pattern.swift",
        "Parser.XML.RadialGradient.swift",
        "Parser.XML.SVG.swift",
        "Parser.XML.Scanner.swift",
        "Parser.XML.StyleSheet.swift",
        "Parser.XML.Text.swift",
        "Parser.XML.Transform.swift",
        "Parser.XML.Use.swift",
        "Parser.XML.swift",
        "Renderer.CGText+Path.swift",
        "Renderer.CGText.swift",
        "Renderer.CoreGraphics.swift",
        "Renderer.LayerTree.swift",
        "Renderer.SFSymbol+CGPath.swift",
        "Renderer.SFSymbol.swift",
        "Renderer.SVG.swift",
        "Renderer.swift",
        "SVG+CoreGraphics.swift",
        "SVG+Deprecated.swift",
        "SVG+Hashable.swift",
        "SVG+Insets.swift",
        "SVG.swift",
        "SVGView.swift",
        "Stack.swift",
        "UIImage+SVG.swift",
        "URL+Data.swift",
        "URL+Fragment.swift",
        "Utilities/PairedSequence.swift",
        "Utilities/TextOutputStream+StandardError.swift",
        "XML.Element.swift",
        "XML.Formatter.SVG.swift",
        "XML.Formatter.swift",
        "XML.SAXParser.swift"
      ],
      "type" : "library"
    },
    {
      "c99name" : "CommandLine",
      "module_type" : "SwiftTarget",
      "name" : "CommandLine",
      "path" : "CommandLine",
      "product_memberships" : [
        "swiftdrawcli"
      ],
      "sources" : [
        "CommandLine.swift",
        "TextOutputStream+StandardError.swift",
        "main.swift"
      ],
      "target_dependencies" : [
        "SwiftDraw"
      ],
      "type" : "executable"
    }
  ],
  "tools_version" : "5.8"
}
{
  "workspace" : {
    "name" : "SwiftDraw",
    "schemes" : [
      "SwiftDraw",
      "SwiftDraw-Package",
      "swiftdrawcli"
    ]
  }
}
2026-09-21 23:09:17.977 xcodebuild[787:4847] [MT] IDERunDestination: Supported platforms for the buildables in the current scheme is empty.
2026-09-21 23:09:18.088 xcodebuild[787:4847] [MT] IDERunDestination: Supported platforms for the buildables in the current scheme is empty.
{
  "workspace" : {
    "name" : "SwiftDraw",
    "schemes" : [
      "SwiftDraw",
      "SwiftDraw-Package",
      "swiftdrawcli"
    ]
  }
}
2026-09-21 23:09:19.035 xcodebuild[789:4884] [MT] IDERunDestination: Supported platforms for the buildables in the current scheme is empty.
2026-09-21 23:09:19.148 xcodebuild[789:4884] [MT] IDERunDestination: Supported platforms for the buildables in the current scheme is empty.
Running build ...
env DEVELOPER_DIR=/Applications/Xcode-27.0.0-Release.Candidate.app xcrun xcodebuild -IDEClonedSourcePackagesDirPathOverride=$PWD/.dependencies -skipMacroValidation -skipPackagePluginValidation -derivedDataPath $PWD/.derivedData build -scheme SwiftDraw-Package -destination generic/platform=xrOS
Command line invocation:
    /Applications/Xcode-27.0.0-Release.Candidate.app/Contents/Developer/usr/bin/xcodebuild -IDEClonedSourcePackagesDirPathOverride=/Users/admin/builder/spi-builder-workspace/.dependencies -skipMacroValidation -skipPackagePluginValidation -derivedDataPath /Users/admin/builder/spi-builder-workspace/.derivedData build -scheme SwiftDraw-Package -destination generic/platform=xrOS
Resolve Package Graph
Resolved source packages:
  SwiftDraw: /Users/admin/builder/spi-builder-workspace
ComputePackagePrebuildTargetDependencyGraph
Prepare packages
CreateBuildRequest
SendProjectDescription
CreateBuildOperation
ComputeTargetDependencyGraph
note: Building targets in dependency order
note: Target dependency graph (3 targets)
    Target 'swiftdrawcli-product' in project 'SwiftDraw'
        ➜ Explicit dependency on target 'SwiftDraw' in project 'SwiftDraw'
    Target 'SwiftDraw-product' in project 'SwiftDraw'
        ➜ Explicit dependency on target 'SwiftDraw' in project 'SwiftDraw'
    Target 'SwiftDraw' in project 'SwiftDraw' (no dependencies)
GatherProvisioningInputs
CreateBuildDescription
ClangStatCache /Applications/Xcode-27.0.0-Release.Candidate.app/Contents/Developer/Toolchains/XcodeDefault.xctoolchain/usr/bin/clang-stat-cache /Applications/Xcode-27.0.0-Release.Candidate.app/Contents/Developer/Platforms/XROS.platform/Developer/SDKs/XROS27.0.sdk /Users/admin/builder/spi-builder-workspace/.derivedData/SDKStatCaches.noindex/xros27.0-24M361-e829b21a6f8c9b70876ba0858053c044735bd543db762f57723cac368afd1ce4.sdkstatcache
    cd /Users/admin/builder/spi-builder-workspace/.swiftpm/xcode
    /Applications/Xcode-27.0.0-Release.Candidate.app/Contents/Developer/Toolchains/XcodeDefault.xctoolchain/usr/bin/clang-stat-cache /Applications/Xcode-27.0.0-Release.Candidate.app/Contents/Developer/Platforms/XROS.platform/Developer/SDKs/XROS27.0.sdk -o /Users/admin/builder/spi-builder-workspace/.derivedData/SDKStatCaches.noindex/xros27.0-24M361-e829b21a6f8c9b70876ba0858053c044735bd543db762f57723cac368afd1ce4.sdkstatcache
SwiftDriver SwiftDraw normal arm64 com.apple.xcode.tools.swift.compiler (in target 'SwiftDraw' from project 'SwiftDraw')
    cd /Users/admin/builder/spi-builder-workspace/.swiftpm/xcode
    builtin-SwiftDriver -- /Applications/Xcode-27.0.0-Release.Candidate.app/Contents/Developer/Toolchains/XcodeDefault.xctoolchain/usr/bin/swiftc -parse-as-library -module-name SwiftDraw -Onone @/Users/admin/builder/spi-builder-workspace/.derivedData/Build/Intermediates.noindex/SwiftDraw.build/Debug-xros/SwiftDraw-t.build/Objects-normal/arm64/SwiftDraw.SwiftFileList -DSWIFT_PACKAGE -DDEBUG -DSWIFT_MODULE_RESOURCE_BUNDLE_UNAVAILABLE -DXcode -plugin-path /Applications/Xcode-27.0.0-Release.Candidate.app/Contents/Developer/Toolchains/XcodeDefault.xctoolchain/usr/lib/swift/host/plugins/testing -enable-experimental-feature DebugDescriptionMacro -sdk /Applications/Xcode-27.0.0-Release.Candidate.app/Contents/Developer/Platforms/XROS.platform/Developer/SDKs/XROS27.0.sdk -target arm64-apple-xros1.0 -g -module-cache-path /Users/admin/builder/spi-builder-workspace/.derivedData/ModuleCache.noindex -Xfrontend -serialize-debugging-options -profile-coverage-mapping -profile-generate -enable-testing -index-store-path /Users/admin/builder/spi-builder-workspace/.derivedData/Index.noindex/DataStore -Xcc -D_LIBCPP_HARDENING_MODE\=_LIBCPP_HARDENING_MODE_DEBUG -swift-version 5 -I /Users/admin/builder/spi-builder-workspace/.derivedData/Build/Products/Debug-xros -Isystem /Applications/Xcode-27.0.0-Release.Candidate.app/Contents/Developer/Platforms/XROS.platform/Developer/usr/lib -F /Users/admin/builder/spi-builder-workspace/.derivedData/Build/Products/Debug-xros -F /Applications/Xcode-27.0.0-Release.Candidate.app/Contents/Developer/Platforms/XROS.platform/Developer/Library/Frameworks -F /Applications/Xcode-27.0.0-Release.Candidate.app/Contents/Developer/Platforms/XROS.platform/Developer/SDKs/XROS27.0.sdk/Developer/Library/Frameworks -c -j10 -enable-batch-mode -incremental -Xcc -ivfsstatcache -Xcc /Users/admin/builder/spi-builder-workspace/.derivedData/SDKStatCaches.noindex/xros27.0-24M361-e829b21a6f8c9b70876ba0858053c044735bd543db762f57723cac368afd1ce4.sdkstatcache -output-file-map /Users/admin/builder/spi-builder-workspace/.derivedData/Build/Intermediates.noindex/SwiftDraw.build/Debug-xros/SwiftDraw-t.build/Objects-normal/arm64/SwiftDraw-OutputFileMap.json -save-temps -no-color-diagnostics -explicit-module-build -module-cache-path /Users/admin/builder/spi-builder-workspace/.derivedData/Build/Intermediates.noindex/SwiftExplicitPrecompiledModules -clang-scanner-module-cache-path /Users/admin/builder/spi-builder-workspace/.derivedData/ModuleCache.noindex -sdk-module-cache-path /Users/admin/builder/spi-builder-workspace/.derivedData/SDKExplicitPrecompiledModules -emit-dependencies -emit-module -emit-module-path /Users/admin/builder/spi-builder-workspace/.derivedData/Build/Intermediates.noindex/SwiftDraw.build/Debug-xros/SwiftDraw-t.build/Objects-normal/arm64/SwiftDraw.swiftmodule -serialize-diagnostics -dependency-scan-serialize-diagnostics-path /Users/admin/builder/spi-builder-workspace/.derivedData/Build/Intermediates.noindex/SwiftDraw.build/Debug-xros/SwiftDraw-t.build/Objects-normal/arm64/SwiftDraw-dependency-scan.dia -validate-clang-modules-once -clang-build-session-file /Users/admin/builder/spi-builder-workspace/.derivedData/ModuleCache.noindex/Session.modulevalidation -Xcc -fmodules-prune-interval\=86400 -Xcc -fmodules-prune-after\=345600 -emit-const-values -const-gather-protocols-list /Users/admin/builder/spi-builder-workspace/.derivedData/Build/Intermediates.noindex/SwiftDraw.build/Debug-xros/SwiftDraw-t.build/Objects-normal/arm64/SwiftDraw_const_extract_protocols.json -Xcc -I/Users/admin/builder/spi-builder-workspace/.derivedData/Build/Products/Debug-xros/include -Xcc -I/Users/admin/builder/spi-builder-workspace/.derivedData/Build/Intermediates.noindex/SwiftDraw.build/Debug-xros/SwiftDraw-t.build/DerivedSources-normal/arm64 -Xcc -I/Users/admin/builder/spi-builder-workspace/.derivedData/Build/Intermediates.noindex/SwiftDraw.build/Debug-xros/SwiftDraw-t.build/DerivedSources/arm64 -Xcc -I/Users/admin/builder/spi-builder-workspace/.derivedData/Build/Intermediates.noindex/SwiftDraw.build/Debug-xros/SwiftDraw-t.build/DerivedSources -Xcc -DSWIFT_PACKAGE -Xcc -DDEBUG\=1 -emit-objc-header -emit-objc-header-path /Users/admin/builder/spi-builder-workspace/.derivedData/Build/Intermediates.noindex/SwiftDraw.build/Debug-xros/SwiftDraw-t.build/Objects-normal/arm64/SwiftDraw-Swift.h -working-directory /Users/admin/builder/spi-builder-workspace/.swiftpm/xcode -experimental-emit-module-separately -disable-cmo
SwiftCompile normal arm64 Compiling\ SVG+CoreGraphics.swift /Users/admin/builder/spi-builder-workspace/SwiftDraw/SVG+CoreGraphics.swift (in target 'SwiftDraw' from project 'SwiftDraw')
SwiftCompile normal arm64 /Users/admin/builder/spi-builder-workspace/SwiftDraw/SVG+CoreGraphics.swift (in target 'SwiftDraw' from project 'SwiftDraw')
    cd /Users/admin/builder/spi-builder-workspace/.swiftpm/xcode
    builtin-SwiftPerFileCompile SVG+CoreGraphics.swift
SwiftCompile normal arm64 Compiling\ SVG+Deprecated.swift /Users/admin/builder/spi-builder-workspace/SwiftDraw/SVG+Deprecated.swift (in target 'SwiftDraw' from project 'SwiftDraw')
SwiftCompile normal arm64 /Users/admin/builder/spi-builder-workspace/SwiftDraw/SVG+Deprecated.swift (in target 'SwiftDraw' from project 'SwiftDraw')
    cd /Users/admin/builder/spi-builder-workspace/.swiftpm/xcode
    builtin-SwiftPerFileCompile SVG+Deprecated.swift
SwiftCompile normal arm64 Compiling\ SVG+Insets.swift /Users/admin/builder/spi-builder-workspace/SwiftDraw/SVG+Insets.swift (in target 'SwiftDraw' from project 'SwiftDraw')
SwiftCompile normal arm64 /Users/admin/builder/spi-builder-workspace/SwiftDraw/SVG+Insets.swift (in target 'SwiftDraw' from project 'SwiftDraw')
    cd /Users/admin/builder/spi-builder-workspace/.swiftpm/xcode
    builtin-SwiftPerFileCompile SVG+Insets.swift
SwiftCompile normal arm64 Compiling\ SVG.swift /Users/admin/builder/spi-builder-workspace/SwiftDraw/SVG.swift (in target 'SwiftDraw' from project 'SwiftDraw')
SwiftCompile normal arm64 /Users/admin/builder/spi-builder-workspace/SwiftDraw/SVG.swift (in target 'SwiftDraw' from project 'SwiftDraw')
    cd /Users/admin/builder/spi-builder-workspace/.swiftpm/xcode
    builtin-SwiftPerFileCompile SVG.swift
SwiftCompile normal arm64 Compiling\ SVG+Hashable.swift /Users/admin/builder/spi-builder-workspace/SwiftDraw/SVG+Hashable.swift (in target 'SwiftDraw' from project 'SwiftDraw')
SwiftCompile normal arm64 /Users/admin/builder/spi-builder-workspace/SwiftDraw/SVG+Hashable.swift (in target 'SwiftDraw' from project 'SwiftDraw')
    cd /Users/admin/builder/spi-builder-workspace/.swiftpm/xcode
    builtin-SwiftPerFileCompile SVG+Hashable.swift
SwiftEmitModule normal arm64 Emitting\ module\ for\ SwiftDraw (in target 'SwiftDraw' from project 'SwiftDraw')
SwiftCompile normal arm64 (in target 'SwiftDraw' from project 'SwiftDraw')
    cd /Users/admin/builder/spi-builder-workspace/.swiftpm/xcode

SwiftCompile normal arm64 Compiling\ SVGView.swift /Users/admin/builder/spi-builder-workspace/SwiftDraw/SVGView.swift (in target 'SwiftDraw' from project 'SwiftDraw')
SwiftCompile normal arm64 /Users/admin/builder/spi-builder-workspace/SwiftDraw/SVGView.swift (in target 'SwiftDraw' from project 'SwiftDraw')
    cd /Users/admin/builder/spi-builder-workspace/.swiftpm/xcode
    builtin-SwiftPerFileCompile SVGView.swift
SwiftCompile normal arm64 Compiling\ Stack.swift /Users/admin/builder/spi-builder-workspace/SwiftDraw/Stack.swift (in target 'SwiftDraw' from project 'SwiftDraw')
SwiftCompile normal arm64 /Users/admin/builder/spi-builder-workspace/SwiftDraw/Stack.swift (in target 'SwiftDraw' from project 'SwiftDraw')
    cd /Users/admin/builder/spi-builder-workspace/.swiftpm/xcode
    builtin-SwiftPerFileCompile Stack.swift
SwiftCompile normal arm64 Compiling\ UIImage+SVG.swift /Users/admin/builder/spi-builder-workspace/SwiftDraw/UIImage+SVG.swift (in target 'SwiftDraw' from project 'SwiftDraw')
/Users/admin/builder/spi-builder-workspace/SwiftDraw/UIImage+SVG.swift:129:9: error: 'UIScreen' is unavailable in visionOS
127 |         WKInterfaceDevice.current().screenScale
128 | #else
129 |         UIScreen.main.scale
    |         `- error: 'UIScreen' is unavailable in visionOS
130 | #endif
131 |     }
/Applications/Xcode-27.0.0-Release.Candidate.app/Contents/Developer/Platforms/XROS.platform/Developer/SDKs/XROS27.0.sdk/System/Library/Frameworks/UIKit.framework/Headers/UIScreen.h:54:12: note: 'UIScreen' has been explicitly marked unavailable here
 52 |
 53 | UIKIT_EXTERN API_AVAILABLE(ios(2.0)) API_UNAVAILABLE(visionos, watchos) NS_SWIFT_UI_ACTOR
 54 | @interface UIScreen : NSObject <UITraitEnvironment>
    |            `- note: 'UIScreen' has been explicitly marked unavailable here
 55 |
 56 | @property(class, nonatomic, readonly) NSArray<UIScreen *> *screens API_DEPRECATED("Use UIApplication.shared.openSessions to find open sessions with scenes from other screens", ios(3.2, 16.0), visionos(1.0, 1.0)) API_UNAVAILABLE(watchos); // all screens currently attached to the device
Failed frontend command:
/Applications/Xcode-27.0.0-Release.Candidate.app/Contents/Developer/Toolchains/XcodeDefault.xctoolchain/usr/bin/swift-frontend -frontend -c /Users/admin/builder/spi-builder-workspace/SwiftDraw/CGImage+Mask.swift /Users/admin/builder/spi-builder-workspace/SwiftDraw/CGPath+Segment.swift /Users/admin/builder/spi-builder-workspace/SwiftDraw/CGPattern+Closure.swift /Users/admin/builder/spi-builder-workspace/SwiftDraw/CGTextRenderer+Code.swift /Users/admin/builder/spi-builder-workspace/SwiftDraw/CommandLine+Process.swift /Users/admin/builder/spi-builder-workspace/SwiftDraw/CommandLine.Arguments.swift /Users/admin/builder/spi-builder-workspace/SwiftDraw/CommandLine.Configuration.swift /Users/admin/builder/spi-builder-workspace/SwiftDraw/CommandLine.swift /Users/admin/builder/spi-builder-workspace/SwiftDraw/CoordinateFormatter.swift /Users/admin/builder/spi-builder-workspace/SwiftDraw/DOM.Color.swift /Users/admin/builder/spi-builder-workspace/SwiftDraw/DOM.Element.swift /Users/admin/builder/spi-builder-workspace/SwiftDraw/DOM.Filter.swift /Users/admin/builder/spi-builder-workspace/SwiftDraw/DOM.Image.swift /Users/admin/builder/spi-builder-workspace/SwiftDraw/DOM.LinearGradient.swift /Users/admin/builder/spi-builder-workspace/SwiftDraw/DOM.Path.swift /Users/admin/builder/spi-builder-workspace/SwiftDraw/DOM.Pattern.swift /Users/admin/builder/spi-builder-workspace/SwiftDraw/DOM.PresentationAttributes.swift /Users/admin/builder/spi-builder-workspace/SwiftDraw/DOM.RadialGradient.swift /Users/admin/builder/spi-builder-workspace/SwiftDraw/DOM.SVG+Parse.swift /Users/admin/builder/spi-builder-workspace/SwiftDraw/DOM.SVG.swift /Users/admin/builder/spi-builder-workspace/SwiftDraw/DOM.Switch.swift /Users/admin/builder/spi-builder-workspace/SwiftDraw/DOM.Text.swift /Users/admin/builder/spi-builder-workspace/SwiftDraw/DOM.Use.swift /Users/admin/builder/spi-builder-workspace/SwiftDraw/DOM.swift /Users/admin/builder/spi-builder-workspace/SwiftDraw/LayerTree.Builder.Layer.swift /Users/admin/builder/spi-builder-workspace/SwiftDraw/LayerTree.Builder.Path.Arc.swift /Users/admin/builder/spi-builder-workspace/SwiftDraw/LayerTree.Builder.Path.swift /Users/admin/builder/spi-builder-workspace/SwiftDraw/LayerTree.Builder.Shape.swift /Users/admin/builder/spi-builder-workspace/SwiftDraw/LayerTree.Builder.Text.swift /Users/admin/builder/spi-builder-workspace/SwiftDraw/LayerTree.Builder.swift /Users/admin/builder/spi-builder-workspace/SwiftDraw/LayerTree.Color.swift /Users/admin/builder/spi-builder-workspace/SwiftDraw/LayerTree.CommandGenerator.swift /Users/admin/builder/spi-builder-workspace/SwiftDraw/LayerTree.CommandOptimizer.swift /Users/admin/builder/spi-builder-workspace/SwiftDraw/LayerTree.Gradient.swift /Users/admin/builder/spi-builder-workspace/SwiftDraw/LayerTree.Image.swift /Users/admin/builder/spi-builder-workspace/SwiftDraw/LayerTree.Layer.swift /Users/admin/builder/spi-builder-workspace/SwiftDraw/LayerTree.Path+Bounds.swift /Users/admin/builder/spi-builder-workspace/SwiftDraw/LayerTree.Path+Reversed.swift /Users/admin/builder/spi-builder-workspace/SwiftDraw/LayerTree.Path+Subpath.swift /Users/admin/builder/spi-builder-workspace/SwiftDraw/LayerTree.Path.swift /Users/admin/builder/spi-builder-workspace/SwiftDraw/LayerTree.Pattern.swift /Users/admin/builder/spi-builder-workspace/SwiftDraw/LayerTree.Shape.swift /Users/admin/builder/spi-builder-workspace/SwiftDraw/LayerTree.Transform.swift /Users/admin/builder/spi-builder-workspace/SwiftDraw/LayerTree.swift /Users/admin/builder/spi-builder-workspace/SwiftDraw/NSImage+SVG.swift /Users/admin/builder/spi-builder-workspace/SwiftDraw/Parser.XML.Attributes.swift /Users/admin/builder/spi-builder-workspace/SwiftDraw/Parser.XML.Color.swift /Users/admin/builder/spi-builder-workspace/SwiftDraw/Parser.XML.Element.swift /Users/admin/builder/spi-builder-workspace/SwiftDraw/Parser.XML.Filter.swift /Users/admin/builder/spi-builder-workspace/SwiftDraw/Parser.XML.Image.swift /Users/admin/builder/spi-builder-workspace/SwiftDraw/Parser.XML.LinearGradient.swift /Users/admin/builder/spi-builder-workspace/SwiftDraw/Parser.XML.Path.swift /Users/admin/builder/spi-builder-workspace/SwiftDraw/Parser.XML.Pattern.swift /Users/admin/builder/spi-builder-workspace/SwiftDraw/Parser.XML.RadialGradient.swift /Users/admin/builder/spi-builder-workspace/SwiftDraw/Parser.XML.SVG.swift /Users/admin/builder/spi-builder-workspace/SwiftDraw/Parser.XML.Scanner.swift /Users/admin/builder/spi-builder-workspace/SwiftDraw/Parser.XML.StyleSheet.swift /Users/admin/builder/spi-builder-workspace/SwiftDraw/Parser.XML.Text.swift /Users/admin/builder/spi-builder-workspace/SwiftDraw/Parser.XML.Transform.swift /Users/admin/builder/spi-builder-workspace/SwiftDraw/Parser.XML.Use.swift /Users/admin/builder/spi-builder-workspace/SwiftDraw/Parser.XML.swift /Users/admin/builder/spi-builder-workspace/SwiftDraw/Renderer.CGText+Path.swift /Users/admin/builder/spi-builder-workspace/SwiftDraw/Renderer.CGText.swift /Users/admin/builder/spi-builder-workspace/SwiftDraw/Renderer.CoreGraphics.swift /Users/admin/builder/spi-builder-workspace/SwiftDraw/Renderer.LayerTree.swift /Users/admin/builder/spi-builder-workspace/SwiftDraw/Renderer.SFSymbol+CGPath.swift /Users/admin/builder/spi-builder-workspace/SwiftDraw/Renderer.SFSymbol.swift /Users/admin/builder/spi-builder-workspace/SwiftDraw/Renderer.SVG.swift /Users/admin/builder/spi-builder-workspace/SwiftDraw/Renderer.swift /Users/admin/builder/spi-builder-workspace/SwiftDraw/SVG+CoreGraphics.swift /Users/admin/builder/spi-builder-workspace/SwiftDraw/SVG+Deprecated.swift /Users/admin/builder/spi-builder-workspace/SwiftDraw/SVG+Hashable.swift /Users/admin/builder/spi-builder-workspace/SwiftDraw/SVG+Insets.swift /Users/admin/builder/spi-builder-workspace/SwiftDraw/SVG.swift /Users/admin/builder/spi-builder-workspace/SwiftDraw/SVGView.swift /Users/admin/builder/spi-builder-workspace/SwiftDraw/Stack.swift -primary-file /Users/admin/builder/spi-builder-workspace/SwiftDraw/UIImage+SVG.swift /Users/admin/builder/spi-builder-workspace/SwiftDraw/URL+Data.swift /Users/admin/builder/spi-builder-workspace/SwiftDraw/URL+Fragment.swift /Users/admin/builder/spi-builder-workspace/SwiftDraw/Utilities/PairedSequence.swift /Users/admin/builder/spi-builder-workspace/SwiftDraw/Utilities/TextOutputStream+StandardError.swift /Users/admin/builder/spi-builder-workspace/SwiftDraw/XML.Element.swift /Users/admin/builder/spi-builder-workspace/SwiftDraw/XML.Formatter.SVG.swift /Users/admin/builder/spi-builder-workspace/SwiftDraw/XML.Formatter.swift /Users/admin/builder/spi-builder-workspace/SwiftDraw/XML.SAXParser.swift -emit-dependencies-path /Users/admin/builder/spi-builder-workspace/.derivedData/Build/Intermediates.noindex/SwiftDraw.build/Debug-xros/SwiftDraw-t.build/Objects-normal/arm64/UIImage+SVG.d -emit-const-values-path /Users/admin/builder/spi-builder-workspace/.derivedData/Build/Intermediates.noindex/SwiftDraw.build/Debug-xros/SwiftDraw-t.build/Objects-normal/arm64/UIImage+SVG.swiftconstvalues -emit-reference-dependencies-path /Users/admin/builder/spi-builder-workspace/.derivedData/Build/Intermediates.noindex/SwiftDraw.build/Debug-xros/SwiftDraw-t.build/Objects-normal/arm64/UIImage+SVG.swiftdeps -serialize-diagnostics-path /Users/admin/builder/spi-builder-workspace/.derivedData/Build/Intermediates.noindex/SwiftDraw.build/Debug-xros/SwiftDraw-t.build/Objects-normal/arm64/UIImage+SVG.dia -target arm64-apple-xros1.0 -module-can-import-version CoreGraphics 2049 2049.0.0 -module-can-import-version CoreText 904 904.0.0 -module-can-import-version Darwin 428.0.10 0 -module-can-import-version SwiftUI 8.0.84.1 8.0.84 -module-can-import-version UIKit 9127.0.84.1 9127.0.84 -disable-cross-import-overlay-search -swift-module-cross-import Darwin /Applications/Xcode-27.0.0-Release.Candidate.app/Contents/Developer/Platforms/XROS.platform/Developer/SDKs/XROS.sdk/usr/include/Darwin.swiftcrossimport/xlocale.swiftoverlay -load-resolved-plugin /Applications/Xcode-27.0.0-Release.Candidate.app/Contents/Developer/Platforms/XROS.platform/Developer/usr/lib/swift/host/plugins/libFoundationMacros.dylib\#/Applications/Xcode-27.0.0-Release.Candidate.app/Contents/Developer/Platforms/XROS.platform/Developer/usr/bin/swift-plugin-server\#FoundationMacros -load-resolved-plugin /Applications/Xcode-27.0.0-Release.Candidate.app/Contents/Developer/Platforms/XROS.platform/Developer/usr/lib/swift/host/plugins/libObservationMacros.dylib\#/Applications/Xcode-27.0.0-Release.Candidate.app/Contents/Developer/Platforms/XROS.platform/Developer/usr/bin/swift-plugin-server\#ObservationMacros -load-resolved-plugin /Applications/Xcode-27.0.0-Release.Candidate.app/Contents/Developer/Platforms/XROS.platform/Developer/usr/lib/swift/host/plugins/libPreviewsMacros.dylib\#/Applications/Xcode-27.0.0-Release.Candidate.app/Contents/Developer/Platforms/XROS.platform/Developer/usr/bin/swift-plugin-server\#PreviewsMacros -load-resolved-plugin /Applications/Xcode-27.0.0-Release.Candidate.app/Contents/Developer/Platforms/XROS.platform/Developer/usr/lib/swift/host/plugins/libSwiftMacros.dylib\#/Applications/Xcode-27.0.0-Release.Candidate.app/Contents/Developer/Platforms/XROS.platform/Developer/usr/bin/swift-plugin-server\#SwiftMacros -load-resolved-plugin /Applications/Xcode-27.0.0-Release.Candidate.app/Contents/Developer/Platforms/XROS.platform/Developer/usr/lib/swift/host/plugins/libSwiftUIMacros.dylib\#/Applications/Xcode-27.0.0-Release.Candidate.app/Contents/Developer/Platforms/XROS.platform/Developer/usr/bin/swift-plugin-server\#SwiftUIMacros -disable-implicit-swift-modules -Xcc -fno-implicit-modules -Xcc -fno-implicit-module-maps -explicit-swift-module-map-file /Users/admin/builder/spi-builder-workspace/.derivedData/Build/Intermediates.noindex/SwiftDraw.build/Debug-xros/SwiftDraw-t.build/Objects-normal/arm64/SwiftDraw-dependencies-1.json -Xllvm -aarch64-use-tbi -enable-objc-interop -stack-check -sdk /Applications/Xcode-27.0.0-Release.Candidate.app/Contents/Developer/Platforms/XROS.platform/Developer/SDKs/XROS27.0.sdk -I /Users/admin/builder/spi-builder-workspace/.derivedData/Build/Products/Debug-xros -Isystem /Applications/Xcode-27.0.0-Release.Candidate.app/Contents/Developer/Platforms/XROS.platform/Developer/usr/lib -F /Users/admin/builder/spi-builder-workspace/.derivedData/Build/Products/Debug-xros -F /Applications/Xcode-27.0.0-Release.Candidate.app/Contents/Developer/Platforms/XROS.platform/Developer/Library/Frameworks -F /Applications/Xcode-27.0.0-Release.Candidate.app/Contents/Developer/Platforms/XROS.platform/Developer/SDKs/XROS27.0.sdk/Developer/Library/Frameworks -module-cache-path /Users/admin/builder/spi-builder-workspace/.derivedData/Build/Intermediates.noindex/SwiftExplicitPrecompiledModules -no-color-diagnostics -Xcc -fno-color-diagnostics -enable-testing -g -debug-info-format\=dwarf -dwarf-version\=4 -profile-generate -profile-coverage-mapping -swift-version 5 -Onone -D SWIFT_PACKAGE -D DEBUG -D SWIFT_MODULE_RESOURCE_BUNDLE_UNAVAILABLE -D Xcode -serialize-debugging-options -enable-experimental-feature DebugDescriptionMacro -empty-abi-descriptor -validate-clang-modules-once -clang-build-session-file /Users/admin/builder/spi-builder-workspace/.derivedData/ModuleCache.noindex/Session.modulevalidation -Xcc -working-directory -Xcc /Users/admin/builder/spi-builder-workspace/.swiftpm/xcode -enable-anonymous-context-mangled-names -file-compilation-dir /Users/admin/builder/spi-builder-workspace/.swiftpm/xcode -Xcc -D_LIBCPP_HARDENING_MODE\=_LIBCPP_HARDENING_MODE_DEBUG -Xcc -ivfsstatcache -Xcc /Users/admin/builder/spi-builder-workspace/.derivedData/SDKStatCaches.noindex/xros27.0-24M361-e829b21a6f8c9b70876ba0858053c044735bd543db762f57723cac368afd1ce4.sdkstatcache -Xcc -fmodules-prune-interval\=86400 -Xcc -fmodules-prune-after\=345600 -Xcc -I/Users/admin/builder/spi-builder-workspace/.derivedData/Build/Products/Debug-xros/include -Xcc -I/Users/admin/builder/spi-builder-workspace/.derivedData/Build/Intermediates.noindex/SwiftDraw.build/Debug-xros/SwiftDraw-t.build/DerivedSources-normal/arm64 -Xcc -I/Users/admin/builder/spi-builder-workspace/.derivedData/Build/Intermediates.noindex/SwiftDraw.build/Debug-xros/SwiftDraw-t.build/DerivedSources/arm64 -Xcc -I/Users/admin/builder/spi-builder-workspace/.derivedData/Build/Intermediates.noindex/SwiftDraw.build/Debug-xros/SwiftDraw-t.build/DerivedSources -Xcc -DSWIFT_PACKAGE -Xcc -DDEBUG\=1 -no-auto-bridging-header-chaining -module-name SwiftDraw -const-gather-protocols-file /Users/admin/builder/spi-builder-workspace/.derivedData/Build/Intermediates.noindex/SwiftDraw.build/Debug-xros/SwiftDraw-t.build/Objects-normal/arm64/SwiftDraw_const_extract_protocols.json -disable-clang-spi -clang-target arm64-apple-xros27.0 -target-sdk-version 27.0 -target-sdk-name xros27.0 -in-process-plugin-server-path /Applications/Xcode-27.0.0-Release.Candidate.app/Contents/Developer/Toolchains/XcodeDefault.xctoolchain/usr/lib/swift/host/libSwiftInProcPluginServer.dylib -parse-as-library -o /Users/admin/builder/spi-builder-workspace/.derivedData/Build/Intermediates.noindex/SwiftDraw.build/Debug-xros/SwiftDraw-t.build/Objects-normal/arm64/UIImage+SVG.o -debug-module-path /Users/admin/builder/spi-builder-workspace/.derivedData/Build/Intermediates.noindex/SwiftDraw.build/Debug-xros/SwiftDraw-t.build/Objects-normal/arm64/SwiftDraw.swiftmodule -index-unit-output-path /SwiftDraw.build/Debug-xros/SwiftDraw-t.build/Objects-normal/arm64/UIImage+SVG.o -index-store-path /Users/admin/builder/spi-builder-workspace/.derivedData/Index.noindex/DataStore -index-system-modules
SwiftCompile normal arm64 /Users/admin/builder/spi-builder-workspace/SwiftDraw/UIImage+SVG.swift (in target 'SwiftDraw' from project 'SwiftDraw')
    cd /Users/admin/builder/spi-builder-workspace/.swiftpm/xcode
    builtin-SwiftPerFileCompile UIImage+SVG.swift
SwiftDriverJobDiscovery normal arm64 Compiling SVG+Hashable.swift (in target 'SwiftDraw' from project 'SwiftDraw')
SwiftDriverJobDiscovery normal arm64 Compiling Stack.swift (in target 'SwiftDraw' from project 'SwiftDraw')
SwiftCompile normal arm64 Compiling\ CGTextRenderer+Code.swift /Users/admin/builder/spi-builder-workspace/SwiftDraw/CGTextRenderer+Code.swift (in target 'SwiftDraw' from project 'SwiftDraw')
SwiftCompile normal arm64 /Users/admin/builder/spi-builder-workspace/SwiftDraw/CGTextRenderer+Code.swift (in target 'SwiftDraw' from project 'SwiftDraw')
    cd /Users/admin/builder/spi-builder-workspace/.swiftpm/xcode
    builtin-SwiftPerFileCompile CGTextRenderer+Code.swift
SwiftCompile normal arm64 Compiling\ Renderer.CGText.swift /Users/admin/builder/spi-builder-workspace/SwiftDraw/Renderer.CGText.swift (in target 'SwiftDraw' from project 'SwiftDraw')
SwiftCompile normal arm64 /Users/admin/builder/spi-builder-workspace/SwiftDraw/Renderer.CGText.swift (in target 'SwiftDraw' from project 'SwiftDraw')
    cd /Users/admin/builder/spi-builder-workspace/.swiftpm/xcode
    builtin-SwiftPerFileCompile Renderer.CGText.swift
SwiftCompile normal arm64 Compiling\ LayerTree.CommandOptimizer.swift /Users/admin/builder/spi-builder-workspace/SwiftDraw/LayerTree.CommandOptimizer.swift (in target 'SwiftDraw' from project 'SwiftDraw')
SwiftCompile normal arm64 /Users/admin/builder/spi-builder-workspace/SwiftDraw/LayerTree.CommandOptimizer.swift (in target 'SwiftDraw' from project 'SwiftDraw')
    cd /Users/admin/builder/spi-builder-workspace/.swiftpm/xcode
    builtin-SwiftPerFileCompile LayerTree.CommandOptimizer.swift
PruneExplicitPrecompiledModules /Users/admin/builder/spi-builder-workspace/.derivedData/Build/Intermediates.noindex/ExplicitPrecompiledModules
PruneExplicitPrecompiledModules /Users/admin/builder/spi-builder-workspace/.derivedData/Build/Intermediates.noindex/SwiftExplicitPrecompiledModules
PruneExplicitPrecompiledModules /Users/admin/builder/spi-builder-workspace/.derivedData/SDKExplicitPrecompiledModules
2026-09-21 23:09:20.081 xcodebuild[790:4910] [MT] IDERunDestination: Supported platforms for the buildables in the current scheme is empty.
2026-09-21 23:09:20.192 xcodebuild[790:4910] [MT] IDERunDestination: Supported platforms for the buildables in the current scheme is empty.
** BUILD FAILED **
The following build commands failed:
	SwiftCompile normal arm64 Compiling\ UIImage+SVG.swift /Users/admin/builder/spi-builder-workspace/SwiftDraw/UIImage+SVG.swift (in target 'SwiftDraw' from project 'SwiftDraw')
	SwiftCompile normal arm64 /Users/admin/builder/spi-builder-workspace/SwiftDraw/UIImage+SVG.swift (in target 'SwiftDraw' from project 'SwiftDraw')
	Building workspace SwiftDraw with scheme SwiftDraw-Package
(3 failures)
BUILD FAILURE 6.4 visionOS