The Swift Package Index logo.Swift Package Index

Track the adoption of Swift 6 strict concurrency checks for data race safety. How many packages are Ready for Swift 6?

Build Information

Failed to build composable-deep-link with Swift 5.9 for watchOS using Xcode 15.2.

Build Command

env DEVELOPER_DIR=/Applications/Xcode-15.2.0.app xcrun xcodebuild -IDEClonedSourcePackagesDirPathOverride=$workDir/.dependencies -skipMacroValidation -skipPackagePluginValidation -derivedDataPath $workDir/.derivedData build -scheme composable-deep-link -destination generic/platform=watchos

Build Log

SwiftCompile normal arm64 /Users/builder/builds/TDmZkXJm/1/finestructure/swiftpackageindex-builder/spi-builder-workspace/Sources/ComposableDeepLink/Features/Handle.swift (in target 'ComposableDeepLink' from project 'composable-deep-link')
    cd /Users/builder/builds/TDmZkXJm/1/finestructure/swiftpackageindex-builder/spi-builder-workspace
    /Applications/Xcode-15.2.0.app/Contents/Developer/Toolchains/XcodeDefault.xctoolchain/usr/bin/swift-frontend -c /Users/builder/builds/TDmZkXJm/1/finestructure/swiftpackageindex-builder/spi-builder-workspace/Sources/ComposableDeepLink/ComposableDeepLink.swift /Users/builder/builds/TDmZkXJm/1/finestructure/swiftpackageindex-builder/spi-builder-workspace/Sources/ComposableDeepLink/DeepLinkProcessing.swift -primary-file /Users/builder/builds/TDmZkXJm/1/finestructure/swiftpackageindex-builder/spi-builder-workspace/Sources/ComposableDeepLink/Features/Handle.swift /Users/builder/builds/TDmZkXJm/1/finestructure/swiftpackageindex-builder/spi-builder-workspace/Sources/ComposableDeepLink/Features/Host.swift /Users/builder/builds/TDmZkXJm/1/finestructure/swiftpackageindex-builder/spi-builder-workspace/Sources/ComposableDeepLink/Features/Path.swift /Users/builder/builds/TDmZkXJm/1/finestructure/swiftpackageindex-builder/spi-builder-workspace/Sources/ComposableDeepLink/Features/Scheme.swift /Users/builder/builds/TDmZkXJm/1/finestructure/swiftpackageindex-builder/spi-builder-workspace/Sources/ComposableDeepLink/Misc/ArrayBuilder.swift -emit-dependencies-path /Users/builder/builds/TDmZkXJm/1/finestructure/swiftpackageindex-builder/spi-builder-workspace/.derivedData/Build/Intermediates.noindex/composable-deep-link.build/Debug-watchos/ComposableDeepLink.build/Objects-normal/arm64/Handle.d -emit-const-values-path /Users/builder/builds/TDmZkXJm/1/finestructure/swiftpackageindex-builder/spi-builder-workspace/.derivedData/Build/Intermediates.noindex/composable-deep-link.build/Debug-watchos/ComposableDeepLink.build/Objects-normal/arm64/Handle.swiftconstvalues -emit-reference-dependencies-path /Users/builder/builds/TDmZkXJm/1/finestructure/swiftpackageindex-builder/spi-builder-workspace/.derivedData/Build/Intermediates.noindex/composable-deep-link.build/Debug-watchos/ComposableDeepLink.build/Objects-normal/arm64/Handle.swiftdeps -serialize-diagnostics-path /Users/builder/builds/TDmZkXJm/1/finestructure/swiftpackageindex-builder/spi-builder-workspace/.derivedData/Build/Intermediates.noindex/composable-deep-link.build/Debug-watchos/ComposableDeepLink.build/Objects-normal/arm64/Handle.dia -target arm64-apple-watchos4.0 -Xllvm -aarch64-use-tbi -enable-objc-interop -sdk /Applications/Xcode-15.2.0.app/Contents/Developer/Platforms/WatchOS.platform/Developer/SDKs/WatchOS10.2.sdk -I /Users/builder/builds/TDmZkXJm/1/finestructure/swiftpackageindex-builder/spi-builder-workspace/.derivedData/Build/Products/Debug-watchos -I /Applications/Xcode-15.2.0.app/Contents/Developer/Platforms/WatchOS.platform/Developer/usr/lib -F /Users/builder/builds/TDmZkXJm/1/finestructure/swiftpackageindex-builder/spi-builder-workspace/.derivedData/Build/Products/Debug-watchos -F /Applications/Xcode-15.2.0.app/Contents/Developer/Platforms/WatchOS.platform/Developer/Library/Frameworks -F /Applications/Xcode-15.2.0.app/Contents/Developer/Platforms/WatchOS.platform/Developer/SDKs/WatchOS10.2.sdk/Developer/Library/Frameworks -no-color-diagnostics -enable-testing -g -module-cache-path /Users/builder/builds/TDmZkXJm/1/finestructure/swiftpackageindex-builder/spi-builder-workspace/.derivedData/ModuleCache.noindex -profile-generate -profile-coverage-mapping -swift-version 5 -enforce-exclusivity\=checked -Onone -D SWIFT_PACKAGE -D DEBUG -D Xcode -serialize-debugging-options -package-name spi_builder_workspace -const-gather-protocols-file /Users/builder/builds/TDmZkXJm/1/finestructure/swiftpackageindex-builder/spi-builder-workspace/.derivedData/Build/Intermediates.noindex/composable-deep-link.build/Debug-watchos/ComposableDeepLink.build/Objects-normal/arm64/ComposableDeepLink_const_extract_protocols.json -empty-abi-descriptor -validate-clang-modules-once -clang-build-session-file /Users/builder/builds/TDmZkXJm/1/finestructure/swiftpackageindex-builder/spi-builder-workspace/.derivedData/ModuleCache.noindex/Session.modulevalidation -Xcc -working-directory -Xcc /Users/builder/builds/TDmZkXJm/1/finestructure/swiftpackageindex-builder/spi-builder-workspace -resource-dir /Applications/Xcode-15.2.0.app/Contents/Developer/Toolchains/XcodeDefault.xctoolchain/usr/lib/swift -enable-anonymous-context-mangled-names -Xcc -ivfsstatcache -Xcc /Users/builder/builds/TDmZkXJm/1/finestructure/swiftpackageindex-builder/spi-builder-workspace/.derivedData/SDKStatCaches.noindex/watchos10.2-21S355-1a03c8d25fc3596eb74c01d649b42752.sdkstatcache -Xcc -I/Users/builder/builds/TDmZkXJm/1/finestructure/swiftpackageindex-builder/spi-builder-workspace/.derivedData/Build/Intermediates.noindex/composable-deep-link.build/Debug-watchos/ComposableDeepLink.build/swift-overrides.hmap -Xcc -I/Users/builder/builds/TDmZkXJm/1/finestructure/swiftpackageindex-builder/spi-builder-workspace/.derivedData/Build/Products/Debug-watchos/include -Xcc -I/Users/builder/builds/TDmZkXJm/1/finestructure/swiftpackageindex-builder/spi-builder-workspace/.derivedData/Build/Intermediates.noindex/composable-deep-link.build/Debug-watchos/ComposableDeepLink.build/DerivedSources-normal/arm64 -Xcc -I/Users/builder/builds/TDmZkXJm/1/finestructure/swiftpackageindex-builder/spi-builder-workspace/.derivedData/Build/Intermediates.noindex/composable-deep-link.build/Debug-watchos/ComposableDeepLink.build/DerivedSources/arm64 -Xcc -I/Users/builder/builds/TDmZkXJm/1/finestructure/swiftpackageindex-builder/spi-builder-workspace/.derivedData/Build/Intermediates.noindex/composable-deep-link.build/Debug-watchos/ComposableDeepLink.build/DerivedSources -Xcc -DSWIFT_PACKAGE -Xcc -DDEBUG\=1 -module-name ComposableDeepLink -frontend-parseable-output -disable-clang-spi -target-sdk-version 10.2 -target-sdk-name watchos10.2 -external-plugin-path /Applications/Xcode-15.2.0.app/Contents/Developer/Platforms/WatchOS.platform/Developer/SDKs/WatchOS10.2.sdk/usr/lib/swift/host/plugins\#/Applications/Xcode-15.2.0.app/Contents/Developer/Platforms/WatchOS.platform/Developer/SDKs/WatchOS10.2.sdk/usr/bin/swift-plugin-server -external-plugin-path /Applications/Xcode-15.2.0.app/Contents/Developer/Platforms/WatchOS.platform/Developer/SDKs/WatchOS10.2.sdk/usr/local/lib/swift/host/plugins\#/Applications/Xcode-15.2.0.app/Contents/Developer/Platforms/WatchOS.platform/Developer/SDKs/WatchOS10.2.sdk/usr/bin/swift-plugin-server -external-plugin-path /Applications/Xcode-15.2.0.app/Contents/Developer/Platforms/WatchOS.platform/Developer/usr/lib/swift/host/plugins\#/Applications/Xcode-15.2.0.app/Contents/Developer/Platforms/WatchOS.platform/Developer/usr/bin/swift-plugin-server -external-plugin-path /Applications/Xcode-15.2.0.app/Contents/Developer/Platforms/WatchOS.platform/Developer/usr/local/lib/swift/host/plugins\#/Applications/Xcode-15.2.0.app/Contents/Developer/Platforms/WatchOS.platform/Developer/usr/bin/swift-plugin-server -plugin-path /Applications/Xcode-15.2.0.app/Contents/Developer/Toolchains/XcodeDefault.xctoolchain/usr/lib/swift/host/plugins -plugin-path /Applications/Xcode-15.2.0.app/Contents/Developer/Toolchains/XcodeDefault.xctoolchain/usr/local/lib/swift/host/plugins -o /Users/builder/builds/TDmZkXJm/1/finestructure/swiftpackageindex-builder/spi-builder-workspace/.derivedData/Build/Intermediates.noindex/composable-deep-link.build/Debug-watchos/ComposableDeepLink.build/Objects-normal/arm64/Handle.o -index-unit-output-path /composable-deep-link.build/Debug-watchos/ComposableDeepLink.build/Objects-normal/arm64/Handle.o -index-store-path /Users/builder/builds/TDmZkXJm/1/finestructure/swiftpackageindex-builder/spi-builder-workspace/.derivedData/Index.noindex/DataStore -index-system-modules
SwiftCompile normal arm64 Compiling\ DeepLinkProcessing.swift /Users/builder/builds/TDmZkXJm/1/finestructure/swiftpackageindex-builder/spi-builder-workspace/Sources/ComposableDeepLink/DeepLinkProcessing.swift (in target 'ComposableDeepLink' from project 'composable-deep-link')
    cd /Users/builder/builds/TDmZkXJm/1/finestructure/swiftpackageindex-builder/spi-builder-workspace
    builtin-swiftTaskExecution -- /Applications/Xcode-15.2.0.app/Contents/Developer/Toolchains/XcodeDefault.xctoolchain/usr/bin/swift-frontend -frontend -c /Users/builder/builds/TDmZkXJm/1/finestructure/swiftpackageindex-builder/spi-builder-workspace/Sources/ComposableDeepLink/ComposableDeepLink.swift -primary-file /Users/builder/builds/TDmZkXJm/1/finestructure/swiftpackageindex-builder/spi-builder-workspace/Sources/ComposableDeepLink/DeepLinkProcessing.swift /Users/builder/builds/TDmZkXJm/1/finestructure/swiftpackageindex-builder/spi-builder-workspace/Sources/ComposableDeepLink/Features/Handle.swift /Users/builder/builds/TDmZkXJm/1/finestructure/swiftpackageindex-builder/spi-builder-workspace/Sources/ComposableDeepLink/Features/Host.swift /Users/builder/builds/TDmZkXJm/1/finestructure/swiftpackageindex-builder/spi-builder-workspace/Sources/ComposableDeepLink/Features/Path.swift /Users/builder/builds/TDmZkXJm/1/finestructure/swiftpackageindex-builder/spi-builder-workspace/Sources/ComposableDeepLink/Features/Scheme.swift /Users/builder/builds/TDmZkXJm/1/finestructure/swiftpackageindex-builder/spi-builder-workspace/Sources/ComposableDeepLink/Misc/ArrayBuilder.swift -emit-dependencies-path /Users/builder/builds/TDmZkXJm/1/finestructure/swiftpackageindex-builder/spi-builder-workspace/.derivedData/Build/Intermediates.noindex/composable-deep-link.build/Debug-watchos/ComposableDeepLink.build/Objects-normal/arm64/DeepLinkProcessing.d -emit-const-values-path /Users/builder/builds/TDmZkXJm/1/finestructure/swiftpackageindex-builder/spi-builder-workspace/.derivedData/Build/Intermediates.noindex/composable-deep-link.build/Debug-watchos/ComposableDeepLink.build/Objects-normal/arm64/DeepLinkProcessing.swiftconstvalues -emit-reference-dependencies-path /Users/builder/builds/TDmZkXJm/1/finestructure/swiftpackageindex-builder/spi-builder-workspace/.derivedData/Build/Intermediates.noindex/composable-deep-link.build/Debug-watchos/ComposableDeepLink.build/Objects-normal/arm64/DeepLinkProcessing.swiftdeps -serialize-diagnostics-path /Users/builder/builds/TDmZkXJm/1/finestructure/swiftpackageindex-builder/spi-builder-workspace/.derivedData/Build/Intermediates.noindex/composable-deep-link.build/Debug-watchos/ComposableDeepLink.build/Objects-normal/arm64/DeepLinkProcessing.dia -target arm64-apple-watchos4.0 -Xllvm -aarch64-use-tbi -enable-objc-interop -sdk /Applications/Xcode-15.2.0.app/Contents/Developer/Platforms/WatchOS.platform/Developer/SDKs/WatchOS10.2.sdk -I /Users/builder/builds/TDmZkXJm/1/finestructure/swiftpackageindex-builder/spi-builder-workspace/.derivedData/Build/Products/Debug-watchos -I /Applications/Xcode-15.2.0.app/Contents/Developer/Platforms/WatchOS.platform/Developer/usr/lib -F /Users/builder/builds/TDmZkXJm/1/finestructure/swiftpackageindex-builder/spi-builder-workspace/.derivedData/Build/Products/Debug-watchos -F /Applications/Xcode-15.2.0.app/Contents/Developer/Platforms/WatchOS.platform/Developer/Library/Frameworks -F /Applications/Xcode-15.2.0.app/Contents/Developer/Platforms/WatchOS.platform/Developer/SDKs/WatchOS10.2.sdk/Developer/Library/Frameworks -no-color-diagnostics -enable-testing -g -module-cache-path /Users/builder/builds/TDmZkXJm/1/finestructure/swiftpackageindex-builder/spi-builder-workspace/.derivedData/ModuleCache.noindex -profile-generate -profile-coverage-mapping -swift-version 5 -enforce-exclusivity\=checked -Onone -D SWIFT_PACKAGE -D DEBUG -D Xcode -serialize-debugging-options -package-name spi_builder_workspace -const-gather-protocols-file /Users/builder/builds/TDmZkXJm/1/finestructure/swiftpackageindex-builder/spi-builder-workspace/.derivedData/Build/Intermediates.noindex/composable-deep-link.build/Debug-watchos/ComposableDeepLink.build/Objects-normal/arm64/ComposableDeepLink_const_extract_protocols.json -empty-abi-descriptor -validate-clang-modules-once -clang-build-session-file /Users/builder/builds/TDmZkXJm/1/finestructure/swiftpackageindex-builder/spi-builder-workspace/.derivedData/ModuleCache.noindex/Session.modulevalidation -Xcc -working-directory -Xcc /Users/builder/builds/TDmZkXJm/1/finestructure/swiftpackageindex-builder/spi-builder-workspace -resource-dir /Applications/Xcode-15.2.0.app/Contents/Developer/Toolchains/XcodeDefault.xctoolchain/usr/lib/swift -enable-anonymous-context-mangled-names -Xcc -ivfsstatcache -Xcc /Users/builder/builds/TDmZkXJm/1/finestructure/swiftpackageindex-builder/spi-builder-workspace/.derivedData/SDKStatCaches.noindex/watchos10.2-21S355-1a03c8d25fc3596eb74c01d649b42752.sdkstatcache -Xcc -I/Users/builder/builds/TDmZkXJm/1/finestructure/swiftpackageindex-builder/spi-builder-workspace/.derivedData/Build/Intermediates.noindex/composable-deep-link.build/Debug-watchos/ComposableDeepLink.build/swift-overrides.hmap -Xcc -I/Users/builder/builds/TDmZkXJm/1/finestructure/swiftpackageindex-builder/spi-builder-workspace/.derivedData/Build/Products/Debug-watchos/include -Xcc -I/Users/builder/builds/TDmZkXJm/1/finestructure/swiftpackageindex-builder/spi-builder-workspace/.derivedData/Build/Intermediates.noindex/composable-deep-link.build/Debug-watchos/ComposableDeepLink.build/DerivedSources-normal/arm64 -Xcc -I/Users/builder/builds/TDmZkXJm/1/finestructure/swiftpackageindex-builder/spi-builder-workspace/.derivedData/Build/Intermediates.noindex/composable-deep-link.build/Debug-watchos/ComposableDeepLink.build/DerivedSources/arm64 -Xcc -I/Users/builder/builds/TDmZkXJm/1/finestructure/swiftpackageindex-builder/spi-builder-workspace/.derivedData/Build/Intermediates.noindex/composable-deep-link.build/Debug-watchos/ComposableDeepLink.build/DerivedSources -Xcc -DSWIFT_PACKAGE -Xcc -DDEBUG\=1 -module-name ComposableDeepLink -frontend-parseable-output -disable-clang-spi -target-sdk-version 10.2 -target-sdk-name watchos10.2 -external-plugin-path /Applications/Xcode-15.2.0.app/Contents/Developer/Platforms/WatchOS.platform/Developer/SDKs/WatchOS10.2.sdk/usr/lib/swift/host/plugins\#/Applications/Xcode-15.2.0.app/Contents/Developer/Platforms/WatchOS.platform/Developer/SDKs/WatchOS10.2.sdk/usr/bin/swift-plugin-server -external-plugin-path /Applications/Xcode-15.2.0.app/Contents/Developer/Platforms/WatchOS.platform/Developer/SDKs/WatchOS10.2.sdk/usr/local/lib/swift/host/plugins\#/Applications/Xcode-15.2.0.app/Contents/Developer/Platforms/WatchOS.platform/Developer/SDKs/WatchOS10.2.sdk/usr/bin/swift-plugin-server -external-plugin-path /Applications/Xcode-15.2.0.app/Contents/Developer/Platforms/WatchOS.platform/Developer/usr/lib/swift/host/plugins\#/Applications/Xcode-15.2.0.app/Contents/Developer/Platforms/WatchOS.platform/Developer/usr/bin/swift-plugin-server -external-plugin-path /Applications/Xcode-15.2.0.app/Contents/Developer/Platforms/WatchOS.platform/Developer/usr/local/lib/swift/host/plugins\#/Applications/Xcode-15.2.0.app/Contents/Developer/Platforms/WatchOS.platform/Developer/usr/bin/swift-plugin-server -plugin-path /Applications/Xcode-15.2.0.app/Contents/Developer/Toolchains/XcodeDefault.xctoolchain/usr/lib/swift/host/plugins -plugin-path /Applications/Xcode-15.2.0.app/Contents/Developer/Toolchains/XcodeDefault.xctoolchain/usr/local/lib/swift/host/plugins -o /Users/builder/builds/TDmZkXJm/1/finestructure/swiftpackageindex-builder/spi-builder-workspace/.derivedData/Build/Intermediates.noindex/composable-deep-link.build/Debug-watchos/ComposableDeepLink.build/Objects-normal/arm64/DeepLinkProcessing.o -index-unit-output-path /composable-deep-link.build/Debug-watchos/ComposableDeepLink.build/Objects-normal/arm64/DeepLinkProcessing.o -index-store-path /Users/builder/builds/TDmZkXJm/1/finestructure/swiftpackageindex-builder/spi-builder-workspace/.derivedData/Index.noindex/DataStore -index-system-modules
SwiftCompile normal arm64 /Users/builder/builds/TDmZkXJm/1/finestructure/swiftpackageindex-builder/spi-builder-workspace/Sources/ComposableDeepLink/DeepLinkProcessing.swift (in target 'ComposableDeepLink' from project 'composable-deep-link')
    cd /Users/builder/builds/TDmZkXJm/1/finestructure/swiftpackageindex-builder/spi-builder-workspace
    /Applications/Xcode-15.2.0.app/Contents/Developer/Toolchains/XcodeDefault.xctoolchain/usr/bin/swift-frontend -c /Users/builder/builds/TDmZkXJm/1/finestructure/swiftpackageindex-builder/spi-builder-workspace/Sources/ComposableDeepLink/ComposableDeepLink.swift -primary-file /Users/builder/builds/TDmZkXJm/1/finestructure/swiftpackageindex-builder/spi-builder-workspace/Sources/ComposableDeepLink/DeepLinkProcessing.swift /Users/builder/builds/TDmZkXJm/1/finestructure/swiftpackageindex-builder/spi-builder-workspace/Sources/ComposableDeepLink/Features/Handle.swift /Users/builder/builds/TDmZkXJm/1/finestructure/swiftpackageindex-builder/spi-builder-workspace/Sources/ComposableDeepLink/Features/Host.swift /Users/builder/builds/TDmZkXJm/1/finestructure/swiftpackageindex-builder/spi-builder-workspace/Sources/ComposableDeepLink/Features/Path.swift /Users/builder/builds/TDmZkXJm/1/finestructure/swiftpackageindex-builder/spi-builder-workspace/Sources/ComposableDeepLink/Features/Scheme.swift /Users/builder/builds/TDmZkXJm/1/finestructure/swiftpackageindex-builder/spi-builder-workspace/Sources/ComposableDeepLink/Misc/ArrayBuilder.swift -emit-dependencies-path /Users/builder/builds/TDmZkXJm/1/finestructure/swiftpackageindex-builder/spi-builder-workspace/.derivedData/Build/Intermediates.noindex/composable-deep-link.build/Debug-watchos/ComposableDeepLink.build/Objects-normal/arm64/DeepLinkProcessing.d -emit-const-values-path /Users/builder/builds/TDmZkXJm/1/finestructure/swiftpackageindex-builder/spi-builder-workspace/.derivedData/Build/Intermediates.noindex/composable-deep-link.build/Debug-watchos/ComposableDeepLink.build/Objects-normal/arm64/DeepLinkProcessing.swiftconstvalues -emit-reference-dependencies-path /Users/builder/builds/TDmZkXJm/1/finestructure/swiftpackageindex-builder/spi-builder-workspace/.derivedData/Build/Intermediates.noindex/composable-deep-link.build/Debug-watchos/ComposableDeepLink.build/Objects-normal/arm64/DeepLinkProcessing.swiftdeps -serialize-diagnostics-path /Users/builder/builds/TDmZkXJm/1/finestructure/swiftpackageindex-builder/spi-builder-workspace/.derivedData/Build/Intermediates.noindex/composable-deep-link.build/Debug-watchos/ComposableDeepLink.build/Objects-normal/arm64/DeepLinkProcessing.dia -target arm64-apple-watchos4.0 -Xllvm -aarch64-use-tbi -enable-objc-interop -sdk /Applications/Xcode-15.2.0.app/Contents/Developer/Platforms/WatchOS.platform/Developer/SDKs/WatchOS10.2.sdk -I /Users/builder/builds/TDmZkXJm/1/finestructure/swiftpackageindex-builder/spi-builder-workspace/.derivedData/Build/Products/Debug-watchos -I /Applications/Xcode-15.2.0.app/Contents/Developer/Platforms/WatchOS.platform/Developer/usr/lib -F /Users/builder/builds/TDmZkXJm/1/finestructure/swiftpackageindex-builder/spi-builder-workspace/.derivedData/Build/Products/Debug-watchos -F /Applications/Xcode-15.2.0.app/Contents/Developer/Platforms/WatchOS.platform/Developer/Library/Frameworks -F /Applications/Xcode-15.2.0.app/Contents/Developer/Platforms/WatchOS.platform/Developer/SDKs/WatchOS10.2.sdk/Developer/Library/Frameworks -no-color-diagnostics -enable-testing -g -module-cache-path /Users/builder/builds/TDmZkXJm/1/finestructure/swiftpackageindex-builder/spi-builder-workspace/.derivedData/ModuleCache.noindex -profile-generate -profile-coverage-mapping -swift-version 5 -enforce-exclusivity\=checked -Onone -D SWIFT_PACKAGE -D DEBUG -D Xcode -serialize-debugging-options -package-name spi_builder_workspace -const-gather-protocols-file /Users/builder/builds/TDmZkXJm/1/finestructure/swiftpackageindex-builder/spi-builder-workspace/.derivedData/Build/Intermediates.noindex/composable-deep-link.build/Debug-watchos/ComposableDeepLink.build/Objects-normal/arm64/ComposableDeepLink_const_extract_protocols.json -empty-abi-descriptor -validate-clang-modules-once -clang-build-session-file /Users/builder/builds/TDmZkXJm/1/finestructure/swiftpackageindex-builder/spi-builder-workspace/.derivedData/ModuleCache.noindex/Session.modulevalidation -Xcc -working-directory -Xcc /Users/builder/builds/TDmZkXJm/1/finestructure/swiftpackageindex-builder/spi-builder-workspace -resource-dir /Applications/Xcode-15.2.0.app/Contents/Developer/Toolchains/XcodeDefault.xctoolchain/usr/lib/swift -enable-anonymous-context-mangled-names -Xcc -ivfsstatcache -Xcc /Users/builder/builds/TDmZkXJm/1/finestructure/swiftpackageindex-builder/spi-builder-workspace/.derivedData/SDKStatCaches.noindex/watchos10.2-21S355-1a03c8d25fc3596eb74c01d649b42752.sdkstatcache -Xcc -I/Users/builder/builds/TDmZkXJm/1/finestructure/swiftpackageindex-builder/spi-builder-workspace/.derivedData/Build/Intermediates.noindex/composable-deep-link.build/Debug-watchos/ComposableDeepLink.build/swift-overrides.hmap -Xcc -I/Users/builder/builds/TDmZkXJm/1/finestructure/swiftpackageindex-builder/spi-builder-workspace/.derivedData/Build/Products/Debug-watchos/include -Xcc -I/Users/builder/builds/TDmZkXJm/1/finestructure/swiftpackageindex-builder/spi-builder-workspace/.derivedData/Build/Intermediates.noindex/composable-deep-link.build/Debug-watchos/ComposableDeepLink.build/DerivedSources-normal/arm64 -Xcc -I/Users/builder/builds/TDmZkXJm/1/finestructure/swiftpackageindex-builder/spi-builder-workspace/.derivedData/Build/Intermediates.noindex/composable-deep-link.build/Debug-watchos/ComposableDeepLink.build/DerivedSources/arm64 -Xcc -I/Users/builder/builds/TDmZkXJm/1/finestructure/swiftpackageindex-builder/spi-builder-workspace/.derivedData/Build/Intermediates.noindex/composable-deep-link.build/Debug-watchos/ComposableDeepLink.build/DerivedSources -Xcc -DSWIFT_PACKAGE -Xcc -DDEBUG\=1 -module-name ComposableDeepLink -frontend-parseable-output -disable-clang-spi -target-sdk-version 10.2 -target-sdk-name watchos10.2 -external-plugin-path /Applications/Xcode-15.2.0.app/Contents/Developer/Platforms/WatchOS.platform/Developer/SDKs/WatchOS10.2.sdk/usr/lib/swift/host/plugins\#/Applications/Xcode-15.2.0.app/Contents/Developer/Platforms/WatchOS.platform/Developer/SDKs/WatchOS10.2.sdk/usr/bin/swift-plugin-server -external-plugin-path /Applications/Xcode-15.2.0.app/Contents/Developer/Platforms/WatchOS.platform/Developer/SDKs/WatchOS10.2.sdk/usr/local/lib/swift/host/plugins\#/Applications/Xcode-15.2.0.app/Contents/Developer/Platforms/WatchOS.platform/Developer/SDKs/WatchOS10.2.sdk/usr/bin/swift-plugin-server -external-plugin-path /Applications/Xcode-15.2.0.app/Contents/Developer/Platforms/WatchOS.platform/Developer/usr/lib/swift/host/plugins\#/Applications/Xcode-15.2.0.app/Contents/Developer/Platforms/WatchOS.platform/Developer/usr/bin/swift-plugin-server -external-plugin-path /Applications/Xcode-15.2.0.app/Contents/Developer/Platforms/WatchOS.platform/Developer/usr/local/lib/swift/host/plugins\#/Applications/Xcode-15.2.0.app/Contents/Developer/Platforms/WatchOS.platform/Developer/usr/bin/swift-plugin-server -plugin-path /Applications/Xcode-15.2.0.app/Contents/Developer/Toolchains/XcodeDefault.xctoolchain/usr/lib/swift/host/plugins -plugin-path /Applications/Xcode-15.2.0.app/Contents/Developer/Toolchains/XcodeDefault.xctoolchain/usr/local/lib/swift/host/plugins -o /Users/builder/builds/TDmZkXJm/1/finestructure/swiftpackageindex-builder/spi-builder-workspace/.derivedData/Build/Intermediates.noindex/composable-deep-link.build/Debug-watchos/ComposableDeepLink.build/Objects-normal/arm64/DeepLinkProcessing.o -index-unit-output-path /composable-deep-link.build/Debug-watchos/ComposableDeepLink.build/Objects-normal/arm64/DeepLinkProcessing.o -index-store-path /Users/builder/builds/TDmZkXJm/1/finestructure/swiftpackageindex-builder/spi-builder-workspace/.derivedData/Index.noindex/DataStore -index-system-modules
SwiftCompile normal armv7k Compiling\ Handle.swift /Users/builder/builds/TDmZkXJm/1/finestructure/swiftpackageindex-builder/spi-builder-workspace/Sources/ComposableDeepLink/Features/Handle.swift (in target 'ComposableDeepLink' from project 'composable-deep-link')
    cd /Users/builder/builds/TDmZkXJm/1/finestructure/swiftpackageindex-builder/spi-builder-workspace
    builtin-swiftTaskExecution -- /Applications/Xcode-15.2.0.app/Contents/Developer/Toolchains/XcodeDefault.xctoolchain/usr/bin/swift-frontend -frontend -c /Users/builder/builds/TDmZkXJm/1/finestructure/swiftpackageindex-builder/spi-builder-workspace/Sources/ComposableDeepLink/ComposableDeepLink.swift /Users/builder/builds/TDmZkXJm/1/finestructure/swiftpackageindex-builder/spi-builder-workspace/Sources/ComposableDeepLink/DeepLinkProcessing.swift -primary-file /Users/builder/builds/TDmZkXJm/1/finestructure/swiftpackageindex-builder/spi-builder-workspace/Sources/ComposableDeepLink/Features/Handle.swift /Users/builder/builds/TDmZkXJm/1/finestructure/swiftpackageindex-builder/spi-builder-workspace/Sources/ComposableDeepLink/Features/Host.swift /Users/builder/builds/TDmZkXJm/1/finestructure/swiftpackageindex-builder/spi-builder-workspace/Sources/ComposableDeepLink/Features/Path.swift /Users/builder/builds/TDmZkXJm/1/finestructure/swiftpackageindex-builder/spi-builder-workspace/Sources/ComposableDeepLink/Features/Scheme.swift /Users/builder/builds/TDmZkXJm/1/finestructure/swiftpackageindex-builder/spi-builder-workspace/Sources/ComposableDeepLink/Misc/ArrayBuilder.swift -emit-dependencies-path /Users/builder/builds/TDmZkXJm/1/finestructure/swiftpackageindex-builder/spi-builder-workspace/.derivedData/Build/Intermediates.noindex/composable-deep-link.build/Debug-watchos/ComposableDeepLink.build/Objects-normal/armv7k/Handle.d -emit-const-values-path /Users/builder/builds/TDmZkXJm/1/finestructure/swiftpackageindex-builder/spi-builder-workspace/.derivedData/Build/Intermediates.noindex/composable-deep-link.build/Debug-watchos/ComposableDeepLink.build/Objects-normal/armv7k/Handle.swiftconstvalues -emit-reference-dependencies-path /Users/builder/builds/TDmZkXJm/1/finestructure/swiftpackageindex-builder/spi-builder-workspace/.derivedData/Build/Intermediates.noindex/composable-deep-link.build/Debug-watchos/ComposableDeepLink.build/Objects-normal/armv7k/Handle.swiftdeps -serialize-diagnostics-path /Users/builder/builds/TDmZkXJm/1/finestructure/swiftpackageindex-builder/spi-builder-workspace/.derivedData/Build/Intermediates.noindex/composable-deep-link.build/Debug-watchos/ComposableDeepLink.build/Objects-normal/armv7k/Handle.dia -target armv7k-apple-watchos4.0 -enable-objc-interop -sdk /Applications/Xcode-15.2.0.app/Contents/Developer/Platforms/WatchOS.platform/Developer/SDKs/WatchOS10.2.sdk -I /Users/builder/builds/TDmZkXJm/1/finestructure/swiftpackageindex-builder/spi-builder-workspace/.derivedData/Build/Products/Debug-watchos -I /Applications/Xcode-15.2.0.app/Contents/Developer/Platforms/WatchOS.platform/Developer/usr/lib -F /Users/builder/builds/TDmZkXJm/1/finestructure/swiftpackageindex-builder/spi-builder-workspace/.derivedData/Build/Products/Debug-watchos -F /Applications/Xcode-15.2.0.app/Contents/Developer/Platforms/WatchOS.platform/Developer/Library/Frameworks -F /Applications/Xcode-15.2.0.app/Contents/Developer/Platforms/WatchOS.platform/Developer/SDKs/WatchOS10.2.sdk/Developer/Library/Frameworks -no-color-diagnostics -enable-testing -g -module-cache-path /Users/builder/builds/TDmZkXJm/1/finestructure/swiftpackageindex-builder/spi-builder-workspace/.derivedData/ModuleCache.noindex -profile-generate -profile-coverage-mapping -swift-version 5 -enforce-exclusivity\=checked -Onone -D SWIFT_PACKAGE -D DEBUG -D Xcode -serialize-debugging-options -package-name spi_builder_workspace -const-gather-protocols-file /Users/builder/builds/TDmZkXJm/1/finestructure/swiftpackageindex-builder/spi-builder-workspace/.derivedData/Build/Intermediates.noindex/composable-deep-link.build/Debug-watchos/ComposableDeepLink.build/Objects-normal/armv7k/ComposableDeepLink_const_extract_protocols.json -empty-abi-descriptor -validate-clang-modules-once -clang-build-session-file /Users/builder/builds/TDmZkXJm/1/finestructure/swiftpackageindex-builder/spi-builder-workspace/.derivedData/ModuleCache.noindex/Session.modulevalidation -Xcc -working-directory -Xcc /Users/builder/builds/TDmZkXJm/1/finestructure/swiftpackageindex-builder/spi-builder-workspace -resource-dir /Applications/Xcode-15.2.0.app/Contents/Developer/Toolchains/XcodeDefault.xctoolchain/usr/lib/swift -enable-anonymous-context-mangled-names -Xcc -ivfsstatcache -Xcc /Users/builder/builds/TDmZkXJm/1/finestructure/swiftpackageindex-builder/spi-builder-workspace/.derivedData/SDKStatCaches.noindex/watchos10.2-21S355-1a03c8d25fc3596eb74c01d649b42752.sdkstatcache -Xcc -I/Users/builder/builds/TDmZkXJm/1/finestructure/swiftpackageindex-builder/spi-builder-workspace/.derivedData/Build/Intermediates.noindex/composable-deep-link.build/Debug-watchos/ComposableDeepLink.build/swift-overrides.hmap -Xcc -I/Users/builder/builds/TDmZkXJm/1/finestructure/swiftpackageindex-builder/spi-builder-workspace/.derivedData/Build/Products/Debug-watchos/include -Xcc -I/Users/builder/builds/TDmZkXJm/1/finestructure/swiftpackageindex-builder/spi-builder-workspace/.derivedData/Build/Intermediates.noindex/composable-deep-link.build/Debug-watchos/ComposableDeepLink.build/DerivedSources-normal/armv7k -Xcc -I/Users/builder/builds/TDmZkXJm/1/finestructure/swiftpackageindex-builder/spi-builder-workspace/.derivedData/Build/Intermediates.noindex/composable-deep-link.build/Debug-watchos/ComposableDeepLink.build/DerivedSources/armv7k -Xcc -I/Users/builder/builds/TDmZkXJm/1/finestructure/swiftpackageindex-builder/spi-builder-workspace/.derivedData/Build/Intermediates.noindex/composable-deep-link.build/Debug-watchos/ComposableDeepLink.build/DerivedSources -Xcc -DSWIFT_PACKAGE -Xcc -DDEBUG\=1 -module-name ComposableDeepLink -frontend-parseable-output -disable-clang-spi -target-sdk-version 10.2 -target-sdk-name watchos10.2 -external-plugin-path /Applications/Xcode-15.2.0.app/Contents/Developer/Platforms/WatchOS.platform/Developer/SDKs/WatchOS10.2.sdk/usr/lib/swift/host/plugins\#/Applications/Xcode-15.2.0.app/Contents/Developer/Platforms/WatchOS.platform/Developer/SDKs/WatchOS10.2.sdk/usr/bin/swift-plugin-server -external-plugin-path /Applications/Xcode-15.2.0.app/Contents/Developer/Platforms/WatchOS.platform/Developer/SDKs/WatchOS10.2.sdk/usr/local/lib/swift/host/plugins\#/Applications/Xcode-15.2.0.app/Contents/Developer/Platforms/WatchOS.platform/Developer/SDKs/WatchOS10.2.sdk/usr/bin/swift-plugin-server -external-plugin-path /Applications/Xcode-15.2.0.app/Contents/Developer/Platforms/WatchOS.platform/Developer/usr/lib/swift/host/plugins\#/Applications/Xcode-15.2.0.app/Contents/Developer/Platforms/WatchOS.platform/Developer/usr/bin/swift-plugin-server -external-plugin-path /Applications/Xcode-15.2.0.app/Contents/Developer/Platforms/WatchOS.platform/Developer/usr/local/lib/swift/host/plugins\#/Applications/Xcode-15.2.0.app/Contents/Developer/Platforms/WatchOS.platform/Developer/usr/bin/swift-plugin-server -plugin-path /Applications/Xcode-15.2.0.app/Contents/Developer/Toolchains/XcodeDefault.xctoolchain/usr/lib/swift/host/plugins -plugin-path /Applications/Xcode-15.2.0.app/Contents/Developer/Toolchains/XcodeDefault.xctoolchain/usr/local/lib/swift/host/plugins -o /Users/builder/builds/TDmZkXJm/1/finestructure/swiftpackageindex-builder/spi-builder-workspace/.derivedData/Build/Intermediates.noindex/composable-deep-link.build/Debug-watchos/ComposableDeepLink.build/Objects-normal/armv7k/Handle.o -index-unit-output-path /composable-deep-link.build/Debug-watchos/ComposableDeepLink.build/Objects-normal/armv7k/Handle.o -index-store-path /Users/builder/builds/TDmZkXJm/1/finestructure/swiftpackageindex-builder/spi-builder-workspace/.derivedData/Index.noindex/DataStore -index-system-modules
SwiftCompile normal armv7k /Users/builder/builds/TDmZkXJm/1/finestructure/swiftpackageindex-builder/spi-builder-workspace/Sources/ComposableDeepLink/Features/Handle.swift (in target 'ComposableDeepLink' from project 'composable-deep-link')
    cd /Users/builder/builds/TDmZkXJm/1/finestructure/swiftpackageindex-builder/spi-builder-workspace
    /Applications/Xcode-15.2.0.app/Contents/Developer/Toolchains/XcodeDefault.xctoolchain/usr/bin/swift-frontend -c /Users/builder/builds/TDmZkXJm/1/finestructure/swiftpackageindex-builder/spi-builder-workspace/Sources/ComposableDeepLink/ComposableDeepLink.swift /Users/builder/builds/TDmZkXJm/1/finestructure/swiftpackageindex-builder/spi-builder-workspace/Sources/ComposableDeepLink/DeepLinkProcessing.swift -primary-file /Users/builder/builds/TDmZkXJm/1/finestructure/swiftpackageindex-builder/spi-builder-workspace/Sources/ComposableDeepLink/Features/Handle.swift /Users/builder/builds/TDmZkXJm/1/finestructure/swiftpackageindex-builder/spi-builder-workspace/Sources/ComposableDeepLink/Features/Host.swift /Users/builder/builds/TDmZkXJm/1/finestructure/swiftpackageindex-builder/spi-builder-workspace/Sources/ComposableDeepLink/Features/Path.swift /Users/builder/builds/TDmZkXJm/1/finestructure/swiftpackageindex-builder/spi-builder-workspace/Sources/ComposableDeepLink/Features/Scheme.swift /Users/builder/builds/TDmZkXJm/1/finestructure/swiftpackageindex-builder/spi-builder-workspace/Sources/ComposableDeepLink/Misc/ArrayBuilder.swift -emit-dependencies-path /Users/builder/builds/TDmZkXJm/1/finestructure/swiftpackageindex-builder/spi-builder-workspace/.derivedData/Build/Intermediates.noindex/composable-deep-link.build/Debug-watchos/ComposableDeepLink.build/Objects-normal/armv7k/Handle.d -emit-const-values-path /Users/builder/builds/TDmZkXJm/1/finestructure/swiftpackageindex-builder/spi-builder-workspace/.derivedData/Build/Intermediates.noindex/composable-deep-link.build/Debug-watchos/ComposableDeepLink.build/Objects-normal/armv7k/Handle.swiftconstvalues -emit-reference-dependencies-path /Users/builder/builds/TDmZkXJm/1/finestructure/swiftpackageindex-builder/spi-builder-workspace/.derivedData/Build/Intermediates.noindex/composable-deep-link.build/Debug-watchos/ComposableDeepLink.build/Objects-normal/armv7k/Handle.swiftdeps -serialize-diagnostics-path /Users/builder/builds/TDmZkXJm/1/finestructure/swiftpackageindex-builder/spi-builder-workspace/.derivedData/Build/Intermediates.noindex/composable-deep-link.build/Debug-watchos/ComposableDeepLink.build/Objects-normal/armv7k/Handle.dia -target armv7k-apple-watchos4.0 -enable-objc-interop -sdk /Applications/Xcode-15.2.0.app/Contents/Developer/Platforms/WatchOS.platform/Developer/SDKs/WatchOS10.2.sdk -I /Users/builder/builds/TDmZkXJm/1/finestructure/swiftpackageindex-builder/spi-builder-workspace/.derivedData/Build/Products/Debug-watchos -I /Applications/Xcode-15.2.0.app/Contents/Developer/Platforms/WatchOS.platform/Developer/usr/lib -F /Users/builder/builds/TDmZkXJm/1/finestructure/swiftpackageindex-builder/spi-builder-workspace/.derivedData/Build/Products/Debug-watchos -F /Applications/Xcode-15.2.0.app/Contents/Developer/Platforms/WatchOS.platform/Developer/Library/Frameworks -F /Applications/Xcode-15.2.0.app/Contents/Developer/Platforms/WatchOS.platform/Developer/SDKs/WatchOS10.2.sdk/Developer/Library/Frameworks -no-color-diagnostics -enable-testing -g -module-cache-path /Users/builder/builds/TDmZkXJm/1/finestructure/swiftpackageindex-builder/spi-builder-workspace/.derivedData/ModuleCache.noindex -profile-generate -profile-coverage-mapping -swift-version 5 -enforce-exclusivity\=checked -Onone -D SWIFT_PACKAGE -D DEBUG -D Xcode -serialize-debugging-options -package-name spi_builder_workspace -const-gather-protocols-file /Users/builder/builds/TDmZkXJm/1/finestructure/swiftpackageindex-builder/spi-builder-workspace/.derivedData/Build/Intermediates.noindex/composable-deep-link.build/Debug-watchos/ComposableDeepLink.build/Objects-normal/armv7k/ComposableDeepLink_const_extract_protocols.json -empty-abi-descriptor -validate-clang-modules-once -clang-build-session-file /Users/builder/builds/TDmZkXJm/1/finestructure/swiftpackageindex-builder/spi-builder-workspace/.derivedData/ModuleCache.noindex/Session.modulevalidation -Xcc -working-directory -Xcc /Users/builder/builds/TDmZkXJm/1/finestructure/swiftpackageindex-builder/spi-builder-workspace -resource-dir /Applications/Xcode-15.2.0.app/Contents/Developer/Toolchains/XcodeDefault.xctoolchain/usr/lib/swift -enable-anonymous-context-mangled-names -Xcc -ivfsstatcache -Xcc /Users/builder/builds/TDmZkXJm/1/finestructure/swiftpackageindex-builder/spi-builder-workspace/.derivedData/SDKStatCaches.noindex/watchos10.2-21S355-1a03c8d25fc3596eb74c01d649b42752.sdkstatcache -Xcc -I/Users/builder/builds/TDmZkXJm/1/finestructure/swiftpackageindex-builder/spi-builder-workspace/.derivedData/Build/Intermediates.noindex/composable-deep-link.build/Debug-watchos/ComposableDeepLink.build/swift-overrides.hmap -Xcc -I/Users/builder/builds/TDmZkXJm/1/finestructure/swiftpackageindex-builder/spi-builder-workspace/.derivedData/Build/Products/Debug-watchos/include -Xcc -I/Users/builder/builds/TDmZkXJm/1/finestructure/swiftpackageindex-builder/spi-builder-workspace/.derivedData/Build/Intermediates.noindex/composable-deep-link.build/Debug-watchos/ComposableDeepLink.build/DerivedSources-normal/armv7k -Xcc -I/Users/builder/builds/TDmZkXJm/1/finestructure/swiftpackageindex-builder/spi-builder-workspace/.derivedData/Build/Intermediates.noindex/composable-deep-link.build/Debug-watchos/ComposableDeepLink.build/DerivedSources/armv7k -Xcc -I/Users/builder/builds/TDmZkXJm/1/finestructure/swiftpackageindex-builder/spi-builder-workspace/.derivedData/Build/Intermediates.noindex/composable-deep-link.build/Debug-watchos/ComposableDeepLink.build/DerivedSources -Xcc -DSWIFT_PACKAGE -Xcc -DDEBUG\=1 -module-name ComposableDeepLink -frontend-parseable-output -disable-clang-spi -target-sdk-version 10.2 -target-sdk-name watchos10.2 -external-plugin-path /Applications/Xcode-15.2.0.app/Contents/Developer/Platforms/WatchOS.platform/Developer/SDKs/WatchOS10.2.sdk/usr/lib/swift/host/plugins\#/Applications/Xcode-15.2.0.app/Contents/Developer/Platforms/WatchOS.platform/Developer/SDKs/WatchOS10.2.sdk/usr/bin/swift-plugin-server -external-plugin-path /Applications/Xcode-15.2.0.app/Contents/Developer/Platforms/WatchOS.platform/Developer/SDKs/WatchOS10.2.sdk/usr/local/lib/swift/host/plugins\#/Applications/Xcode-15.2.0.app/Contents/Developer/Platforms/WatchOS.platform/Developer/SDKs/WatchOS10.2.sdk/usr/bin/swift-plugin-server -external-plugin-path /Applications/Xcode-15.2.0.app/Contents/Developer/Platforms/WatchOS.platform/Developer/usr/lib/swift/host/plugins\#/Applications/Xcode-15.2.0.app/Contents/Developer/Platforms/WatchOS.platform/Developer/usr/bin/swift-plugin-server -external-plugin-path /Applications/Xcode-15.2.0.app/Contents/Developer/Platforms/WatchOS.platform/Developer/usr/local/lib/swift/host/plugins\#/Applications/Xcode-15.2.0.app/Contents/Developer/Platforms/WatchOS.platform/Developer/usr/bin/swift-plugin-server -plugin-path /Applications/Xcode-15.2.0.app/Contents/Developer/Toolchains/XcodeDefault.xctoolchain/usr/lib/swift/host/plugins -plugin-path /Applications/Xcode-15.2.0.app/Contents/Developer/Toolchains/XcodeDefault.xctoolchain/usr/local/lib/swift/host/plugins -o /Users/builder/builds/TDmZkXJm/1/finestructure/swiftpackageindex-builder/spi-builder-workspace/.derivedData/Build/Intermediates.noindex/composable-deep-link.build/Debug-watchos/ComposableDeepLink.build/Objects-normal/armv7k/Handle.o -index-unit-output-path /composable-deep-link.build/Debug-watchos/ComposableDeepLink.build/Objects-normal/armv7k/Handle.o -index-store-path /Users/builder/builds/TDmZkXJm/1/finestructure/swiftpackageindex-builder/spi-builder-workspace/.derivedData/Index.noindex/DataStore -index-system-modules
SwiftCompile normal armv7k Compiling\ ArrayBuilder.swift /Users/builder/builds/TDmZkXJm/1/finestructure/swiftpackageindex-builder/spi-builder-workspace/Sources/ComposableDeepLink/Misc/ArrayBuilder.swift (in target 'ComposableDeepLink' from project 'composable-deep-link')
    cd /Users/builder/builds/TDmZkXJm/1/finestructure/swiftpackageindex-builder/spi-builder-workspace
    builtin-swiftTaskExecution -- /Applications/Xcode-15.2.0.app/Contents/Developer/Toolchains/XcodeDefault.xctoolchain/usr/bin/swift-frontend -frontend -c /Users/builder/builds/TDmZkXJm/1/finestructure/swiftpackageindex-builder/spi-builder-workspace/Sources/ComposableDeepLink/ComposableDeepLink.swift /Users/builder/builds/TDmZkXJm/1/finestructure/swiftpackageindex-builder/spi-builder-workspace/Sources/ComposableDeepLink/DeepLinkProcessing.swift /Users/builder/builds/TDmZkXJm/1/finestructure/swiftpackageindex-builder/spi-builder-workspace/Sources/ComposableDeepLink/Features/Handle.swift /Users/builder/builds/TDmZkXJm/1/finestructure/swiftpackageindex-builder/spi-builder-workspace/Sources/ComposableDeepLink/Features/Host.swift /Users/builder/builds/TDmZkXJm/1/finestructure/swiftpackageindex-builder/spi-builder-workspace/Sources/ComposableDeepLink/Features/Path.swift /Users/builder/builds/TDmZkXJm/1/finestructure/swiftpackageindex-builder/spi-builder-workspace/Sources/ComposableDeepLink/Features/Scheme.swift -primary-file /Users/builder/builds/TDmZkXJm/1/finestructure/swiftpackageindex-builder/spi-builder-workspace/Sources/ComposableDeepLink/Misc/ArrayBuilder.swift -emit-dependencies-path /Users/builder/builds/TDmZkXJm/1/finestructure/swiftpackageindex-builder/spi-builder-workspace/.derivedData/Build/Intermediates.noindex/composable-deep-link.build/Debug-watchos/ComposableDeepLink.build/Objects-normal/armv7k/ArrayBuilder.d -emit-const-values-path /Users/builder/builds/TDmZkXJm/1/finestructure/swiftpackageindex-builder/spi-builder-workspace/.derivedData/Build/Intermediates.noindex/composable-deep-link.build/Debug-watchos/ComposableDeepLink.build/Objects-normal/armv7k/ArrayBuilder.swiftconstvalues -emit-reference-dependencies-path /Users/builder/builds/TDmZkXJm/1/finestructure/swiftpackageindex-builder/spi-builder-workspace/.derivedData/Build/Intermediates.noindex/composable-deep-link.build/Debug-watchos/ComposableDeepLink.build/Objects-normal/armv7k/ArrayBuilder.swiftdeps -serialize-diagnostics-path /Users/builder/builds/TDmZkXJm/1/finestructure/swiftpackageindex-builder/spi-builder-workspace/.derivedData/Build/Intermediates.noindex/composable-deep-link.build/Debug-watchos/ComposableDeepLink.build/Objects-normal/armv7k/ArrayBuilder.dia -target armv7k-apple-watchos4.0 -enable-objc-interop -sdk /Applications/Xcode-15.2.0.app/Contents/Developer/Platforms/WatchOS.platform/Developer/SDKs/WatchOS10.2.sdk -I /Users/builder/builds/TDmZkXJm/1/finestructure/swiftpackageindex-builder/spi-builder-workspace/.derivedData/Build/Products/Debug-watchos -I /Applications/Xcode-15.2.0.app/Contents/Developer/Platforms/WatchOS.platform/Developer/usr/lib -F /Users/builder/builds/TDmZkXJm/1/finestructure/swiftpackageindex-builder/spi-builder-workspace/.derivedData/Build/Products/Debug-watchos -F /Applications/Xcode-15.2.0.app/Contents/Developer/Platforms/WatchOS.platform/Developer/Library/Frameworks -F /Applications/Xcode-15.2.0.app/Contents/Developer/Platforms/WatchOS.platform/Developer/SDKs/WatchOS10.2.sdk/Developer/Library/Frameworks -no-color-diagnostics -enable-testing -g -module-cache-path /Users/builder/builds/TDmZkXJm/1/finestructure/swiftpackageindex-builder/spi-builder-workspace/.derivedData/ModuleCache.noindex -profile-generate -profile-coverage-mapping -swift-version 5 -enforce-exclusivity\=checked -Onone -D SWIFT_PACKAGE -D DEBUG -D Xcode -serialize-debugging-options -package-name spi_builder_workspace -const-gather-protocols-file /Users/builder/builds/TDmZkXJm/1/finestructure/swiftpackageindex-builder/spi-builder-workspace/.derivedData/Build/Intermediates.noindex/composable-deep-link.build/Debug-watchos/ComposableDeepLink.build/Objects-normal/armv7k/ComposableDeepLink_const_extract_protocols.json -empty-abi-descriptor -validate-clang-modules-once -clang-build-session-file /Users/builder/builds/TDmZkXJm/1/finestructure/swiftpackageindex-builder/spi-builder-workspace/.derivedData/ModuleCache.noindex/Session.modulevalidation -Xcc -working-directory -Xcc /Users/builder/builds/TDmZkXJm/1/finestructure/swiftpackageindex-builder/spi-builder-workspace -resource-dir /Applications/Xcode-15.2.0.app/Contents/Developer/Toolchains/XcodeDefault.xctoolchain/usr/lib/swift -enable-anonymous-context-mangled-names -Xcc -ivfsstatcache -Xcc /Users/builder/builds/TDmZkXJm/1/finestructure/swiftpackageindex-builder/spi-builder-workspace/.derivedData/SDKStatCaches.noindex/watchos10.2-21S355-1a03c8d25fc3596eb74c01d649b42752.sdkstatcache -Xcc -I/Users/builder/builds/TDmZkXJm/1/finestructure/swiftpackageindex-builder/spi-builder-workspace/.derivedData/Build/Intermediates.noindex/composable-deep-link.build/Debug-watchos/ComposableDeepLink.build/swift-overrides.hmap -Xcc -I/Users/builder/builds/TDmZkXJm/1/finestructure/swiftpackageindex-builder/spi-builder-workspace/.derivedData/Build/Products/Debug-watchos/include -Xcc -I/Users/builder/builds/TDmZkXJm/1/finestructure/swiftpackageindex-builder/spi-builder-workspace/.derivedData/Build/Intermediates.noindex/composable-deep-link.build/Debug-watchos/ComposableDeepLink.build/DerivedSources-normal/armv7k -Xcc -I/Users/builder/builds/TDmZkXJm/1/finestructure/swiftpackageindex-builder/spi-builder-workspace/.derivedData/Build/Intermediates.noindex/composable-deep-link.build/Debug-watchos/ComposableDeepLink.build/DerivedSources/armv7k -Xcc -I/Users/builder/builds/TDmZkXJm/1/finestructure/swiftpackageindex-builder/spi-builder-workspace/.derivedData/Build/Intermediates.noindex/composable-deep-link.build/Debug-watchos/ComposableDeepLink.build/DerivedSources -Xcc -DSWIFT_PACKAGE -Xcc -DDEBUG\=1 -module-name ComposableDeepLink -frontend-parseable-output -disable-clang-spi -target-sdk-version 10.2 -target-sdk-name watchos10.2 -external-plugin-path /Applications/Xcode-15.2.0.app/Contents/Developer/Platforms/WatchOS.platform/Developer/SDKs/WatchOS10.2.sdk/usr/lib/swift/host/plugins\#/Applications/Xcode-15.2.0.app/Contents/Developer/Platforms/WatchOS.platform/Developer/SDKs/WatchOS10.2.sdk/usr/bin/swift-plugin-server -external-plugin-path /Applications/Xcode-15.2.0.app/Contents/Developer/Platforms/WatchOS.platform/Developer/SDKs/WatchOS10.2.sdk/usr/local/lib/swift/host/plugins\#/Applications/Xcode-15.2.0.app/Contents/Developer/Platforms/WatchOS.platform/Developer/SDKs/WatchOS10.2.sdk/usr/bin/swift-plugin-server -external-plugin-path /Applications/Xcode-15.2.0.app/Contents/Developer/Platforms/WatchOS.platform/Developer/usr/lib/swift/host/plugins\#/Applications/Xcode-15.2.0.app/Contents/Developer/Platforms/WatchOS.platform/Developer/usr/bin/swift-plugin-server -external-plugin-path /Applications/Xcode-15.2.0.app/Contents/Developer/Platforms/WatchOS.platform/Developer/usr/local/lib/swift/host/plugins\#/Applications/Xcode-15.2.0.app/Contents/Developer/Platforms/WatchOS.platform/Developer/usr/bin/swift-plugin-server -plugin-path /Applications/Xcode-15.2.0.app/Contents/Developer/Toolchains/XcodeDefault.xctoolchain/usr/lib/swift/host/plugins -plugin-path /Applications/Xcode-15.2.0.app/Contents/Developer/Toolchains/XcodeDefault.xctoolchain/usr/local/lib/swift/host/plugins -o /Users/builder/builds/TDmZkXJm/1/finestructure/swiftpackageindex-builder/spi-builder-workspace/.derivedData/Build/Intermediates.noindex/composable-deep-link.build/Debug-watchos/ComposableDeepLink.build/Objects-normal/armv7k/ArrayBuilder.o -index-unit-output-path /composable-deep-link.build/Debug-watchos/ComposableDeepLink.build/Objects-normal/armv7k/ArrayBuilder.o -index-store-path /Users/builder/builds/TDmZkXJm/1/finestructure/swiftpackageindex-builder/spi-builder-workspace/.derivedData/Index.noindex/DataStore -index-system-modules
SwiftCompile normal armv7k /Users/builder/builds/TDmZkXJm/1/finestructure/swiftpackageindex-builder/spi-builder-workspace/Sources/ComposableDeepLink/Misc/ArrayBuilder.swift (in target 'ComposableDeepLink' from project 'composable-deep-link')
    cd /Users/builder/builds/TDmZkXJm/1/finestructure/swiftpackageindex-builder/spi-builder-workspace
    /Applications/Xcode-15.2.0.app/Contents/Developer/Toolchains/XcodeDefault.xctoolchain/usr/bin/swift-frontend -c /Users/builder/builds/TDmZkXJm/1/finestructure/swiftpackageindex-builder/spi-builder-workspace/Sources/ComposableDeepLink/ComposableDeepLink.swift /Users/builder/builds/TDmZkXJm/1/finestructure/swiftpackageindex-builder/spi-builder-workspace/Sources/ComposableDeepLink/DeepLinkProcessing.swift /Users/builder/builds/TDmZkXJm/1/finestructure/swiftpackageindex-builder/spi-builder-workspace/Sources/ComposableDeepLink/Features/Handle.swift /Users/builder/builds/TDmZkXJm/1/finestructure/swiftpackageindex-builder/spi-builder-workspace/Sources/ComposableDeepLink/Features/Host.swift /Users/builder/builds/TDmZkXJm/1/finestructure/swiftpackageindex-builder/spi-builder-workspace/Sources/ComposableDeepLink/Features/Path.swift /Users/builder/builds/TDmZkXJm/1/finestructure/swiftpackageindex-builder/spi-builder-workspace/Sources/ComposableDeepLink/Features/Scheme.swift -primary-file /Users/builder/builds/TDmZkXJm/1/finestructure/swiftpackageindex-builder/spi-builder-workspace/Sources/ComposableDeepLink/Misc/ArrayBuilder.swift -emit-dependencies-path /Users/builder/builds/TDmZkXJm/1/finestructure/swiftpackageindex-builder/spi-builder-workspace/.derivedData/Build/Intermediates.noindex/composable-deep-link.build/Debug-watchos/ComposableDeepLink.build/Objects-normal/armv7k/ArrayBuilder.d -emit-const-values-path /Users/builder/builds/TDmZkXJm/1/finestructure/swiftpackageindex-builder/spi-builder-workspace/.derivedData/Build/Intermediates.noindex/composable-deep-link.build/Debug-watchos/ComposableDeepLink.build/Objects-normal/armv7k/ArrayBuilder.swiftconstvalues -emit-reference-dependencies-path /Users/builder/builds/TDmZkXJm/1/finestructure/swiftpackageindex-builder/spi-builder-workspace/.derivedData/Build/Intermediates.noindex/composable-deep-link.build/Debug-watchos/ComposableDeepLink.build/Objects-normal/armv7k/ArrayBuilder.swiftdeps -serialize-diagnostics-path /Users/builder/builds/TDmZkXJm/1/finestructure/swiftpackageindex-builder/spi-builder-workspace/.derivedData/Build/Intermediates.noindex/composable-deep-link.build/Debug-watchos/ComposableDeepLink.build/Objects-normal/armv7k/ArrayBuilder.dia -target armv7k-apple-watchos4.0 -enable-objc-interop -sdk /Applications/Xcode-15.2.0.app/Contents/Developer/Platforms/WatchOS.platform/Developer/SDKs/WatchOS10.2.sdk -I /Users/builder/builds/TDmZkXJm/1/finestructure/swiftpackageindex-builder/spi-builder-workspace/.derivedData/Build/Products/Debug-watchos -I /Applications/Xcode-15.2.0.app/Contents/Developer/Platforms/WatchOS.platform/Developer/usr/lib -F /Users/builder/builds/TDmZkXJm/1/finestructure/swiftpackageindex-builder/spi-builder-workspace/.derivedData/Build/Products/Debug-watchos -F /Applications/Xcode-15.2.0.app/Contents/Developer/Platforms/WatchOS.platform/Developer/Library/Frameworks -F /Applications/Xcode-15.2.0.app/Contents/Developer/Platforms/WatchOS.platform/Developer/SDKs/WatchOS10.2.sdk/Developer/Library/Frameworks -no-color-diagnostics -enable-testing -g -module-cache-path /Users/builder/builds/TDmZkXJm/1/finestructure/swiftpackageindex-builder/spi-builder-workspace/.derivedData/ModuleCache.noindex -profile-generate -profile-coverage-mapping -swift-version 5 -enforce-exclusivity\=checked -Onone -D SWIFT_PACKAGE -D DEBUG -D Xcode -serialize-debugging-options -package-name spi_builder_workspace -const-gather-protocols-file /Users/builder/builds/TDmZkXJm/1/finestructure/swiftpackageindex-builder/spi-builder-workspace/.derivedData/Build/Intermediates.noindex/composable-deep-link.build/Debug-watchos/ComposableDeepLink.build/Objects-normal/armv7k/ComposableDeepLink_const_extract_protocols.json -empty-abi-descriptor -validate-clang-modules-once -clang-build-session-file /Users/builder/builds/TDmZkXJm/1/finestructure/swiftpackageindex-builder/spi-builder-workspace/.derivedData/ModuleCache.noindex/Session.modulevalidation -Xcc -working-directory -Xcc /Users/builder/builds/TDmZkXJm/1/finestructure/swiftpackageindex-builder/spi-builder-workspace -resource-dir /Applications/Xcode-15.2.0.app/Contents/Developer/Toolchains/XcodeDefault.xctoolchain/usr/lib/swift -enable-anonymous-context-mangled-names -Xcc -ivfsstatcache -Xcc /Users/builder/builds/TDmZkXJm/1/finestructure/swiftpackageindex-builder/spi-builder-workspace/.derivedData/SDKStatCaches.noindex/watchos10.2-21S355-1a03c8d25fc3596eb74c01d649b42752.sdkstatcache -Xcc -I/Users/builder/builds/TDmZkXJm/1/finestructure/swiftpackageindex-builder/spi-builder-workspace/.derivedData/Build/Intermediates.noindex/composable-deep-link.build/Debug-watchos/ComposableDeepLink.build/swift-overrides.hmap -Xcc -I/Users/builder/builds/TDmZkXJm/1/finestructure/swiftpackageindex-builder/spi-builder-workspace/.derivedData/Build/Products/Debug-watchos/include -Xcc -I/Users/builder/builds/TDmZkXJm/1/finestructure/swiftpackageindex-builder/spi-builder-workspace/.derivedData/Build/Intermediates.noindex/composable-deep-link.build/Debug-watchos/ComposableDeepLink.build/DerivedSources-normal/armv7k -Xcc -I/Users/builder/builds/TDmZkXJm/1/finestructure/swiftpackageindex-builder/spi-builder-workspace/.derivedData/Build/Intermediates.noindex/composable-deep-link.build/Debug-watchos/ComposableDeepLink.build/DerivedSources/armv7k -Xcc -I/Users/builder/builds/TDmZkXJm/1/finestructure/swiftpackageindex-builder/spi-builder-workspace/.derivedData/Build/Intermediates.noindex/composable-deep-link.build/Debug-watchos/ComposableDeepLink.build/DerivedSources -Xcc -DSWIFT_PACKAGE -Xcc -DDEBUG\=1 -module-name ComposableDeepLink -frontend-parseable-output -disable-clang-spi -target-sdk-version 10.2 -target-sdk-name watchos10.2 -external-plugin-path /Applications/Xcode-15.2.0.app/Contents/Developer/Platforms/WatchOS.platform/Developer/SDKs/WatchOS10.2.sdk/usr/lib/swift/host/plugins\#/Applications/Xcode-15.2.0.app/Contents/Developer/Platforms/WatchOS.platform/Developer/SDKs/WatchOS10.2.sdk/usr/bin/swift-plugin-server -external-plugin-path /Applications/Xcode-15.2.0.app/Contents/Developer/Platforms/WatchOS.platform/Developer/SDKs/WatchOS10.2.sdk/usr/local/lib/swift/host/plugins\#/Applications/Xcode-15.2.0.app/Contents/Developer/Platforms/WatchOS.platform/Developer/SDKs/WatchOS10.2.sdk/usr/bin/swift-plugin-server -external-plugin-path /Applications/Xcode-15.2.0.app/Contents/Developer/Platforms/WatchOS.platform/Developer/usr/lib/swift/host/plugins\#/Applications/Xcode-15.2.0.app/Contents/Developer/Platforms/WatchOS.platform/Developer/usr/bin/swift-plugin-server -external-plugin-path /Applications/Xcode-15.2.0.app/Contents/Developer/Platforms/WatchOS.platform/Developer/usr/local/lib/swift/host/plugins\#/Applications/Xcode-15.2.0.app/Contents/Developer/Platforms/WatchOS.platform/Developer/usr/bin/swift-plugin-server -plugin-path /Applications/Xcode-15.2.0.app/Contents/Developer/Toolchains/XcodeDefault.xctoolchain/usr/lib/swift/host/plugins -plugin-path /Applications/Xcode-15.2.0.app/Contents/Developer/Toolchains/XcodeDefault.xctoolchain/usr/local/lib/swift/host/plugins -o /Users/builder/builds/TDmZkXJm/1/finestructure/swiftpackageindex-builder/spi-builder-workspace/.derivedData/Build/Intermediates.noindex/composable-deep-link.build/Debug-watchos/ComposableDeepLink.build/Objects-normal/armv7k/ArrayBuilder.o -index-unit-output-path /composable-deep-link.build/Debug-watchos/ComposableDeepLink.build/Objects-normal/armv7k/ArrayBuilder.o -index-store-path /Users/builder/builds/TDmZkXJm/1/finestructure/swiftpackageindex-builder/spi-builder-workspace/.derivedData/Index.noindex/DataStore -index-system-modules
SwiftEmitModule normal armv7k Emitting\ module\ for\ ComposableDeepLink (in target 'ComposableDeepLink' from project 'composable-deep-link')
    cd /Users/builder/builds/TDmZkXJm/1/finestructure/swiftpackageindex-builder/spi-builder-workspace
    builtin-swiftTaskExecution -- /Applications/Xcode-15.2.0.app/Contents/Developer/Toolchains/XcodeDefault.xctoolchain/usr/bin/swift-frontend -frontend -emit-module -experimental-skip-non-inlinable-function-bodies-without-types /Users/builder/builds/TDmZkXJm/1/finestructure/swiftpackageindex-builder/spi-builder-workspace/Sources/ComposableDeepLink/ComposableDeepLink.swift /Users/builder/builds/TDmZkXJm/1/finestructure/swiftpackageindex-builder/spi-builder-workspace/Sources/ComposableDeepLink/DeepLinkProcessing.swift /Users/builder/builds/TDmZkXJm/1/finestructure/swiftpackageindex-builder/spi-builder-workspace/Sources/ComposableDeepLink/Features/Handle.swift /Users/builder/builds/TDmZkXJm/1/finestructure/swiftpackageindex-builder/spi-builder-workspace/Sources/ComposableDeepLink/Features/Host.swift /Users/builder/builds/TDmZkXJm/1/finestructure/swiftpackageindex-builder/spi-builder-workspace/Sources/ComposableDeepLink/Features/Path.swift /Users/builder/builds/TDmZkXJm/1/finestructure/swiftpackageindex-builder/spi-builder-workspace/Sources/ComposableDeepLink/Features/Scheme.swift /Users/builder/builds/TDmZkXJm/1/finestructure/swiftpackageindex-builder/spi-builder-workspace/Sources/ComposableDeepLink/Misc/ArrayBuilder.swift -target armv7k-apple-watchos4.0 -enable-objc-interop -sdk /Applications/Xcode-15.2.0.app/Contents/Developer/Platforms/WatchOS.platform/Developer/SDKs/WatchOS10.2.sdk -I /Users/builder/builds/TDmZkXJm/1/finestructure/swiftpackageindex-builder/spi-builder-workspace/.derivedData/Build/Products/Debug-watchos -I /Applications/Xcode-15.2.0.app/Contents/Developer/Platforms/WatchOS.platform/Developer/usr/lib -F /Users/builder/builds/TDmZkXJm/1/finestructure/swiftpackageindex-builder/spi-builder-workspace/.derivedData/Build/Products/Debug-watchos -F /Applications/Xcode-15.2.0.app/Contents/Developer/Platforms/WatchOS.platform/Developer/Library/Frameworks -F /Applications/Xcode-15.2.0.app/Contents/Developer/Platforms/WatchOS.platform/Developer/SDKs/WatchOS10.2.sdk/Developer/Library/Frameworks -no-color-diagnostics -enable-testing -g -module-cache-path /Users/builder/builds/TDmZkXJm/1/finestructure/swiftpackageindex-builder/spi-builder-workspace/.derivedData/ModuleCache.noindex -profile-generate -profile-coverage-mapping -swift-version 5 -enforce-exclusivity\=checked -Onone -D SWIFT_PACKAGE -D DEBUG -D Xcode -serialize-debugging-options -package-name spi_builder_workspace -const-gather-protocols-file /Users/builder/builds/TDmZkXJm/1/finestructure/swiftpackageindex-builder/spi-builder-workspace/.derivedData/Build/Intermediates.noindex/composable-deep-link.build/Debug-watchos/ComposableDeepLink.build/Objects-normal/armv7k/ComposableDeepLink_const_extract_protocols.json -empty-abi-descriptor -validate-clang-modules-once -clang-build-session-file /Users/builder/builds/TDmZkXJm/1/finestructure/swiftpackageindex-builder/spi-builder-workspace/.derivedData/ModuleCache.noindex/Session.modulevalidation -Xcc -working-directory -Xcc /Users/builder/builds/TDmZkXJm/1/finestructure/swiftpackageindex-builder/spi-builder-workspace -resource-dir /Applications/Xcode-15.2.0.app/Contents/Developer/Toolchains/XcodeDefault.xctoolchain/usr/lib/swift -enable-anonymous-context-mangled-names -Xcc -ivfsstatcache -Xcc /Users/builder/builds/TDmZkXJm/1/finestructure/swiftpackageindex-builder/spi-builder-workspace/.derivedData/SDKStatCaches.noindex/watchos10.2-21S355-1a03c8d25fc3596eb74c01d649b42752.sdkstatcache -Xcc -I/Users/builder/builds/TDmZkXJm/1/finestructure/swiftpackageindex-builder/spi-builder-workspace/.derivedData/Build/Intermediates.noindex/composable-deep-link.build/Debug-watchos/ComposableDeepLink.build/swift-overrides.hmap -Xcc -I/Users/builder/builds/TDmZkXJm/1/finestructure/swiftpackageindex-builder/spi-builder-workspace/.derivedData/Build/Products/Debug-watchos/include -Xcc -I/Users/builder/builds/TDmZkXJm/1/finestructure/swiftpackageindex-builder/spi-builder-workspace/.derivedData/Build/Intermediates.noindex/composable-deep-link.build/Debug-watchos/ComposableDeepLink.build/DerivedSources-normal/armv7k -Xcc -I/Users/builder/builds/TDmZkXJm/1/finestructure/swiftpackageindex-builder/spi-builder-workspace/.derivedData/Build/Intermediates.noindex/composable-deep-link.build/Debug-watchos/ComposableDeepLink.build/DerivedSources/armv7k -Xcc -I/Users/builder/builds/TDmZkXJm/1/finestructure/swiftpackageindex-builder/spi-builder-workspace/.derivedData/Build/Intermediates.noindex/composable-deep-link.build/Debug-watchos/ComposableDeepLink.build/DerivedSources -Xcc -DSWIFT_PACKAGE -Xcc -DDEBUG\=1 -module-name ComposableDeepLink -disable-clang-spi -target-sdk-version 10.2 -target-sdk-name watchos10.2 -external-plugin-path /Applications/Xcode-15.2.0.app/Contents/Developer/Platforms/WatchOS.platform/Developer/SDKs/WatchOS10.2.sdk/usr/lib/swift/host/plugins\#/Applications/Xcode-15.2.0.app/Contents/Developer/Platforms/WatchOS.platform/Developer/SDKs/WatchOS10.2.sdk/usr/bin/swift-plugin-server -external-plugin-path /Applications/Xcode-15.2.0.app/Contents/Developer/Platforms/WatchOS.platform/Developer/SDKs/WatchOS10.2.sdk/usr/local/lib/swift/host/plugins\#/Applications/Xcode-15.2.0.app/Contents/Developer/Platforms/WatchOS.platform/Developer/SDKs/WatchOS10.2.sdk/usr/bin/swift-plugin-server -external-plugin-path /Applications/Xcode-15.2.0.app/Contents/Developer/Platforms/WatchOS.platform/Developer/usr/lib/swift/host/plugins\#/Applications/Xcode-15.2.0.app/Contents/Developer/Platforms/WatchOS.platform/Developer/usr/bin/swift-plugin-server -external-plugin-path /Applications/Xcode-15.2.0.app/Contents/Developer/Platforms/WatchOS.platform/Developer/usr/local/lib/swift/host/plugins\#/Applications/Xcode-15.2.0.app/Contents/Developer/Platforms/WatchOS.platform/Developer/usr/bin/swift-plugin-server -plugin-path /Applications/Xcode-15.2.0.app/Contents/Developer/Toolchains/XcodeDefault.xctoolchain/usr/lib/swift/host/plugins -plugin-path /Applications/Xcode-15.2.0.app/Contents/Developer/Toolchains/XcodeDefault.xctoolchain/usr/local/lib/swift/host/plugins -emit-module-doc-path /Users/builder/builds/TDmZkXJm/1/finestructure/swiftpackageindex-builder/spi-builder-workspace/.derivedData/Build/Intermediates.noindex/composable-deep-link.build/Debug-watchos/ComposableDeepLink.build/Objects-normal/armv7k/ComposableDeepLink.swiftdoc -emit-module-source-info-path /Users/builder/builds/TDmZkXJm/1/finestructure/swiftpackageindex-builder/spi-builder-workspace/.derivedData/Build/Intermediates.noindex/composable-deep-link.build/Debug-watchos/ComposableDeepLink.build/Objects-normal/armv7k/ComposableDeepLink.swiftsourceinfo -emit-objc-header-path /Users/builder/builds/TDmZkXJm/1/finestructure/swiftpackageindex-builder/spi-builder-workspace/.derivedData/Build/Intermediates.noindex/composable-deep-link.build/Debug-watchos/ComposableDeepLink.build/Objects-normal/armv7k/ComposableDeepLink-Swift.h -serialize-diagnostics-path /Users/builder/builds/TDmZkXJm/1/finestructure/swiftpackageindex-builder/spi-builder-workspace/.derivedData/Build/Intermediates.noindex/composable-deep-link.build/Debug-watchos/ComposableDeepLink.build/Objects-normal/armv7k/ComposableDeepLink-master-emit-module.dia -emit-dependencies-path /Users/builder/builds/TDmZkXJm/1/finestructure/swiftpackageindex-builder/spi-builder-workspace/.derivedData/Build/Intermediates.noindex/composable-deep-link.build/Debug-watchos/ComposableDeepLink.build/Objects-normal/armv7k/ComposableDeepLink-master-emit-module.d -o /Users/builder/builds/TDmZkXJm/1/finestructure/swiftpackageindex-builder/spi-builder-workspace/.derivedData/Build/Intermediates.noindex/composable-deep-link.build/Debug-watchos/ComposableDeepLink.build/Objects-normal/armv7k/ComposableDeepLink.swiftmodule -emit-abi-descriptor-path /Users/builder/builds/TDmZkXJm/1/finestructure/swiftpackageindex-builder/spi-builder-workspace/.derivedData/Build/Intermediates.noindex/composable-deep-link.build/Debug-watchos/ComposableDeepLink.build/Objects-normal/armv7k/ComposableDeepLink.abi.json
Command SwiftEmitModule failed with a nonzero exit code
Resolve Package Graph
** BUILD FAILED **
The following build commands failed:
	SwiftEmitModule normal arm64_32 Emitting\ module\ for\ ComposableDeepLink (in target 'ComposableDeepLink' from project 'composable-deep-link')
	SwiftEmitModule normal arm64 Emitting\ module\ for\ ComposableDeepLink (in target 'ComposableDeepLink' from project 'composable-deep-link')
	SwiftEmitModule normal armv7k Emitting\ module\ for\ ComposableDeepLink (in target 'ComposableDeepLink' from project 'composable-deep-link')
(3 failures)
Command line invocation:
    /Applications/Xcode-15.2.0.app/Contents/Developer/usr/bin/xcodebuild -IDEClonedSourcePackagesDirPathOverride=/Users/builder/builds/TDmZkXJm/1/finestructure/swiftpackageindex-builder/spi-builder-workspace/.dependencies -skipMacroValidation -skipPackagePluginValidation -derivedDataPath /Users/builder/builds/TDmZkXJm/1/finestructure/swiftpackageindex-builder/spi-builder-workspace/.derivedData build -scheme composable-deep-link -destination generic/platform=watchos
User defaults from command line:
    IDEClonedSourcePackagesDirPathOverride = /Users/builder/builds/TDmZkXJm/1/finestructure/swiftpackageindex-builder/spi-builder-workspace/.dependencies
    IDEDerivedDataPathOverride = /Users/builder/builds/TDmZkXJm/1/finestructure/swiftpackageindex-builder/spi-builder-workspace/.derivedData
    IDEPackageSupportUseBuiltinSCM = YES
Resolve Package Graph
Resolved source packages:
  composable-deep-link: /Users/builder/builds/TDmZkXJm/1/finestructure/swiftpackageindex-builder/spi-builder-workspace
Prepare packages
ComputeTargetDependencyGraph
note: Building targets in dependency order
note: Target dependency graph (3 targets)
    Target 'ComposableDeepLinkTests' in project 'composable-deep-link'
        ➜ Explicit dependency on target 'ComposableDeepLink' in project 'composable-deep-link'
    Target 'ComposableDeepLink' in project 'composable-deep-link'
        ➜ Explicit dependency on target 'ComposableDeepLink' in project 'composable-deep-link'
    Target 'ComposableDeepLink' in project 'composable-deep-link' (no dependencies)
GatherProvisioningInputs
CreateBuildDescription
Build description signature: 175f838d1b5af7f14d62a07cc4036007
Build description path: /Users/builder/builds/TDmZkXJm/1/finestructure/swiftpackageindex-builder/spi-builder-workspace/.derivedData/Build/Intermediates.noindex/XCBuildData/175f838d1b5af7f14d62a07cc4036007.xcbuilddata
ClangStatCache /Applications/Xcode-15.2.0.app/Contents/Developer/Toolchains/XcodeDefault.xctoolchain/usr/bin/clang-stat-cache /Applications/Xcode-15.2.0.app/Contents/Developer/Platforms/WatchOS.platform/Developer/SDKs/WatchOS10.2.sdk /Users/builder/builds/TDmZkXJm/1/finestructure/swiftpackageindex-builder/spi-builder-workspace/.derivedData/SDKStatCaches.noindex/watchos10.2-21S355-1a03c8d25fc3596eb74c01d649b42752.sdkstatcache
    cd /Users/builder/builds/TDmZkXJm/1/finestructure/swiftpackageindex-builder/spi-builder-workspace/.swiftpm/xcode
    /Applications/Xcode-15.2.0.app/Contents/Developer/Toolchains/XcodeDefault.xctoolchain/usr/bin/clang-stat-cache /Applications/Xcode-15.2.0.app/Contents/Developer/Platforms/WatchOS.platform/Developer/SDKs/WatchOS10.2.sdk -o /Users/builder/builds/TDmZkXJm/1/finestructure/swiftpackageindex-builder/spi-builder-workspace/.derivedData/SDKStatCaches.noindex/watchos10.2-21S355-1a03c8d25fc3596eb74c01d649b42752.sdkstatcache
SwiftDriver ComposableDeepLink normal arm64 com.apple.xcode.tools.swift.compiler (in target 'ComposableDeepLink' from project 'composable-deep-link')
    cd /Users/builder/builds/TDmZkXJm/1/finestructure/swiftpackageindex-builder/spi-builder-workspace
    builtin-SwiftDriver -- /Applications/Xcode-15.2.0.app/Contents/Developer/Toolchains/XcodeDefault.xctoolchain/usr/bin/swiftc -module-name ComposableDeepLink -Onone -enforce-exclusivity\=checked @/Users/builder/builds/TDmZkXJm/1/finestructure/swiftpackageindex-builder/spi-builder-workspace/.derivedData/Build/Intermediates.noindex/composable-deep-link.build/Debug-watchos/ComposableDeepLink.build/Objects-normal/arm64/ComposableDeepLink.SwiftFileList -DSWIFT_PACKAGE -DDEBUG -DXcode -sdk /Applications/Xcode-15.2.0.app/Contents/Developer/Platforms/WatchOS.platform/Developer/SDKs/WatchOS10.2.sdk -target arm64-apple-watchos4.0 -g -module-cache-path /Users/builder/builds/TDmZkXJm/1/finestructure/swiftpackageindex-builder/spi-builder-workspace/.derivedData/ModuleCache.noindex -Xfrontend -serialize-debugging-options -profile-coverage-mapping -profile-generate -enable-testing -index-store-path /Users/builder/builds/TDmZkXJm/1/finestructure/swiftpackageindex-builder/spi-builder-workspace/.derivedData/Index.noindex/DataStore -swift-version 5 -I /Users/builder/builds/TDmZkXJm/1/finestructure/swiftpackageindex-builder/spi-builder-workspace/.derivedData/Build/Products/Debug-watchos -I /Applications/Xcode-15.2.0.app/Contents/Developer/Platforms/WatchOS.platform/Developer/usr/lib -F /Users/builder/builds/TDmZkXJm/1/finestructure/swiftpackageindex-builder/spi-builder-workspace/.derivedData/Build/Products/Debug-watchos -F /Applications/Xcode-15.2.0.app/Contents/Developer/Platforms/WatchOS.platform/Developer/Library/Frameworks -F /Applications/Xcode-15.2.0.app/Contents/Developer/Platforms/WatchOS.platform/Developer/SDKs/WatchOS10.2.sdk/Developer/Library/Frameworks -c -j8 -enable-batch-mode -incremental -Xcc -ivfsstatcache -Xcc /Users/builder/builds/TDmZkXJm/1/finestructure/swiftpackageindex-builder/spi-builder-workspace/.derivedData/SDKStatCaches.noindex/watchos10.2-21S355-1a03c8d25fc3596eb74c01d649b42752.sdkstatcache -output-file-map /Users/builder/builds/TDmZkXJm/1/finestructure/swiftpackageindex-builder/spi-builder-workspace/.derivedData/Build/Intermediates.noindex/composable-deep-link.build/Debug-watchos/ComposableDeepLink.build/Objects-normal/arm64/ComposableDeepLink-OutputFileMap.json -use-frontend-parseable-output -save-temps -no-color-diagnostics -serialize-diagnostics -emit-dependencies -emit-module -emit-module-path /Users/builder/builds/TDmZkXJm/1/finestructure/swiftpackageindex-builder/spi-builder-workspace/.derivedData/Build/Intermediates.noindex/composable-deep-link.build/Debug-watchos/ComposableDeepLink.build/Objects-normal/arm64/ComposableDeepLink.swiftmodule -validate-clang-modules-once -clang-build-session-file /Users/builder/builds/TDmZkXJm/1/finestructure/swiftpackageindex-builder/spi-builder-workspace/.derivedData/ModuleCache.noindex/Session.modulevalidation -Xfrontend -package-name -Xfrontend spi_builder_workspace -Xcc -I/Users/builder/builds/TDmZkXJm/1/finestructure/swiftpackageindex-builder/spi-builder-workspace/.derivedData/Build/Intermediates.noindex/composable-deep-link.build/Debug-watchos/ComposableDeepLink.build/swift-overrides.hmap -emit-const-values -Xfrontend -const-gather-protocols-file -Xfrontend /Users/builder/builds/TDmZkXJm/1/finestructure/swiftpackageindex-builder/spi-builder-workspace/.derivedData/Build/Intermediates.noindex/composable-deep-link.build/Debug-watchos/ComposableDeepLink.build/Objects-normal/arm64/ComposableDeepLink_const_extract_protocols.json -Xcc -I/Users/builder/builds/TDmZkXJm/1/finestructure/swiftpackageindex-builder/spi-builder-workspace/.derivedData/Build/Products/Debug-watchos/include -Xcc -I/Users/builder/builds/TDmZkXJm/1/finestructure/swiftpackageindex-builder/spi-builder-workspace/.derivedData/Build/Intermediates.noindex/composable-deep-link.build/Debug-watchos/ComposableDeepLink.build/DerivedSources-normal/arm64 -Xcc -I/Users/builder/builds/TDmZkXJm/1/finestructure/swiftpackageindex-builder/spi-builder-workspace/.derivedData/Build/Intermediates.noindex/composable-deep-link.build/Debug-watchos/ComposableDeepLink.build/DerivedSources/arm64 -Xcc -I/Users/builder/builds/TDmZkXJm/1/finestructure/swiftpackageindex-builder/spi-builder-workspace/.derivedData/Build/Intermediates.noindex/composable-deep-link.build/Debug-watchos/ComposableDeepLink.build/DerivedSources -Xcc -DSWIFT_PACKAGE -Xcc -DDEBUG\=1 -emit-objc-header -emit-objc-header-path /Users/builder/builds/TDmZkXJm/1/finestructure/swiftpackageindex-builder/spi-builder-workspace/.derivedData/Build/Intermediates.noindex/composable-deep-link.build/Debug-watchos/ComposableDeepLink.build/Objects-normal/arm64/ComposableDeepLink-Swift.h -working-directory /Users/builder/builds/TDmZkXJm/1/finestructure/swiftpackageindex-builder/spi-builder-workspace -experimental-emit-module-separately -disable-cmo
SwiftDriver ComposableDeepLink normal armv7k com.apple.xcode.tools.swift.compiler (in target 'ComposableDeepLink' from project 'composable-deep-link')
    cd /Users/builder/builds/TDmZkXJm/1/finestructure/swiftpackageindex-builder/spi-builder-workspace
    builtin-SwiftDriver -- /Applications/Xcode-15.2.0.app/Contents/Developer/Toolchains/XcodeDefault.xctoolchain/usr/bin/swiftc -module-name ComposableDeepLink -Onone -enforce-exclusivity\=checked @/Users/builder/builds/TDmZkXJm/1/finestructure/swiftpackageindex-builder/spi-builder-workspace/.derivedData/Build/Intermediates.noindex/composable-deep-link.build/Debug-watchos/ComposableDeepLink.build/Objects-normal/armv7k/ComposableDeepLink.SwiftFileList -DSWIFT_PACKAGE -DDEBUG -DXcode -sdk /Applications/Xcode-15.2.0.app/Contents/Developer/Platforms/WatchOS.platform/Developer/SDKs/WatchOS10.2.sdk -target armv7k-apple-watchos4.0 -g -module-cache-path /Users/builder/builds/TDmZkXJm/1/finestructure/swiftpackageindex-builder/spi-builder-workspace/.derivedData/ModuleCache.noindex -Xfrontend -serialize-debugging-options -profile-coverage-mapping -profile-generate -enable-testing -index-store-path /Users/builder/builds/TDmZkXJm/1/finestructure/swiftpackageindex-builder/spi-builder-workspace/.derivedData/Index.noindex/DataStore -swift-version 5 -I /Users/builder/builds/TDmZkXJm/1/finestructure/swiftpackageindex-builder/spi-builder-workspace/.derivedData/Build/Products/Debug-watchos -I /Applications/Xcode-15.2.0.app/Contents/Developer/Platforms/WatchOS.platform/Developer/usr/lib -F /Users/builder/builds/TDmZkXJm/1/finestructure/swiftpackageindex-builder/spi-builder-workspace/.derivedData/Build/Products/Debug-watchos -F /Applications/Xcode-15.2.0.app/Contents/Developer/Platforms/WatchOS.platform/Developer/Library/Frameworks -F /Applications/Xcode-15.2.0.app/Contents/Developer/Platforms/WatchOS.platform/Developer/SDKs/WatchOS10.2.sdk/Developer/Library/Frameworks -c -j8 -enable-batch-mode -incremental -Xcc -ivfsstatcache -Xcc /Users/builder/builds/TDmZkXJm/1/finestructure/swiftpackageindex-builder/spi-builder-workspace/.derivedData/SDKStatCaches.noindex/watchos10.2-21S355-1a03c8d25fc3596eb74c01d649b42752.sdkstatcache -output-file-map /Users/builder/builds/TDmZkXJm/1/finestructure/swiftpackageindex-builder/spi-builder-workspace/.derivedData/Build/Intermediates.noindex/composable-deep-link.build/Debug-watchos/ComposableDeepLink.build/Objects-normal/armv7k/ComposableDeepLink-OutputFileMap.json -use-frontend-parseable-output -save-temps -no-color-diagnostics -serialize-diagnostics -emit-dependencies -emit-module -emit-module-path /Users/builder/builds/TDmZkXJm/1/finestructure/swiftpackageindex-builder/spi-builder-workspace/.derivedData/Build/Intermediates.noindex/composable-deep-link.build/Debug-watchos/ComposableDeepLink.build/Objects-normal/armv7k/ComposableDeepLink.swiftmodule -validate-clang-modules-once -clang-build-session-file /Users/builder/builds/TDmZkXJm/1/finestructure/swiftpackageindex-builder/spi-builder-workspace/.derivedData/ModuleCache.noindex/Session.modulevalidation -Xfrontend -package-name -Xfrontend spi_builder_workspace -Xcc -I/Users/builder/builds/TDmZkXJm/1/finestructure/swiftpackageindex-builder/spi-builder-workspace/.derivedData/Build/Intermediates.noindex/composable-deep-link.build/Debug-watchos/ComposableDeepLink.build/swift-overrides.hmap -emit-const-values -Xfrontend -const-gather-protocols-file -Xfrontend /Users/builder/builds/TDmZkXJm/1/finestructure/swiftpackageindex-builder/spi-builder-workspace/.derivedData/Build/Intermediates.noindex/composable-deep-link.build/Debug-watchos/ComposableDeepLink.build/Objects-normal/armv7k/ComposableDeepLink_const_extract_protocols.json -Xcc -I/Users/builder/builds/TDmZkXJm/1/finestructure/swiftpackageindex-builder/spi-builder-workspace/.derivedData/Build/Products/Debug-watchos/include -Xcc -I/Users/builder/builds/TDmZkXJm/1/finestructure/swiftpackageindex-builder/spi-builder-workspace/.derivedData/Build/Intermediates.noindex/composable-deep-link.build/Debug-watchos/ComposableDeepLink.build/DerivedSources-normal/armv7k -Xcc -I/Users/builder/builds/TDmZkXJm/1/finestructure/swiftpackageindex-builder/spi-builder-workspace/.derivedData/Build/Intermediates.noindex/composable-deep-link.build/Debug-watchos/ComposableDeepLink.build/DerivedSources/armv7k -Xcc -I/Users/builder/builds/TDmZkXJm/1/finestructure/swiftpackageindex-builder/spi-builder-workspace/.derivedData/Build/Intermediates.noindex/composable-deep-link.build/Debug-watchos/ComposableDeepLink.build/DerivedSources -Xcc -DSWIFT_PACKAGE -Xcc -DDEBUG\=1 -emit-objc-header -emit-objc-header-path /Users/builder/builds/TDmZkXJm/1/finestructure/swiftpackageindex-builder/spi-builder-workspace/.derivedData/Build/Intermediates.noindex/composable-deep-link.build/Debug-watchos/ComposableDeepLink.build/Objects-normal/armv7k/ComposableDeepLink-Swift.h -working-directory /Users/builder/builds/TDmZkXJm/1/finestructure/swiftpackageindex-builder/spi-builder-workspace -experimental-emit-module-separately -disable-cmo
SwiftDriver ComposableDeepLink normal arm64_32 com.apple.xcode.tools.swift.compiler (in target 'ComposableDeepLink' from project 'composable-deep-link')
    cd /Users/builder/builds/TDmZkXJm/1/finestructure/swiftpackageindex-builder/spi-builder-workspace
    builtin-SwiftDriver -- /Applications/Xcode-15.2.0.app/Contents/Developer/Toolchains/XcodeDefault.xctoolchain/usr/bin/swiftc -module-name ComposableDeepLink -Onone -enforce-exclusivity\=checked @/Users/builder/builds/TDmZkXJm/1/finestructure/swiftpackageindex-builder/spi-builder-workspace/.derivedData/Build/Intermediates.noindex/composable-deep-link.build/Debug-watchos/ComposableDeepLink.build/Objects-normal/arm64_32/ComposableDeepLink.SwiftFileList -DSWIFT_PACKAGE -DDEBUG -DXcode -sdk /Applications/Xcode-15.2.0.app/Contents/Developer/Platforms/WatchOS.platform/Developer/SDKs/WatchOS10.2.sdk -target arm64_32-apple-watchos4.0 -g -module-cache-path /Users/builder/builds/TDmZkXJm/1/finestructure/swiftpackageindex-builder/spi-builder-workspace/.derivedData/ModuleCache.noindex -Xfrontend -serialize-debugging-options -profile-coverage-mapping -profile-generate -enable-testing -index-store-path /Users/builder/builds/TDmZkXJm/1/finestructure/swiftpackageindex-builder/spi-builder-workspace/.derivedData/Index.noindex/DataStore -swift-version 5 -I /Users/builder/builds/TDmZkXJm/1/finestructure/swiftpackageindex-builder/spi-builder-workspace/.derivedData/Build/Products/Debug-watchos -I /Applications/Xcode-15.2.0.app/Contents/Developer/Platforms/WatchOS.platform/Developer/usr/lib -F /Users/builder/builds/TDmZkXJm/1/finestructure/swiftpackageindex-builder/spi-builder-workspace/.derivedData/Build/Products/Debug-watchos -F /Applications/Xcode-15.2.0.app/Contents/Developer/Platforms/WatchOS.platform/Developer/Library/Frameworks -F /Applications/Xcode-15.2.0.app/Contents/Developer/Platforms/WatchOS.platform/Developer/SDKs/WatchOS10.2.sdk/Developer/Library/Frameworks -c -j8 -enable-batch-mode -incremental -Xcc -ivfsstatcache -Xcc /Users/builder/builds/TDmZkXJm/1/finestructure/swiftpackageindex-builder/spi-builder-workspace/.derivedData/SDKStatCaches.noindex/watchos10.2-21S355-1a03c8d25fc3596eb74c01d649b42752.sdkstatcache -output-file-map /Users/builder/builds/TDmZkXJm/1/finestructure/swiftpackageindex-builder/spi-builder-workspace/.derivedData/Build/Intermediates.noindex/composable-deep-link.build/Debug-watchos/ComposableDeepLink.build/Objects-normal/arm64_32/ComposableDeepLink-OutputFileMap.json -use-frontend-parseable-output -save-temps -no-color-diagnostics -serialize-diagnostics -emit-dependencies -emit-module -emit-module-path /Users/builder/builds/TDmZkXJm/1/finestructure/swiftpackageindex-builder/spi-builder-workspace/.derivedData/Build/Intermediates.noindex/composable-deep-link.build/Debug-watchos/ComposableDeepLink.build/Objects-normal/arm64_32/ComposableDeepLink.swiftmodule -validate-clang-modules-once -clang-build-session-file /Users/builder/builds/TDmZkXJm/1/finestructure/swiftpackageindex-builder/spi-builder-workspace/.derivedData/ModuleCache.noindex/Session.modulevalidation -Xfrontend -package-name -Xfrontend spi_builder_workspace -Xcc -I/Users/builder/builds/TDmZkXJm/1/finestructure/swiftpackageindex-builder/spi-builder-workspace/.derivedData/Build/Intermediates.noindex/composable-deep-link.build/Debug-watchos/ComposableDeepLink.build/swift-overrides.hmap -emit-const-values -Xfrontend -const-gather-protocols-file -Xfrontend /Users/builder/builds/TDmZkXJm/1/finestructure/swiftpackageindex-builder/spi-builder-workspace/.derivedData/Build/Intermediates.noindex/composable-deep-link.build/Debug-watchos/ComposableDeepLink.build/Objects-normal/arm64_32/ComposableDeepLink_const_extract_protocols.json -Xcc -I/Users/builder/builds/TDmZkXJm/1/finestructure/swiftpackageindex-builder/spi-builder-workspace/.derivedData/Build/Products/Debug-watchos/include -Xcc -I/Users/builder/builds/TDmZkXJm/1/finestructure/swiftpackageindex-builder/spi-builder-workspace/.derivedData/Build/Intermediates.noindex/composable-deep-link.build/Debug-watchos/ComposableDeepLink.build/DerivedSources-normal/arm64_32 -Xcc -I/Users/builder/builds/TDmZkXJm/1/finestructure/swiftpackageindex-builder/spi-builder-workspace/.derivedData/Build/Intermediates.noindex/composable-deep-link.build/Debug-watchos/ComposableDeepLink.build/DerivedSources/arm64_32 -Xcc -I/Users/builder/builds/TDmZkXJm/1/finestructure/swiftpackageindex-builder/spi-builder-workspace/.derivedData/Build/Intermediates.noindex/composable-deep-link.build/Debug-watchos/ComposableDeepLink.build/DerivedSources -Xcc -DSWIFT_PACKAGE -Xcc -DDEBUG\=1 -emit-objc-header -emit-objc-header-path /Users/builder/builds/TDmZkXJm/1/finestructure/swiftpackageindex-builder/spi-builder-workspace/.derivedData/Build/Intermediates.noindex/composable-deep-link.build/Debug-watchos/ComposableDeepLink.build/Objects-normal/arm64_32/ComposableDeepLink-Swift.h -working-directory /Users/builder/builds/TDmZkXJm/1/finestructure/swiftpackageindex-builder/spi-builder-workspace -experimental-emit-module-separately -disable-cmo
SwiftCompile normal arm64_32 Compiling\ Scheme.swift /Users/builder/builds/TDmZkXJm/1/finestructure/swiftpackageindex-builder/spi-builder-workspace/Sources/ComposableDeepLink/Features/Scheme.swift (in target 'ComposableDeepLink' from project 'composable-deep-link')
    cd /Users/builder/builds/TDmZkXJm/1/finestructure/swiftpackageindex-builder/spi-builder-workspace
    builtin-swiftTaskExecution -- /Applications/Xcode-15.2.0.app/Contents/Developer/Toolchains/XcodeDefault.xctoolchain/usr/bin/swift-frontend -frontend -c /Users/builder/builds/TDmZkXJm/1/finestructure/swiftpackageindex-builder/spi-builder-workspace/Sources/ComposableDeepLink/ComposableDeepLink.swift /Users/builder/builds/TDmZkXJm/1/finestructure/swiftpackageindex-builder/spi-builder-workspace/Sources/ComposableDeepLink/DeepLinkProcessing.swift /Users/builder/builds/TDmZkXJm/1/finestructure/swiftpackageindex-builder/spi-builder-workspace/Sources/ComposableDeepLink/Features/Handle.swift /Users/builder/builds/TDmZkXJm/1/finestructure/swiftpackageindex-builder/spi-builder-workspace/Sources/ComposableDeepLink/Features/Host.swift /Users/builder/builds/TDmZkXJm/1/finestructure/swiftpackageindex-builder/spi-builder-workspace/Sources/ComposableDeepLink/Features/Path.swift -primary-file /Users/builder/builds/TDmZkXJm/1/finestructure/swiftpackageindex-builder/spi-builder-workspace/Sources/ComposableDeepLink/Features/Scheme.swift /Users/builder/builds/TDmZkXJm/1/finestructure/swiftpackageindex-builder/spi-builder-workspace/Sources/ComposableDeepLink/Misc/ArrayBuilder.swift -emit-dependencies-path /Users/builder/builds/TDmZkXJm/1/finestructure/swiftpackageindex-builder/spi-builder-workspace/.derivedData/Build/Intermediates.noindex/composable-deep-link.build/Debug-watchos/ComposableDeepLink.build/Objects-normal/arm64_32/Scheme.d -emit-const-values-path /Users/builder/builds/TDmZkXJm/1/finestructure/swiftpackageindex-builder/spi-builder-workspace/.derivedData/Build/Intermediates.noindex/composable-deep-link.build/Debug-watchos/ComposableDeepLink.build/Objects-normal/arm64_32/Scheme.swiftconstvalues -emit-reference-dependencies-path /Users/builder/builds/TDmZkXJm/1/finestructure/swiftpackageindex-builder/spi-builder-workspace/.derivedData/Build/Intermediates.noindex/composable-deep-link.build/Debug-watchos/ComposableDeepLink.build/Objects-normal/arm64_32/Scheme.swiftdeps -serialize-diagnostics-path /Users/builder/builds/TDmZkXJm/1/finestructure/swiftpackageindex-builder/spi-builder-workspace/.derivedData/Build/Intermediates.noindex/composable-deep-link.build/Debug-watchos/ComposableDeepLink.build/Objects-normal/arm64_32/Scheme.dia -target arm64_32-apple-watchos4.0 -enable-objc-interop -sdk /Applications/Xcode-15.2.0.app/Contents/Developer/Platforms/WatchOS.platform/Developer/SDKs/WatchOS10.2.sdk -I /Users/builder/builds/TDmZkXJm/1/finestructure/swiftpackageindex-builder/spi-builder-workspace/.derivedData/Build/Products/Debug-watchos -I /Applications/Xcode-15.2.0.app/Contents/Developer/Platforms/WatchOS.platform/Developer/usr/lib -F /Users/builder/builds/TDmZkXJm/1/finestructure/swiftpackageindex-builder/spi-builder-workspace/.derivedData/Build/Products/Debug-watchos -F /Applications/Xcode-15.2.0.app/Contents/Developer/Platforms/WatchOS.platform/Developer/Library/Frameworks -F /Applications/Xcode-15.2.0.app/Contents/Developer/Platforms/WatchOS.platform/Developer/SDKs/WatchOS10.2.sdk/Developer/Library/Frameworks -no-color-diagnostics -enable-testing -g -module-cache-path /Users/builder/builds/TDmZkXJm/1/finestructure/swiftpackageindex-builder/spi-builder-workspace/.derivedData/ModuleCache.noindex -profile-generate -profile-coverage-mapping -swift-version 5 -enforce-exclusivity\=checked -Onone -D SWIFT_PACKAGE -D DEBUG -D Xcode -serialize-debugging-options -package-name spi_builder_workspace -const-gather-protocols-file /Users/builder/builds/TDmZkXJm/1/finestructure/swiftpackageindex-builder/spi-builder-workspace/.derivedData/Build/Intermediates.noindex/composable-deep-link.build/Debug-watchos/ComposableDeepLink.build/Objects-normal/arm64_32/ComposableDeepLink_const_extract_protocols.json -empty-abi-descriptor -validate-clang-modules-once -clang-build-session-file /Users/builder/builds/TDmZkXJm/1/finestructure/swiftpackageindex-builder/spi-builder-workspace/.derivedData/ModuleCache.noindex/Session.modulevalidation -Xcc -working-directory -Xcc /Users/builder/builds/TDmZkXJm/1/finestructure/swiftpackageindex-builder/spi-builder-workspace -resource-dir /Applications/Xcode-15.2.0.app/Contents/Developer/Toolchains/XcodeDefault.xctoolchain/usr/lib/swift -enable-anonymous-context-mangled-names -Xcc -ivfsstatcache -Xcc /Users/builder/builds/TDmZkXJm/1/finestructure/swiftpackageindex-builder/spi-builder-workspace/.derivedData/SDKStatCaches.noindex/watchos10.2-21S355-1a03c8d25fc3596eb74c01d649b42752.sdkstatcache -Xcc -I/Users/builder/builds/TDmZkXJm/1/finestructure/swiftpackageindex-builder/spi-builder-workspace/.derivedData/Build/Intermediates.noindex/composable-deep-link.build/Debug-watchos/ComposableDeepLink.build/swift-overrides.hmap -Xcc -I/Users/builder/builds/TDmZkXJm/1/finestructure/swiftpackageindex-builder/spi-builder-workspace/.derivedData/Build/Products/Debug-watchos/include -Xcc -I/Users/builder/builds/TDmZkXJm/1/finestructure/swiftpackageindex-builder/spi-builder-workspace/.derivedData/Build/Intermediates.noindex/composable-deep-link.build/Debug-watchos/ComposableDeepLink.build/DerivedSources-normal/arm64_32 -Xcc -I/Users/builder/builds/TDmZkXJm/1/finestructure/swiftpackageindex-builder/spi-builder-workspace/.derivedData/Build/Intermediates.noindex/composable-deep-link.build/Debug-watchos/ComposableDeepLink.build/DerivedSources/arm64_32 -Xcc -I/Users/builder/builds/TDmZkXJm/1/finestructure/swiftpackageindex-builder/spi-builder-workspace/.derivedData/Build/Intermediates.noindex/composable-deep-link.build/Debug-watchos/ComposableDeepLink.build/DerivedSources -Xcc -DSWIFT_PACKAGE -Xcc -DDEBUG\=1 -module-name ComposableDeepLink -frontend-parseable-output -disable-clang-spi -target-sdk-version 10.2 -target-sdk-name watchos10.2 -external-plugin-path /Applications/Xcode-15.2.0.app/Contents/Developer/Platforms/WatchOS.platform/Developer/SDKs/WatchOS10.2.sdk/usr/lib/swift/host/plugins\#/Applications/Xcode-15.2.0.app/Contents/Developer/Platforms/WatchOS.platform/Developer/SDKs/WatchOS10.2.sdk/usr/bin/swift-plugin-server -external-plugin-path /Applications/Xcode-15.2.0.app/Contents/Developer/Platforms/WatchOS.platform/Developer/SDKs/WatchOS10.2.sdk/usr/local/lib/swift/host/plugins\#/Applications/Xcode-15.2.0.app/Contents/Developer/Platforms/WatchOS.platform/Developer/SDKs/WatchOS10.2.sdk/usr/bin/swift-plugin-server -external-plugin-path /Applications/Xcode-15.2.0.app/Contents/Developer/Platforms/WatchOS.platform/Developer/usr/lib/swift/host/plugins\#/Applications/Xcode-15.2.0.app/Contents/Developer/Platforms/WatchOS.platform/Developer/usr/bin/swift-plugin-server -external-plugin-path /Applications/Xcode-15.2.0.app/Contents/Developer/Platforms/WatchOS.platform/Developer/usr/local/lib/swift/host/plugins\#/Applications/Xcode-15.2.0.app/Contents/Developer/Platforms/WatchOS.platform/Developer/usr/bin/swift-plugin-server -plugin-path /Applications/Xcode-15.2.0.app/Contents/Developer/Toolchains/XcodeDefault.xctoolchain/usr/lib/swift/host/plugins -plugin-path /Applications/Xcode-15.2.0.app/Contents/Developer/Toolchains/XcodeDefault.xctoolchain/usr/local/lib/swift/host/plugins -o /Users/builder/builds/TDmZkXJm/1/finestructure/swiftpackageindex-builder/spi-builder-workspace/.derivedData/Build/Intermediates.noindex/composable-deep-link.build/Debug-watchos/ComposableDeepLink.build/Objects-normal/arm64_32/Scheme.o -index-unit-output-path /composable-deep-link.build/Debug-watchos/ComposableDeepLink.build/Objects-normal/arm64_32/Scheme.o -index-store-path /Users/builder/builds/TDmZkXJm/1/finestructure/swiftpackageindex-builder/spi-builder-workspace/.derivedData/Index.noindex/DataStore -index-system-modules
SwiftCompile normal arm64_32 /Users/builder/builds/TDmZkXJm/1/finestructure/swiftpackageindex-builder/spi-builder-workspace/Sources/ComposableDeepLink/Features/Scheme.swift (in target 'ComposableDeepLink' from project 'composable-deep-link')
    cd /Users/builder/builds/TDmZkXJm/1/finestructure/swiftpackageindex-builder/spi-builder-workspace
    /Applications/Xcode-15.2.0.app/Contents/Developer/Toolchains/XcodeDefault.xctoolchain/usr/bin/swift-frontend -c /Users/builder/builds/TDmZkXJm/1/finestructure/swiftpackageindex-builder/spi-builder-workspace/Sources/ComposableDeepLink/ComposableDeepLink.swift /Users/builder/builds/TDmZkXJm/1/finestructure/swiftpackageindex-builder/spi-builder-workspace/Sources/ComposableDeepLink/DeepLinkProcessing.swift /Users/builder/builds/TDmZkXJm/1/finestructure/swiftpackageindex-builder/spi-builder-workspace/Sources/ComposableDeepLink/Features/Handle.swift /Users/builder/builds/TDmZkXJm/1/finestructure/swiftpackageindex-builder/spi-builder-workspace/Sources/ComposableDeepLink/Features/Host.swift /Users/builder/builds/TDmZkXJm/1/finestructure/swiftpackageindex-builder/spi-builder-workspace/Sources/ComposableDeepLink/Features/Path.swift -primary-file /Users/builder/builds/TDmZkXJm/1/finestructure/swiftpackageindex-builder/spi-builder-workspace/Sources/ComposableDeepLink/Features/Scheme.swift /Users/builder/builds/TDmZkXJm/1/finestructure/swiftpackageindex-builder/spi-builder-workspace/Sources/ComposableDeepLink/Misc/ArrayBuilder.swift -emit-dependencies-path /Users/builder/builds/TDmZkXJm/1/finestructure/swiftpackageindex-builder/spi-builder-workspace/.derivedData/Build/Intermediates.noindex/composable-deep-link.build/Debug-watchos/ComposableDeepLink.build/Objects-normal/arm64_32/Scheme.d -emit-const-values-path /Users/builder/builds/TDmZkXJm/1/finestructure/swiftpackageindex-builder/spi-builder-workspace/.derivedData/Build/Intermediates.noindex/composable-deep-link.build/Debug-watchos/ComposableDeepLink.build/Objects-normal/arm64_32/Scheme.swiftconstvalues -emit-reference-dependencies-path /Users/builder/builds/TDmZkXJm/1/finestructure/swiftpackageindex-builder/spi-builder-workspace/.derivedData/Build/Intermediates.noindex/composable-deep-link.build/Debug-watchos/ComposableDeepLink.build/Objects-normal/arm64_32/Scheme.swiftdeps -serialize-diagnostics-path /Users/builder/builds/TDmZkXJm/1/finestructure/swiftpackageindex-builder/spi-builder-workspace/.derivedData/Build/Intermediates.noindex/composable-deep-link.build/Debug-watchos/ComposableDeepLink.build/Objects-normal/arm64_32/Scheme.dia -target arm64_32-apple-watchos4.0 -enable-objc-interop -sdk /Applications/Xcode-15.2.0.app/Contents/Developer/Platforms/WatchOS.platform/Developer/SDKs/WatchOS10.2.sdk -I /Users/builder/builds/TDmZkXJm/1/finestructure/swiftpackageindex-builder/spi-builder-workspace/.derivedData/Build/Products/Debug-watchos -I /Applications/Xcode-15.2.0.app/Contents/Developer/Platforms/WatchOS.platform/Developer/usr/lib -F /Users/builder/builds/TDmZkXJm/1/finestructure/swiftpackageindex-builder/spi-builder-workspace/.derivedData/Build/Products/Debug-watchos -F /Applications/Xcode-15.2.0.app/Contents/Developer/Platforms/WatchOS.platform/Developer/Library/Frameworks -F /Applications/Xcode-15.2.0.app/Contents/Developer/Platforms/WatchOS.platform/Developer/SDKs/WatchOS10.2.sdk/Developer/Library/Frameworks -no-color-diagnostics -enable-testing -g -module-cache-path /Users/builder/builds/TDmZkXJm/1/finestructure/swiftpackageindex-builder/spi-builder-workspace/.derivedData/ModuleCache.noindex -profile-generate -profile-coverage-mapping -swift-version 5 -enforce-exclusivity\=checked -Onone -D SWIFT_PACKAGE -D DEBUG -D Xcode -serialize-debugging-options -package-name spi_builder_workspace -const-gather-protocols-file /Users/builder/builds/TDmZkXJm/1/finestructure/swiftpackageindex-builder/spi-builder-workspace/.derivedData/Build/Intermediates.noindex/composable-deep-link.build/Debug-watchos/ComposableDeepLink.build/Objects-normal/arm64_32/ComposableDeepLink_const_extract_protocols.json -empty-abi-descriptor -validate-clang-modules-once -clang-build-session-file /Users/builder/builds/TDmZkXJm/1/finestructure/swiftpackageindex-builder/spi-builder-workspace/.derivedData/ModuleCache.noindex/Session.modulevalidation -Xcc -working-directory -Xcc /Users/builder/builds/TDmZkXJm/1/finestructure/swiftpackageindex-builder/spi-builder-workspace -resource-dir /Applications/Xcode-15.2.0.app/Contents/Developer/Toolchains/XcodeDefault.xctoolchain/usr/lib/swift -enable-anonymous-context-mangled-names -Xcc -ivfsstatcache -Xcc /Users/builder/builds/TDmZkXJm/1/finestructure/swiftpackageindex-builder/spi-builder-workspace/.derivedData/SDKStatCaches.noindex/watchos10.2-21S355-1a03c8d25fc3596eb74c01d649b42752.sdkstatcache -Xcc -I/Users/builder/builds/TDmZkXJm/1/finestructure/swiftpackageindex-builder/spi-builder-workspace/.derivedData/Build/Intermediates.noindex/composable-deep-link.build/Debug-watchos/ComposableDeepLink.build/swift-overrides.hmap -Xcc -I/Users/builder/builds/TDmZkXJm/1/finestructure/swiftpackageindex-builder/spi-builder-workspace/.derivedData/Build/Products/Debug-watchos/include -Xcc -I/Users/builder/builds/TDmZkXJm/1/finestructure/swiftpackageindex-builder/spi-builder-workspace/.derivedData/Build/Intermediates.noindex/composable-deep-link.build/Debug-watchos/ComposableDeepLink.build/DerivedSources-normal/arm64_32 -Xcc -I/Users/builder/builds/TDmZkXJm/1/finestructure/swiftpackageindex-builder/spi-builder-workspace/.derivedData/Build/Intermediates.noindex/composable-deep-link.build/Debug-watchos/ComposableDeepLink.build/DerivedSources/arm64_32 -Xcc -I/Users/builder/builds/TDmZkXJm/1/finestructure/swiftpackageindex-builder/spi-builder-workspace/.derivedData/Build/Intermediates.noindex/composable-deep-link.build/Debug-watchos/ComposableDeepLink.build/DerivedSources -Xcc -DSWIFT_PACKAGE -Xcc -DDEBUG\=1 -module-name ComposableDeepLink -frontend-parseable-output -disable-clang-spi -target-sdk-version 10.2 -target-sdk-name watchos10.2 -external-plugin-path /Applications/Xcode-15.2.0.app/Contents/Developer/Platforms/WatchOS.platform/Developer/SDKs/WatchOS10.2.sdk/usr/lib/swift/host/plugins\#/Applications/Xcode-15.2.0.app/Contents/Developer/Platforms/WatchOS.platform/Developer/SDKs/WatchOS10.2.sdk/usr/bin/swift-plugin-server -external-plugin-path /Applications/Xcode-15.2.0.app/Contents/Developer/Platforms/WatchOS.platform/Developer/SDKs/WatchOS10.2.sdk/usr/local/lib/swift/host/plugins\#/Applications/Xcode-15.2.0.app/Contents/Developer/Platforms/WatchOS.platform/Developer/SDKs/WatchOS10.2.sdk/usr/bin/swift-plugin-server -external-plugin-path /Applications/Xcode-15.2.0.app/Contents/Developer/Platforms/WatchOS.platform/Developer/usr/lib/swift/host/plugins\#/Applications/Xcode-15.2.0.app/Contents/Developer/Platforms/WatchOS.platform/Developer/usr/bin/swift-plugin-server -external-plugin-path /Applications/Xcode-15.2.0.app/Contents/Developer/Platforms/WatchOS.platform/Developer/usr/local/lib/swift/host/plugins\#/Applications/Xcode-15.2.0.app/Contents/Developer/Platforms/WatchOS.platform/Developer/usr/bin/swift-plugin-server -plugin-path /Applications/Xcode-15.2.0.app/Contents/Developer/Toolchains/XcodeDefault.xctoolchain/usr/lib/swift/host/plugins -plugin-path /Applications/Xcode-15.2.0.app/Contents/Developer/Toolchains/XcodeDefault.xctoolchain/usr/local/lib/swift/host/plugins -o /Users/builder/builds/TDmZkXJm/1/finestructure/swiftpackageindex-builder/spi-builder-workspace/.derivedData/Build/Intermediates.noindex/composable-deep-link.build/Debug-watchos/ComposableDeepLink.build/Objects-normal/arm64_32/Scheme.o -index-unit-output-path /composable-deep-link.build/Debug-watchos/ComposableDeepLink.build/Objects-normal/arm64_32/Scheme.o -index-store-path /Users/builder/builds/TDmZkXJm/1/finestructure/swiftpackageindex-builder/spi-builder-workspace/.derivedData/Index.noindex/DataStore -index-system-modules
SwiftCompile normal arm64_32 Compiling\ ArrayBuilder.swift /Users/builder/builds/TDmZkXJm/1/finestructure/swiftpackageindex-builder/spi-builder-workspace/Sources/ComposableDeepLink/Misc/ArrayBuilder.swift (in target 'ComposableDeepLink' from project 'composable-deep-link')
    cd /Users/builder/builds/TDmZkXJm/1/finestructure/swiftpackageindex-builder/spi-builder-workspace
    builtin-swiftTaskExecution -- /Applications/Xcode-15.2.0.app/Contents/Developer/Toolchains/XcodeDefault.xctoolchain/usr/bin/swift-frontend -frontend -c /Users/builder/builds/TDmZkXJm/1/finestructure/swiftpackageindex-builder/spi-builder-workspace/Sources/ComposableDeepLink/ComposableDeepLink.swift /Users/builder/builds/TDmZkXJm/1/finestructure/swiftpackageindex-builder/spi-builder-workspace/Sources/ComposableDeepLink/DeepLinkProcessing.swift /Users/builder/builds/TDmZkXJm/1/finestructure/swiftpackageindex-builder/spi-builder-workspace/Sources/ComposableDeepLink/Features/Handle.swift /Users/builder/builds/TDmZkXJm/1/finestructure/swiftpackageindex-builder/spi-builder-workspace/Sources/ComposableDeepLink/Features/Host.swift /Users/builder/builds/TDmZkXJm/1/finestructure/swiftpackageindex-builder/spi-builder-workspace/Sources/ComposableDeepLink/Features/Path.swift /Users/builder/builds/TDmZkXJm/1/finestructure/swiftpackageindex-builder/spi-builder-workspace/Sources/ComposableDeepLink/Features/Scheme.swift -primary-file /Users/builder/builds/TDmZkXJm/1/finestructure/swiftpackageindex-builder/spi-builder-workspace/Sources/ComposableDeepLink/Misc/ArrayBuilder.swift -emit-dependencies-path /Users/builder/builds/TDmZkXJm/1/finestructure/swiftpackageindex-builder/spi-builder-workspace/.derivedData/Build/Intermediates.noindex/composable-deep-link.build/Debug-watchos/ComposableDeepLink.build/Objects-normal/arm64_32/ArrayBuilder.d -emit-const-values-path /Users/builder/builds/TDmZkXJm/1/finestructure/swiftpackageindex-builder/spi-builder-workspace/.derivedData/Build/Intermediates.noindex/composable-deep-link.build/Debug-watchos/ComposableDeepLink.build/Objects-normal/arm64_32/ArrayBuilder.swiftconstvalues -emit-reference-dependencies-path /Users/builder/builds/TDmZkXJm/1/finestructure/swiftpackageindex-builder/spi-builder-workspace/.derivedData/Build/Intermediates.noindex/composable-deep-link.build/Debug-watchos/ComposableDeepLink.build/Objects-normal/arm64_32/ArrayBuilder.swiftdeps -serialize-diagnostics-path /Users/builder/builds/TDmZkXJm/1/finestructure/swiftpackageindex-builder/spi-builder-workspace/.derivedData/Build/Intermediates.noindex/composable-deep-link.build/Debug-watchos/ComposableDeepLink.build/Objects-normal/arm64_32/ArrayBuilder.dia -target arm64_32-apple-watchos4.0 -enable-objc-interop -sdk /Applications/Xcode-15.2.0.app/Contents/Developer/Platforms/WatchOS.platform/Developer/SDKs/WatchOS10.2.sdk -I /Users/builder/builds/TDmZkXJm/1/finestructure/swiftpackageindex-builder/spi-builder-workspace/.derivedData/Build/Products/Debug-watchos -I /Applications/Xcode-15.2.0.app/Contents/Developer/Platforms/WatchOS.platform/Developer/usr/lib -F /Users/builder/builds/TDmZkXJm/1/finestructure/swiftpackageindex-builder/spi-builder-workspace/.derivedData/Build/Products/Debug-watchos -F /Applications/Xcode-15.2.0.app/Contents/Developer/Platforms/WatchOS.platform/Developer/Library/Frameworks -F /Applications/Xcode-15.2.0.app/Contents/Developer/Platforms/WatchOS.platform/Developer/SDKs/WatchOS10.2.sdk/Developer/Library/Frameworks -no-color-diagnostics -enable-testing -g -module-cache-path /Users/builder/builds/TDmZkXJm/1/finestructure/swiftpackageindex-builder/spi-builder-workspace/.derivedData/ModuleCache.noindex -profile-generate -profile-coverage-mapping -swift-version 5 -enforce-exclusivity\=checked -Onone -D SWIFT_PACKAGE -D DEBUG -D Xcode -serialize-debugging-options -package-name spi_builder_workspace -const-gather-protocols-file /Users/builder/builds/TDmZkXJm/1/finestructure/swiftpackageindex-builder/spi-builder-workspace/.derivedData/Build/Intermediates.noindex/composable-deep-link.build/Debug-watchos/ComposableDeepLink.build/Objects-normal/arm64_32/ComposableDeepLink_const_extract_protocols.json -empty-abi-descriptor -validate-clang-modules-once -clang-build-session-file /Users/builder/builds/TDmZkXJm/1/finestructure/swiftpackageindex-builder/spi-builder-workspace/.derivedData/ModuleCache.noindex/Session.modulevalidation -Xcc -working-directory -Xcc /Users/builder/builds/TDmZkXJm/1/finestructure/swiftpackageindex-builder/spi-builder-workspace -resource-dir /Applications/Xcode-15.2.0.app/Contents/Developer/Toolchains/XcodeDefault.xctoolchain/usr/lib/swift -enable-anonymous-context-mangled-names -Xcc -ivfsstatcache -Xcc /Users/builder/builds/TDmZkXJm/1/finestructure/swiftpackageindex-builder/spi-builder-workspace/.derivedData/SDKStatCaches.noindex/watchos10.2-21S355-1a03c8d25fc3596eb74c01d649b42752.sdkstatcache -Xcc -I/Users/builder/builds/TDmZkXJm/1/finestructure/swiftpackageindex-builder/spi-builder-workspace/.derivedData/Build/Intermediates.noindex/composable-deep-link.build/Debug-watchos/ComposableDeepLink.build/swift-overrides.hmap -Xcc -I/Users/builder/builds/TDmZkXJm/1/finestructure/swiftpackageindex-builder/spi-builder-workspace/.derivedData/Build/Products/Debug-watchos/include -Xcc -I/Users/builder/builds/TDmZkXJm/1/finestructure/swiftpackageindex-builder/spi-builder-workspace/.derivedData/Build/Intermediates.noindex/composable-deep-link.build/Debug-watchos/ComposableDeepLink.build/DerivedSources-normal/arm64_32 -Xcc -I/Users/builder/builds/TDmZkXJm/1/finestructure/swiftpackageindex-builder/spi-builder-workspace/.derivedData/Build/Intermediates.noindex/composable-deep-link.build/Debug-watchos/ComposableDeepLink.build/DerivedSources/arm64_32 -Xcc -I/Users/builder/builds/TDmZkXJm/1/finestructure/swiftpackageindex-builder/spi-builder-workspace/.derivedData/Build/Intermediates.noindex/composable-deep-link.build/Debug-watchos/ComposableDeepLink.build/DerivedSources -Xcc -DSWIFT_PACKAGE -Xcc -DDEBUG\=1 -module-name ComposableDeepLink -frontend-parseable-output -disable-clang-spi -target-sdk-version 10.2 -target-sdk-name watchos10.2 -external-plugin-path /Applications/Xcode-15.2.0.app/Contents/Developer/Platforms/WatchOS.platform/Developer/SDKs/WatchOS10.2.sdk/usr/lib/swift/host/plugins\#/Applications/Xcode-15.2.0.app/Contents/Developer/Platforms/WatchOS.platform/Developer/SDKs/WatchOS10.2.sdk/usr/bin/swift-plugin-server -external-plugin-path /Applications/Xcode-15.2.0.app/Contents/Developer/Platforms/WatchOS.platform/Developer/SDKs/WatchOS10.2.sdk/usr/local/lib/swift/host/plugins\#/Applications/Xcode-15.2.0.app/Contents/Developer/Platforms/WatchOS.platform/Developer/SDKs/WatchOS10.2.sdk/usr/bin/swift-plugin-server -external-plugin-path /Applications/Xcode-15.2.0.app/Contents/Developer/Platforms/WatchOS.platform/Developer/usr/lib/swift/host/plugins\#/Applications/Xcode-15.2.0.app/Contents/Developer/Platforms/WatchOS.platform/Developer/usr/bin/swift-plugin-server -external-plugin-path /Applications/Xcode-15.2.0.app/Contents/Developer/Platforms/WatchOS.platform/Developer/usr/local/lib/swift/host/plugins\#/Applications/Xcode-15.2.0.app/Contents/Developer/Platforms/WatchOS.platform/Developer/usr/bin/swift-plugin-server -plugin-path /Applications/Xcode-15.2.0.app/Contents/Developer/Toolchains/XcodeDefault.xctoolchain/usr/lib/swift/host/plugins -plugin-path /Applications/Xcode-15.2.0.app/Contents/Developer/Toolchains/XcodeDefault.xctoolchain/usr/local/lib/swift/host/plugins -o /Users/builder/builds/TDmZkXJm/1/finestructure/swiftpackageindex-builder/spi-builder-workspace/.derivedData/Build/Intermediates.noindex/composable-deep-link.build/Debug-watchos/ComposableDeepLink.build/Objects-normal/arm64_32/ArrayBuilder.o -index-unit-output-path /composable-deep-link.build/Debug-watchos/ComposableDeepLink.build/Objects-normal/arm64_32/ArrayBuilder.o -index-store-path /Users/builder/builds/TDmZkXJm/1/finestructure/swiftpackageindex-builder/spi-builder-workspace/.derivedData/Index.noindex/DataStore -index-system-modules
SwiftCompile normal arm64_32 /Users/builder/builds/TDmZkXJm/1/finestructure/swiftpackageindex-builder/spi-builder-workspace/Sources/ComposableDeepLink/Misc/ArrayBuilder.swift (in target 'ComposableDeepLink' from project 'composable-deep-link')
    cd /Users/builder/builds/TDmZkXJm/1/finestructure/swiftpackageindex-builder/spi-builder-workspace
    /Applications/Xcode-15.2.0.app/Contents/Developer/Toolchains/XcodeDefault.xctoolchain/usr/bin/swift-frontend -c /Users/builder/builds/TDmZkXJm/1/finestructure/swiftpackageindex-builder/spi-builder-workspace/Sources/ComposableDeepLink/ComposableDeepLink.swift /Users/builder/builds/TDmZkXJm/1/finestructure/swiftpackageindex-builder/spi-builder-workspace/Sources/ComposableDeepLink/DeepLinkProcessing.swift /Users/builder/builds/TDmZkXJm/1/finestructure/swiftpackageindex-builder/spi-builder-workspace/Sources/ComposableDeepLink/Features/Handle.swift /Users/builder/builds/TDmZkXJm/1/finestructure/swiftpackageindex-builder/spi-builder-workspace/Sources/ComposableDeepLink/Features/Host.swift /Users/builder/builds/TDmZkXJm/1/finestructure/swiftpackageindex-builder/spi-builder-workspace/Sources/ComposableDeepLink/Features/Path.swift /Users/builder/builds/TDmZkXJm/1/finestructure/swiftpackageindex-builder/spi-builder-workspace/Sources/ComposableDeepLink/Features/Scheme.swift -primary-file /Users/builder/builds/TDmZkXJm/1/finestructure/swiftpackageindex-builder/spi-builder-workspace/Sources/ComposableDeepLink/Misc/ArrayBuilder.swift -emit-dependencies-path /Users/builder/builds/TDmZkXJm/1/finestructure/swiftpackageindex-builder/spi-builder-workspace/.derivedData/Build/Intermediates.noindex/composable-deep-link.build/Debug-watchos/ComposableDeepLink.build/Objects-normal/arm64_32/ArrayBuilder.d -emit-const-values-path /Users/builder/builds/TDmZkXJm/1/finestructure/swiftpackageindex-builder/spi-builder-workspace/.derivedData/Build/Intermediates.noindex/composable-deep-link.build/Debug-watchos/ComposableDeepLink.build/Objects-normal/arm64_32/ArrayBuilder.swiftconstvalues -emit-reference-dependencies-path /Users/builder/builds/TDmZkXJm/1/finestructure/swiftpackageindex-builder/spi-builder-workspace/.derivedData/Build/Intermediates.noindex/composable-deep-link.build/Debug-watchos/ComposableDeepLink.build/Objects-normal/arm64_32/ArrayBuilder.swiftdeps -serialize-diagnostics-path /Users/builder/builds/TDmZkXJm/1/finestructure/swiftpackageindex-builder/spi-builder-workspace/.derivedData/Build/Intermediates.noindex/composable-deep-link.build/Debug-watchos/ComposableDeepLink.build/Objects-normal/arm64_32/ArrayBuilder.dia -target arm64_32-apple-watchos4.0 -enable-objc-interop -sdk /Applications/Xcode-15.2.0.app/Contents/Developer/Platforms/WatchOS.platform/Developer/SDKs/WatchOS10.2.sdk -I /Users/builder/builds/TDmZkXJm/1/finestructure/swiftpackageindex-builder/spi-builder-workspace/.derivedData/Build/Products/Debug-watchos -I /Applications/Xcode-15.2.0.app/Contents/Developer/Platforms/WatchOS.platform/Developer/usr/lib -F /Users/builder/builds/TDmZkXJm/1/finestructure/swiftpackageindex-builder/spi-builder-workspace/.derivedData/Build/Products/Debug-watchos -F /Applications/Xcode-15.2.0.app/Contents/Developer/Platforms/WatchOS.platform/Developer/Library/Frameworks -F /Applications/Xcode-15.2.0.app/Contents/Developer/Platforms/WatchOS.platform/Developer/SDKs/WatchOS10.2.sdk/Developer/Library/Frameworks -no-color-diagnostics -enable-testing -g -module-cache-path /Users/builder/builds/TDmZkXJm/1/finestructure/swiftpackageindex-builder/spi-builder-workspace/.derivedData/ModuleCache.noindex -profile-generate -profile-coverage-mapping -swift-version 5 -enforce-exclusivity\=checked -Onone -D SWIFT_PACKAGE -D DEBUG -D Xcode -serialize-debugging-options -package-name spi_builder_workspace -const-gather-protocols-file /Users/builder/builds/TDmZkXJm/1/finestructure/swiftpackageindex-builder/spi-builder-workspace/.derivedData/Build/Intermediates.noindex/composable-deep-link.build/Debug-watchos/ComposableDeepLink.build/Objects-normal/arm64_32/ComposableDeepLink_const_extract_protocols.json -empty-abi-descriptor -validate-clang-modules-once -clang-build-session-file /Users/builder/builds/TDmZkXJm/1/finestructure/swiftpackageindex-builder/spi-builder-workspace/.derivedData/ModuleCache.noindex/Session.modulevalidation -Xcc -working-directory -Xcc /Users/builder/builds/TDmZkXJm/1/finestructure/swiftpackageindex-builder/spi-builder-workspace -resource-dir /Applications/Xcode-15.2.0.app/Contents/Developer/Toolchains/XcodeDefault.xctoolchain/usr/lib/swift -enable-anonymous-context-mangled-names -Xcc -ivfsstatcache -Xcc /Users/builder/builds/TDmZkXJm/1/finestructure/swiftpackageindex-builder/spi-builder-workspace/.derivedData/SDKStatCaches.noindex/watchos10.2-21S355-1a03c8d25fc3596eb74c01d649b42752.sdkstatcache -Xcc -I/Users/builder/builds/TDmZkXJm/1/finestructure/swiftpackageindex-builder/spi-builder-workspace/.derivedData/Build/Intermediates.noindex/composable-deep-link.build/Debug-watchos/ComposableDeepLink.build/swift-overrides.hmap -Xcc -I/Users/builder/builds/TDmZkXJm/1/finestructure/swiftpackageindex-builder/spi-builder-workspace/.derivedData/Build/Products/Debug-watchos/include -Xcc -I/Users/builder/builds/TDmZkXJm/1/finestructure/swiftpackageindex-builder/spi-builder-workspace/.derivedData/Build/Intermediates.noindex/composable-deep-link.build/Debug-watchos/ComposableDeepLink.build/DerivedSources-normal/arm64_32 -Xcc -I/Users/builder/builds/TDmZkXJm/1/finestructure/swiftpackageindex-builder/spi-builder-workspace/.derivedData/Build/Intermediates.noindex/composable-deep-link.build/Debug-watchos/ComposableDeepLink.build/DerivedSources/arm64_32 -Xcc -I/Users/builder/builds/TDmZkXJm/1/finestructure/swiftpackageindex-builder/spi-builder-workspace/.derivedData/Build/Intermediates.noindex/composable-deep-link.build/Debug-watchos/ComposableDeepLink.build/DerivedSources -Xcc -DSWIFT_PACKAGE -Xcc -DDEBUG\=1 -module-name ComposableDeepLink -frontend-parseable-output -disable-clang-spi -target-sdk-version 10.2 -target-sdk-name watchos10.2 -external-plugin-path /Applications/Xcode-15.2.0.app/Contents/Developer/Platforms/WatchOS.platform/Developer/SDKs/WatchOS10.2.sdk/usr/lib/swift/host/plugins\#/Applications/Xcode-15.2.0.app/Contents/Developer/Platforms/WatchOS.platform/Developer/SDKs/WatchOS10.2.sdk/usr/bin/swift-plugin-server -external-plugin-path /Applications/Xcode-15.2.0.app/Contents/Developer/Platforms/WatchOS.platform/Developer/SDKs/WatchOS10.2.sdk/usr/local/lib/swift/host/plugins\#/Applications/Xcode-15.2.0.app/Contents/Developer/Platforms/WatchOS.platform/Developer/SDKs/WatchOS10.2.sdk/usr/bin/swift-plugin-server -external-plugin-path /Applications/Xcode-15.2.0.app/Contents/Developer/Platforms/WatchOS.platform/Developer/usr/lib/swift/host/plugins\#/Applications/Xcode-15.2.0.app/Contents/Developer/Platforms/WatchOS.platform/Developer/usr/bin/swift-plugin-server -external-plugin-path /Applications/Xcode-15.2.0.app/Contents/Developer/Platforms/WatchOS.platform/Developer/usr/local/lib/swift/host/plugins\#/Applications/Xcode-15.2.0.app/Contents/Developer/Platforms/WatchOS.platform/Developer/usr/bin/swift-plugin-server -plugin-path /Applications/Xcode-15.2.0.app/Contents/Developer/Toolchains/XcodeDefault.xctoolchain/usr/lib/swift/host/plugins -plugin-path /Applications/Xcode-15.2.0.app/Contents/Developer/Toolchains/XcodeDefault.xctoolchain/usr/local/lib/swift/host/plugins -o /Users/builder/builds/TDmZkXJm/1/finestructure/swiftpackageindex-builder/spi-builder-workspace/.derivedData/Build/Intermediates.noindex/composable-deep-link.build/Debug-watchos/ComposableDeepLink.build/Objects-normal/arm64_32/ArrayBuilder.o -index-unit-output-path /composable-deep-link.build/Debug-watchos/ComposableDeepLink.build/Objects-normal/arm64_32/ArrayBuilder.o -index-store-path /Users/builder/builds/TDmZkXJm/1/finestructure/swiftpackageindex-builder/spi-builder-workspace/.derivedData/Index.noindex/DataStore -index-system-modules
SwiftEmitModule normal arm64 Emitting\ module\ for\ ComposableDeepLink (in target 'ComposableDeepLink' from project 'composable-deep-link')
    cd /Users/builder/builds/TDmZkXJm/1/finestructure/swiftpackageindex-builder/spi-builder-workspace
    builtin-swiftTaskExecution -- /Applications/Xcode-15.2.0.app/Contents/Developer/Toolchains/XcodeDefault.xctoolchain/usr/bin/swift-frontend -frontend -emit-module -experimental-skip-non-inlinable-function-bodies-without-types /Users/builder/builds/TDmZkXJm/1/finestructure/swiftpackageindex-builder/spi-builder-workspace/Sources/ComposableDeepLink/ComposableDeepLink.swift /Users/builder/builds/TDmZkXJm/1/finestructure/swiftpackageindex-builder/spi-builder-workspace/Sources/ComposableDeepLink/DeepLinkProcessing.swift /Users/builder/builds/TDmZkXJm/1/finestructure/swiftpackageindex-builder/spi-builder-workspace/Sources/ComposableDeepLink/Features/Handle.swift /Users/builder/builds/TDmZkXJm/1/finestructure/swiftpackageindex-builder/spi-builder-workspace/Sources/ComposableDeepLink/Features/Host.swift /Users/builder/builds/TDmZkXJm/1/finestructure/swiftpackageindex-builder/spi-builder-workspace/Sources/ComposableDeepLink/Features/Path.swift /Users/builder/builds/TDmZkXJm/1/finestructure/swiftpackageindex-builder/spi-builder-workspace/Sources/ComposableDeepLink/Features/Scheme.swift /Users/builder/builds/TDmZkXJm/1/finestructure/swiftpackageindex-builder/spi-builder-workspace/Sources/ComposableDeepLink/Misc/ArrayBuilder.swift -target arm64-apple-watchos4.0 -Xllvm -aarch64-use-tbi -enable-objc-interop -sdk /Applications/Xcode-15.2.0.app/Contents/Developer/Platforms/WatchOS.platform/Developer/SDKs/WatchOS10.2.sdk -I /Users/builder/builds/TDmZkXJm/1/finestructure/swiftpackageindex-builder/spi-builder-workspace/.derivedData/Build/Products/Debug-watchos -I /Applications/Xcode-15.2.0.app/Contents/Developer/Platforms/WatchOS.platform/Developer/usr/lib -F /Users/builder/builds/TDmZkXJm/1/finestructure/swiftpackageindex-builder/spi-builder-workspace/.derivedData/Build/Products/Debug-watchos -F /Applications/Xcode-15.2.0.app/Contents/Developer/Platforms/WatchOS.platform/Developer/Library/Frameworks -F /Applications/Xcode-15.2.0.app/Contents/Developer/Platforms/WatchOS.platform/Developer/SDKs/WatchOS10.2.sdk/Developer/Library/Frameworks -no-color-diagnostics -enable-testing -g -module-cache-path /Users/builder/builds/TDmZkXJm/1/finestructure/swiftpackageindex-builder/spi-builder-workspace/.derivedData/ModuleCache.noindex -profile-generate -profile-coverage-mapping -swift-version 5 -enforce-exclusivity\=checked -Onone -D SWIFT_PACKAGE -D DEBUG -D Xcode -serialize-debugging-options -package-name spi_builder_workspace -const-gather-protocols-file /Users/builder/builds/TDmZkXJm/1/finestructure/swiftpackageindex-builder/spi-builder-workspace/.derivedData/Build/Intermediates.noindex/composable-deep-link.build/Debug-watchos/ComposableDeepLink.build/Objects-normal/arm64/ComposableDeepLink_const_extract_protocols.json -empty-abi-descriptor -validate-clang-modules-once -clang-build-session-file /Users/builder/builds/TDmZkXJm/1/finestructure/swiftpackageindex-builder/spi-builder-workspace/.derivedData/ModuleCache.noindex/Session.modulevalidation -Xcc -working-directory -Xcc /Users/builder/builds/TDmZkXJm/1/finestructure/swiftpackageindex-builder/spi-builder-workspace -resource-dir /Applications/Xcode-15.2.0.app/Contents/Developer/Toolchains/XcodeDefault.xctoolchain/usr/lib/swift -enable-anonymous-context-mangled-names -Xcc -ivfsstatcache -Xcc /Users/builder/builds/TDmZkXJm/1/finestructure/swiftpackageindex-builder/spi-builder-workspace/.derivedData/SDKStatCaches.noindex/watchos10.2-21S355-1a03c8d25fc3596eb74c01d649b42752.sdkstatcache -Xcc -I/Users/builder/builds/TDmZkXJm/1/finestructure/swiftpackageindex-builder/spi-builder-workspace/.derivedData/Build/Intermediates.noindex/composable-deep-link.build/Debug-watchos/ComposableDeepLink.build/swift-overrides.hmap -Xcc -I/Users/builder/builds/TDmZkXJm/1/finestructure/swiftpackageindex-builder/spi-builder-workspace/.derivedData/Build/Products/Debug-watchos/include -Xcc -I/Users/builder/builds/TDmZkXJm/1/finestructure/swiftpackageindex-builder/spi-builder-workspace/.derivedData/Build/Intermediates.noindex/composable-deep-link.build/Debug-watchos/ComposableDeepLink.build/DerivedSources-normal/arm64 -Xcc -I/Users/builder/builds/TDmZkXJm/1/finestructure/swiftpackageindex-builder/spi-builder-workspace/.derivedData/Build/Intermediates.noindex/composable-deep-link.build/Debug-watchos/ComposableDeepLink.build/DerivedSources/arm64 -Xcc -I/Users/builder/builds/TDmZkXJm/1/finestructure/swiftpackageindex-builder/spi-builder-workspace/.derivedData/Build/Intermediates.noindex/composable-deep-link.build/Debug-watchos/ComposableDeepLink.build/DerivedSources -Xcc -DSWIFT_PACKAGE -Xcc -DDEBUG\=1 -module-name ComposableDeepLink -disable-clang-spi -target-sdk-version 10.2 -target-sdk-name watchos10.2 -external-plugin-path /Applications/Xcode-15.2.0.app/Contents/Developer/Platforms/WatchOS.platform/Developer/SDKs/WatchOS10.2.sdk/usr/lib/swift/host/plugins\#/Applications/Xcode-15.2.0.app/Contents/Developer/Platforms/WatchOS.platform/Developer/SDKs/WatchOS10.2.sdk/usr/bin/swift-plugin-server -external-plugin-path /Applications/Xcode-15.2.0.app/Contents/Developer/Platforms/WatchOS.platform/Developer/SDKs/WatchOS10.2.sdk/usr/local/lib/swift/host/plugins\#/Applications/Xcode-15.2.0.app/Contents/Developer/Platforms/WatchOS.platform/Developer/SDKs/WatchOS10.2.sdk/usr/bin/swift-plugin-server -external-plugin-path /Applications/Xcode-15.2.0.app/Contents/Developer/Platforms/WatchOS.platform/Developer/usr/lib/swift/host/plugins\#/Applications/Xcode-15.2.0.app/Contents/Developer/Platforms/WatchOS.platform/Developer/usr/bin/swift-plugin-server -external-plugin-path /Applications/Xcode-15.2.0.app/Contents/Developer/Platforms/WatchOS.platform/Developer/usr/local/lib/swift/host/plugins\#/Applications/Xcode-15.2.0.app/Contents/Developer/Platforms/WatchOS.platform/Developer/usr/bin/swift-plugin-server -plugin-path /Applications/Xcode-15.2.0.app/Contents/Developer/Toolchains/XcodeDefault.xctoolchain/usr/lib/swift/host/plugins -plugin-path /Applications/Xcode-15.2.0.app/Contents/Developer/Toolchains/XcodeDefault.xctoolchain/usr/local/lib/swift/host/plugins -emit-module-doc-path /Users/builder/builds/TDmZkXJm/1/finestructure/swiftpackageindex-builder/spi-builder-workspace/.derivedData/Build/Intermediates.noindex/composable-deep-link.build/Debug-watchos/ComposableDeepLink.build/Objects-normal/arm64/ComposableDeepLink.swiftdoc -emit-module-source-info-path /Users/builder/builds/TDmZkXJm/1/finestructure/swiftpackageindex-builder/spi-builder-workspace/.derivedData/Build/Intermediates.noindex/composable-deep-link.build/Debug-watchos/ComposableDeepLink.build/Objects-normal/arm64/ComposableDeepLink.swiftsourceinfo -emit-objc-header-path /Users/builder/builds/TDmZkXJm/1/finestructure/swiftpackageindex-builder/spi-builder-workspace/.derivedData/Build/Intermediates.noindex/composable-deep-link.build/Debug-watchos/ComposableDeepLink.build/Objects-normal/arm64/ComposableDeepLink-Swift.h -serialize-diagnostics-path /Users/builder/builds/TDmZkXJm/1/finestructure/swiftpackageindex-builder/spi-builder-workspace/.derivedData/Build/Intermediates.noindex/composable-deep-link.build/Debug-watchos/ComposableDeepLink.build/Objects-normal/arm64/ComposableDeepLink-master-emit-module.dia -emit-dependencies-path /Users/builder/builds/TDmZkXJm/1/finestructure/swiftpackageindex-builder/spi-builder-workspace/.derivedData/Build/Intermediates.noindex/composable-deep-link.build/Debug-watchos/ComposableDeepLink.build/Objects-normal/arm64/ComposableDeepLink-master-emit-module.d -o /Users/builder/builds/TDmZkXJm/1/finestructure/swiftpackageindex-builder/spi-builder-workspace/.derivedData/Build/Intermediates.noindex/composable-deep-link.build/Debug-watchos/ComposableDeepLink.build/Objects-normal/arm64/ComposableDeepLink.swiftmodule -emit-abi-descriptor-path /Users/builder/builds/TDmZkXJm/1/finestructure/swiftpackageindex-builder/spi-builder-workspace/.derivedData/Build/Intermediates.noindex/composable-deep-link.build/Debug-watchos/ComposableDeepLink.build/Objects-normal/arm64/ComposableDeepLink.abi.json
/Users/builder/builds/TDmZkXJm/1/finestructure/swiftpackageindex-builder/spi-builder-workspace/Sources/ComposableDeepLink/Features/Path.swift:105:60: error: 'Regex' is only available in watchOS 9.0 or newer
    func regex<Processing: DeepLinkProcessing>() throws -> Regex<AnyRegexOutput> where Element == Path<Processing>.Raw.Component {
                                                           ^
/Users/builder/builds/TDmZkXJm/1/finestructure/swiftpackageindex-builder/spi-builder-workspace/Sources/ComposableDeepLink/Features/Path.swift:105:10: note: add @available attribute to enclosing instance method
    func regex<Processing: DeepLinkProcessing>() throws -> Regex<AnyRegexOutput> where Element == Path<Processing>.Raw.Component {
         ^
/Users/builder/builds/TDmZkXJm/1/finestructure/swiftpackageindex-builder/spi-builder-workspace/Sources/ComposableDeepLink/Features/Path.swift:104:1: note: add @available attribute to enclosing extension
extension Array {
^
SwiftEmitModule normal armv7k Emitting\ module\ for\ ComposableDeepLink (in target 'ComposableDeepLink' from project 'composable-deep-link')
    cd /Users/builder/builds/TDmZkXJm/1/finestructure/swiftpackageindex-builder/spi-builder-workspace
    builtin-swiftTaskExecution -- /Applications/Xcode-15.2.0.app/Contents/Developer/Toolchains/XcodeDefault.xctoolchain/usr/bin/swift-frontend -frontend -emit-module -experimental-skip-non-inlinable-function-bodies-without-types /Users/builder/builds/TDmZkXJm/1/finestructure/swiftpackageindex-builder/spi-builder-workspace/Sources/ComposableDeepLink/ComposableDeepLink.swift /Users/builder/builds/TDmZkXJm/1/finestructure/swiftpackageindex-builder/spi-builder-workspace/Sources/ComposableDeepLink/DeepLinkProcessing.swift /Users/builder/builds/TDmZkXJm/1/finestructure/swiftpackageindex-builder/spi-builder-workspace/Sources/ComposableDeepLink/Features/Handle.swift /Users/builder/builds/TDmZkXJm/1/finestructure/swiftpackageindex-builder/spi-builder-workspace/Sources/ComposableDeepLink/Features/Host.swift /Users/builder/builds/TDmZkXJm/1/finestructure/swiftpackageindex-builder/spi-builder-workspace/Sources/ComposableDeepLink/Features/Path.swift /Users/builder/builds/TDmZkXJm/1/finestructure/swiftpackageindex-builder/spi-builder-workspace/Sources/ComposableDeepLink/Features/Scheme.swift /Users/builder/builds/TDmZkXJm/1/finestructure/swiftpackageindex-builder/spi-builder-workspace/Sources/ComposableDeepLink/Misc/ArrayBuilder.swift -target armv7k-apple-watchos4.0 -enable-objc-interop -sdk /Applications/Xcode-15.2.0.app/Contents/Developer/Platforms/WatchOS.platform/Developer/SDKs/WatchOS10.2.sdk -I /Users/builder/builds/TDmZkXJm/1/finestructure/swiftpackageindex-builder/spi-builder-workspace/.derivedData/Build/Products/Debug-watchos -I /Applications/Xcode-15.2.0.app/Contents/Developer/Platforms/WatchOS.platform/Developer/usr/lib -F /Users/builder/builds/TDmZkXJm/1/finestructure/swiftpackageindex-builder/spi-builder-workspace/.derivedData/Build/Products/Debug-watchos -F /Applications/Xcode-15.2.0.app/Contents/Developer/Platforms/WatchOS.platform/Developer/Library/Frameworks -F /Applications/Xcode-15.2.0.app/Contents/Developer/Platforms/WatchOS.platform/Developer/SDKs/WatchOS10.2.sdk/Developer/Library/Frameworks -no-color-diagnostics -enable-testing -g -module-cache-path /Users/builder/builds/TDmZkXJm/1/finestructure/swiftpackageindex-builder/spi-builder-workspace/.derivedData/ModuleCache.noindex -profile-generate -profile-coverage-mapping -swift-version 5 -enforce-exclusivity\=checked -Onone -D SWIFT_PACKAGE -D DEBUG -D Xcode -serialize-debugging-options -package-name spi_builder_workspace -const-gather-protocols-file /Users/builder/builds/TDmZkXJm/1/finestructure/swiftpackageindex-builder/spi-builder-workspace/.derivedData/Build/Intermediates.noindex/composable-deep-link.build/Debug-watchos/ComposableDeepLink.build/Objects-normal/armv7k/ComposableDeepLink_const_extract_protocols.json -empty-abi-descriptor -validate-clang-modules-once -clang-build-session-file /Users/builder/builds/TDmZkXJm/1/finestructure/swiftpackageindex-builder/spi-builder-workspace/.derivedData/ModuleCache.noindex/Session.modulevalidation -Xcc -working-directory -Xcc /Users/builder/builds/TDmZkXJm/1/finestructure/swiftpackageindex-builder/spi-builder-workspace -resource-dir /Applications/Xcode-15.2.0.app/Contents/Developer/Toolchains/XcodeDefault.xctoolchain/usr/lib/swift -enable-anonymous-context-mangled-names -Xcc -ivfsstatcache -Xcc /Users/builder/builds/TDmZkXJm/1/finestructure/swiftpackageindex-builder/spi-builder-workspace/.derivedData/SDKStatCaches.noindex/watchos10.2-21S355-1a03c8d25fc3596eb74c01d649b42752.sdkstatcache -Xcc -I/Users/builder/builds/TDmZkXJm/1/finestructure/swiftpackageindex-builder/spi-builder-workspace/.derivedData/Build/Intermediates.noindex/composable-deep-link.build/Debug-watchos/ComposableDeepLink.build/swift-overrides.hmap -Xcc -I/Users/builder/builds/TDmZkXJm/1/finestructure/swiftpackageindex-builder/spi-builder-workspace/.derivedData/Build/Products/Debug-watchos/include -Xcc -I/Users/builder/builds/TDmZkXJm/1/finestructure/swiftpackageindex-builder/spi-builder-workspace/.derivedData/Build/Intermediates.noindex/composable-deep-link.build/Debug-watchos/ComposableDeepLink.build/DerivedSources-normal/armv7k -Xcc -I/Users/builder/builds/TDmZkXJm/1/finestructure/swiftpackageindex-builder/spi-builder-workspace/.derivedData/Build/Intermediates.noindex/composable-deep-link.build/Debug-watchos/ComposableDeepLink.build/DerivedSources/armv7k -Xcc -I/Users/builder/builds/TDmZkXJm/1/finestructure/swiftpackageindex-builder/spi-builder-workspace/.derivedData/Build/Intermediates.noindex/composable-deep-link.build/Debug-watchos/ComposableDeepLink.build/DerivedSources -Xcc -DSWIFT_PACKAGE -Xcc -DDEBUG\=1 -module-name ComposableDeepLink -disable-clang-spi -target-sdk-version 10.2 -target-sdk-name watchos10.2 -external-plugin-path /Applications/Xcode-15.2.0.app/Contents/Developer/Platforms/WatchOS.platform/Developer/SDKs/WatchOS10.2.sdk/usr/lib/swift/host/plugins\#/Applications/Xcode-15.2.0.app/Contents/Developer/Platforms/WatchOS.platform/Developer/SDKs/WatchOS10.2.sdk/usr/bin/swift-plugin-server -external-plugin-path /Applications/Xcode-15.2.0.app/Contents/Developer/Platforms/WatchOS.platform/Developer/SDKs/WatchOS10.2.sdk/usr/local/lib/swift/host/plugins\#/Applications/Xcode-15.2.0.app/Contents/Developer/Platforms/WatchOS.platform/Developer/SDKs/WatchOS10.2.sdk/usr/bin/swift-plugin-server -external-plugin-path /Applications/Xcode-15.2.0.app/Contents/Developer/Platforms/WatchOS.platform/Developer/usr/lib/swift/host/plugins\#/Applications/Xcode-15.2.0.app/Contents/Developer/Platforms/WatchOS.platform/Developer/usr/bin/swift-plugin-server -external-plugin-path /Applications/Xcode-15.2.0.app/Contents/Developer/Platforms/WatchOS.platform/Developer/usr/local/lib/swift/host/plugins\#/Applications/Xcode-15.2.0.app/Contents/Developer/Platforms/WatchOS.platform/Developer/usr/bin/swift-plugin-server -plugin-path /Applications/Xcode-15.2.0.app/Contents/Developer/Toolchains/XcodeDefault.xctoolchain/usr/lib/swift/host/plugins -plugin-path /Applications/Xcode-15.2.0.app/Contents/Developer/Toolchains/XcodeDefault.xctoolchain/usr/local/lib/swift/host/plugins -emit-module-doc-path /Users/builder/builds/TDmZkXJm/1/finestructure/swiftpackageindex-builder/spi-builder-workspace/.derivedData/Build/Intermediates.noindex/composable-deep-link.build/Debug-watchos/ComposableDeepLink.build/Objects-normal/armv7k/ComposableDeepLink.swiftdoc -emit-module-source-info-path /Users/builder/builds/TDmZkXJm/1/finestructure/swiftpackageindex-builder/spi-builder-workspace/.derivedData/Build/Intermediates.noindex/composable-deep-link.build/Debug-watchos/ComposableDeepLink.build/Objects-normal/armv7k/ComposableDeepLink.swiftsourceinfo -emit-objc-header-path /Users/builder/builds/TDmZkXJm/1/finestructure/swiftpackageindex-builder/spi-builder-workspace/.derivedData/Build/Intermediates.noindex/composable-deep-link.build/Debug-watchos/ComposableDeepLink.build/Objects-normal/armv7k/ComposableDeepLink-Swift.h -serialize-diagnostics-path /Users/builder/builds/TDmZkXJm/1/finestructure/swiftpackageindex-builder/spi-builder-workspace/.derivedData/Build/Intermediates.noindex/composable-deep-link.build/Debug-watchos/ComposableDeepLink.build/Objects-normal/armv7k/ComposableDeepLink-master-emit-module.dia -emit-dependencies-path /Users/builder/builds/TDmZkXJm/1/finestructure/swiftpackageindex-builder/spi-builder-workspace/.derivedData/Build/Intermediates.noindex/composable-deep-link.build/Debug-watchos/ComposableDeepLink.build/Objects-normal/armv7k/ComposableDeepLink-master-emit-module.d -o /Users/builder/builds/TDmZkXJm/1/finestructure/swiftpackageindex-builder/spi-builder-workspace/.derivedData/Build/Intermediates.noindex/composable-deep-link.build/Debug-watchos/ComposableDeepLink.build/Objects-normal/armv7k/ComposableDeepLink.swiftmodule -emit-abi-descriptor-path /Users/builder/builds/TDmZkXJm/1/finestructure/swiftpackageindex-builder/spi-builder-workspace/.derivedData/Build/Intermediates.noindex/composable-deep-link.build/Debug-watchos/ComposableDeepLink.build/Objects-normal/armv7k/ComposableDeepLink.abi.json
/Users/builder/builds/TDmZkXJm/1/finestructure/swiftpackageindex-builder/spi-builder-workspace/Sources/ComposableDeepLink/Features/Path.swift:105:60: error: 'Regex' is only available in watchOS 9.0 or newer
    func regex<Processing: DeepLinkProcessing>() throws -> Regex<AnyRegexOutput> where Element == Path<Processing>.Raw.Component {
                                                           ^
/Users/builder/builds/TDmZkXJm/1/finestructure/swiftpackageindex-builder/spi-builder-workspace/Sources/ComposableDeepLink/Features/Path.swift:105:10: note: add @available attribute to enclosing instance method
    func regex<Processing: DeepLinkProcessing>() throws -> Regex<AnyRegexOutput> where Element == Path<Processing>.Raw.Component {
         ^
/Users/builder/builds/TDmZkXJm/1/finestructure/swiftpackageindex-builder/spi-builder-workspace/Sources/ComposableDeepLink/Features/Path.swift:104:1: note: add @available attribute to enclosing extension
extension Array {
^
SwiftCompile normal arm64 Compiling\ Scheme.swift /Users/builder/builds/TDmZkXJm/1/finestructure/swiftpackageindex-builder/spi-builder-workspace/Sources/ComposableDeepLink/Features/Scheme.swift (in target 'ComposableDeepLink' from project 'composable-deep-link')
    cd /Users/builder/builds/TDmZkXJm/1/finestructure/swiftpackageindex-builder/spi-builder-workspace
    builtin-swiftTaskExecution -- /Applications/Xcode-15.2.0.app/Contents/Developer/Toolchains/XcodeDefault.xctoolchain/usr/bin/swift-frontend -frontend -c /Users/builder/builds/TDmZkXJm/1/finestructure/swiftpackageindex-builder/spi-builder-workspace/Sources/ComposableDeepLink/ComposableDeepLink.swift /Users/builder/builds/TDmZkXJm/1/finestructure/swiftpackageindex-builder/spi-builder-workspace/Sources/ComposableDeepLink/DeepLinkProcessing.swift /Users/builder/builds/TDmZkXJm/1/finestructure/swiftpackageindex-builder/spi-builder-workspace/Sources/ComposableDeepLink/Features/Handle.swift /Users/builder/builds/TDmZkXJm/1/finestructure/swiftpackageindex-builder/spi-builder-workspace/Sources/ComposableDeepLink/Features/Host.swift /Users/builder/builds/TDmZkXJm/1/finestructure/swiftpackageindex-builder/spi-builder-workspace/Sources/ComposableDeepLink/Features/Path.swift -primary-file /Users/builder/builds/TDmZkXJm/1/finestructure/swiftpackageindex-builder/spi-builder-workspace/Sources/ComposableDeepLink/Features/Scheme.swift /Users/builder/builds/TDmZkXJm/1/finestructure/swiftpackageindex-builder/spi-builder-workspace/Sources/ComposableDeepLink/Misc/ArrayBuilder.swift -emit-dependencies-path /Users/builder/builds/TDmZkXJm/1/finestructure/swiftpackageindex-builder/spi-builder-workspace/.derivedData/Build/Intermediates.noindex/composable-deep-link.build/Debug-watchos/ComposableDeepLink.build/Objects-normal/arm64/Scheme.d -emit-const-values-path /Users/builder/builds/TDmZkXJm/1/finestructure/swiftpackageindex-builder/spi-builder-workspace/.derivedData/Build/Intermediates.noindex/composable-deep-link.build/Debug-watchos/ComposableDeepLink.build/Objects-normal/arm64/Scheme.swiftconstvalues -emit-reference-dependencies-path /Users/builder/builds/TDmZkXJm/1/finestructure/swiftpackageindex-builder/spi-builder-workspace/.derivedData/Build/Intermediates.noindex/composable-deep-link.build/Debug-watchos/ComposableDeepLink.build/Objects-normal/arm64/Scheme.swiftdeps -serialize-diagnostics-path /Users/builder/builds/TDmZkXJm/1/finestructure/swiftpackageindex-builder/spi-builder-workspace/.derivedData/Build/Intermediates.noindex/composable-deep-link.build/Debug-watchos/ComposableDeepLink.build/Objects-normal/arm64/Scheme.dia -target arm64-apple-watchos4.0 -Xllvm -aarch64-use-tbi -enable-objc-interop -sdk /Applications/Xcode-15.2.0.app/Contents/Developer/Platforms/WatchOS.platform/Developer/SDKs/WatchOS10.2.sdk -I /Users/builder/builds/TDmZkXJm/1/finestructure/swiftpackageindex-builder/spi-builder-workspace/.derivedData/Build/Products/Debug-watchos -I /Applications/Xcode-15.2.0.app/Contents/Developer/Platforms/WatchOS.platform/Developer/usr/lib -F /Users/builder/builds/TDmZkXJm/1/finestructure/swiftpackageindex-builder/spi-builder-workspace/.derivedData/Build/Products/Debug-watchos -F /Applications/Xcode-15.2.0.app/Contents/Developer/Platforms/WatchOS.platform/Developer/Library/Frameworks -F /Applications/Xcode-15.2.0.app/Contents/Developer/Platforms/WatchOS.platform/Developer/SDKs/WatchOS10.2.sdk/Developer/Library/Frameworks -no-color-diagnostics -enable-testing -g -module-cache-path /Users/builder/builds/TDmZkXJm/1/finestructure/swiftpackageindex-builder/spi-builder-workspace/.derivedData/ModuleCache.noindex -profile-generate -profile-coverage-mapping -swift-version 5 -enforce-exclusivity\=checked -Onone -D SWIFT_PACKAGE -D DEBUG -D Xcode -serialize-debugging-options -package-name spi_builder_workspace -const-gather-protocols-file /Users/builder/builds/TDmZkXJm/1/finestructure/swiftpackageindex-builder/spi-builder-workspace/.derivedData/Build/Intermediates.noindex/composable-deep-link.build/Debug-watchos/ComposableDeepLink.build/Objects-normal/arm64/ComposableDeepLink_const_extract_protocols.json -empty-abi-descriptor -validate-clang-modules-once -clang-build-session-file /Users/builder/builds/TDmZkXJm/1/finestructure/swiftpackageindex-builder/spi-builder-workspace/.derivedData/ModuleCache.noindex/Session.modulevalidation -Xcc -working-directory -Xcc /Users/builder/builds/TDmZkXJm/1/finestructure/swiftpackageindex-builder/spi-builder-workspace -resource-dir /Applications/Xcode-15.2.0.app/Contents/Developer/Toolchains/XcodeDefault.xctoolchain/usr/lib/swift -enable-anonymous-context-mangled-names -Xcc -ivfsstatcache -Xcc /Users/builder/builds/TDmZkXJm/1/finestructure/swiftpackageindex-builder/spi-builder-workspace/.derivedData/SDKStatCaches.noindex/watchos10.2-21S355-1a03c8d25fc3596eb74c01d649b42752.sdkstatcache -Xcc -I/Users/builder/builds/TDmZkXJm/1/finestructure/swiftpackageindex-builder/spi-builder-workspace/.derivedData/Build/Intermediates.noindex/composable-deep-link.build/Debug-watchos/ComposableDeepLink.build/swift-overrides.hmap -Xcc -I/Users/builder/builds/TDmZkXJm/1/finestructure/swiftpackageindex-builder/spi-builder-workspace/.derivedData/Build/Products/Debug-watchos/include -Xcc -I/Users/builder/builds/TDmZkXJm/1/finestructure/swiftpackageindex-builder/spi-builder-workspace/.derivedData/Build/Intermediates.noindex/composable-deep-link.build/Debug-watchos/ComposableDeepLink.build/DerivedSources-normal/arm64 -Xcc -I/Users/builder/builds/TDmZkXJm/1/finestructure/swiftpackageindex-builder/spi-builder-workspace/.derivedData/Build/Intermediates.noindex/composable-deep-link.build/Debug-watchos/ComposableDeepLink.build/DerivedSources/arm64 -Xcc -I/Users/builder/builds/TDmZkXJm/1/finestructure/swiftpackageindex-builder/spi-builder-workspace/.derivedData/Build/Intermediates.noindex/composable-deep-link.build/Debug-watchos/ComposableDeepLink.build/DerivedSources -Xcc -DSWIFT_PACKAGE -Xcc -DDEBUG\=1 -module-name ComposableDeepLink -frontend-parseable-output -disable-clang-spi -target-sdk-version 10.2 -target-sdk-name watchos10.2 -external-plugin-path /Applications/Xcode-15.2.0.app/Contents/Developer/Platforms/WatchOS.platform/Developer/SDKs/WatchOS10.2.sdk/usr/lib/swift/host/plugins\#/Applications/Xcode-15.2.0.app/Contents/Developer/Platforms/WatchOS.platform/Developer/SDKs/WatchOS10.2.sdk/usr/bin/swift-plugin-server -external-plugin-path /Applications/Xcode-15.2.0.app/Contents/Developer/Platforms/WatchOS.platform/Developer/SDKs/WatchOS10.2.sdk/usr/local/lib/swift/host/plugins\#/Applications/Xcode-15.2.0.app/Contents/Developer/Platforms/WatchOS.platform/Developer/SDKs/WatchOS10.2.sdk/usr/bin/swift-plugin-server -external-plugin-path /Applications/Xcode-15.2.0.app/Contents/Developer/Platforms/WatchOS.platform/Developer/usr/lib/swift/host/plugins\#/Applications/Xcode-15.2.0.app/Contents/Developer/Platforms/WatchOS.platform/Developer/usr/bin/swift-plugin-server -external-plugin-path /Applications/Xcode-15.2.0.app/Contents/Developer/Platforms/WatchOS.platform/Developer/usr/local/lib/swift/host/plugins\#/Applications/Xcode-15.2.0.app/Contents/Developer/Platforms/WatchOS.platform/Developer/usr/bin/swift-plugin-server -plugin-path /Applications/Xcode-15.2.0.app/Contents/Developer/Toolchains/XcodeDefault.xctoolchain/usr/lib/swift/host/plugins -plugin-path /Applications/Xcode-15.2.0.app/Contents/Developer/Toolchains/XcodeDefault.xctoolchain/usr/local/lib/swift/host/plugins -o /Users/builder/builds/TDmZkXJm/1/finestructure/swiftpackageindex-builder/spi-builder-workspace/.derivedData/Build/Intermediates.noindex/composable-deep-link.build/Debug-watchos/ComposableDeepLink.build/Objects-normal/arm64/Scheme.o -index-unit-output-path /composable-deep-link.build/Debug-watchos/ComposableDeepLink.build/Objects-normal/arm64/Scheme.o -index-store-path /Users/builder/builds/TDmZkXJm/1/finestructure/swiftpackageindex-builder/spi-builder-workspace/.derivedData/Index.noindex/DataStore -index-system-modules
SwiftCompile normal arm64 /Users/builder/builds/TDmZkXJm/1/finestructure/swiftpackageindex-builder/spi-builder-workspace/Sources/ComposableDeepLink/Features/Scheme.swift (in target 'ComposableDeepLink' from project 'composable-deep-link')
    cd /Users/builder/builds/TDmZkXJm/1/finestructure/swiftpackageindex-builder/spi-builder-workspace
    /Applications/Xcode-15.2.0.app/Contents/Developer/Toolchains/XcodeDefault.xctoolchain/usr/bin/swift-frontend -c /Users/builder/builds/TDmZkXJm/1/finestructure/swiftpackageindex-builder/spi-builder-workspace/Sources/ComposableDeepLink/ComposableDeepLink.swift /Users/builder/builds/TDmZkXJm/1/finestructure/swiftpackageindex-builder/spi-builder-workspace/Sources/ComposableDeepLink/DeepLinkProcessing.swift /Users/builder/builds/TDmZkXJm/1/finestructure/swiftpackageindex-builder/spi-builder-workspace/Sources/ComposableDeepLink/Features/Handle.swift /Users/builder/builds/TDmZkXJm/1/finestructure/swiftpackageindex-builder/spi-builder-workspace/Sources/ComposableDeepLink/Features/Host.swift /Users/builder/builds/TDmZkXJm/1/finestructure/swiftpackageindex-builder/spi-builder-workspace/Sources/ComposableDeepLink/Features/Path.swift -primary-file /Users/builder/builds/TDmZkXJm/1/finestructure/swiftpackageindex-builder/spi-builder-workspace/Sources/ComposableDeepLink/Features/Scheme.swift /Users/builder/builds/TDmZkXJm/1/finestructure/swiftpackageindex-builder/spi-builder-workspace/Sources/ComposableDeepLink/Misc/ArrayBuilder.swift -emit-dependencies-path /Users/builder/builds/TDmZkXJm/1/finestructure/swiftpackageindex-builder/spi-builder-workspace/.derivedData/Build/Intermediates.noindex/composable-deep-link.build/Debug-watchos/ComposableDeepLink.build/Objects-normal/arm64/Scheme.d -emit-const-values-path /Users/builder/builds/TDmZkXJm/1/finestructure/swiftpackageindex-builder/spi-builder-workspace/.derivedData/Build/Intermediates.noindex/composable-deep-link.build/Debug-watchos/ComposableDeepLink.build/Objects-normal/arm64/Scheme.swiftconstvalues -emit-reference-dependencies-path /Users/builder/builds/TDmZkXJm/1/finestructure/swiftpackageindex-builder/spi-builder-workspace/.derivedData/Build/Intermediates.noindex/composable-deep-link.build/Debug-watchos/ComposableDeepLink.build/Objects-normal/arm64/Scheme.swiftdeps -serialize-diagnostics-path /Users/builder/builds/TDmZkXJm/1/finestructure/swiftpackageindex-builder/spi-builder-workspace/.derivedData/Build/Intermediates.noindex/composable-deep-link.build/Debug-watchos/ComposableDeepLink.build/Objects-normal/arm64/Scheme.dia -target arm64-apple-watchos4.0 -Xllvm -aarch64-use-tbi -enable-objc-interop -sdk /Applications/Xcode-15.2.0.app/Contents/Developer/Platforms/WatchOS.platform/Developer/SDKs/WatchOS10.2.sdk -I /Users/builder/builds/TDmZkXJm/1/finestructure/swiftpackageindex-builder/spi-builder-workspace/.derivedData/Build/Products/Debug-watchos -I /Applications/Xcode-15.2.0.app/Contents/Developer/Platforms/WatchOS.platform/Developer/usr/lib -F /Users/builder/builds/TDmZkXJm/1/finestructure/swiftpackageindex-builder/spi-builder-workspace/.derivedData/Build/Products/Debug-watchos -F /Applications/Xcode-15.2.0.app/Contents/Developer/Platforms/WatchOS.platform/Developer/Library/Frameworks -F /Applications/Xcode-15.2.0.app/Contents/Developer/Platforms/WatchOS.platform/Developer/SDKs/WatchOS10.2.sdk/Developer/Library/Frameworks -no-color-diagnostics -enable-testing -g -module-cache-path /Users/builder/builds/TDmZkXJm/1/finestructure/swiftpackageindex-builder/spi-builder-workspace/.derivedData/ModuleCache.noindex -profile-generate -profile-coverage-mapping -swift-version 5 -enforce-exclusivity\=checked -Onone -D SWIFT_PACKAGE -D DEBUG -D Xcode -serialize-debugging-options -package-name spi_builder_workspace -const-gather-protocols-file /Users/builder/builds/TDmZkXJm/1/finestructure/swiftpackageindex-builder/spi-builder-workspace/.derivedData/Build/Intermediates.noindex/composable-deep-link.build/Debug-watchos/ComposableDeepLink.build/Objects-normal/arm64/ComposableDeepLink_const_extract_protocols.json -empty-abi-descriptor -validate-clang-modules-once -clang-build-session-file /Users/builder/builds/TDmZkXJm/1/finestructure/swiftpackageindex-builder/spi-builder-workspace/.derivedData/ModuleCache.noindex/Session.modulevalidation -Xcc -working-directory -Xcc /Users/builder/builds/TDmZkXJm/1/finestructure/swiftpackageindex-builder/spi-builder-workspace -resource-dir /Applications/Xcode-15.2.0.app/Contents/Developer/Toolchains/XcodeDefault.xctoolchain/usr/lib/swift -enable-anonymous-context-mangled-names -Xcc -ivfsstatcache -Xcc /Users/builder/builds/TDmZkXJm/1/finestructure/swiftpackageindex-builder/spi-builder-workspace/.derivedData/SDKStatCaches.noindex/watchos10.2-21S355-1a03c8d25fc3596eb74c01d649b42752.sdkstatcache -Xcc -I/Users/builder/builds/TDmZkXJm/1/finestructure/swiftpackageindex-builder/spi-builder-workspace/.derivedData/Build/Intermediates.noindex/composable-deep-link.build/Debug-watchos/ComposableDeepLink.build/swift-overrides.hmap -Xcc -I/Users/builder/builds/TDmZkXJm/1/finestructure/swiftpackageindex-builder/spi-builder-workspace/.derivedData/Build/Products/Debug-watchos/include -Xcc -I/Users/builder/builds/TDmZkXJm/1/finestructure/swiftpackageindex-builder/spi-builder-workspace/.derivedData/Build/Intermediates.noindex/composable-deep-link.build/Debug-watchos/ComposableDeepLink.build/DerivedSources-normal/arm64 -Xcc -I/Users/builder/builds/TDmZkXJm/1/finestructure/swiftpackageindex-builder/spi-builder-workspace/.derivedData/Build/Intermediates.noindex/composable-deep-link.build/Debug-watchos/ComposableDeepLink.build/DerivedSources/arm64 -Xcc -I/Users/builder/builds/TDmZkXJm/1/finestructure/swiftpackageindex-builder/spi-builder-workspace/.derivedData/Build/Intermediates.noindex/composable-deep-link.build/Debug-watchos/ComposableDeepLink.build/DerivedSources -Xcc -DSWIFT_PACKAGE -Xcc -DDEBUG\=1 -module-name ComposableDeepLink -frontend-parseable-output -disable-clang-spi -target-sdk-version 10.2 -target-sdk-name watchos10.2 -external-plugin-path /Applications/Xcode-15.2.0.app/Contents/Developer/Platforms/WatchOS.platform/Developer/SDKs/WatchOS10.2.sdk/usr/lib/swift/host/plugins\#/Applications/Xcode-15.2.0.app/Contents/Developer/Platforms/WatchOS.platform/Developer/SDKs/WatchOS10.2.sdk/usr/bin/swift-plugin-server -external-plugin-path /Applications/Xcode-15.2.0.app/Contents/Developer/Platforms/WatchOS.platform/Developer/SDKs/WatchOS10.2.sdk/usr/local/lib/swift/host/plugins\#/Applications/Xcode-15.2.0.app/Contents/Developer/Platforms/WatchOS.platform/Developer/SDKs/WatchOS10.2.sdk/usr/bin/swift-plugin-server -external-plugin-path /Applications/Xcode-15.2.0.app/Contents/Developer/Platforms/WatchOS.platform/Developer/usr/lib/swift/host/plugins\#/Applications/Xcode-15.2.0.app/Contents/Developer/Platforms/WatchOS.platform/Developer/usr/bin/swift-plugin-server -external-plugin-path /Applications/Xcode-15.2.0.app/Contents/Developer/Platforms/WatchOS.platform/Developer/usr/local/lib/swift/host/plugins\#/Applications/Xcode-15.2.0.app/Contents/Developer/Platforms/WatchOS.platform/Developer/usr/bin/swift-plugin-server -plugin-path /Applications/Xcode-15.2.0.app/Contents/Developer/Toolchains/XcodeDefault.xctoolchain/usr/lib/swift/host/plugins -plugin-path /Applications/Xcode-15.2.0.app/Contents/Developer/Toolchains/XcodeDefault.xctoolchain/usr/local/lib/swift/host/plugins -o /Users/builder/builds/TDmZkXJm/1/finestructure/swiftpackageindex-builder/spi-builder-workspace/.derivedData/Build/Intermediates.noindex/composable-deep-link.build/Debug-watchos/ComposableDeepLink.build/Objects-normal/arm64/Scheme.o -index-unit-output-path /composable-deep-link.build/Debug-watchos/ComposableDeepLink.build/Objects-normal/arm64/Scheme.o -index-store-path /Users/builder/builds/TDmZkXJm/1/finestructure/swiftpackageindex-builder/spi-builder-workspace/.derivedData/Index.noindex/DataStore -index-system-modules
SwiftEmitModule normal arm64_32 Emitting\ module\ for\ ComposableDeepLink (in target 'ComposableDeepLink' from project 'composable-deep-link')
    cd /Users/builder/builds/TDmZkXJm/1/finestructure/swiftpackageindex-builder/spi-builder-workspace
    builtin-swiftTaskExecution -- /Applications/Xcode-15.2.0.app/Contents/Developer/Toolchains/XcodeDefault.xctoolchain/usr/bin/swift-frontend -frontend -emit-module -experimental-skip-non-inlinable-function-bodies-without-types /Users/builder/builds/TDmZkXJm/1/finestructure/swiftpackageindex-builder/spi-builder-workspace/Sources/ComposableDeepLink/ComposableDeepLink.swift /Users/builder/builds/TDmZkXJm/1/finestructure/swiftpackageindex-builder/spi-builder-workspace/Sources/ComposableDeepLink/DeepLinkProcessing.swift /Users/builder/builds/TDmZkXJm/1/finestructure/swiftpackageindex-builder/spi-builder-workspace/Sources/ComposableDeepLink/Features/Handle.swift /Users/builder/builds/TDmZkXJm/1/finestructure/swiftpackageindex-builder/spi-builder-workspace/Sources/ComposableDeepLink/Features/Host.swift /Users/builder/builds/TDmZkXJm/1/finestructure/swiftpackageindex-builder/spi-builder-workspace/Sources/ComposableDeepLink/Features/Path.swift /Users/builder/builds/TDmZkXJm/1/finestructure/swiftpackageindex-builder/spi-builder-workspace/Sources/ComposableDeepLink/Features/Scheme.swift /Users/builder/builds/TDmZkXJm/1/finestructure/swiftpackageindex-builder/spi-builder-workspace/Sources/ComposableDeepLink/Misc/ArrayBuilder.swift -target arm64_32-apple-watchos4.0 -enable-objc-interop -sdk /Applications/Xcode-15.2.0.app/Contents/Developer/Platforms/WatchOS.platform/Developer/SDKs/WatchOS10.2.sdk -I /Users/builder/builds/TDmZkXJm/1/finestructure/swiftpackageindex-builder/spi-builder-workspace/.derivedData/Build/Products/Debug-watchos -I /Applications/Xcode-15.2.0.app/Contents/Developer/Platforms/WatchOS.platform/Developer/usr/lib -F /Users/builder/builds/TDmZkXJm/1/finestructure/swiftpackageindex-builder/spi-builder-workspace/.derivedData/Build/Products/Debug-watchos -F /Applications/Xcode-15.2.0.app/Contents/Developer/Platforms/WatchOS.platform/Developer/Library/Frameworks -F /Applications/Xcode-15.2.0.app/Contents/Developer/Platforms/WatchOS.platform/Developer/SDKs/WatchOS10.2.sdk/Developer/Library/Frameworks -no-color-diagnostics -enable-testing -g -module-cache-path /Users/builder/builds/TDmZkXJm/1/finestructure/swiftpackageindex-builder/spi-builder-workspace/.derivedData/ModuleCache.noindex -profile-generate -profile-coverage-mapping -swift-version 5 -enforce-exclusivity\=checked -Onone -D SWIFT_PACKAGE -D DEBUG -D Xcode -serialize-debugging-options -package-name spi_builder_workspace -const-gather-protocols-file /Users/builder/builds/TDmZkXJm/1/finestructure/swiftpackageindex-builder/spi-builder-workspace/.derivedData/Build/Intermediates.noindex/composable-deep-link.build/Debug-watchos/ComposableDeepLink.build/Objects-normal/arm64_32/ComposableDeepLink_const_extract_protocols.json -empty-abi-descriptor -validate-clang-modules-once -clang-build-session-file /Users/builder/builds/TDmZkXJm/1/finestructure/swiftpackageindex-builder/spi-builder-workspace/.derivedData/ModuleCache.noindex/Session.modulevalidation -Xcc -working-directory -Xcc /Users/builder/builds/TDmZkXJm/1/finestructure/swiftpackageindex-builder/spi-builder-workspace -resource-dir /Applications/Xcode-15.2.0.app/Contents/Developer/Toolchains/XcodeDefault.xctoolchain/usr/lib/swift -enable-anonymous-context-mangled-names -Xcc -ivfsstatcache -Xcc /Users/builder/builds/TDmZkXJm/1/finestructure/swiftpackageindex-builder/spi-builder-workspace/.derivedData/SDKStatCaches.noindex/watchos10.2-21S355-1a03c8d25fc3596eb74c01d649b42752.sdkstatcache -Xcc -I/Users/builder/builds/TDmZkXJm/1/finestructure/swiftpackageindex-builder/spi-builder-workspace/.derivedData/Build/Intermediates.noindex/composable-deep-link.build/Debug-watchos/ComposableDeepLink.build/swift-overrides.hmap -Xcc -I/Users/builder/builds/TDmZkXJm/1/finestructure/swiftpackageindex-builder/spi-builder-workspace/.derivedData/Build/Products/Debug-watchos/include -Xcc -I/Users/builder/builds/TDmZkXJm/1/finestructure/swiftpackageindex-builder/spi-builder-workspace/.derivedData/Build/Intermediates.noindex/composable-deep-link.build/Debug-watchos/ComposableDeepLink.build/DerivedSources-normal/arm64_32 -Xcc -I/Users/builder/builds/TDmZkXJm/1/finestructure/swiftpackageindex-builder/spi-builder-workspace/.derivedData/Build/Intermediates.noindex/composable-deep-link.build/Debug-watchos/ComposableDeepLink.build/DerivedSources/arm64_32 -Xcc -I/Users/builder/builds/TDmZkXJm/1/finestructure/swiftpackageindex-builder/spi-builder-workspace/.derivedData/Build/Intermediates.noindex/composable-deep-link.build/Debug-watchos/ComposableDeepLink.build/DerivedSources -Xcc -DSWIFT_PACKAGE -Xcc -DDEBUG\=1 -module-name ComposableDeepLink -disable-clang-spi -target-sdk-version 10.2 -target-sdk-name watchos10.2 -external-plugin-path /Applications/Xcode-15.2.0.app/Contents/Developer/Platforms/WatchOS.platform/Developer/SDKs/WatchOS10.2.sdk/usr/lib/swift/host/plugins\#/Applications/Xcode-15.2.0.app/Contents/Developer/Platforms/WatchOS.platform/Developer/SDKs/WatchOS10.2.sdk/usr/bin/swift-plugin-server -external-plugin-path /Applications/Xcode-15.2.0.app/Contents/Developer/Platforms/WatchOS.platform/Developer/SDKs/WatchOS10.2.sdk/usr/local/lib/swift/host/plugins\#/Applications/Xcode-15.2.0.app/Contents/Developer/Platforms/WatchOS.platform/Developer/SDKs/WatchOS10.2.sdk/usr/bin/swift-plugin-server -external-plugin-path /Applications/Xcode-15.2.0.app/Contents/Developer/Platforms/WatchOS.platform/Developer/usr/lib/swift/host/plugins\#/Applications/Xcode-15.2.0.app/Contents/Developer/Platforms/WatchOS.platform/Developer/usr/bin/swift-plugin-server -external-plugin-path /Applications/Xcode-15.2.0.app/Contents/Developer/Platforms/WatchOS.platform/Developer/usr/local/lib/swift/host/plugins\#/Applications/Xcode-15.2.0.app/Contents/Developer/Platforms/WatchOS.platform/Developer/usr/bin/swift-plugin-server -plugin-path /Applications/Xcode-15.2.0.app/Contents/Developer/Toolchains/XcodeDefault.xctoolchain/usr/lib/swift/host/plugins -plugin-path /Applications/Xcode-15.2.0.app/Contents/Developer/Toolchains/XcodeDefault.xctoolchain/usr/local/lib/swift/host/plugins -emit-module-doc-path /Users/builder/builds/TDmZkXJm/1/finestructure/swiftpackageindex-builder/spi-builder-workspace/.derivedData/Build/Intermediates.noindex/composable-deep-link.build/Debug-watchos/ComposableDeepLink.build/Objects-normal/arm64_32/ComposableDeepLink.swiftdoc -emit-module-source-info-path /Users/builder/builds/TDmZkXJm/1/finestructure/swiftpackageindex-builder/spi-builder-workspace/.derivedData/Build/Intermediates.noindex/composable-deep-link.build/Debug-watchos/ComposableDeepLink.build/Objects-normal/arm64_32/ComposableDeepLink.swiftsourceinfo -emit-objc-header-path /Users/builder/builds/TDmZkXJm/1/finestructure/swiftpackageindex-builder/spi-builder-workspace/.derivedData/Build/Intermediates.noindex/composable-deep-link.build/Debug-watchos/ComposableDeepLink.build/Objects-normal/arm64_32/ComposableDeepLink-Swift.h -serialize-diagnostics-path /Users/builder/builds/TDmZkXJm/1/finestructure/swiftpackageindex-builder/spi-builder-workspace/.derivedData/Build/Intermediates.noindex/composable-deep-link.build/Debug-watchos/ComposableDeepLink.build/Objects-normal/arm64_32/ComposableDeepLink-master-emit-module.dia -emit-dependencies-path /Users/builder/builds/TDmZkXJm/1/finestructure/swiftpackageindex-builder/spi-builder-workspace/.derivedData/Build/Intermediates.noindex/composable-deep-link.build/Debug-watchos/ComposableDeepLink.build/Objects-normal/arm64_32/ComposableDeepLink-master-emit-module.d -o /Users/builder/builds/TDmZkXJm/1/finestructure/swiftpackageindex-builder/spi-builder-workspace/.derivedData/Build/Intermediates.noindex/composable-deep-link.build/Debug-watchos/ComposableDeepLink.build/Objects-normal/arm64_32/ComposableDeepLink.swiftmodule -emit-abi-descriptor-path /Users/builder/builds/TDmZkXJm/1/finestructure/swiftpackageindex-builder/spi-builder-workspace/.derivedData/Build/Intermediates.noindex/composable-deep-link.build/Debug-watchos/ComposableDeepLink.build/Objects-normal/arm64_32/ComposableDeepLink.abi.json
SwiftCompile normal armv7k Compiling\ Handle.swift /Users/builder/builds/TDmZkXJm/1/finestructure/swiftpackageindex-builder/spi-builder-workspace/Sources/ComposableDeepLink/Features/Handle.swift (in target 'ComposableDeepLink' from project 'composable-deep-link')
    cd /Users/builder/builds/TDmZkXJm/1/finestructure/swiftpackageindex-builder/spi-builder-workspace
    builtin-swiftTaskExecution -- /Applications/Xcode-15.2.0.app/Contents/Developer/Toolchains/XcodeDefault.xctoolchain/usr/bin/swift-frontend -frontend -c /Users/builder/builds/TDmZkXJm/1/finestructure/swiftpackageindex-builder/spi-builder-workspace/Sources/ComposableDeepLink/ComposableDeepLink.swift /Users/builder/builds/TDmZkXJm/1/finestructure/swiftpackageindex-builder/spi-builder-workspace/Sources/ComposableDeepLink/DeepLinkProcessing.swift -primary-file /Users/builder/builds/TDmZkXJm/1/finestructure/swiftpackageindex-builder/spi-builder-workspace/Sources/ComposableDeepLink/Features/Handle.swift /Users/builder/builds/TDmZkXJm/1/finestructure/swiftpackageindex-builder/spi-builder-workspace/Sources/ComposableDeepLink/Features/Host.swift /Users/builder/builds/TDmZkXJm/1/finestructure/swiftpackageindex-builder/spi-builder-workspace/Sources/ComposableDeepLink/Features/Path.swift /Users/builder/builds/TDmZkXJm/1/finestructure/swiftpackageindex-builder/spi-builder-workspace/Sources/ComposableDeepLink/Features/Scheme.swift /Users/builder/builds/TDmZkXJm/1/finestructure/swiftpackageindex-builder/spi-builder-workspace/Sources/ComposableDeepLink/Misc/ArrayBuilder.swift -emit-dependencies-path /Users/builder/builds/TDmZkXJm/1/finestructure/swiftpackageindex-builder/spi-builder-workspace/.derivedData/Build/Intermediates.noindex/composable-deep-link.build/Debug-watchos/ComposableDeepLink.build/Objects-normal/armv7k/Handle.d -emit-const-values-path /Users/builder/builds/TDmZkXJm/1/finestructure/swiftpackageindex-builder/spi-builder-workspace/.derivedData/Build/Intermediates.noindex/composable-deep-link.build/Debug-watchos/ComposableDeepLink.build/Objects-normal/armv7k/Handle.swiftconstvalues -emit-reference-dependencies-path /Users/builder/builds/TDmZkXJm/1/finestructure/swiftpackageindex-builder/spi-builder-workspace/.derivedData/Build/Intermediates.noindex/composable-deep-link.build/Debug-watchos/ComposableDeepLink.build/Objects-normal/armv7k/Handle.swiftdeps -serialize-diagnostics-path /Users/builder/builds/TDmZkXJm/1/finestructure/swiftpackageindex-builder/spi-builder-workspace/.derivedData/Build/Intermediates.noindex/composable-deep-link.build/Debug-watchos/ComposableDeepLink.build/Objects-normal/armv7k/Handle.dia -target armv7k-apple-watchos4.0 -enable-objc-interop -sdk /Applications/Xcode-15.2.0.app/Contents/Developer/Platforms/WatchOS.platform/Developer/SDKs/WatchOS10.2.sdk -I /Users/builder/builds/TDmZkXJm/1/finestructure/swiftpackageindex-builder/spi-builder-workspace/.derivedData/Build/Products/Debug-watchos -I /Applications/Xcode-15.2.0.app/Contents/Developer/Platforms/WatchOS.platform/Developer/usr/lib -F /Users/builder/builds/TDmZkXJm/1/finestructure/swiftpackageindex-builder/spi-builder-workspace/.derivedData/Build/Products/Debug-watchos -F /Applications/Xcode-15.2.0.app/Contents/Developer/Platforms/WatchOS.platform/Developer/Library/Frameworks -F /Applications/Xcode-15.2.0.app/Contents/Developer/Platforms/WatchOS.platform/Developer/SDKs/WatchOS10.2.sdk/Developer/Library/Frameworks -no-color-diagnostics -enable-testing -g -module-cache-path /Users/builder/builds/TDmZkXJm/1/finestructure/swiftpackageindex-builder/spi-builder-workspace/.derivedData/ModuleCache.noindex -profile-generate -profile-coverage-mapping -swift-version 5 -enforce-exclusivity\=checked -Onone -D SWIFT_PACKAGE -D DEBUG -D Xcode -serialize-debugging-options -package-name spi_builder_workspace -const-gather-protocols-file /Users/builder/builds/TDmZkXJm/1/finestructure/swiftpackageindex-builder/spi-builder-workspace/.derivedData/Build/Intermediates.noindex/composable-deep-link.build/Debug-watchos/ComposableDeepLink.build/Objects-normal/armv7k/ComposableDeepLink_const_extract_protocols.json -empty-abi-descriptor -validate-clang-modules-once -clang-build-session-file /Users/builder/builds/TDmZkXJm/1/finestructure/swiftpackageindex-builder/spi-builder-workspace/.derivedData/ModuleCache.noindex/Session.modulevalidation -Xcc -working-directory -Xcc /Users/builder/builds/TDmZkXJm/1/finestructure/swiftpackageindex-builder/spi-builder-workspace -resource-dir /Applications/Xcode-15.2.0.app/Contents/Developer/Toolchains/XcodeDefault.xctoolchain/usr/lib/swift -enable-anonymous-context-mangled-names -Xcc -ivfsstatcache -Xcc /Users/builder/builds/TDmZkXJm/1/finestructure/swiftpackageindex-builder/spi-builder-workspace/.derivedData/SDKStatCaches.noindex/watchos10.2-21S355-1a03c8d25fc3596eb74c01d649b42752.sdkstatcache -Xcc -I/Users/builder/builds/TDmZkXJm/1/finestructure/swiftpackageindex-builder/spi-builder-workspace/.derivedData/Build/Intermediates.noindex/composable-deep-link.build/Debug-watchos/ComposableDeepLink.build/swift-overrides.hmap -Xcc -I/Users/builder/builds/TDmZkXJm/1/finestructure/swiftpackageindex-builder/spi-builder-workspace/.derivedData/Build/Products/Debug-watchos/include -Xcc -I/Users/builder/builds/TDmZkXJm/1/finestructure/swiftpackageindex-builder/spi-builder-workspace/.derivedData/Build/Intermediates.noindex/composable-deep-link.build/Debug-watchos/ComposableDeepLink.build/DerivedSources-normal/armv7k -Xcc -I/Users/builder/builds/TDmZkXJm/1/finestructure/swiftpackageindex-builder/spi-builder-workspace/.derivedData/Build/Intermediates.noindex/composable-deep-link.build/Debug-watchos/ComposableDeepLink.build/DerivedSources/armv7k -Xcc -I/Users/builder/builds/TDmZkXJm/1/finestructure/swiftpackageindex-builder/spi-builder-workspace/.derivedData/Build/Intermediates.noindex/composable-deep-link.build/Debug-watchos/ComposableDeepLink.build/DerivedSources -Xcc -DSWIFT_PACKAGE -Xcc -DDEBUG\=1 -module-name ComposableDeepLink -frontend-parseable-output -disable-clang-spi -target-sdk-version 10.2 -target-sdk-name watchos10.2 -external-plugin-path /Applications/Xcode-15.2.0.app/Contents/Developer/Platforms/WatchOS.platform/Developer/SDKs/WatchOS10.2.sdk/usr/lib/swift/host/plugins\#/Applications/Xcode-15.2.0.app/Contents/Developer/Platforms/WatchOS.platform/Developer/SDKs/WatchOS10.2.sdk/usr/bin/swift-plugin-server -external-plugin-path /Applications/Xcode-15.2.0.app/Contents/Developer/Platforms/WatchOS.platform/Developer/SDKs/WatchOS10.2.sdk/usr/local/lib/swift/host/plugins\#/Applications/Xcode-15.2.0.app/Contents/Developer/Platforms/WatchOS.platform/Developer/SDKs/WatchOS10.2.sdk/usr/bin/swift-plugin-server -external-plugin-path /Applications/Xcode-15.2.0.app/Contents/Developer/Platforms/WatchOS.platform/Developer/usr/lib/swift/host/plugins\#/Applications/Xcode-15.2.0.app/Contents/Developer/Platforms/WatchOS.platform/Developer/usr/bin/swift-plugin-server -external-plugin-path /Applications/Xcode-15.2.0.app/Contents/Developer/Platforms/WatchOS.platform/Developer/usr/local/lib/swift/host/plugins\#/Applications/Xcode-15.2.0.app/Contents/Developer/Platforms/WatchOS.platform/Developer/usr/bin/swift-plugin-server -plugin-path /Applications/Xcode-15.2.0.app/Contents/Developer/Toolchains/XcodeDefault.xctoolchain/usr/lib/swift/host/plugins -plugin-path /Applications/Xcode-15.2.0.app/Contents/Developer/Toolchains/XcodeDefault.xctoolchain/usr/local/lib/swift/host/plugins -o /Users/builder/builds/TDmZkXJm/1/finestructure/swiftpackageindex-builder/spi-builder-workspace/.derivedData/Build/Intermediates.noindex/composable-deep-link.build/Debug-watchos/ComposableDeepLink.build/Objects-normal/armv7k/Handle.o -index-unit-output-path /composable-deep-link.build/Debug-watchos/ComposableDeepLink.build/Objects-normal/armv7k/Handle.o -index-store-path /Users/builder/builds/TDmZkXJm/1/finestructure/swiftpackageindex-builder/spi-builder-workspace/.derivedData/Index.noindex/DataStore -index-system-modules
SwiftCompile normal armv7k /Users/builder/builds/TDmZkXJm/1/finestructure/swiftpackageindex-builder/spi-builder-workspace/Sources/ComposableDeepLink/Features/Handle.swift (in target 'ComposableDeepLink' from project 'composable-deep-link')
    cd /Users/builder/builds/TDmZkXJm/1/finestructure/swiftpackageindex-builder/spi-builder-workspace
    /Applications/Xcode-15.2.0.app/Contents/Developer/Toolchains/XcodeDefault.xctoolchain/usr/bin/swift-frontend -c /Users/builder/builds/TDmZkXJm/1/finestructure/swiftpackageindex-builder/spi-builder-workspace/Sources/ComposableDeepLink/ComposableDeepLink.swift /Users/builder/builds/TDmZkXJm/1/finestructure/swiftpackageindex-builder/spi-builder-workspace/Sources/ComposableDeepLink/DeepLinkProcessing.swift -primary-file /Users/builder/builds/TDmZkXJm/1/finestructure/swiftpackageindex-builder/spi-builder-workspace/Sources/ComposableDeepLink/Features/Handle.swift /Users/builder/builds/TDmZkXJm/1/finestructure/swiftpackageindex-builder/spi-builder-workspace/Sources/ComposableDeepLink/Features/Host.swift /Users/builder/builds/TDmZkXJm/1/finestructure/swiftpackageindex-builder/spi-builder-workspace/Sources/ComposableDeepLink/Features/Path.swift /Users/builder/builds/TDmZkXJm/1/finestructure/swiftpackageindex-builder/spi-builder-workspace/Sources/ComposableDeepLink/Features/Scheme.swift /Users/builder/builds/TDmZkXJm/1/finestructure/swiftpackageindex-builder/spi-builder-workspace/Sources/ComposableDeepLink/Misc/ArrayBuilder.swift -emit-dependencies-path /Users/builder/builds/TDmZkXJm/1/finestructure/swiftpackageindex-builder/spi-builder-workspace/.derivedData/Build/Intermediates.noindex/composable-deep-link.build/Debug-watchos/ComposableDeepLink.build/Objects-normal/armv7k/Handle.d -emit-const-values-path /Users/builder/builds/TDmZkXJm/1/finestructure/swiftpackageindex-builder/spi-builder-workspace/.derivedData/Build/Intermediates.noindex/composable-deep-link.build/Debug-watchos/ComposableDeepLink.build/Objects-normal/armv7k/Handle.swiftconstvalues -emit-reference-dependencies-path /Users/builder/builds/TDmZkXJm/1/finestructure/swiftpackageindex-builder/spi-builder-workspace/.derivedData/Build/Intermediates.noindex/composable-deep-link.build/Debug-watchos/ComposableDeepLink.build/Objects-normal/armv7k/Handle.swiftdeps -serialize-diagnostics-path /Users/builder/builds/TDmZkXJm/1/finestructure/swiftpackageindex-builder/spi-builder-workspace/.derivedData/Build/Intermediates.noindex/composable-deep-link.build/Debug-watchos/ComposableDeepLink.build/Objects-normal/armv7k/Handle.dia -target armv7k-apple-watchos4.0 -enable-objc-interop -sdk /Applications/Xcode-15.2.0.app/Contents/Developer/Platforms/WatchOS.platform/Developer/SDKs/WatchOS10.2.sdk -I /Users/builder/builds/TDmZkXJm/1/finestructure/swiftpackageindex-builder/spi-builder-workspace/.derivedData/Build/Products/Debug-watchos -I /Applications/Xcode-15.2.0.app/Contents/Developer/Platforms/WatchOS.platform/Developer/usr/lib -F /Users/builder/builds/TDmZkXJm/1/finestructure/swiftpackageindex-builder/spi-builder-workspace/.derivedData/Build/Products/Debug-watchos -F /Applications/Xcode-15.2.0.app/Contents/Developer/Platforms/WatchOS.platform/Developer/Library/Frameworks -F /Applications/Xcode-15.2.0.app/Contents/Developer/Platforms/WatchOS.platform/Developer/SDKs/WatchOS10.2.sdk/Developer/Library/Frameworks -no-color-diagnostics -enable-testing -g -module-cache-path /Users/builder/builds/TDmZkXJm/1/finestructure/swiftpackageindex-builder/spi-builder-workspace/.derivedData/ModuleCache.noindex -profile-generate -profile-coverage-mapping -swift-version 5 -enforce-exclusivity\=checked -Onone -D SWIFT_PACKAGE -D DEBUG -D Xcode -serialize-debugging-options -package-name spi_builder_workspace -const-gather-protocols-file /Users/builder/builds/TDmZkXJm/1/finestructure/swiftpackageindex-builder/spi-builder-workspace/.derivedData/Build/Intermediates.noindex/composable-deep-link.build/Debug-watchos/ComposableDeepLink.build/Objects-normal/armv7k/ComposableDeepLink_const_extract_protocols.json -empty-abi-descriptor -validate-clang-modules-once -clang-build-session-file /Users/builder/builds/TDmZkXJm/1/finestructure/swiftpackageindex-builder/spi-builder-workspace/.derivedData/ModuleCache.noindex/Session.modulevalidation -Xcc -working-directory -Xcc /Users/builder/builds/TDmZkXJm/1/finestructure/swiftpackageindex-builder/spi-builder-workspace -resource-dir /Applications/Xcode-15.2.0.app/Contents/Developer/Toolchains/XcodeDefault.xctoolchain/usr/lib/swift -enable-anonymous-context-mangled-names -Xcc -ivfsstatcache -Xcc /Users/builder/builds/TDmZkXJm/1/finestructure/swiftpackageindex-builder/spi-builder-workspace/.derivedData/SDKStatCaches.noindex/watchos10.2-21S355-1a03c8d25fc3596eb74c01d649b42752.sdkstatcache -Xcc -I/Users/builder/builds/TDmZkXJm/1/finestructure/swiftpackageindex-builder/spi-builder-workspace/.derivedData/Build/Intermediates.noindex/composable-deep-link.build/Debug-watchos/ComposableDeepLink.build/swift-overrides.hmap -Xcc -I/Users/builder/builds/TDmZkXJm/1/finestructure/swiftpackageindex-builder/spi-builder-workspace/.derivedData/Build/Products/Debug-watchos/include -Xcc -I/Users/builder/builds/TDmZkXJm/1/finestructure/swiftpackageindex-builder/spi-builder-workspace/.derivedData/Build/Intermediates.noindex/composable-deep-link.build/Debug-watchos/ComposableDeepLink.build/DerivedSources-normal/armv7k -Xcc -I/Users/builder/builds/TDmZkXJm/1/finestructure/swiftpackageindex-builder/spi-builder-workspace/.derivedData/Build/Intermediates.noindex/composable-deep-link.build/Debug-watchos/ComposableDeepLink.build/DerivedSources/armv7k -Xcc -I/Users/builder/builds/TDmZkXJm/1/finestructure/swiftpackageindex-builder/spi-builder-workspace/.derivedData/Build/Intermediates.noindex/composable-deep-link.build/Debug-watchos/ComposableDeepLink.build/DerivedSources -Xcc -DSWIFT_PACKAGE -Xcc -DDEBUG\=1 -module-name ComposableDeepLink -frontend-parseable-output -disable-clang-spi -target-sdk-version 10.2 -target-sdk-name watchos10.2 -external-plugin-path /Applications/Xcode-15.2.0.app/Contents/Developer/Platforms/WatchOS.platform/Developer/SDKs/WatchOS10.2.sdk/usr/lib/swift/host/plugins\#/Applications/Xcode-15.2.0.app/Contents/Developer/Platforms/WatchOS.platform/Developer/SDKs/WatchOS10.2.sdk/usr/bin/swift-plugin-server -external-plugin-path /Applications/Xcode-15.2.0.app/Contents/Developer/Platforms/WatchOS.platform/Developer/SDKs/WatchOS10.2.sdk/usr/local/lib/swift/host/plugins\#/Applications/Xcode-15.2.0.app/Contents/Developer/Platforms/WatchOS.platform/Developer/SDKs/WatchOS10.2.sdk/usr/bin/swift-plugin-server -external-plugin-path /Applications/Xcode-15.2.0.app/Contents/Developer/Platforms/WatchOS.platform/Developer/usr/lib/swift/host/plugins\#/Applications/Xcode-15.2.0.app/Contents/Developer/Platforms/WatchOS.platform/Developer/usr/bin/swift-plugin-server -external-plugin-path /Applications/Xcode-15.2.0.app/Contents/Developer/Platforms/WatchOS.platform/Developer/usr/local/lib/swift/host/plugins\#/Applications/Xcode-15.2.0.app/Contents/Developer/Platforms/WatchOS.platform/Developer/usr/bin/swift-plugin-server -plugin-path /Applications/Xcode-15.2.0.app/Contents/Developer/Toolchains/XcodeDefault.xctoolchain/usr/lib/swift/host/plugins -plugin-path /Applications/Xcode-15.2.0.app/Contents/Developer/Toolchains/XcodeDefault.xctoolchain/usr/local/lib/swift/host/plugins -o /Users/builder/builds/TDmZkXJm/1/finestructure/swiftpackageindex-builder/spi-builder-workspace/.derivedData/Build/Intermediates.noindex/composable-deep-link.build/Debug-watchos/ComposableDeepLink.build/Objects-normal/armv7k/Handle.o -index-unit-output-path /composable-deep-link.build/Debug-watchos/ComposableDeepLink.build/Objects-normal/armv7k/Handle.o -index-store-path /Users/builder/builds/TDmZkXJm/1/finestructure/swiftpackageindex-builder/spi-builder-workspace/.derivedData/Index.noindex/DataStore -index-system-modules
SwiftCompile normal arm64 Compiling\ ComposableDeepLink.swift /Users/builder/builds/TDmZkXJm/1/finestructure/swiftpackageindex-builder/spi-builder-workspace/Sources/ComposableDeepLink/ComposableDeepLink.swift (in target 'ComposableDeepLink' from project 'composable-deep-link')
    cd /Users/builder/builds/TDmZkXJm/1/finestructure/swiftpackageindex-builder/spi-builder-workspace
    builtin-swiftTaskExecution -- /Applications/Xcode-15.2.0.app/Contents/Developer/Toolchains/XcodeDefault.xctoolchain/usr/bin/swift-frontend -frontend -c -primary-file /Users/builder/builds/TDmZkXJm/1/finestructure/swiftpackageindex-builder/spi-builder-workspace/Sources/ComposableDeepLink/ComposableDeepLink.swift /Users/builder/builds/TDmZkXJm/1/finestructure/swiftpackageindex-builder/spi-builder-workspace/Sources/ComposableDeepLink/DeepLinkProcessing.swift /Users/builder/builds/TDmZkXJm/1/finestructure/swiftpackageindex-builder/spi-builder-workspace/Sources/ComposableDeepLink/Features/Handle.swift /Users/builder/builds/TDmZkXJm/1/finestructure/swiftpackageindex-builder/spi-builder-workspace/Sources/ComposableDeepLink/Features/Host.swift /Users/builder/builds/TDmZkXJm/1/finestructure/swiftpackageindex-builder/spi-builder-workspace/Sources/ComposableDeepLink/Features/Path.swift /Users/builder/builds/TDmZkXJm/1/finestructure/swiftpackageindex-builder/spi-builder-workspace/Sources/ComposableDeepLink/Features/Scheme.swift /Users/builder/builds/TDmZkXJm/1/finestructure/swiftpackageindex-builder/spi-builder-workspace/Sources/ComposableDeepLink/Misc/ArrayBuilder.swift -emit-dependencies-path /Users/builder/builds/TDmZkXJm/1/finestructure/swiftpackageindex-builder/spi-builder-workspace/.derivedData/Build/Intermediates.noindex/composable-deep-link.build/Debug-watchos/ComposableDeepLink.build/Objects-normal/arm64/ComposableDeepLink.d -emit-const-values-path /Users/builder/builds/TDmZkXJm/1/finestructure/swiftpackageindex-builder/spi-builder-workspace/.derivedData/Build/Intermediates.noindex/composable-deep-link.build/Debug-watchos/ComposableDeepLink.build/Objects-normal/arm64/ComposableDeepLink.swiftconstvalues -emit-reference-dependencies-path /Users/builder/builds/TDmZkXJm/1/finestructure/swiftpackageindex-builder/spi-builder-workspace/.derivedData/Build/Intermediates.noindex/composable-deep-link.build/Debug-watchos/ComposableDeepLink.build/Objects-normal/arm64/ComposableDeepLink.swiftdeps -serialize-diagnostics-path /Users/builder/builds/TDmZkXJm/1/finestructure/swiftpackageindex-builder/spi-builder-workspace/.derivedData/Build/Intermediates.noindex/composable-deep-link.build/Debug-watchos/ComposableDeepLink.build/Objects-normal/arm64/ComposableDeepLink.dia -target arm64-apple-watchos4.0 -Xllvm -aarch64-use-tbi -enable-objc-interop -sdk /Applications/Xcode-15.2.0.app/Contents/Developer/Platforms/WatchOS.platform/Developer/SDKs/WatchOS10.2.sdk -I /Users/builder/builds/TDmZkXJm/1/finestructure/swiftpackageindex-builder/spi-builder-workspace/.derivedData/Build/Products/Debug-watchos -I /Applications/Xcode-15.2.0.app/Contents/Developer/Platforms/WatchOS.platform/Developer/usr/lib -F /Users/builder/builds/TDmZkXJm/1/finestructure/swiftpackageindex-builder/spi-builder-workspace/.derivedData/Build/Products/Debug-watchos -F /Applications/Xcode-15.2.0.app/Contents/Developer/Platforms/WatchOS.platform/Developer/Library/Frameworks -F /Applications/Xcode-15.2.0.app/Contents/Developer/Platforms/WatchOS.platform/Developer/SDKs/WatchOS10.2.sdk/Developer/Library/Frameworks -no-color-diagnostics -enable-testing -g -module-cache-path /Users/builder/builds/TDmZkXJm/1/finestructure/swiftpackageindex-builder/spi-builder-workspace/.derivedData/ModuleCache.noindex -profile-generate -profile-coverage-mapping -swift-version 5 -enforce-exclusivity\=checked -Onone -D SWIFT_PACKAGE -D DEBUG -D Xcode -serialize-debugging-options -package-name spi_builder_workspace -const-gather-protocols-file /Users/builder/builds/TDmZkXJm/1/finestructure/swiftpackageindex-builder/spi-builder-workspace/.derivedData/Build/Intermediates.noindex/composable-deep-link.build/Debug-watchos/ComposableDeepLink.build/Objects-normal/arm64/ComposableDeepLink_const_extract_protocols.json -empty-abi-descriptor -validate-clang-modules-once -clang-build-session-file /Users/builder/builds/TDmZkXJm/1/finestructure/swiftpackageindex-builder/spi-builder-workspace/.derivedData/ModuleCache.noindex/Session.modulevalidation -Xcc -working-directory -Xcc /Users/builder/builds/TDmZkXJm/1/finestructure/swiftpackageindex-builder/spi-builder-workspace -resource-dir /Applications/Xcode-15.2.0.app/Contents/Developer/Toolchains/XcodeDefault.xctoolchain/usr/lib/swift -enable-anonymous-context-mangled-names -Xcc -ivfsstatcache -Xcc /Users/builder/builds/TDmZkXJm/1/finestructure/swiftpackageindex-builder/spi-builder-workspace/.derivedData/SDKStatCaches.noindex/watchos10.2-21S355-1a03c8d25fc3596eb74c01d649b42752.sdkstatcache -Xcc -I/Users/builder/builds/TDmZkXJm/1/finestructure/swiftpackageindex-builder/spi-builder-workspace/.derivedData/Build/Intermediates.noindex/composable-deep-link.build/Debug-watchos/ComposableDeepLink.build/swift-overrides.hmap -Xcc -I/Users/builder/builds/TDmZkXJm/1/finestructure/swiftpackageindex-builder/spi-builder-workspace/.derivedData/Build/Products/Debug-watchos/include -Xcc -I/Users/builder/builds/TDmZkXJm/1/finestructure/swiftpackageindex-builder/spi-builder-workspace/.derivedData/Build/Intermediates.noindex/composable-deep-link.build/Debug-watchos/ComposableDeepLink.build/DerivedSources-normal/arm64 -Xcc -I/Users/builder/builds/TDmZkXJm/1/finestructure/swiftpackageindex-builder/spi-builder-workspace/.derivedData/Build/Intermediates.noindex/composable-deep-link.build/Debug-watchos/ComposableDeepLink.build/DerivedSources/arm64 -Xcc -I/Users/builder/builds/TDmZkXJm/1/finestructure/swiftpackageindex-builder/spi-builder-workspace/.derivedData/Build/Intermediates.noindex/composable-deep-link.build/Debug-watchos/ComposableDeepLink.build/DerivedSources -Xcc -DSWIFT_PACKAGE -Xcc -DDEBUG\=1 -module-name ComposableDeepLink -frontend-parseable-output -disable-clang-spi -target-sdk-version 10.2 -target-sdk-name watchos10.2 -external-plugin-path /Applications/Xcode-15.2.0.app/Contents/Developer/Platforms/WatchOS.platform/Developer/SDKs/WatchOS10.2.sdk/usr/lib/swift/host/plugins\#/Applications/Xcode-15.2.0.app/Contents/Developer/Platforms/WatchOS.platform/Developer/SDKs/WatchOS10.2.sdk/usr/bin/swift-plugin-server -external-plugin-path /Applications/Xcode-15.2.0.app/Contents/Developer/Platforms/WatchOS.platform/Developer/SDKs/WatchOS10.2.sdk/usr/local/lib/swift/host/plugins\#/Applications/Xcode-15.2.0.app/Contents/Developer/Platforms/WatchOS.platform/Developer/SDKs/WatchOS10.2.sdk/usr/bin/swift-plugin-server -external-plugin-path /Applications/Xcode-15.2.0.app/Contents/Developer/Platforms/WatchOS.platform/Developer/usr/lib/swift/host/plugins\#/Applications/Xcode-15.2.0.app/Contents/Developer/Platforms/WatchOS.platform/Developer/usr/bin/swift-plugin-server -external-plugin-path /Applications/Xcode-15.2.0.app/Contents/Developer/Platforms/WatchOS.platform/Developer/usr/local/lib/swift/host/plugins\#/Applications/Xcode-15.2.0.app/Contents/Developer/Platforms/WatchOS.platform/Developer/usr/bin/swift-plugin-server -plugin-path /Applications/Xcode-15.2.0.app/Contents/Developer/Toolchains/XcodeDefault.xctoolchain/usr/lib/swift/host/plugins -plugin-path /Applications/Xcode-15.2.0.app/Contents/Developer/Toolchains/XcodeDefault.xctoolchain/usr/local/lib/swift/host/plugins -o /Users/builder/builds/TDmZkXJm/1/finestructure/swiftpackageindex-builder/spi-builder-workspace/.derivedData/Build/Intermediates.noindex/composable-deep-link.build/Debug-watchos/ComposableDeepLink.build/Objects-normal/arm64/ComposableDeepLink.o -index-unit-output-path /composable-deep-link.build/Debug-watchos/ComposableDeepLink.build/Objects-normal/arm64/ComposableDeepLink.o -index-store-path /Users/builder/builds/TDmZkXJm/1/finestructure/swiftpackageindex-builder/spi-builder-workspace/.derivedData/Index.noindex/DataStore -index-system-modules
SwiftCompile normal arm64 /Users/builder/builds/TDmZkXJm/1/finestructure/swiftpackageindex-builder/spi-builder-workspace/Sources/ComposableDeepLink/ComposableDeepLink.swift (in target 'ComposableDeepLink' from project 'composable-deep-link')
    cd /Users/builder/builds/TDmZkXJm/1/finestructure/swiftpackageindex-builder/spi-builder-workspace
    /Applications/Xcode-15.2.0.app/Contents/Developer/Toolchains/XcodeDefault.xctoolchain/usr/bin/swift-frontend -c -primary-file /Users/builder/builds/TDmZkXJm/1/finestructure/swiftpackageindex-builder/spi-builder-workspace/Sources/ComposableDeepLink/ComposableDeepLink.swift /Users/builder/builds/TDmZkXJm/1/finestructure/swiftpackageindex-builder/spi-builder-workspace/Sources/ComposableDeepLink/DeepLinkProcessing.swift /Users/builder/builds/TDmZkXJm/1/finestructure/swiftpackageindex-builder/spi-builder-workspace/Sources/ComposableDeepLink/Features/Handle.swift /Users/builder/builds/TDmZkXJm/1/finestructure/swiftpackageindex-builder/spi-builder-workspace/Sources/ComposableDeepLink/Features/Host.swift /Users/builder/builds/TDmZkXJm/1/finestructure/swiftpackageindex-builder/spi-builder-workspace/Sources/ComposableDeepLink/Features/Path.swift /Users/builder/builds/TDmZkXJm/1/finestructure/swiftpackageindex-builder/spi-builder-workspace/Sources/ComposableDeepLink/Features/Scheme.swift /Users/builder/builds/TDmZkXJm/1/finestructure/swiftpackageindex-builder/spi-builder-workspace/Sources/ComposableDeepLink/Misc/ArrayBuilder.swift -emit-dependencies-path /Users/builder/builds/TDmZkXJm/1/finestructure/swiftpackageindex-builder/spi-builder-workspace/.derivedData/Build/Intermediates.noindex/composable-deep-link.build/Debug-watchos/ComposableDeepLink.build/Objects-normal/arm64/ComposableDeepLink.d -emit-const-values-path /Users/builder/builds/TDmZkXJm/1/finestructure/swiftpackageindex-builder/spi-builder-workspace/.derivedData/Build/Intermediates.noindex/composable-deep-link.build/Debug-watchos/ComposableDeepLink.build/Objects-normal/arm64/ComposableDeepLink.swiftconstvalues -emit-reference-dependencies-path /Users/builder/builds/TDmZkXJm/1/finestructure/swiftpackageindex-builder/spi-builder-workspace/.derivedData/Build/Intermediates.noindex/composable-deep-link.build/Debug-watchos/ComposableDeepLink.build/Objects-normal/arm64/ComposableDeepLink.swiftdeps -serialize-diagnostics-path /Users/builder/builds/TDmZkXJm/1/finestructure/swiftpackageindex-builder/spi-builder-workspace/.derivedData/Build/Intermediates.noindex/composable-deep-link.build/Debug-watchos/ComposableDeepLink.build/Objects-normal/arm64/ComposableDeepLink.dia -target arm64-apple-watchos4.0 -Xllvm -aarch64-use-tbi -enable-objc-interop -sdk /Applications/Xcode-15.2.0.app/Contents/Developer/Platforms/WatchOS.platform/Developer/SDKs/WatchOS10.2.sdk -I /Users/builder/builds/TDmZkXJm/1/finestructure/swiftpackageindex-builder/spi-builder-workspace/.derivedData/Build/Products/Debug-watchos -I /Applications/Xcode-15.2.0.app/Contents/Developer/Platforms/WatchOS.platform/Developer/usr/lib -F /Users/builder/builds/TDmZkXJm/1/finestructure/swiftpackageindex-builder/spi-builder-workspace/.derivedData/Build/Products/Debug-watchos -F /Applications/Xcode-15.2.0.app/Contents/Developer/Platforms/WatchOS.platform/Developer/Library/Frameworks -F /Applications/Xcode-15.2.0.app/Contents/Developer/Platforms/WatchOS.platform/Developer/SDKs/WatchOS10.2.sdk/Developer/Library/Frameworks -no-color-diagnostics -enable-testing -g -module-cache-path /Users/builder/builds/TDmZkXJm/1/finestructure/swiftpackageindex-builder/spi-builder-workspace/.derivedData/ModuleCache.noindex -profile-generate -profile-coverage-mapping -swift-version 5 -enforce-exclusivity\=checked -Onone -D SWIFT_PACKAGE -D DEBUG -D Xcode -serialize-debugging-options -package-name spi_builder_workspace -const-gather-protocols-file /Users/builder/builds/TDmZkXJm/1/finestructure/swiftpackageindex-builder/spi-builder-workspace/.derivedData/Build/Intermediates.noindex/composable-deep-link.build/Debug-watchos/ComposableDeepLink.build/Objects-normal/arm64/ComposableDeepLink_const_extract_protocols.json -empty-abi-descriptor -validate-clang-modules-once -clang-build-session-file /Users/builder/builds/TDmZkXJm/1/finestructure/swiftpackageindex-builder/spi-builder-workspace/.derivedData/ModuleCache.noindex/Session.modulevalidation -Xcc -working-directory -Xcc /Users/builder/builds/TDmZkXJm/1/finestructure/swiftpackageindex-builder/spi-builder-workspace -resource-dir /Applications/Xcode-15.2.0.app/Contents/Developer/Toolchains/XcodeDefault.xctoolchain/usr/lib/swift -enable-anonymous-context-mangled-names -Xcc -ivfsstatcache -Xcc /Users/builder/builds/TDmZkXJm/1/finestructure/swiftpackageindex-builder/spi-builder-workspace/.derivedData/SDKStatCaches.noindex/watchos10.2-21S355-1a03c8d25fc3596eb74c01d649b42752.sdkstatcache -Xcc -I/Users/builder/builds/TDmZkXJm/1/finestructure/swiftpackageindex-builder/spi-builder-workspace/.derivedData/Build/Intermediates.noindex/composable-deep-link.build/Debug-watchos/ComposableDeepLink.build/swift-overrides.hmap -Xcc -I/Users/builder/builds/TDmZkXJm/1/finestructure/swiftpackageindex-builder/spi-builder-workspace/.derivedData/Build/Products/Debug-watchos/include -Xcc -I/Users/builder/builds/TDmZkXJm/1/finestructure/swiftpackageindex-builder/spi-builder-workspace/.derivedData/Build/Intermediates.noindex/composable-deep-link.build/Debug-watchos/ComposableDeepLink.build/DerivedSources-normal/arm64 -Xcc -I/Users/builder/builds/TDmZkXJm/1/finestructure/swiftpackageindex-builder/spi-builder-workspace/.derivedData/Build/Intermediates.noindex/composable-deep-link.build/Debug-watchos/ComposableDeepLink.build/DerivedSources/arm64 -Xcc -I/Users/builder/builds/TDmZkXJm/1/finestructure/swiftpackageindex-builder/spi-builder-workspace/.derivedData/Build/Intermediates.noindex/composable-deep-link.build/Debug-watchos/ComposableDeepLink.build/DerivedSources -Xcc -DSWIFT_PACKAGE -Xcc -DDEBUG\=1 -module-name ComposableDeepLink -frontend-parseable-output -disable-clang-spi -target-sdk-version 10.2 -target-sdk-name watchos10.2 -external-plugin-path /Applications/Xcode-15.2.0.app/Contents/Developer/Platforms/WatchOS.platform/Developer/SDKs/WatchOS10.2.sdk/usr/lib/swift/host/plugins\#/Applications/Xcode-15.2.0.app/Contents/Developer/Platforms/WatchOS.platform/Developer/SDKs/WatchOS10.2.sdk/usr/bin/swift-plugin-server -external-plugin-path /Applications/Xcode-15.2.0.app/Contents/Developer/Platforms/WatchOS.platform/Developer/SDKs/WatchOS10.2.sdk/usr/local/lib/swift/host/plugins\#/Applications/Xcode-15.2.0.app/Contents/Developer/Platforms/WatchOS.platform/Developer/SDKs/WatchOS10.2.sdk/usr/bin/swift-plugin-server -external-plugin-path /Applications/Xcode-15.2.0.app/Contents/Developer/Platforms/WatchOS.platform/Developer/usr/lib/swift/host/plugins\#/Applications/Xcode-15.2.0.app/Contents/Developer/Platforms/WatchOS.platform/Developer/usr/bin/swift-plugin-server -external-plugin-path /Applications/Xcode-15.2.0.app/Contents/Developer/Platforms/WatchOS.platform/Developer/usr/local/lib/swift/host/plugins\#/Applications/Xcode-15.2.0.app/Contents/Developer/Platforms/WatchOS.platform/Developer/usr/bin/swift-plugin-server -plugin-path /Applications/Xcode-15.2.0.app/Contents/Developer/Toolchains/XcodeDefault.xctoolchain/usr/lib/swift/host/plugins -plugin-path /Applications/Xcode-15.2.0.app/Contents/Developer/Toolchains/XcodeDefault.xctoolchain/usr/local/lib/swift/host/plugins -o /Users/builder/builds/TDmZkXJm/1/finestructure/swiftpackageindex-builder/spi-builder-workspace/.derivedData/Build/Intermediates.noindex/composable-deep-link.build/Debug-watchos/ComposableDeepLink.build/Objects-normal/arm64/ComposableDeepLink.o -index-unit-output-path /composable-deep-link.build/Debug-watchos/ComposableDeepLink.build/Objects-normal/arm64/ComposableDeepLink.o -index-store-path /Users/builder/builds/TDmZkXJm/1/finestructure/swiftpackageindex-builder/spi-builder-workspace/.derivedData/Index.noindex/DataStore -index-system-modules
SwiftCompile normal arm64_32 Compiling\ DeepLinkProcessing.swift /Users/builder/builds/TDmZkXJm/1/finestructure/swiftpackageindex-builder/spi-builder-workspace/Sources/ComposableDeepLink/DeepLinkProcessing.swift (in target 'ComposableDeepLink' from project 'composable-deep-link')
    cd /Users/builder/builds/TDmZkXJm/1/finestructure/swiftpackageindex-builder/spi-builder-workspace
    builtin-swiftTaskExecution -- /Applications/Xcode-15.2.0.app/Contents/Developer/Toolchains/XcodeDefault.xctoolchain/usr/bin/swift-frontend -frontend -c /Users/builder/builds/TDmZkXJm/1/finestructure/swiftpackageindex-builder/spi-builder-workspace/Sources/ComposableDeepLink/ComposableDeepLink.swift -primary-file /Users/builder/builds/TDmZkXJm/1/finestructure/swiftpackageindex-builder/spi-builder-workspace/Sources/ComposableDeepLink/DeepLinkProcessing.swift /Users/builder/builds/TDmZkXJm/1/finestructure/swiftpackageindex-builder/spi-builder-workspace/Sources/ComposableDeepLink/Features/Handle.swift /Users/builder/builds/TDmZkXJm/1/finestructure/swiftpackageindex-builder/spi-builder-workspace/Sources/ComposableDeepLink/Features/Host.swift /Users/builder/builds/TDmZkXJm/1/finestructure/swiftpackageindex-builder/spi-builder-workspace/Sources/ComposableDeepLink/Features/Path.swift /Users/builder/builds/TDmZkXJm/1/finestructure/swiftpackageindex-builder/spi-builder-workspace/Sources/ComposableDeepLink/Features/Scheme.swift /Users/builder/builds/TDmZkXJm/1/finestructure/swiftpackageindex-builder/spi-builder-workspace/Sources/ComposableDeepLink/Misc/ArrayBuilder.swift -emit-dependencies-path /Users/builder/builds/TDmZkXJm/1/finestructure/swiftpackageindex-builder/spi-builder-workspace/.derivedData/Build/Intermediates.noindex/composable-deep-link.build/Debug-watchos/ComposableDeepLink.build/Objects-normal/arm64_32/DeepLinkProcessing.d -emit-const-values-path /Users/builder/builds/TDmZkXJm/1/finestructure/swiftpackageindex-builder/spi-builder-workspace/.derivedData/Build/Intermediates.noindex/composable-deep-link.build/Debug-watchos/ComposableDeepLink.build/Objects-normal/arm64_32/DeepLinkProcessing.swiftconstvalues -emit-reference-dependencies-path /Users/builder/builds/TDmZkXJm/1/finestructure/swiftpackageindex-builder/spi-builder-workspace/.derivedData/Build/Intermediates.noindex/composable-deep-link.build/Debug-watchos/ComposableDeepLink.build/Objects-normal/arm64_32/DeepLinkProcessing.swiftdeps -serialize-diagnostics-path /Users/builder/builds/TDmZkXJm/1/finestructure/swiftpackageindex-builder/spi-builder-workspace/.derivedData/Build/Intermediates.noindex/composable-deep-link.build/Debug-watchos/ComposableDeepLink.build/Objects-normal/arm64_32/DeepLinkProcessing.dia -target arm64_32-apple-watchos4.0 -enable-objc-interop -sdk /Applications/Xcode-15.2.0.app/Contents/Developer/Platforms/WatchOS.platform/Developer/SDKs/WatchOS10.2.sdk -I /Users/builder/builds/TDmZkXJm/1/finestructure/swiftpackageindex-builder/spi-builder-workspace/.derivedData/Build/Products/Debug-watchos -I /Applications/Xcode-15.2.0.app/Contents/Developer/Platforms/WatchOS.platform/Developer/usr/lib -F /Users/builder/builds/TDmZkXJm/1/finestructure/swiftpackageindex-builder/spi-builder-workspace/.derivedData/Build/Products/Debug-watchos -F /Applications/Xcode-15.2.0.app/Contents/Developer/Platforms/WatchOS.platform/Developer/Library/Frameworks -F /Applications/Xcode-15.2.0.app/Contents/Developer/Platforms/WatchOS.platform/Developer/SDKs/WatchOS10.2.sdk/Developer/Library/Frameworks -no-color-diagnostics -enable-testing -g -module-cache-path /Users/builder/builds/TDmZkXJm/1/finestructure/swiftpackageindex-builder/spi-builder-workspace/.derivedData/ModuleCache.noindex -profile-generate -profile-coverage-mapping -swift-version 5 -enforce-exclusivity\=checked -Onone -D SWIFT_PACKAGE -D DEBUG -D Xcode -serialize-debugging-options -package-name spi_builder_workspace -const-gather-protocols-file /Users/builder/builds/TDmZkXJm/1/finestructure/swiftpackageindex-builder/spi-builder-workspace/.derivedData/Build/Intermediates.noindex/composable-deep-link.build/Debug-watchos/ComposableDeepLink.build/Objects-normal/arm64_32/ComposableDeepLink_const_extract_protocols.json -empty-abi-descriptor -validate-clang-modules-once -clang-build-session-file /Users/builder/builds/TDmZkXJm/1/finestructure/swiftpackageindex-builder/spi-builder-workspace/.derivedData/ModuleCache.noindex/Session.modulevalidation -Xcc -working-directory -Xcc /Users/builder/builds/TDmZkXJm/1/finestructure/swiftpackageindex-builder/spi-builder-workspace -resource-dir /Applications/Xcode-15.2.0.app/Contents/Developer/Toolchains/XcodeDefault.xctoolchain/usr/lib/swift -enable-anonymous-context-mangled-names -Xcc -ivfsstatcache -Xcc /Users/builder/builds/TDmZkXJm/1/finestructure/swiftpackageindex-builder/spi-builder-workspace/.derivedData/SDKStatCaches.noindex/watchos10.2-21S355-1a03c8d25fc3596eb74c01d649b42752.sdkstatcache -Xcc -I/Users/builder/builds/TDmZkXJm/1/finestructure/swiftpackageindex-builder/spi-builder-workspace/.derivedData/Build/Intermediates.noindex/composable-deep-link.build/Debug-watchos/ComposableDeepLink.build/swift-overrides.hmap -Xcc -I/Users/builder/builds/TDmZkXJm/1/finestructure/swiftpackageindex-builder/spi-builder-workspace/.derivedData/Build/Products/Debug-watchos/include -Xcc -I/Users/builder/builds/TDmZkXJm/1/finestructure/swiftpackageindex-builder/spi-builder-workspace/.derivedData/Build/Intermediates.noindex/composable-deep-link.build/Debug-watchos/ComposableDeepLink.build/DerivedSources-normal/arm64_32 -Xcc -I/Users/builder/builds/TDmZkXJm/1/finestructure/swiftpackageindex-builder/spi-builder-workspace/.derivedData/Build/Intermediates.noindex/composable-deep-link.build/Debug-watchos/ComposableDeepLink.build/DerivedSources/arm64_32 -Xcc -I/Users/builder/builds/TDmZkXJm/1/finestructure/swiftpackageindex-builder/spi-builder-workspace/.derivedData/Build/Intermediates.noindex/composable-deep-link.build/Debug-watchos/ComposableDeepLink.build/DerivedSources -Xcc -DSWIFT_PACKAGE -Xcc -DDEBUG\=1 -module-name ComposableDeepLink -frontend-parseable-output -disable-clang-spi -target-sdk-version 10.2 -target-sdk-name watchos10.2 -external-plugin-path /Applications/Xcode-15.2.0.app/Contents/Developer/Platforms/WatchOS.platform/Developer/SDKs/WatchOS10.2.sdk/usr/lib/swift/host/plugins\#/Applications/Xcode-15.2.0.app/Contents/Developer/Platforms/WatchOS.platform/Developer/SDKs/WatchOS10.2.sdk/usr/bin/swift-plugin-server -external-plugin-path /Applications/Xcode-15.2.0.app/Contents/Developer/Platforms/WatchOS.platform/Developer/SDKs/WatchOS10.2.sdk/usr/local/lib/swift/host/plugins\#/Applications/Xcode-15.2.0.app/Contents/Developer/Platforms/WatchOS.platform/Developer/SDKs/WatchOS10.2.sdk/usr/bin/swift-plugin-server -external-plugin-path /Applications/Xcode-15.2.0.app/Contents/Developer/Platforms/WatchOS.platform/Developer/usr/lib/swift/host/plugins\#/Applications/Xcode-15.2.0.app/Contents/Developer/Platforms/WatchOS.platform/Developer/usr/bin/swift-plugin-server -external-plugin-path /Applications/Xcode-15.2.0.app/Contents/Developer/Platforms/WatchOS.platform/Developer/usr/local/lib/swift/host/plugins\#/Applications/Xcode-15.2.0.app/Contents/Developer/Platforms/WatchOS.platform/Developer/usr/bin/swift-plugin-server -plugin-path /Applications/Xcode-15.2.0.app/Contents/Developer/Toolchains/XcodeDefault.xctoolchain/usr/lib/swift/host/plugins -plugin-path /Applications/Xcode-15.2.0.app/Contents/Developer/Toolchains/XcodeDefault.xctoolchain/usr/local/lib/swift/host/plugins -o /Users/builder/builds/TDmZkXJm/1/finestructure/swiftpackageindex-builder/spi-builder-workspace/.derivedData/Build/Intermediates.noindex/composable-deep-link.build/Debug-watchos/ComposableDeepLink.build/Objects-normal/arm64_32/DeepLinkProcessing.o -index-unit-output-path /composable-deep-link.build/Debug-watchos/ComposableDeepLink.build/Objects-normal/arm64_32/DeepLinkProcessing.o -index-store-path /Users/builder/builds/TDmZkXJm/1/finestructure/swiftpackageindex-builder/spi-builder-workspace/.derivedData/Index.noindex/DataStore -index-system-modules
Command SwiftCompile failed with a nonzero exit code
** BUILD FAILED **
The following build commands failed:
	SwiftEmitModule normal arm64 Emitting\ module\ for\ ComposableDeepLink (in target 'ComposableDeepLink' from project 'composable-deep-link')
	SwiftEmitModule normal armv7k Emitting\ module\ for\ ComposableDeepLink (in target 'ComposableDeepLink' from project 'composable-deep-link')
	SwiftCompile normal arm64_32 Compiling\ DeepLinkProcessing.swift /Users/builder/builds/TDmZkXJm/1/finestructure/swiftpackageindex-builder/spi-builder-workspace/Sources/ComposableDeepLink/DeepLinkProcessing.swift (in target 'ComposableDeepLink' from project 'composable-deep-link')
(3 failures)
BUILD FAILURE 5.9 watchOS