Build Information
Failed to build OwlNav, reference main (1f4404), with Swift 6.1 for watchOS using Xcode 16.3 on 28 Jun 2026 13:27:21 UTC.
Build Command
env DEVELOPER_DIR=/Applications/Xcode-16.3.0.app xcrun xcodebuild -IDEClonedSourcePackagesDirPathOverride=$PWD/.dependencies -skipMacroValidation -skipPackagePluginValidation -derivedDataPath $PWD/.derivedData build -scheme OwlNav -destination generic/platform=watchOSBuild Log
========================================
RunAll
========================================
Builder version: undefined version: run 'make version' to update
Interrupt handler set up.
========================================
Checkout
========================================
Clone URL: https://github.com/dewangga18/OwlNav.git
Reference: main
Initialized empty Git repository in /Users/admin/builder/spi-builder-workspace/.git/
From https://github.com/dewangga18/OwlNav
* branch main -> FETCH_HEAD
* [new branch] main -> origin/main
HEAD is now at 1f44043 Merge pull request #2 from dewangga18/dev
Cloned https://github.com/dewangga18/OwlNav.git
Revision (git rev-parse @):
1f440436598a3172ee69d107a998eb0321a52479
SUCCESS checkout https://github.com/dewangga18/OwlNav.git at main
========================================
Build
========================================
Selected platform: watchOS
Swift version: 6.1
Building package at path: $PWD
https://github.com/dewangga18/OwlNav.git
https://github.com/dewangga18/OwlNav.git
{
"dependencies" : [
],
"manifest_display_name" : "OwlNav",
"name" : "OwlNav",
"path" : "/Users/admin/builder/spi-builder-workspace",
"platforms" : [
{
"name" : "ios",
"version" : "15.0"
}
],
"products" : [
{
"name" : "OwlNav",
"targets" : [
"OwlNav"
],
"type" : {
"library" : [
"automatic"
]
}
}
],
"targets" : [
{
"c99name" : "OwlNav",
"module_type" : "SwiftTarget",
"name" : "OwlNav",
"path" : "Sources/OwlNav",
"product_memberships" : [
"OwlNav"
],
"sources" : [
"Extensions/Views+Extensions.swift",
"Internal/OwlNavigationController.swift",
"Modifier/SwipeBack.swift",
"OwlNav.swift",
"Setup/InOwl.swift",
"Setup/OwlContainer.swift",
"Setup/OwlInject.swift"
],
"type" : "library"
}
],
"tools_version" : "5.9"
}
Command line invocation:
/Applications/Xcode-16.3.0.app/Contents/Developer/usr/bin/xcodebuild -IDEClonedSourcePackagesDirPathOverride=/Users/admin/builder/spi-builder-workspace/.dependencies -resolvePackageDependencies
Resolve Package Graph
Resolve Package Graph
Resolved source packages:
OwlNav: /Users/admin/builder/spi-builder-workspace
resolved source packages: OwlNav
{
"dependencies" : [
],
"manifest_display_name" : "OwlNav",
"name" : "OwlNav",
"path" : "/Users/admin/builder/spi-builder-workspace",
"platforms" : [
{
"name" : "ios",
"version" : "15.0"
}
],
"products" : [
{
"name" : "OwlNav",
"targets" : [
"OwlNav"
],
"type" : {
"library" : [
"automatic"
]
}
}
],
"targets" : [
{
"c99name" : "OwlNav",
"module_type" : "SwiftTarget",
"name" : "OwlNav",
"path" : "Sources/OwlNav",
"product_memberships" : [
"OwlNav"
],
"sources" : [
"Extensions/Views+Extensions.swift",
"Internal/OwlNavigationController.swift",
"Modifier/SwipeBack.swift",
"OwlNav.swift",
"Setup/InOwl.swift",
"Setup/OwlContainer.swift",
"Setup/OwlInject.swift"
],
"type" : "library"
}
],
"tools_version" : "5.9"
}
{
"workspace" : {
"name" : "spi-builder-workspace",
"schemes" : [
"OwlNav"
]
}
}
Running build ...
env DEVELOPER_DIR=/Applications/Xcode-16.3.0.app xcrun xcodebuild -IDEClonedSourcePackagesDirPathOverride=$PWD/.dependencies -skipMacroValidation -skipPackagePluginValidation -derivedDataPath $PWD/.derivedData build -scheme OwlNav -destination generic/platform=watchOS OTHER_SWIFT_FLAGS=-stats-output-dir .stats -strict-concurrency=complete -enable-upcoming-feature StrictConcurrency -enable-upcoming-feature DisableOutwardActorInference -enable-upcoming-feature GlobalActorIsolatedTypesUsability -enable-upcoming-feature InferSendableFromCaptures
Command line invocation:
/Applications/Xcode-16.3.0.app/Contents/Developer/usr/bin/xcodebuild -IDEClonedSourcePackagesDirPathOverride=/Users/admin/builder/spi-builder-workspace/.dependencies -skipMacroValidation -skipPackagePluginValidation -derivedDataPath /Users/admin/builder/spi-builder-workspace/.derivedData build -scheme OwlNav -destination generic/platform=watchOS "OTHER_SWIFT_FLAGS=-stats-output-dir .stats -strict-concurrency=complete -enable-upcoming-feature StrictConcurrency -enable-upcoming-feature DisableOutwardActorInference -enable-upcoming-feature GlobalActorIsolatedTypesUsability -enable-upcoming-feature InferSendableFromCaptures"
Build settings from command line:
OTHER_SWIFT_FLAGS = -stats-output-dir .stats -strict-concurrency=complete -enable-upcoming-feature StrictConcurrency -enable-upcoming-feature DisableOutwardActorInference -enable-upcoming-feature GlobalActorIsolatedTypesUsability -enable-upcoming-feature InferSendableFromCaptures
Resolve Package Graph
Resolved source packages:
OwlNav: /Users/admin/builder/spi-builder-workspace
ComputePackagePrebuildTargetDependencyGraph
Prepare packages
CreateBuildRequest
SendProjectDescription
CreateBuildOperation
ComputeTargetDependencyGraph
note: Building targets in dependency order
note: Target dependency graph (2 targets)
Target 'OwlNav' in project 'OwlNav'
➜ Explicit dependency on target 'OwlNav' in project 'OwlNav'
Target 'OwlNav' in project 'OwlNav' (no dependencies)
GatherProvisioningInputs
CreateBuildDescription
ExecuteExternalTool /Applications/Xcode-16.3.0.app/Contents/Developer/Toolchains/XcodeDefault.xctoolchain/usr/bin/clang -v -E -dM -isysroot /Applications/Xcode-16.3.0.app/Contents/Developer/Platforms/WatchOS.platform/Developer/SDKs/WatchOS11.4.sdk -x c -c /dev/null
ExecuteExternalTool /Applications/Xcode-16.3.0.app/Contents/Developer/Toolchains/XcodeDefault.xctoolchain/usr/bin/swiftc --version
ExecuteExternalTool /Applications/Xcode-16.3.0.app/Contents/Developer/Toolchains/XcodeDefault.xctoolchain/usr/bin/ld -version_details
Build description signature: 39a25132ee112aff609e2c6587ad49d2
Build description path: /Users/admin/builder/spi-builder-workspace/.derivedData/Build/Intermediates.noindex/XCBuildData/39a25132ee112aff609e2c6587ad49d2.xcbuilddata
CreateBuildDirectory /Users/admin/builder/spi-builder-workspace/.derivedData/Build/Intermediates.noindex
cd /Users/admin/builder/spi-builder-workspace/.swiftpm/xcode
builtin-create-build-directory /Users/admin/builder/spi-builder-workspace/.derivedData/Build/Intermediates.noindex
ClangStatCache /Applications/Xcode-16.3.0.app/Contents/Developer/Toolchains/XcodeDefault.xctoolchain/usr/bin/clang-stat-cache /Applications/Xcode-16.3.0.app/Contents/Developer/Platforms/WatchOS.platform/Developer/SDKs/WatchOS11.4.sdk /Users/admin/builder/spi-builder-workspace/.derivedData/SDKStatCaches.noindex/watchos11.4-22T246-43efb940ff07ba2497b70ec94253f576.sdkstatcache
cd /Users/admin/builder/spi-builder-workspace/.swiftpm/xcode
/Applications/Xcode-16.3.0.app/Contents/Developer/Toolchains/XcodeDefault.xctoolchain/usr/bin/clang-stat-cache /Applications/Xcode-16.3.0.app/Contents/Developer/Platforms/WatchOS.platform/Developer/SDKs/WatchOS11.4.sdk -o /Users/admin/builder/spi-builder-workspace/.derivedData/SDKStatCaches.noindex/watchos11.4-22T246-43efb940ff07ba2497b70ec94253f576.sdkstatcache
CreateBuildDirectory /Users/admin/builder/spi-builder-workspace/.derivedData/Build/Products
cd /Users/admin/builder/spi-builder-workspace/.swiftpm/xcode
builtin-create-build-directory /Users/admin/builder/spi-builder-workspace/.derivedData/Build/Products
CreateBuildDirectory /Users/admin/builder/spi-builder-workspace/.derivedData/Build/Intermediates.noindex/EagerLinkingTBDs/Debug-watchos
cd /Users/admin/builder/spi-builder-workspace/.swiftpm/xcode
builtin-create-build-directory /Users/admin/builder/spi-builder-workspace/.derivedData/Build/Intermediates.noindex/EagerLinkingTBDs/Debug-watchos
CreateBuildDirectory /Users/admin/builder/spi-builder-workspace/.derivedData/Build/Products/Debug-watchos
cd /Users/admin/builder/spi-builder-workspace/.swiftpm/xcode
builtin-create-build-directory /Users/admin/builder/spi-builder-workspace/.derivedData/Build/Products/Debug-watchos
CreateBuildDirectory /Users/admin/builder/spi-builder-workspace/.derivedData/Build/Products/Debug-watchos/PackageFrameworks
cd /Users/admin/builder/spi-builder-workspace/.swiftpm/xcode
builtin-create-build-directory /Users/admin/builder/spi-builder-workspace/.derivedData/Build/Products/Debug-watchos/PackageFrameworks
WriteAuxiliaryFile /Users/admin/builder/spi-builder-workspace/.derivedData/Build/Intermediates.noindex/OwlNav.build/Debug-watchos/OwlNav.build/OwlNav.DependencyStaticMetadataFileList (in target 'OwlNav' from project 'OwlNav')
cd /Users/admin/builder/spi-builder-workspace
write-file /Users/admin/builder/spi-builder-workspace/.derivedData/Build/Intermediates.noindex/OwlNav.build/Debug-watchos/OwlNav.build/OwlNav.DependencyStaticMetadataFileList
WriteAuxiliaryFile /Users/admin/builder/spi-builder-workspace/.derivedData/Build/Intermediates.noindex/OwlNav.build/Debug-watchos/OwlNav.build/OwlNav.modulemap (in target 'OwlNav' from project 'OwlNav')
cd /Users/admin/builder/spi-builder-workspace
write-file /Users/admin/builder/spi-builder-workspace/.derivedData/Build/Intermediates.noindex/OwlNav.build/Debug-watchos/OwlNav.build/OwlNav.modulemap
WriteAuxiliaryFile /Users/admin/builder/spi-builder-workspace/.derivedData/Build/Intermediates.noindex/OwlNav.build/Debug-watchos/OwlNav.build/Objects-normal/armv7k/OwlNav_const_extract_protocols.json (in target 'OwlNav' from project 'OwlNav')
cd /Users/admin/builder/spi-builder-workspace
write-file /Users/admin/builder/spi-builder-workspace/.derivedData/Build/Intermediates.noindex/OwlNav.build/Debug-watchos/OwlNav.build/Objects-normal/armv7k/OwlNav_const_extract_protocols.json
WriteAuxiliaryFile /Users/admin/builder/spi-builder-workspace/.derivedData/Build/Intermediates.noindex/OwlNav.build/Debug-watchos/OwlNav.build/Objects-normal/armv7k/OwlNav.LinkFileList (in target 'OwlNav' from project 'OwlNav')
cd /Users/admin/builder/spi-builder-workspace
write-file /Users/admin/builder/spi-builder-workspace/.derivedData/Build/Intermediates.noindex/OwlNav.build/Debug-watchos/OwlNav.build/Objects-normal/armv7k/OwlNav.LinkFileList
WriteAuxiliaryFile /Users/admin/builder/spi-builder-workspace/.derivedData/Build/Intermediates.noindex/OwlNav.build/Debug-watchos/OwlNav.build/Objects-normal/armv7k/OwlNav.SwiftFileList (in target 'OwlNav' from project 'OwlNav')
cd /Users/admin/builder/spi-builder-workspace
write-file /Users/admin/builder/spi-builder-workspace/.derivedData/Build/Intermediates.noindex/OwlNav.build/Debug-watchos/OwlNav.build/Objects-normal/armv7k/OwlNav.SwiftFileList
WriteAuxiliaryFile /Users/admin/builder/spi-builder-workspace/.derivedData/Build/Intermediates.noindex/OwlNav.build/Debug-watchos/OwlNav.build/Objects-normal/armv7k/OwlNav.SwiftConstValuesFileList (in target 'OwlNav' from project 'OwlNav')
cd /Users/admin/builder/spi-builder-workspace
write-file /Users/admin/builder/spi-builder-workspace/.derivedData/Build/Intermediates.noindex/OwlNav.build/Debug-watchos/OwlNav.build/Objects-normal/armv7k/OwlNav.SwiftConstValuesFileList
WriteAuxiliaryFile /Users/admin/builder/spi-builder-workspace/.derivedData/Build/Intermediates.noindex/OwlNav.build/Debug-watchos/OwlNav.build/Objects-normal/arm64_32/OwlNav.SwiftFileList (in target 'OwlNav' from project 'OwlNav')
cd /Users/admin/builder/spi-builder-workspace
write-file /Users/admin/builder/spi-builder-workspace/.derivedData/Build/Intermediates.noindex/OwlNav.build/Debug-watchos/OwlNav.build/Objects-normal/arm64_32/OwlNav.SwiftFileList
WriteAuxiliaryFile /Users/admin/builder/spi-builder-workspace/.derivedData/Build/Intermediates.noindex/OwlNav.build/Debug-watchos/OwlNav.build/Objects-normal/arm64_32/OwlNav_const_extract_protocols.json (in target 'OwlNav' from project 'OwlNav')
cd /Users/admin/builder/spi-builder-workspace
write-file /Users/admin/builder/spi-builder-workspace/.derivedData/Build/Intermediates.noindex/OwlNav.build/Debug-watchos/OwlNav.build/Objects-normal/arm64_32/OwlNav_const_extract_protocols.json
WriteAuxiliaryFile /Users/admin/builder/spi-builder-workspace/.derivedData/Build/Intermediates.noindex/OwlNav.build/Debug-watchos/OwlNav.build/Objects-normal/armv7k/OwlNav-OutputFileMap.json (in target 'OwlNav' from project 'OwlNav')
cd /Users/admin/builder/spi-builder-workspace
write-file /Users/admin/builder/spi-builder-workspace/.derivedData/Build/Intermediates.noindex/OwlNav.build/Debug-watchos/OwlNav.build/Objects-normal/armv7k/OwlNav-OutputFileMap.json
WriteAuxiliaryFile /Users/admin/builder/spi-builder-workspace/.derivedData/Build/Intermediates.noindex/OwlNav.build/Debug-watchos/OwlNav.build/OwlNav.DependencyMetadataFileList (in target 'OwlNav' from project 'OwlNav')
cd /Users/admin/builder/spi-builder-workspace
write-file /Users/admin/builder/spi-builder-workspace/.derivedData/Build/Intermediates.noindex/OwlNav.build/Debug-watchos/OwlNav.build/OwlNav.DependencyMetadataFileList
WriteAuxiliaryFile /Users/admin/builder/spi-builder-workspace/.derivedData/Build/Intermediates.noindex/OwlNav.build/Debug-watchos/OwlNav.build/Objects-normal/arm64_32/OwlNav.SwiftConstValuesFileList (in target 'OwlNav' from project 'OwlNav')
cd /Users/admin/builder/spi-builder-workspace
write-file /Users/admin/builder/spi-builder-workspace/.derivedData/Build/Intermediates.noindex/OwlNav.build/Debug-watchos/OwlNav.build/Objects-normal/arm64_32/OwlNav.SwiftConstValuesFileList
WriteAuxiliaryFile /Users/admin/builder/spi-builder-workspace/.derivedData/Build/Intermediates.noindex/OwlNav.build/Debug-watchos/OwlNav.build/Objects-normal/arm64_32/OwlNav.LinkFileList (in target 'OwlNav' from project 'OwlNav')
cd /Users/admin/builder/spi-builder-workspace
write-file /Users/admin/builder/spi-builder-workspace/.derivedData/Build/Intermediates.noindex/OwlNav.build/Debug-watchos/OwlNav.build/Objects-normal/arm64_32/OwlNav.LinkFileList
WriteAuxiliaryFile /Users/admin/builder/spi-builder-workspace/.derivedData/Build/Intermediates.noindex/OwlNav.build/Debug-watchos/OwlNav.build/Objects-normal/arm64_32/OwlNav-OutputFileMap.json (in target 'OwlNav' from project 'OwlNav')
cd /Users/admin/builder/spi-builder-workspace
write-file /Users/admin/builder/spi-builder-workspace/.derivedData/Build/Intermediates.noindex/OwlNav.build/Debug-watchos/OwlNav.build/Objects-normal/arm64_32/OwlNav-OutputFileMap.json
WriteAuxiliaryFile /Users/admin/builder/spi-builder-workspace/.derivedData/Build/Intermediates.noindex/OwlNav.build/Debug-watchos/OwlNav.build/Objects-normal/arm64/OwlNav_const_extract_protocols.json (in target 'OwlNav' from project 'OwlNav')
cd /Users/admin/builder/spi-builder-workspace
write-file /Users/admin/builder/spi-builder-workspace/.derivedData/Build/Intermediates.noindex/OwlNav.build/Debug-watchos/OwlNav.build/Objects-normal/arm64/OwlNav_const_extract_protocols.json
WriteAuxiliaryFile /Users/admin/builder/spi-builder-workspace/.derivedData/Build/Intermediates.noindex/OwlNav.build/Debug-watchos/OwlNav.build/Objects-normal/arm64/OwlNav.SwiftFileList (in target 'OwlNav' from project 'OwlNav')
cd /Users/admin/builder/spi-builder-workspace
write-file /Users/admin/builder/spi-builder-workspace/.derivedData/Build/Intermediates.noindex/OwlNav.build/Debug-watchos/OwlNav.build/Objects-normal/arm64/OwlNav.SwiftFileList
WriteAuxiliaryFile /Users/admin/builder/spi-builder-workspace/.derivedData/Build/Intermediates.noindex/OwlNav.build/Debug-watchos/OwlNav.build/Objects-normal/arm64/OwlNav.SwiftConstValuesFileList (in target 'OwlNav' from project 'OwlNav')
cd /Users/admin/builder/spi-builder-workspace
write-file /Users/admin/builder/spi-builder-workspace/.derivedData/Build/Intermediates.noindex/OwlNav.build/Debug-watchos/OwlNav.build/Objects-normal/arm64/OwlNav.SwiftConstValuesFileList
WriteAuxiliaryFile /Users/admin/builder/spi-builder-workspace/.derivedData/Build/Intermediates.noindex/OwlNav.build/Debug-watchos/OwlNav.build/Objects-normal/arm64/OwlNav.LinkFileList (in target 'OwlNav' from project 'OwlNav')
cd /Users/admin/builder/spi-builder-workspace
write-file /Users/admin/builder/spi-builder-workspace/.derivedData/Build/Intermediates.noindex/OwlNav.build/Debug-watchos/OwlNav.build/Objects-normal/arm64/OwlNav.LinkFileList
WriteAuxiliaryFile /Users/admin/builder/spi-builder-workspace/.derivedData/Build/Intermediates.noindex/OwlNav.build/Debug-watchos/OwlNav.build/Objects-normal/arm64/OwlNav-OutputFileMap.json (in target 'OwlNav' from project 'OwlNav')
cd /Users/admin/builder/spi-builder-workspace
write-file /Users/admin/builder/spi-builder-workspace/.derivedData/Build/Intermediates.noindex/OwlNav.build/Debug-watchos/OwlNav.build/Objects-normal/arm64/OwlNav-OutputFileMap.json
Copy /Users/admin/builder/spi-builder-workspace/.derivedData/Build/Intermediates.noindex/GeneratedModuleMaps-watchos/OwlNav.modulemap /Users/admin/builder/spi-builder-workspace/.derivedData/Build/Intermediates.noindex/OwlNav.build/Debug-watchos/OwlNav.build/OwlNav.modulemap (in target 'OwlNav' from project 'OwlNav')
cd /Users/admin/builder/spi-builder-workspace
builtin-copy -exclude .DS_Store -exclude CVS -exclude .svn -exclude .git -exclude .hg -resolve-src-symlinks /Users/admin/builder/spi-builder-workspace/.derivedData/Build/Intermediates.noindex/OwlNav.build/Debug-watchos/OwlNav.build/OwlNav.modulemap /Users/admin/builder/spi-builder-workspace/.derivedData/Build/Intermediates.noindex/GeneratedModuleMaps-watchos
SwiftDriver OwlNav normal arm64_32 com.apple.xcode.tools.swift.compiler (in target 'OwlNav' from project 'OwlNav')
cd /Users/admin/builder/spi-builder-workspace/.swiftpm/xcode
builtin-SwiftDriver -- /Applications/Xcode-16.3.0.app/Contents/Developer/Toolchains/XcodeDefault.xctoolchain/usr/bin/swiftc -module-name OwlNav -Onone -enforce-exclusivity\=checked @/Users/admin/builder/spi-builder-workspace/.derivedData/Build/Intermediates.noindex/OwlNav.build/Debug-watchos/OwlNav.build/Objects-normal/arm64_32/OwlNav.SwiftFileList -DSWIFT_PACKAGE -DDEBUG -stats-output-dir .stats -strict-concurrency\=complete -enable-upcoming-feature StrictConcurrency -enable-upcoming-feature DisableOutwardActorInference -enable-upcoming-feature GlobalActorIsolatedTypesUsability -enable-upcoming-feature InferSendableFromCaptures -plugin-path /Applications/Xcode-16.3.0.app/Contents/Developer/Toolchains/XcodeDefault.xctoolchain/usr/lib/swift/host/plugins/testing -enable-experimental-feature DebugDescriptionMacro -sdk /Applications/Xcode-16.3.0.app/Contents/Developer/Platforms/WatchOS.platform/Developer/SDKs/WatchOS11.4.sdk -target arm64_32-apple-watchos8.0 -g -module-cache-path /Users/admin/builder/spi-builder-workspace/.derivedData/ModuleCache.noindex -Xfrontend -serialize-debugging-options -enable-testing -index-store-path /Users/admin/builder/spi-builder-workspace/.derivedData/Index.noindex/DataStore -swift-version 5 -I /Users/admin/builder/spi-builder-workspace/.derivedData/Build/Products/Debug-watchos -I /Applications/Xcode-16.3.0.app/Contents/Developer/Platforms/WatchOS.platform/Developer/usr/lib -F /Users/admin/builder/spi-builder-workspace/.derivedData/Build/Products/Debug-watchos -F /Applications/Xcode-16.3.0.app/Contents/Developer/Platforms/WatchOS.platform/Developer/Library/Frameworks -F /Applications/Xcode-16.3.0.app/Contents/Developer/Platforms/WatchOS.platform/Developer/SDKs/WatchOS11.4.sdk/Developer/Library/Frameworks -c -j10 -enable-batch-mode -incremental -Xcc -ivfsstatcache -Xcc /Users/admin/builder/spi-builder-workspace/.derivedData/SDKStatCaches.noindex/watchos11.4-22T246-43efb940ff07ba2497b70ec94253f576.sdkstatcache -output-file-map /Users/admin/builder/spi-builder-workspace/.derivedData/Build/Intermediates.noindex/OwlNav.build/Debug-watchos/OwlNav.build/Objects-normal/arm64_32/OwlNav-OutputFileMap.json -use-frontend-parseable-output -save-temps -no-color-diagnostics -serialize-diagnostics -emit-dependencies -emit-module -emit-module-path /Users/admin/builder/spi-builder-workspace/.derivedData/Build/Intermediates.noindex/OwlNav.build/Debug-watchos/OwlNav.build/Objects-normal/arm64_32/OwlNav.swiftmodule -validate-clang-modules-once -clang-build-session-file /Users/admin/builder/spi-builder-workspace/.derivedData/ModuleCache.noindex/Session.modulevalidation -package-name spi_builder_workspace -Xcc -I/Users/admin/builder/spi-builder-workspace/.derivedData/Build/Intermediates.noindex/OwlNav.build/Debug-watchos/OwlNav.build/swift-overrides.hmap -emit-const-values -Xfrontend -const-gather-protocols-file -Xfrontend /Users/admin/builder/spi-builder-workspace/.derivedData/Build/Intermediates.noindex/OwlNav.build/Debug-watchos/OwlNav.build/Objects-normal/arm64_32/OwlNav_const_extract_protocols.json -Xcc -I/Users/admin/builder/spi-builder-workspace/.derivedData/Build/Products/Debug-watchos/include -Xcc -I/Users/admin/builder/spi-builder-workspace/.derivedData/Build/Intermediates.noindex/OwlNav.build/Debug-watchos/OwlNav.build/DerivedSources-normal/arm64_32 -Xcc -I/Users/admin/builder/spi-builder-workspace/.derivedData/Build/Intermediates.noindex/OwlNav.build/Debug-watchos/OwlNav.build/DerivedSources/arm64_32 -Xcc -I/Users/admin/builder/spi-builder-workspace/.derivedData/Build/Intermediates.noindex/OwlNav.build/Debug-watchos/OwlNav.build/DerivedSources -Xcc -DSWIFT_PACKAGE -Xcc -DDEBUG\=1 -emit-objc-header -emit-objc-header-path /Users/admin/builder/spi-builder-workspace/.derivedData/Build/Intermediates.noindex/OwlNav.build/Debug-watchos/OwlNav.build/Objects-normal/arm64_32/OwlNav-Swift.h -working-directory /Users/admin/builder/spi-builder-workspace/.swiftpm/xcode -experimental-emit-module-separately -disable-cmo
SwiftDriver OwlNav normal armv7k com.apple.xcode.tools.swift.compiler (in target 'OwlNav' from project 'OwlNav')
cd /Users/admin/builder/spi-builder-workspace/.swiftpm/xcode
builtin-SwiftDriver -- /Applications/Xcode-16.3.0.app/Contents/Developer/Toolchains/XcodeDefault.xctoolchain/usr/bin/swiftc -module-name OwlNav -Onone -enforce-exclusivity\=checked @/Users/admin/builder/spi-builder-workspace/.derivedData/Build/Intermediates.noindex/OwlNav.build/Debug-watchos/OwlNav.build/Objects-normal/armv7k/OwlNav.SwiftFileList -DSWIFT_PACKAGE -DDEBUG -stats-output-dir .stats -strict-concurrency\=complete -enable-upcoming-feature StrictConcurrency -enable-upcoming-feature DisableOutwardActorInference -enable-upcoming-feature GlobalActorIsolatedTypesUsability -enable-upcoming-feature InferSendableFromCaptures -plugin-path /Applications/Xcode-16.3.0.app/Contents/Developer/Toolchains/XcodeDefault.xctoolchain/usr/lib/swift/host/plugins/testing -enable-experimental-feature DebugDescriptionMacro -sdk /Applications/Xcode-16.3.0.app/Contents/Developer/Platforms/WatchOS.platform/Developer/SDKs/WatchOS11.4.sdk -target armv7k-apple-watchos8.0 -g -module-cache-path /Users/admin/builder/spi-builder-workspace/.derivedData/ModuleCache.noindex -Xfrontend -serialize-debugging-options -enable-testing -index-store-path /Users/admin/builder/spi-builder-workspace/.derivedData/Index.noindex/DataStore -swift-version 5 -I /Users/admin/builder/spi-builder-workspace/.derivedData/Build/Products/Debug-watchos -I /Applications/Xcode-16.3.0.app/Contents/Developer/Platforms/WatchOS.platform/Developer/usr/lib -F /Users/admin/builder/spi-builder-workspace/.derivedData/Build/Products/Debug-watchos -F /Applications/Xcode-16.3.0.app/Contents/Developer/Platforms/WatchOS.platform/Developer/Library/Frameworks -F /Applications/Xcode-16.3.0.app/Contents/Developer/Platforms/WatchOS.platform/Developer/SDKs/WatchOS11.4.sdk/Developer/Library/Frameworks -c -j10 -enable-batch-mode -incremental -Xcc -ivfsstatcache -Xcc /Users/admin/builder/spi-builder-workspace/.derivedData/SDKStatCaches.noindex/watchos11.4-22T246-43efb940ff07ba2497b70ec94253f576.sdkstatcache -output-file-map /Users/admin/builder/spi-builder-workspace/.derivedData/Build/Intermediates.noindex/OwlNav.build/Debug-watchos/OwlNav.build/Objects-normal/armv7k/OwlNav-OutputFileMap.json -use-frontend-parseable-output -save-temps -no-color-diagnostics -serialize-diagnostics -emit-dependencies -emit-module -emit-module-path /Users/admin/builder/spi-builder-workspace/.derivedData/Build/Intermediates.noindex/OwlNav.build/Debug-watchos/OwlNav.build/Objects-normal/armv7k/OwlNav.swiftmodule -validate-clang-modules-once -clang-build-session-file /Users/admin/builder/spi-builder-workspace/.derivedData/ModuleCache.noindex/Session.modulevalidation -package-name spi_builder_workspace -Xcc -I/Users/admin/builder/spi-builder-workspace/.derivedData/Build/Intermediates.noindex/OwlNav.build/Debug-watchos/OwlNav.build/swift-overrides.hmap -emit-const-values -Xfrontend -const-gather-protocols-file -Xfrontend /Users/admin/builder/spi-builder-workspace/.derivedData/Build/Intermediates.noindex/OwlNav.build/Debug-watchos/OwlNav.build/Objects-normal/armv7k/OwlNav_const_extract_protocols.json -Xcc -I/Users/admin/builder/spi-builder-workspace/.derivedData/Build/Products/Debug-watchos/include -Xcc -I/Users/admin/builder/spi-builder-workspace/.derivedData/Build/Intermediates.noindex/OwlNav.build/Debug-watchos/OwlNav.build/DerivedSources-normal/armv7k -Xcc -I/Users/admin/builder/spi-builder-workspace/.derivedData/Build/Intermediates.noindex/OwlNav.build/Debug-watchos/OwlNav.build/DerivedSources/armv7k -Xcc -I/Users/admin/builder/spi-builder-workspace/.derivedData/Build/Intermediates.noindex/OwlNav.build/Debug-watchos/OwlNav.build/DerivedSources -Xcc -DSWIFT_PACKAGE -Xcc -DDEBUG\=1 -emit-objc-header -emit-objc-header-path /Users/admin/builder/spi-builder-workspace/.derivedData/Build/Intermediates.noindex/OwlNav.build/Debug-watchos/OwlNav.build/Objects-normal/armv7k/OwlNav-Swift.h -working-directory /Users/admin/builder/spi-builder-workspace/.swiftpm/xcode -experimental-emit-module-separately -disable-cmo
SwiftDriver OwlNav normal arm64 com.apple.xcode.tools.swift.compiler (in target 'OwlNav' from project 'OwlNav')
cd /Users/admin/builder/spi-builder-workspace/.swiftpm/xcode
builtin-SwiftDriver -- /Applications/Xcode-16.3.0.app/Contents/Developer/Toolchains/XcodeDefault.xctoolchain/usr/bin/swiftc -module-name OwlNav -Onone -enforce-exclusivity\=checked @/Users/admin/builder/spi-builder-workspace/.derivedData/Build/Intermediates.noindex/OwlNav.build/Debug-watchos/OwlNav.build/Objects-normal/arm64/OwlNav.SwiftFileList -DSWIFT_PACKAGE -DDEBUG -stats-output-dir .stats -strict-concurrency\=complete -enable-upcoming-feature StrictConcurrency -enable-upcoming-feature DisableOutwardActorInference -enable-upcoming-feature GlobalActorIsolatedTypesUsability -enable-upcoming-feature InferSendableFromCaptures -plugin-path /Applications/Xcode-16.3.0.app/Contents/Developer/Toolchains/XcodeDefault.xctoolchain/usr/lib/swift/host/plugins/testing -enable-experimental-feature DebugDescriptionMacro -sdk /Applications/Xcode-16.3.0.app/Contents/Developer/Platforms/WatchOS.platform/Developer/SDKs/WatchOS11.4.sdk -target arm64-apple-watchos8.0 -g -module-cache-path /Users/admin/builder/spi-builder-workspace/.derivedData/ModuleCache.noindex -Xfrontend -serialize-debugging-options -enable-testing -index-store-path /Users/admin/builder/spi-builder-workspace/.derivedData/Index.noindex/DataStore -swift-version 5 -I /Users/admin/builder/spi-builder-workspace/.derivedData/Build/Products/Debug-watchos -I /Applications/Xcode-16.3.0.app/Contents/Developer/Platforms/WatchOS.platform/Developer/usr/lib -F /Users/admin/builder/spi-builder-workspace/.derivedData/Build/Products/Debug-watchos -F /Applications/Xcode-16.3.0.app/Contents/Developer/Platforms/WatchOS.platform/Developer/Library/Frameworks -F /Applications/Xcode-16.3.0.app/Contents/Developer/Platforms/WatchOS.platform/Developer/SDKs/WatchOS11.4.sdk/Developer/Library/Frameworks -c -j10 -enable-batch-mode -incremental -Xcc -ivfsstatcache -Xcc /Users/admin/builder/spi-builder-workspace/.derivedData/SDKStatCaches.noindex/watchos11.4-22T246-43efb940ff07ba2497b70ec94253f576.sdkstatcache -output-file-map /Users/admin/builder/spi-builder-workspace/.derivedData/Build/Intermediates.noindex/OwlNav.build/Debug-watchos/OwlNav.build/Objects-normal/arm64/OwlNav-OutputFileMap.json -use-frontend-parseable-output -save-temps -no-color-diagnostics -serialize-diagnostics -emit-dependencies -emit-module -emit-module-path /Users/admin/builder/spi-builder-workspace/.derivedData/Build/Intermediates.noindex/OwlNav.build/Debug-watchos/OwlNav.build/Objects-normal/arm64/OwlNav.swiftmodule -validate-clang-modules-once -clang-build-session-file /Users/admin/builder/spi-builder-workspace/.derivedData/ModuleCache.noindex/Session.modulevalidation -package-name spi_builder_workspace -Xcc -I/Users/admin/builder/spi-builder-workspace/.derivedData/Build/Intermediates.noindex/OwlNav.build/Debug-watchos/OwlNav.build/swift-overrides.hmap -emit-const-values -Xfrontend -const-gather-protocols-file -Xfrontend /Users/admin/builder/spi-builder-workspace/.derivedData/Build/Intermediates.noindex/OwlNav.build/Debug-watchos/OwlNav.build/Objects-normal/arm64/OwlNav_const_extract_protocols.json -Xcc -I/Users/admin/builder/spi-builder-workspace/.derivedData/Build/Products/Debug-watchos/include -Xcc -I/Users/admin/builder/spi-builder-workspace/.derivedData/Build/Intermediates.noindex/OwlNav.build/Debug-watchos/OwlNav.build/DerivedSources-normal/arm64 -Xcc -I/Users/admin/builder/spi-builder-workspace/.derivedData/Build/Intermediates.noindex/OwlNav.build/Debug-watchos/OwlNav.build/DerivedSources/arm64 -Xcc -I/Users/admin/builder/spi-builder-workspace/.derivedData/Build/Intermediates.noindex/OwlNav.build/Debug-watchos/OwlNav.build/DerivedSources -Xcc -DSWIFT_PACKAGE -Xcc -DDEBUG\=1 -emit-objc-header -emit-objc-header-path /Users/admin/builder/spi-builder-workspace/.derivedData/Build/Intermediates.noindex/OwlNav.build/Debug-watchos/OwlNav.build/Objects-normal/arm64/OwlNav-Swift.h -working-directory /Users/admin/builder/spi-builder-workspace/.swiftpm/xcode -experimental-emit-module-separately -disable-cmo
SwiftCompile normal arm64 Compiling\ OwlNavigationController.swift /Users/admin/builder/spi-builder-workspace/Sources/OwlNav/Internal/OwlNavigationController.swift (in target 'OwlNav' from project 'OwlNav')
SwiftCompile normal arm64 /Users/admin/builder/spi-builder-workspace/Sources/OwlNav/Internal/OwlNavigationController.swift (in target 'OwlNav' from project 'OwlNav')
cd /Users/admin/builder/spi-builder-workspace/.swiftpm/xcode
SwiftCompile normal arm64 Compiling\ OwlContainer.swift /Users/admin/builder/spi-builder-workspace/Sources/OwlNav/Setup/OwlContainer.swift (in target 'OwlNav' from project 'OwlNav')
SwiftCompile normal arm64 /Users/admin/builder/spi-builder-workspace/Sources/OwlNav/Setup/OwlContainer.swift (in target 'OwlNav' from project 'OwlNav')
cd /Users/admin/builder/spi-builder-workspace/.swiftpm/xcode
SwiftCompile normal arm64 Compiling\ InOwl.swift /Users/admin/builder/spi-builder-workspace/Sources/OwlNav/Setup/InOwl.swift (in target 'OwlNav' from project 'OwlNav')
SwiftCompile normal arm64 /Users/admin/builder/spi-builder-workspace/Sources/OwlNav/Setup/InOwl.swift (in target 'OwlNav' from project 'OwlNav')
cd /Users/admin/builder/spi-builder-workspace/.swiftpm/xcode
SwiftCompile normal arm64 Compiling\ Views+Extensions.swift /Users/admin/builder/spi-builder-workspace/Sources/OwlNav/Extensions/Views+Extensions.swift (in target 'OwlNav' from project 'OwlNav')
SwiftCompile normal arm64 /Users/admin/builder/spi-builder-workspace/Sources/OwlNav/Extensions/Views+Extensions.swift (in target 'OwlNav' from project 'OwlNav')
cd /Users/admin/builder/spi-builder-workspace/.swiftpm/xcode
SwiftCompile normal arm64 Compiling\ SwipeBack.swift /Users/admin/builder/spi-builder-workspace/Sources/OwlNav/Modifier/SwipeBack.swift (in target 'OwlNav' from project 'OwlNav')
SwiftCompile normal arm64 /Users/admin/builder/spi-builder-workspace/Sources/OwlNav/Modifier/SwipeBack.swift (in target 'OwlNav' from project 'OwlNav')
cd /Users/admin/builder/spi-builder-workspace/.swiftpm/xcode
SwiftCompile normal arm64 Compiling\ OwlNav.swift /Users/admin/builder/spi-builder-workspace/Sources/OwlNav/OwlNav.swift (in target 'OwlNav' from project 'OwlNav')
SwiftCompile normal arm64 /Users/admin/builder/spi-builder-workspace/Sources/OwlNav/OwlNav.swift (in target 'OwlNav' from project 'OwlNav')
cd /Users/admin/builder/spi-builder-workspace/.swiftpm/xcode
SwiftEmitModule normal arm64 Emitting\ module\ for\ OwlNav (in target 'OwlNav' from project 'OwlNav')
Failed frontend command:
/Applications/Xcode-16.3.0.app/Contents/Developer/Toolchains/XcodeDefault.xctoolchain/usr/bin/swift-frontend -frontend -emit-module -experimental-skip-non-inlinable-function-bodies-without-types /Users/admin/builder/spi-builder-workspace/Sources/OwlNav/Extensions/Views+Extensions.swift /Users/admin/builder/spi-builder-workspace/Sources/OwlNav/Internal/OwlNavigationController.swift /Users/admin/builder/spi-builder-workspace/Sources/OwlNav/Modifier/SwipeBack.swift /Users/admin/builder/spi-builder-workspace/Sources/OwlNav/OwlNav.swift /Users/admin/builder/spi-builder-workspace/Sources/OwlNav/Setup/InOwl.swift /Users/admin/builder/spi-builder-workspace/Sources/OwlNav/Setup/OwlContainer.swift /Users/admin/builder/spi-builder-workspace/Sources/OwlNav/Setup/OwlInject.swift -target arm64-apple-watchos8.0 -Xllvm -aarch64-use-tbi -enable-objc-interop -stack-check -sdk /Applications/Xcode-16.3.0.app/Contents/Developer/Platforms/WatchOS.platform/Developer/SDKs/WatchOS11.4.sdk -I /Users/admin/builder/spi-builder-workspace/.derivedData/Build/Products/Debug-watchos -I /Applications/Xcode-16.3.0.app/Contents/Developer/Platforms/WatchOS.platform/Developer/usr/lib -F /Users/admin/builder/spi-builder-workspace/.derivedData/Build/Products/Debug-watchos -F /Applications/Xcode-16.3.0.app/Contents/Developer/Platforms/WatchOS.platform/Developer/Library/Frameworks -F /Applications/Xcode-16.3.0.app/Contents/Developer/Platforms/WatchOS.platform/Developer/SDKs/WatchOS11.4.sdk/Developer/Library/Frameworks -no-color-diagnostics -enable-testing -g -debug-info-format\=dwarf -dwarf-version\=4 -module-cache-path /Users/admin/builder/spi-builder-workspace/.derivedData/ModuleCache.noindex -swift-version 5 -enforce-exclusivity\=checked -stats-output-dir /Users/admin/builder/spi-builder-workspace/.swiftpm/xcode/.stats -Onone -D SWIFT_PACKAGE -D DEBUG -serialize-debugging-options -const-gather-protocols-file /Users/admin/builder/spi-builder-workspace/.derivedData/Build/Intermediates.noindex/OwlNav.build/Debug-watchos/OwlNav.build/Objects-normal/arm64/OwlNav_const_extract_protocols.json -enable-upcoming-feature StrictConcurrency -enable-upcoming-feature DisableOutwardActorInference -enable-upcoming-feature GlobalActorIsolatedTypesUsability -enable-upcoming-feature InferSendableFromCaptures -enable-experimental-feature DebugDescriptionMacro -strict-concurrency\=complete -empty-abi-descriptor -plugin-path /Applications/Xcode-16.3.0.app/Contents/Developer/Toolchains/XcodeDefault.xctoolchain/usr/lib/swift/host/plugins/testing -validate-clang-modules-once -clang-build-session-file /Users/admin/builder/spi-builder-workspace/.derivedData/ModuleCache.noindex/Session.modulevalidation -Xcc -working-directory -Xcc /Users/admin/builder/spi-builder-workspace/.swiftpm/xcode -resource-dir /Applications/Xcode-16.3.0.app/Contents/Developer/Toolchains/XcodeDefault.xctoolchain/usr/lib/swift -enable-anonymous-context-mangled-names -file-compilation-dir /Users/admin/builder/spi-builder-workspace/.swiftpm/xcode -Xcc -ivfsstatcache -Xcc /Users/admin/builder/spi-builder-workspace/.derivedData/SDKStatCaches.noindex/watchos11.4-22T246-43efb940ff07ba2497b70ec94253f576.sdkstatcache -Xcc -I/Users/admin/builder/spi-builder-workspace/.derivedData/Build/Intermediates.noindex/OwlNav.build/Debug-watchos/OwlNav.build/swift-overrides.hmap -Xcc -I/Users/admin/builder/spi-builder-workspace/.derivedData/Build/Products/Debug-watchos/include -Xcc -I/Users/admin/builder/spi-builder-workspace/.derivedData/Build/Intermediates.noindex/OwlNav.build/Debug-watchos/OwlNav.build/DerivedSources-normal/arm64 -Xcc -I/Users/admin/builder/spi-builder-workspace/.derivedData/Build/Intermediates.noindex/OwlNav.build/Debug-watchos/OwlNav.build/DerivedSources/arm64 -Xcc -I/Users/admin/builder/spi-builder-workspace/.derivedData/Build/Intermediates.noindex/OwlNav.build/Debug-watchos/OwlNav.build/DerivedSources -Xcc -DSWIFT_PACKAGE -Xcc -DDEBUG\=1 -module-name OwlNav -package-name spi_builder_workspace -frontend-parseable-output -disable-clang-spi -target-sdk-version 11.4 -target-sdk-name watchos11.4 -external-plugin-path /Applications/Xcode-16.3.0.app/Contents/Developer/Platforms/WatchOS.platform/Developer/usr/lib/swift/host/plugins\#/Applications/Xcode-16.3.0.app/Contents/Developer/Platforms/WatchOS.platform/Developer/usr/bin/swift-plugin-server -external-plugin-path /Applications/Xcode-16.3.0.app/Contents/Developer/Platforms/WatchOS.platform/Developer/usr/local/lib/swift/host/plugins\#/Applications/Xcode-16.3.0.app/Contents/Developer/Platforms/WatchOS.platform/Developer/usr/bin/swift-plugin-server -in-process-plugin-server-path /Applications/Xcode-16.3.0.app/Contents/Developer/Toolchains/XcodeDefault.xctoolchain/usr/lib/swift/host/libSwiftInProcPluginServer.dylib -plugin-path /Applications/Xcode-16.3.0.app/Contents/Developer/Toolchains/XcodeDefault.xctoolchain/usr/lib/swift/host/plugins -plugin-path /Applications/Xcode-16.3.0.app/Contents/Developer/Toolchains/XcodeDefault.xctoolchain/usr/local/lib/swift/host/plugins -emit-module-doc-path /Users/admin/builder/spi-builder-workspace/.derivedData/Build/Intermediates.noindex/OwlNav.build/Debug-watchos/OwlNav.build/Objects-normal/arm64/OwlNav.swiftdoc -emit-module-source-info-path /Users/admin/builder/spi-builder-workspace/.derivedData/Build/Intermediates.noindex/OwlNav.build/Debug-watchos/OwlNav.build/Objects-normal/arm64/OwlNav.swiftsourceinfo -emit-objc-header-path /Users/admin/builder/spi-builder-workspace/.derivedData/Build/Intermediates.noindex/OwlNav.build/Debug-watchos/OwlNav.build/Objects-normal/arm64/OwlNav-Swift.h -serialize-diagnostics-path /Users/admin/builder/spi-builder-workspace/.derivedData/Build/Intermediates.noindex/OwlNav.build/Debug-watchos/OwlNav.build/Objects-normal/arm64/OwlNav-master-emit-module.dia -emit-dependencies-path /Users/admin/builder/spi-builder-workspace/.derivedData/Build/Intermediates.noindex/OwlNav.build/Debug-watchos/OwlNav.build/Objects-normal/arm64/OwlNav-master-emit-module.d -o /Users/admin/builder/spi-builder-workspace/.derivedData/Build/Intermediates.noindex/OwlNav.build/Debug-watchos/OwlNav.build/Objects-normal/arm64/OwlNav.swiftmodule -emit-abi-descriptor-path /Users/admin/builder/spi-builder-workspace/.derivedData/Build/Intermediates.noindex/OwlNav.build/Debug-watchos/OwlNav.build/Objects-normal/arm64/OwlNav.abi.json
EmitSwiftModule normal arm64 (in target 'OwlNav' from project 'OwlNav')
cd /Users/admin/builder/spi-builder-workspace/.swiftpm/xcode
/Users/admin/builder/spi-builder-workspace/Sources/OwlNav/Internal/OwlNavigationController.swift:13:38: error: cannot find type 'UINavigationController' in scope
final class OwlNavigationController: UINavigationController, UINavigationControllerDelegate, UIGestureRecognizerDelegate {
^~~~~~~~~~~~~~~~~~~~~~
/Users/admin/builder/spi-builder-workspace/Sources/OwlNav/Internal/OwlNavigationController.swift:13:62: error: cannot find type 'UINavigationControllerDelegate' in scope
final class OwlNavigationController: UINavigationController, UINavigationControllerDelegate, UIGestureRecognizerDelegate {
^~~~~~~~~~~~~~~~~~~~~~~~~~~~~~
/Users/admin/builder/spi-builder-workspace/Sources/OwlNav/Internal/OwlNavigationController.swift:13:94: error: cannot find type 'UIGestureRecognizerDelegate' in scope
final class OwlNavigationController: UINavigationController, UINavigationControllerDelegate, UIGestureRecognizerDelegate {
^~~~~~~~~~~~~~~~~~~~~~~~~~~
/Users/admin/builder/spi-builder-workspace/Sources/OwlNav/Internal/OwlNavigationController.swift:38:19: error: method does not override any method from its superclass
override func viewDidLoad() {
~~~~~~~~ ^
/Users/admin/builder/spi-builder-workspace/Sources/OwlNav/Internal/OwlNavigationController.swift:47:60: error: cannot find type 'UIGestureRecognizer' in scope
func gestureRecognizerShouldBegin(_ gestureRecognizer: UIGestureRecognizer) -> Bool {
^~~~~~~~~~~~~~~~~~~
/Users/admin/builder/spi-builder-workspace/Sources/OwlNav/Internal/OwlNavigationController.swift:65:55: error: cannot find type 'UINavigationController' in scope
func navigationController(_ navigationController: UINavigationController, willShow viewController: UIViewController, animated: Bool) {
^~~~~~~~~~~~~~~~~~~~~~
/Users/admin/builder/spi-builder-workspace/Sources/OwlNav/Internal/OwlNavigationController.swift:65:104: error: cannot find type 'UIViewController' in scope
func navigationController(_ navigationController: UINavigationController, willShow viewController: UIViewController, animated: Bool) {
^~~~~~~~~~~~~~~~
/Users/admin/builder/spi-builder-workspace/Sources/OwlNav/Internal/OwlNavigationController.swift:97:55: error: cannot find type 'UINavigationController' in scope
func navigationController(_ navigationController: UINavigationController, didShow viewController: UIViewController, animated: Bool) {
^~~~~~~~~~~~~~~~~~~~~~
/Users/admin/builder/spi-builder-workspace/Sources/OwlNav/Internal/OwlNavigationController.swift:97:103: error: cannot find type 'UIViewController' in scope
func navigationController(_ navigationController: UINavigationController, didShow viewController: UIViewController, animated: Bool) {
^~~~~~~~~~~~~~~~
/Users/admin/builder/spi-builder-workspace/Sources/OwlNav/Internal/OwlNavigationController.swift:109:13: warning: var 'swipeBackEnabledKey' is not concurrency-safe because it is nonisolated global shared mutable state; this is an error in the Swift 6 language mode
private var swipeBackEnabledKey: UInt8 = 0
^
/Users/admin/builder/spi-builder-workspace/Sources/OwlNav/Internal/OwlNavigationController.swift:109:13: note: convert 'swipeBackEnabledKey' to a 'let' constant to make 'Sendable' shared state immutable
private var swipeBackEnabledKey: UInt8 = 0
~~~ ^
let
/Users/admin/builder/spi-builder-workspace/Sources/OwlNav/Internal/OwlNavigationController.swift:109:13: note: add '@MainActor' to make var 'swipeBackEnabledKey' part of global actor 'MainActor'
private var swipeBackEnabledKey: UInt8 = 0
^
@MainActor
/Users/admin/builder/spi-builder-workspace/Sources/OwlNav/Internal/OwlNavigationController.swift:109:13: note: disable concurrency-safety checks if accesses are protected by an external synchronization mechanism
private var swipeBackEnabledKey: UInt8 = 0
^
nonisolated(unsafe)
/Users/admin/builder/spi-builder-workspace/Sources/OwlNav/Internal/OwlNavigationController.swift:110:13: warning: var 'popCompletedKey' is not concurrency-safe because it is nonisolated global shared mutable state; this is an error in the Swift 6 language mode
private var popCompletedKey: UInt8 = 0
^
/Users/admin/builder/spi-builder-workspace/Sources/OwlNav/Internal/OwlNavigationController.swift:110:13: note: convert 'popCompletedKey' to a 'let' constant to make 'Sendable' shared state immutable
private var popCompletedKey: UInt8 = 0
~~~ ^
let
/Users/admin/builder/spi-builder-workspace/Sources/OwlNav/Internal/OwlNavigationController.swift:110:13: note: add '@MainActor' to make var 'popCompletedKey' part of global actor 'MainActor'
private var popCompletedKey: UInt8 = 0
^
@MainActor
/Users/admin/builder/spi-builder-workspace/Sources/OwlNav/Internal/OwlNavigationController.swift:110:13: note: disable concurrency-safety checks if accesses are protected by an external synchronization mechanism
private var popCompletedKey: UInt8 = 0
^
nonisolated(unsafe)
/Users/admin/builder/spi-builder-workspace/Sources/OwlNav/Internal/OwlNavigationController.swift:112:11: error: cannot find type 'UIViewController' in scope
extension UIViewController {
^~~~~~~~~~~~~~~~
/Users/admin/builder/spi-builder-workspace/Sources/OwlNav/Modifier/SwipeBack.swift:37:59: error: cannot find type 'UIViewController' in scope
public func makeUIViewController(context: Context) -> UIViewController {
^~~~~~~~~~~~~~~~
/Users/admin/builder/spi-builder-workspace/Sources/OwlNav/Modifier/SwipeBack.swift:37:47: error: cannot find type 'Context' in scope
public func makeUIViewController(context: Context) -> UIViewController {
^~~~~~~
/Users/admin/builder/spi-builder-workspace/Sources/OwlNav/Modifier/SwipeBack.swift:43:46: error: cannot find type 'UIViewController' in scope
public func updateUIViewController(_ vc: UIViewController, context: Context) {
^~~~~~~~~~~~~~~~
/Users/admin/builder/spi-builder-workspace/Sources/OwlNav/Modifier/SwipeBack.swift:43:73: error: cannot find type 'Context' in scope
public func updateUIViewController(_ vc: UIViewController, context: Context) {
^~~~~~~
/Users/admin/builder/spi-builder-workspace/Sources/OwlNav/Modifier/SwipeBack.swift:30:36: error: cannot find type 'UIViewControllerRepresentable' in scope
public struct SwipeBackController: UIViewControllerRepresentable {
^~~~~~~~~~~~~~~~~~~~~~~~~~~~~
/Users/admin/builder/spi-builder-workspace/Sources/OwlNav/Setup/OwlContainer.swift:12:63: error: cannot find type 'UIHostingController' in scope
final class OwlHostingController<T: Equatable, Screen: View>: UIHostingController<Screen> {
^~~~~~~~~~~~~~~~~~~
/Users/admin/builder/spi-builder-workspace/Sources/OwlNav/Setup/OwlContainer.swift:32:6: warning: call to main actor-isolated initializer 'init(wrappedValue:)' in a synchronous nonisolated context; this is an error in the Swift 6 language mode
@ObservedObject public var owl: InOwl<T>
^
SwiftUICore.ObservedObject.init:2:35: note: calls to initializer 'init(wrappedValue:)' from outside of its actor context are implicitly asynchronous
@MainActor @preconcurrency public init(wrappedValue: ObjectType)}
^
/Users/admin/builder/spi-builder-workspace/Sources/OwlNav/Setup/OwlContainer.swift:47:59: error: cannot find type 'UINavigationController' in scope
public func makeUIViewController(context: Context) -> UINavigationController {
^~~~~~~~~~~~~~~~~~~~~~
/Users/admin/builder/spi-builder-workspace/Sources/OwlNav/Setup/OwlContainer.swift:47:47: error: cannot find type 'Context' in scope
public func makeUIViewController(context: Context) -> UINavigationController {
^~~~~~~
/Users/admin/builder/spi-builder-workspace/Sources/OwlNav/Setup/OwlContainer.swift:58:54: error: cannot find type 'UINavigationController' in scope
public func updateUIViewController(_ navigation: UINavigationController, context: Context) {
^~~~~~~~~~~~~~~~~~~~~~
/Users/admin/builder/spi-builder-workspace/Sources/OwlNav/Setup/OwlContainer.swift:58:87: error: cannot find type 'Context' in scope
public func updateUIViewController(_ navigation: UINavigationController, context: Context) {
^~~~~~~
/Users/admin/builder/spi-builder-workspace/Sources/OwlNav/Setup/OwlContainer.swift:62:47: error: cannot find type 'UINavigationController' in scope
private func syncNavigation(_ navigation: UINavigationController) {
^~~~~~~~~~~~~~~~~~~~~~
/Users/admin/builder/spi-builder-workspace/Sources/OwlNav/Setup/OwlContainer.swift:30:57: error: cannot find type 'UIViewControllerRepresentable' in scope
public struct OwlContainer<T: Equatable, Screen: View>: UIViewControllerRepresentable {
^~~~~~~~~~~~~~~~~~~~~~~~~~~~~
SwiftEmitModule normal arm64_32 Emitting\ module\ for\ OwlNav (in target 'OwlNav' from project 'OwlNav')
Failed frontend command:
/Applications/Xcode-16.3.0.app/Contents/Developer/Toolchains/XcodeDefault.xctoolchain/usr/bin/swift-frontend -frontend -emit-module -experimental-skip-non-inlinable-function-bodies-without-types /Users/admin/builder/spi-builder-workspace/Sources/OwlNav/Extensions/Views+Extensions.swift /Users/admin/builder/spi-builder-workspace/Sources/OwlNav/Internal/OwlNavigationController.swift /Users/admin/builder/spi-builder-workspace/Sources/OwlNav/Modifier/SwipeBack.swift /Users/admin/builder/spi-builder-workspace/Sources/OwlNav/OwlNav.swift /Users/admin/builder/spi-builder-workspace/Sources/OwlNav/Setup/InOwl.swift /Users/admin/builder/spi-builder-workspace/Sources/OwlNav/Setup/OwlContainer.swift /Users/admin/builder/spi-builder-workspace/Sources/OwlNav/Setup/OwlInject.swift -target arm64_32-apple-watchos8.0 -enable-objc-interop -sdk /Applications/Xcode-16.3.0.app/Contents/Developer/Platforms/WatchOS.platform/Developer/SDKs/WatchOS11.4.sdk -I /Users/admin/builder/spi-builder-workspace/.derivedData/Build/Products/Debug-watchos -I /Applications/Xcode-16.3.0.app/Contents/Developer/Platforms/WatchOS.platform/Developer/usr/lib -F /Users/admin/builder/spi-builder-workspace/.derivedData/Build/Products/Debug-watchos -F /Applications/Xcode-16.3.0.app/Contents/Developer/Platforms/WatchOS.platform/Developer/Library/Frameworks -F /Applications/Xcode-16.3.0.app/Contents/Developer/Platforms/WatchOS.platform/Developer/SDKs/WatchOS11.4.sdk/Developer/Library/Frameworks -no-color-diagnostics -enable-testing -g -debug-info-format\=dwarf -dwarf-version\=4 -module-cache-path /Users/admin/builder/spi-builder-workspace/.derivedData/ModuleCache.noindex -swift-version 5 -enforce-exclusivity\=checked -stats-output-dir /Users/admin/builder/spi-builder-workspace/.swiftpm/xcode/.stats -Onone -D SWIFT_PACKAGE -D DEBUG -serialize-debugging-options -const-gather-protocols-file /Users/admin/builder/spi-builder-workspace/.derivedData/Build/Intermediates.noindex/OwlNav.build/Debug-watchos/OwlNav.build/Objects-normal/arm64_32/OwlNav_const_extract_protocols.json -enable-upcoming-feature StrictConcurrency -enable-upcoming-feature DisableOutwardActorInference -enable-upcoming-feature GlobalActorIsolatedTypesUsability -enable-upcoming-feature InferSendableFromCaptures -enable-experimental-feature DebugDescriptionMacro -strict-concurrency\=complete -empty-abi-descriptor -plugin-path /Applications/Xcode-16.3.0.app/Contents/Developer/Toolchains/XcodeDefault.xctoolchain/usr/lib/swift/host/plugins/testing -validate-clang-modules-once -clang-build-session-file /Users/admin/builder/spi-builder-workspace/.derivedData/ModuleCache.noindex/Session.modulevalidation -Xcc -working-directory -Xcc /Users/admin/builder/spi-builder-workspace/.swiftpm/xcode -resource-dir /Applications/Xcode-16.3.0.app/Contents/Developer/Toolchains/XcodeDefault.xctoolchain/usr/lib/swift -enable-anonymous-context-mangled-names -file-compilation-dir /Users/admin/builder/spi-builder-workspace/.swiftpm/xcode -Xcc -ivfsstatcache -Xcc /Users/admin/builder/spi-builder-workspace/.derivedData/SDKStatCaches.noindex/watchos11.4-22T246-43efb940ff07ba2497b70ec94253f576.sdkstatcache -Xcc -I/Users/admin/builder/spi-builder-workspace/.derivedData/Build/Intermediates.noindex/OwlNav.build/Debug-watchos/OwlNav.build/swift-overrides.hmap -Xcc -I/Users/admin/builder/spi-builder-workspace/.derivedData/Build/Products/Debug-watchos/include -Xcc -I/Users/admin/builder/spi-builder-workspace/.derivedData/Build/Intermediates.noindex/OwlNav.build/Debug-watchos/OwlNav.build/DerivedSources-normal/arm64_32 -Xcc -I/Users/admin/builder/spi-builder-workspace/.derivedData/Build/Intermediates.noindex/OwlNav.build/Debug-watchos/OwlNav.build/DerivedSources/arm64_32 -Xcc -I/Users/admin/builder/spi-builder-workspace/.derivedData/Build/Intermediates.noindex/OwlNav.build/Debug-watchos/OwlNav.build/DerivedSources -Xcc -DSWIFT_PACKAGE -Xcc -DDEBUG\=1 -module-name OwlNav -package-name spi_builder_workspace -frontend-parseable-output -disable-clang-spi -target-sdk-version 11.4 -target-sdk-name watchos11.4 -external-plugin-path /Applications/Xcode-16.3.0.app/Contents/Developer/Platforms/WatchOS.platform/Developer/usr/lib/swift/host/plugins\#/Applications/Xcode-16.3.0.app/Contents/Developer/Platforms/WatchOS.platform/Developer/usr/bin/swift-plugin-server -external-plugin-path /Applications/Xcode-16.3.0.app/Contents/Developer/Platforms/WatchOS.platform/Developer/usr/local/lib/swift/host/plugins\#/Applications/Xcode-16.3.0.app/Contents/Developer/Platforms/WatchOS.platform/Developer/usr/bin/swift-plugin-server -in-process-plugin-server-path /Applications/Xcode-16.3.0.app/Contents/Developer/Toolchains/XcodeDefault.xctoolchain/usr/lib/swift/host/libSwiftInProcPluginServer.dylib -plugin-path /Applications/Xcode-16.3.0.app/Contents/Developer/Toolchains/XcodeDefault.xctoolchain/usr/lib/swift/host/plugins -plugin-path /Applications/Xcode-16.3.0.app/Contents/Developer/Toolchains/XcodeDefault.xctoolchain/usr/local/lib/swift/host/plugins -emit-module-doc-path /Users/admin/builder/spi-builder-workspace/.derivedData/Build/Intermediates.noindex/OwlNav.build/Debug-watchos/OwlNav.build/Objects-normal/arm64_32/OwlNav.swiftdoc -emit-module-source-info-path /Users/admin/builder/spi-builder-workspace/.derivedData/Build/Intermediates.noindex/OwlNav.build/Debug-watchos/OwlNav.build/Objects-normal/arm64_32/OwlNav.swiftsourceinfo -emit-objc-header-path /Users/admin/builder/spi-builder-workspace/.derivedData/Build/Intermediates.noindex/OwlNav.build/Debug-watchos/OwlNav.build/Objects-normal/arm64_32/OwlNav-Swift.h -serialize-diagnostics-path /Users/admin/builder/spi-builder-workspace/.derivedData/Build/Intermediates.noindex/OwlNav.build/Debug-watchos/OwlNav.build/Objects-normal/arm64_32/OwlNav-master-emit-module.dia -emit-dependencies-path /Users/admin/builder/spi-builder-workspace/.derivedData/Build/Intermediates.noindex/OwlNav.build/Debug-watchos/OwlNav.build/Objects-normal/arm64_32/OwlNav-master-emit-module.d -o /Users/admin/builder/spi-builder-workspace/.derivedData/Build/Intermediates.noindex/OwlNav.build/Debug-watchos/OwlNav.build/Objects-normal/arm64_32/OwlNav.swiftmodule -emit-abi-descriptor-path /Users/admin/builder/spi-builder-workspace/.derivedData/Build/Intermediates.noindex/OwlNav.build/Debug-watchos/OwlNav.build/Objects-normal/arm64_32/OwlNav.abi.json
EmitSwiftModule normal arm64_32 (in target 'OwlNav' from project 'OwlNav')
cd /Users/admin/builder/spi-builder-workspace/.swiftpm/xcode
/Users/admin/builder/spi-builder-workspace/Sources/OwlNav/Internal/OwlNavigationController.swift:13:38: error: cannot find type 'UINavigationController' in scope
final class OwlNavigationController: UINavigationController, UINavigationControllerDelegate, UIGestureRecognizerDelegate {
^~~~~~~~~~~~~~~~~~~~~~
/Users/admin/builder/spi-builder-workspace/Sources/OwlNav/Internal/OwlNavigationController.swift:13:62: error: cannot find type 'UINavigationControllerDelegate' in scope
final class OwlNavigationController: UINavigationController, UINavigationControllerDelegate, UIGestureRecognizerDelegate {
^~~~~~~~~~~~~~~~~~~~~~~~~~~~~~
/Users/admin/builder/spi-builder-workspace/Sources/OwlNav/Internal/OwlNavigationController.swift:13:94: error: cannot find type 'UIGestureRecognizerDelegate' in scope
final class OwlNavigationController: UINavigationController, UINavigationControllerDelegate, UIGestureRecognizerDelegate {
^~~~~~~~~~~~~~~~~~~~~~~~~~~
/Users/admin/builder/spi-builder-workspace/Sources/OwlNav/Internal/OwlNavigationController.swift:38:19: error: method does not override any method from its superclass
override func viewDidLoad() {
~~~~~~~~ ^
/Users/admin/builder/spi-builder-workspace/Sources/OwlNav/Internal/OwlNavigationController.swift:47:60: error: cannot find type 'UIGestureRecognizer' in scope
func gestureRecognizerShouldBegin(_ gestureRecognizer: UIGestureRecognizer) -> Bool {
^~~~~~~~~~~~~~~~~~~
/Users/admin/builder/spi-builder-workspace/Sources/OwlNav/Internal/OwlNavigationController.swift:65:55: error: cannot find type 'UINavigationController' in scope
func navigationController(_ navigationController: UINavigationController, willShow viewController: UIViewController, animated: Bool) {
^~~~~~~~~~~~~~~~~~~~~~
/Users/admin/builder/spi-builder-workspace/Sources/OwlNav/Internal/OwlNavigationController.swift:65:104: error: cannot find type 'UIViewController' in scope
func navigationController(_ navigationController: UINavigationController, willShow viewController: UIViewController, animated: Bool) {
^~~~~~~~~~~~~~~~
/Users/admin/builder/spi-builder-workspace/Sources/OwlNav/Internal/OwlNavigationController.swift:97:55: error: cannot find type 'UINavigationController' in scope
func navigationController(_ navigationController: UINavigationController, didShow viewController: UIViewController, animated: Bool) {
^~~~~~~~~~~~~~~~~~~~~~
/Users/admin/builder/spi-builder-workspace/Sources/OwlNav/Internal/OwlNavigationController.swift:97:103: error: cannot find type 'UIViewController' in scope
func navigationController(_ navigationController: UINavigationController, didShow viewController: UIViewController, animated: Bool) {
^~~~~~~~~~~~~~~~
/Users/admin/builder/spi-builder-workspace/Sources/OwlNav/Internal/OwlNavigationController.swift:109:13: warning: var 'swipeBackEnabledKey' is not concurrency-safe because it is nonisolated global shared mutable state; this is an error in the Swift 6 language mode
private var swipeBackEnabledKey: UInt8 = 0
^
/Users/admin/builder/spi-builder-workspace/Sources/OwlNav/Internal/OwlNavigationController.swift:109:13: note: convert 'swipeBackEnabledKey' to a 'let' constant to make 'Sendable' shared state immutable
private var swipeBackEnabledKey: UInt8 = 0
~~~ ^
let
/Users/admin/builder/spi-builder-workspace/Sources/OwlNav/Internal/OwlNavigationController.swift:109:13: note: add '@MainActor' to make var 'swipeBackEnabledKey' part of global actor 'MainActor'
private var swipeBackEnabledKey: UInt8 = 0
^
@MainActor
/Users/admin/builder/spi-builder-workspace/Sources/OwlNav/Internal/OwlNavigationController.swift:109:13: note: disable concurrency-safety checks if accesses are protected by an external synchronization mechanism
private var swipeBackEnabledKey: UInt8 = 0
^
nonisolated(unsafe)
/Users/admin/builder/spi-builder-workspace/Sources/OwlNav/Internal/OwlNavigationController.swift:110:13: warning: var 'popCompletedKey' is not concurrency-safe because it is nonisolated global shared mutable state; this is an error in the Swift 6 language mode
private var popCompletedKey: UInt8 = 0
^
/Users/admin/builder/spi-builder-workspace/Sources/OwlNav/Internal/OwlNavigationController.swift:110:13: note: convert 'popCompletedKey' to a 'let' constant to make 'Sendable' shared state immutable
private var popCompletedKey: UInt8 = 0
~~~ ^
let
/Users/admin/builder/spi-builder-workspace/Sources/OwlNav/Internal/OwlNavigationController.swift:110:13: note: add '@MainActor' to make var 'popCompletedKey' part of global actor 'MainActor'
private var popCompletedKey: UInt8 = 0
^
@MainActor
/Users/admin/builder/spi-builder-workspace/Sources/OwlNav/Internal/OwlNavigationController.swift:110:13: note: disable concurrency-safety checks if accesses are protected by an external synchronization mechanism
private var popCompletedKey: UInt8 = 0
^
nonisolated(unsafe)
/Users/admin/builder/spi-builder-workspace/Sources/OwlNav/Internal/OwlNavigationController.swift:112:11: error: cannot find type 'UIViewController' in scope
extension UIViewController {
^~~~~~~~~~~~~~~~
/Users/admin/builder/spi-builder-workspace/Sources/OwlNav/Modifier/SwipeBack.swift:37:59: error: cannot find type 'UIViewController' in scope
public func makeUIViewController(context: Context) -> UIViewController {
^~~~~~~~~~~~~~~~
/Users/admin/builder/spi-builder-workspace/Sources/OwlNav/Modifier/SwipeBack.swift:37:47: error: cannot find type 'Context' in scope
public func makeUIViewController(context: Context) -> UIViewController {
^~~~~~~
/Users/admin/builder/spi-builder-workspace/Sources/OwlNav/Modifier/SwipeBack.swift:43:46: error: cannot find type 'UIViewController' in scope
public func updateUIViewController(_ vc: UIViewController, context: Context) {
^~~~~~~~~~~~~~~~
/Users/admin/builder/spi-builder-workspace/Sources/OwlNav/Modifier/SwipeBack.swift:43:73: error: cannot find type 'Context' in scope
public func updateUIViewController(_ vc: UIViewController, context: Context) {
^~~~~~~
/Users/admin/builder/spi-builder-workspace/Sources/OwlNav/Modifier/SwipeBack.swift:30:36: error: cannot find type 'UIViewControllerRepresentable' in scope
public struct SwipeBackController: UIViewControllerRepresentable {
^~~~~~~~~~~~~~~~~~~~~~~~~~~~~
/Users/admin/builder/spi-builder-workspace/Sources/OwlNav/Setup/OwlContainer.swift:12:63: error: cannot find type 'UIHostingController' in scope
final class OwlHostingController<T: Equatable, Screen: View>: UIHostingController<Screen> {
^~~~~~~~~~~~~~~~~~~
/Users/admin/builder/spi-builder-workspace/Sources/OwlNav/Setup/OwlContainer.swift:32:6: warning: call to main actor-isolated initializer 'init(wrappedValue:)' in a synchronous nonisolated context; this is an error in the Swift 6 language mode
@ObservedObject public var owl: InOwl<T>
^
SwiftUICore.ObservedObject.init:2:35: note: calls to initializer 'init(wrappedValue:)' from outside of its actor context are implicitly asynchronous
@MainActor @preconcurrency public init(wrappedValue: ObjectType)}
^
/Users/admin/builder/spi-builder-workspace/Sources/OwlNav/Setup/OwlContainer.swift:47:59: error: cannot find type 'UINavigationController' in scope
public func makeUIViewController(context: Context) -> UINavigationController {
^~~~~~~~~~~~~~~~~~~~~~
/Users/admin/builder/spi-builder-workspace/Sources/OwlNav/Setup/OwlContainer.swift:47:47: error: cannot find type 'Context' in scope
public func makeUIViewController(context: Context) -> UINavigationController {
^~~~~~~
/Users/admin/builder/spi-builder-workspace/Sources/OwlNav/Setup/OwlContainer.swift:58:54: error: cannot find type 'UINavigationController' in scope
public func updateUIViewController(_ navigation: UINavigationController, context: Context) {
^~~~~~~~~~~~~~~~~~~~~~
/Users/admin/builder/spi-builder-workspace/Sources/OwlNav/Setup/OwlContainer.swift:58:87: error: cannot find type 'Context' in scope
public func updateUIViewController(_ navigation: UINavigationController, context: Context) {
^~~~~~~
/Users/admin/builder/spi-builder-workspace/Sources/OwlNav/Setup/OwlContainer.swift:62:47: error: cannot find type 'UINavigationController' in scope
private func syncNavigation(_ navigation: UINavigationController) {
^~~~~~~~~~~~~~~~~~~~~~
/Users/admin/builder/spi-builder-workspace/Sources/OwlNav/Setup/OwlContainer.swift:30:57: error: cannot find type 'UIViewControllerRepresentable' in scope
public struct OwlContainer<T: Equatable, Screen: View>: UIViewControllerRepresentable {
^~~~~~~~~~~~~~~~~~~~~~~~~~~~~
SwiftCompile normal arm64_32 Compiling\ Views+Extensions.swift /Users/admin/builder/spi-builder-workspace/Sources/OwlNav/Extensions/Views+Extensions.swift (in target 'OwlNav' from project 'OwlNav')
SwiftCompile normal arm64_32 /Users/admin/builder/spi-builder-workspace/Sources/OwlNav/Extensions/Views+Extensions.swift (in target 'OwlNav' from project 'OwlNav')
cd /Users/admin/builder/spi-builder-workspace/.swiftpm/xcode
SwiftEmitModule normal armv7k Emitting\ module\ for\ OwlNav (in target 'OwlNav' from project 'OwlNav')
Failed frontend command:
/Applications/Xcode-16.3.0.app/Contents/Developer/Toolchains/XcodeDefault.xctoolchain/usr/bin/swift-frontend -frontend -emit-module -experimental-skip-non-inlinable-function-bodies-without-types /Users/admin/builder/spi-builder-workspace/Sources/OwlNav/Extensions/Views+Extensions.swift /Users/admin/builder/spi-builder-workspace/Sources/OwlNav/Internal/OwlNavigationController.swift /Users/admin/builder/spi-builder-workspace/Sources/OwlNav/Modifier/SwipeBack.swift /Users/admin/builder/spi-builder-workspace/Sources/OwlNav/OwlNav.swift /Users/admin/builder/spi-builder-workspace/Sources/OwlNav/Setup/InOwl.swift /Users/admin/builder/spi-builder-workspace/Sources/OwlNav/Setup/OwlContainer.swift /Users/admin/builder/spi-builder-workspace/Sources/OwlNav/Setup/OwlInject.swift -target armv7k-apple-watchos8.0 -enable-objc-interop -stack-check -sdk /Applications/Xcode-16.3.0.app/Contents/Developer/Platforms/WatchOS.platform/Developer/SDKs/WatchOS11.4.sdk -I /Users/admin/builder/spi-builder-workspace/.derivedData/Build/Products/Debug-watchos -I /Applications/Xcode-16.3.0.app/Contents/Developer/Platforms/WatchOS.platform/Developer/usr/lib -F /Users/admin/builder/spi-builder-workspace/.derivedData/Build/Products/Debug-watchos -F /Applications/Xcode-16.3.0.app/Contents/Developer/Platforms/WatchOS.platform/Developer/Library/Frameworks -F /Applications/Xcode-16.3.0.app/Contents/Developer/Platforms/WatchOS.platform/Developer/SDKs/WatchOS11.4.sdk/Developer/Library/Frameworks -no-color-diagnostics -enable-testing -g -debug-info-format\=dwarf -dwarf-version\=4 -module-cache-path /Users/admin/builder/spi-builder-workspace/.derivedData/ModuleCache.noindex -swift-version 5 -enforce-exclusivity\=checked -stats-output-dir /Users/admin/builder/spi-builder-workspace/.swiftpm/xcode/.stats -Onone -D SWIFT_PACKAGE -D DEBUG -serialize-debugging-options -const-gather-protocols-file /Users/admin/builder/spi-builder-workspace/.derivedData/Build/Intermediates.noindex/OwlNav.build/Debug-watchos/OwlNav.build/Objects-normal/armv7k/OwlNav_const_extract_protocols.json -enable-upcoming-feature StrictConcurrency -enable-upcoming-feature DisableOutwardActorInference -enable-upcoming-feature GlobalActorIsolatedTypesUsability -enable-upcoming-feature InferSendableFromCaptures -enable-experimental-feature DebugDescriptionMacro -strict-concurrency\=complete -empty-abi-descriptor -plugin-path /Applications/Xcode-16.3.0.app/Contents/Developer/Toolchains/XcodeDefault.xctoolchain/usr/lib/swift/host/plugins/testing -validate-clang-modules-once -clang-build-session-file /Users/admin/builder/spi-builder-workspace/.derivedData/ModuleCache.noindex/Session.modulevalidation -Xcc -working-directory -Xcc /Users/admin/builder/spi-builder-workspace/.swiftpm/xcode -resource-dir /Applications/Xcode-16.3.0.app/Contents/Developer/Toolchains/XcodeDefault.xctoolchain/usr/lib/swift -enable-anonymous-context-mangled-names -file-compilation-dir /Users/admin/builder/spi-builder-workspace/.swiftpm/xcode -Xcc -ivfsstatcache -Xcc /Users/admin/builder/spi-builder-workspace/.derivedData/SDKStatCaches.noindex/watchos11.4-22T246-43efb940ff07ba2497b70ec94253f576.sdkstatcache -Xcc -I/Users/admin/builder/spi-builder-workspace/.derivedData/Build/Intermediates.noindex/OwlNav.build/Debug-watchos/OwlNav.build/swift-overrides.hmap -Xcc -I/Users/admin/builder/spi-builder-workspace/.derivedData/Build/Products/Debug-watchos/include -Xcc -I/Users/admin/builder/spi-builder-workspace/.derivedData/Build/Intermediates.noindex/OwlNav.build/Debug-watchos/OwlNav.build/DerivedSources-normal/armv7k -Xcc -I/Users/admin/builder/spi-builder-workspace/.derivedData/Build/Intermediates.noindex/OwlNav.build/Debug-watchos/OwlNav.build/DerivedSources/armv7k -Xcc -I/Users/admin/builder/spi-builder-workspace/.derivedData/Build/Intermediates.noindex/OwlNav.build/Debug-watchos/OwlNav.build/DerivedSources -Xcc -DSWIFT_PACKAGE -Xcc -DDEBUG\=1 -module-name OwlNav -package-name spi_builder_workspace -frontend-parseable-output -disable-clang-spi -target-sdk-version 11.4 -target-sdk-name watchos11.4 -external-plugin-path /Applications/Xcode-16.3.0.app/Contents/Developer/Platforms/WatchOS.platform/Developer/usr/lib/swift/host/plugins\#/Applications/Xcode-16.3.0.app/Contents/Developer/Platforms/WatchOS.platform/Developer/usr/bin/swift-plugin-server -external-plugin-path /Applications/Xcode-16.3.0.app/Contents/Developer/Platforms/WatchOS.platform/Developer/usr/local/lib/swift/host/plugins\#/Applications/Xcode-16.3.0.app/Contents/Developer/Platforms/WatchOS.platform/Developer/usr/bin/swift-plugin-server -in-process-plugin-server-path /Applications/Xcode-16.3.0.app/Contents/Developer/Toolchains/XcodeDefault.xctoolchain/usr/lib/swift/host/libSwiftInProcPluginServer.dylib -plugin-path /Applications/Xcode-16.3.0.app/Contents/Developer/Toolchains/XcodeDefault.xctoolchain/usr/lib/swift/host/plugins -plugin-path /Applications/Xcode-16.3.0.app/Contents/Developer/Toolchains/XcodeDefault.xctoolchain/usr/local/lib/swift/host/plugins -emit-module-doc-path /Users/admin/builder/spi-builder-workspace/.derivedData/Build/Intermediates.noindex/OwlNav.build/Debug-watchos/OwlNav.build/Objects-normal/armv7k/OwlNav.swiftdoc -emit-module-source-info-path /Users/admin/builder/spi-builder-workspace/.derivedData/Build/Intermediates.noindex/OwlNav.build/Debug-watchos/OwlNav.build/Objects-normal/armv7k/OwlNav.swiftsourceinfo -emit-objc-header-path /Users/admin/builder/spi-builder-workspace/.derivedData/Build/Intermediates.noindex/OwlNav.build/Debug-watchos/OwlNav.build/Objects-normal/armv7k/OwlNav-Swift.h -serialize-diagnostics-path /Users/admin/builder/spi-builder-workspace/.derivedData/Build/Intermediates.noindex/OwlNav.build/Debug-watchos/OwlNav.build/Objects-normal/armv7k/OwlNav-master-emit-module.dia -emit-dependencies-path /Users/admin/builder/spi-builder-workspace/.derivedData/Build/Intermediates.noindex/OwlNav.build/Debug-watchos/OwlNav.build/Objects-normal/armv7k/OwlNav-master-emit-module.d -o /Users/admin/builder/spi-builder-workspace/.derivedData/Build/Intermediates.noindex/OwlNav.build/Debug-watchos/OwlNav.build/Objects-normal/armv7k/OwlNav.swiftmodule -emit-abi-descriptor-path /Users/admin/builder/spi-builder-workspace/.derivedData/Build/Intermediates.noindex/OwlNav.build/Debug-watchos/OwlNav.build/Objects-normal/armv7k/OwlNav.abi.json
EmitSwiftModule normal armv7k (in target 'OwlNav' from project 'OwlNav')
cd /Users/admin/builder/spi-builder-workspace/.swiftpm/xcode
/Users/admin/builder/spi-builder-workspace/Sources/OwlNav/Internal/OwlNavigationController.swift:13:38: error: cannot find type 'UINavigationController' in scope
final class OwlNavigationController: UINavigationController, UINavigationControllerDelegate, UIGestureRecognizerDelegate {
^~~~~~~~~~~~~~~~~~~~~~
/Users/admin/builder/spi-builder-workspace/Sources/OwlNav/Internal/OwlNavigationController.swift:13:62: error: cannot find type 'UINavigationControllerDelegate' in scope
final class OwlNavigationController: UINavigationController, UINavigationControllerDelegate, UIGestureRecognizerDelegate {
^~~~~~~~~~~~~~~~~~~~~~~~~~~~~~
/Users/admin/builder/spi-builder-workspace/Sources/OwlNav/Internal/OwlNavigationController.swift:13:94: error: cannot find type 'UIGestureRecognizerDelegate' in scope
final class OwlNavigationController: UINavigationController, UINavigationControllerDelegate, UIGestureRecognizerDelegate {
^~~~~~~~~~~~~~~~~~~~~~~~~~~
/Users/admin/builder/spi-builder-workspace/Sources/OwlNav/Internal/OwlNavigationController.swift:38:19: error: method does not override any method from its superclass
override func viewDidLoad() {
~~~~~~~~ ^
/Users/admin/builder/spi-builder-workspace/Sources/OwlNav/Internal/OwlNavigationController.swift:47:60: error: cannot find type 'UIGestureRecognizer' in scope
func gestureRecognizerShouldBegin(_ gestureRecognizer: UIGestureRecognizer) -> Bool {
^~~~~~~~~~~~~~~~~~~
/Users/admin/builder/spi-builder-workspace/Sources/OwlNav/Internal/OwlNavigationController.swift:65:55: error: cannot find type 'UINavigationController' in scope
func navigationController(_ navigationController: UINavigationController, willShow viewController: UIViewController, animated: Bool) {
^~~~~~~~~~~~~~~~~~~~~~
/Users/admin/builder/spi-builder-workspace/Sources/OwlNav/Internal/OwlNavigationController.swift:65:104: error: cannot find type 'UIViewController' in scope
func navigationController(_ navigationController: UINavigationController, willShow viewController: UIViewController, animated: Bool) {
^~~~~~~~~~~~~~~~
/Users/admin/builder/spi-builder-workspace/Sources/OwlNav/Internal/OwlNavigationController.swift:97:55: error: cannot find type 'UINavigationController' in scope
func navigationController(_ navigationController: UINavigationController, didShow viewController: UIViewController, animated: Bool) {
^~~~~~~~~~~~~~~~~~~~~~
/Users/admin/builder/spi-builder-workspace/Sources/OwlNav/Internal/OwlNavigationController.swift:97:103: error: cannot find type 'UIViewController' in scope
func navigationController(_ navigationController: UINavigationController, didShow viewController: UIViewController, animated: Bool) {
^~~~~~~~~~~~~~~~
/Users/admin/builder/spi-builder-workspace/Sources/OwlNav/Internal/OwlNavigationController.swift:109:13: warning: var 'swipeBackEnabledKey' is not concurrency-safe because it is nonisolated global shared mutable state; this is an error in the Swift 6 language mode
private var swipeBackEnabledKey: UInt8 = 0
^
/Users/admin/builder/spi-builder-workspace/Sources/OwlNav/Internal/OwlNavigationController.swift:109:13: note: convert 'swipeBackEnabledKey' to a 'let' constant to make 'Sendable' shared state immutable
private var swipeBackEnabledKey: UInt8 = 0
~~~ ^
let
/Users/admin/builder/spi-builder-workspace/Sources/OwlNav/Internal/OwlNavigationController.swift:109:13: note: add '@MainActor' to make var 'swipeBackEnabledKey' part of global actor 'MainActor'
private var swipeBackEnabledKey: UInt8 = 0
^
@MainActor
/Users/admin/builder/spi-builder-workspace/Sources/OwlNav/Internal/OwlNavigationController.swift:109:13: note: disable concurrency-safety checks if accesses are protected by an external synchronization mechanism
private var swipeBackEnabledKey: UInt8 = 0
^
nonisolated(unsafe)
/Users/admin/builder/spi-builder-workspace/Sources/OwlNav/Internal/OwlNavigationController.swift:110:13: warning: var 'popCompletedKey' is not concurrency-safe because it is nonisolated global shared mutable state; this is an error in the Swift 6 language mode
private var popCompletedKey: UInt8 = 0
^
/Users/admin/builder/spi-builder-workspace/Sources/OwlNav/Internal/OwlNavigationController.swift:110:13: note: convert 'popCompletedKey' to a 'let' constant to make 'Sendable' shared state immutable
private var popCompletedKey: UInt8 = 0
~~~ ^
let
/Users/admin/builder/spi-builder-workspace/Sources/OwlNav/Internal/OwlNavigationController.swift:110:13: note: add '@MainActor' to make var 'popCompletedKey' part of global actor 'MainActor'
private var popCompletedKey: UInt8 = 0
^
@MainActor
/Users/admin/builder/spi-builder-workspace/Sources/OwlNav/Internal/OwlNavigationController.swift:110:13: note: disable concurrency-safety checks if accesses are protected by an external synchronization mechanism
private var popCompletedKey: UInt8 = 0
^
nonisolated(unsafe)
/Users/admin/builder/spi-builder-workspace/Sources/OwlNav/Internal/OwlNavigationController.swift:112:11: error: cannot find type 'UIViewController' in scope
extension UIViewController {
^~~~~~~~~~~~~~~~
/Users/admin/builder/spi-builder-workspace/Sources/OwlNav/Modifier/SwipeBack.swift:37:59: error: cannot find type 'UIViewController' in scope
public func makeUIViewController(context: Context) -> UIViewController {
^~~~~~~~~~~~~~~~
/Users/admin/builder/spi-builder-workspace/Sources/OwlNav/Modifier/SwipeBack.swift:37:47: error: cannot find type 'Context' in scope
public func makeUIViewController(context: Context) -> UIViewController {
^~~~~~~
/Users/admin/builder/spi-builder-workspace/Sources/OwlNav/Modifier/SwipeBack.swift:43:46: error: cannot find type 'UIViewController' in scope
public func updateUIViewController(_ vc: UIViewController, context: Context) {
^~~~~~~~~~~~~~~~
/Users/admin/builder/spi-builder-workspace/Sources/OwlNav/Modifier/SwipeBack.swift:43:73: error: cannot find type 'Context' in scope
public func updateUIViewController(_ vc: UIViewController, context: Context) {
^~~~~~~
/Users/admin/builder/spi-builder-workspace/Sources/OwlNav/Modifier/SwipeBack.swift:30:36: error: cannot find type 'UIViewControllerRepresentable' in scope
public struct SwipeBackController: UIViewControllerRepresentable {
^~~~~~~~~~~~~~~~~~~~~~~~~~~~~
/Users/admin/builder/spi-builder-workspace/Sources/OwlNav/Setup/OwlContainer.swift:12:63: error: cannot find type 'UIHostingController' in scope
final class OwlHostingController<T: Equatable, Screen: View>: UIHostingController<Screen> {
^~~~~~~~~~~~~~~~~~~
/Users/admin/builder/spi-builder-workspace/Sources/OwlNav/Setup/OwlContainer.swift:32:6: warning: call to main actor-isolated initializer 'init(wrappedValue:)' in a synchronous nonisolated context; this is an error in the Swift 6 language mode
@ObservedObject public var owl: InOwl<T>
^
SwiftUICore.ObservedObject.init:2:35: note: calls to initializer 'init(wrappedValue:)' from outside of its actor context are implicitly asynchronous
@MainActor @preconcurrency public init(wrappedValue: ObjectType)}
^
/Users/admin/builder/spi-builder-workspace/Sources/OwlNav/Setup/OwlContainer.swift:47:59: error: cannot find type 'UINavigationController' in scope
public func makeUIViewController(context: Context) -> UINavigationController {
^~~~~~~~~~~~~~~~~~~~~~
/Users/admin/builder/spi-builder-workspace/Sources/OwlNav/Setup/OwlContainer.swift:47:47: error: cannot find type 'Context' in scope
public func makeUIViewController(context: Context) -> UINavigationController {
^~~~~~~
/Users/admin/builder/spi-builder-workspace/Sources/OwlNav/Setup/OwlContainer.swift:58:54: error: cannot find type 'UINavigationController' in scope
public func updateUIViewController(_ navigation: UINavigationController, context: Context) {
^~~~~~~~~~~~~~~~~~~~~~
/Users/admin/builder/spi-builder-workspace/Sources/OwlNav/Setup/OwlContainer.swift:58:87: error: cannot find type 'Context' in scope
public func updateUIViewController(_ navigation: UINavigationController, context: Context) {
^~~~~~~
/Users/admin/builder/spi-builder-workspace/Sources/OwlNav/Setup/OwlContainer.swift:62:47: error: cannot find type 'UINavigationController' in scope
private func syncNavigation(_ navigation: UINavigationController) {
^~~~~~~~~~~~~~~~~~~~~~
/Users/admin/builder/spi-builder-workspace/Sources/OwlNav/Setup/OwlContainer.swift:30:57: error: cannot find type 'UIViewControllerRepresentable' in scope
public struct OwlContainer<T: Equatable, Screen: View>: UIViewControllerRepresentable {
^~~~~~~~~~~~~~~~~~~~~~~~~~~~~
SwiftCompile normal armv7k Compiling\ SwipeBack.swift /Users/admin/builder/spi-builder-workspace/Sources/OwlNav/Modifier/SwipeBack.swift (in target 'OwlNav' from project 'OwlNav')
Command SwiftCompile failed with a nonzero exit code
** BUILD FAILED **
The following build commands failed:
SwiftEmitModule normal arm64 Emitting\ module\ for\ OwlNav (in target 'OwlNav' from project 'OwlNav')
EmitSwiftModule normal arm64 (in target 'OwlNav' from project 'OwlNav')
SwiftEmitModule normal arm64_32 Emitting\ module\ for\ OwlNav (in target 'OwlNav' from project 'OwlNav')
EmitSwiftModule normal arm64_32 (in target 'OwlNav' from project 'OwlNav')
SwiftEmitModule normal armv7k Emitting\ module\ for\ OwlNav (in target 'OwlNav' from project 'OwlNav')
EmitSwiftModule normal armv7k (in target 'OwlNav' from project 'OwlNav')
SwiftCompile normal armv7k Compiling\ SwipeBack.swift /Users/admin/builder/spi-builder-workspace/Sources/OwlNav/Modifier/SwipeBack.swift (in target 'OwlNav' from project 'OwlNav')
Building workspace spi-builder-workspace with scheme OwlNav
(8 failures)
Command line invocation:
/Applications/Xcode-16.3.0.app/Contents/Developer/usr/bin/xcodebuild -IDEClonedSourcePackagesDirPathOverride=/Users/admin/builder/spi-builder-workspace/.dependencies -resolvePackageDependencies
Resolve Package Graph
Resolved source packages:
OwlNav: /Users/admin/builder/spi-builder-workspace
resolved source packages: OwlNav
{
"dependencies" : [
],
"manifest_display_name" : "OwlNav",
"name" : "OwlNav",
"path" : "/Users/admin/builder/spi-builder-workspace",
"platforms" : [
{
"name" : "ios",
"version" : "15.0"
}
],
"products" : [
{
"name" : "OwlNav",
"targets" : [
"OwlNav"
],
"type" : {
"library" : [
"automatic"
]
}
}
],
"targets" : [
{
"c99name" : "OwlNav",
"module_type" : "SwiftTarget",
"name" : "OwlNav",
"path" : "Sources/OwlNav",
"product_memberships" : [
"OwlNav"
],
"sources" : [
"Extensions/Views+Extensions.swift",
"Internal/OwlNavigationController.swift",
"Modifier/SwipeBack.swift",
"OwlNav.swift",
"Setup/InOwl.swift",
"Setup/OwlContainer.swift",
"Setup/OwlInject.swift"
],
"type" : "library"
}
],
"tools_version" : "5.9"
}
{
"workspace" : {
"name" : "spi-builder-workspace",
"schemes" : [
"OwlNav"
]
}
}
Running build ...
env DEVELOPER_DIR=/Applications/Xcode-16.3.0.app xcrun xcodebuild -IDEClonedSourcePackagesDirPathOverride=$PWD/.dependencies -skipMacroValidation -skipPackagePluginValidation -derivedDataPath $PWD/.derivedData build -scheme OwlNav -destination generic/platform=watchOS
Command line invocation:
/Applications/Xcode-16.3.0.app/Contents/Developer/usr/bin/xcodebuild -IDEClonedSourcePackagesDirPathOverride=/Users/admin/builder/spi-builder-workspace/.dependencies -skipMacroValidation -skipPackagePluginValidation -derivedDataPath /Users/admin/builder/spi-builder-workspace/.derivedData build -scheme OwlNav -destination generic/platform=watchOS
Resolve Package Graph
Resolved source packages:
OwlNav: /Users/admin/builder/spi-builder-workspace
ComputePackagePrebuildTargetDependencyGraph
Prepare packages
CreateBuildRequest
SendProjectDescription
CreateBuildOperation
ComputeTargetDependencyGraph
note: Building targets in dependency order
note: Target dependency graph (2 targets)
Target 'OwlNav' in project 'OwlNav'
➜ Explicit dependency on target 'OwlNav' in project 'OwlNav'
Target 'OwlNav' in project 'OwlNav' (no dependencies)
GatherProvisioningInputs
CreateBuildDescription
ExecuteExternalTool /Applications/Xcode-16.3.0.app/Contents/Developer/Toolchains/XcodeDefault.xctoolchain/usr/bin/clang -v -E -dM -isysroot /Applications/Xcode-16.3.0.app/Contents/Developer/Platforms/WatchOS.platform/Developer/SDKs/WatchOS11.4.sdk -x c -c /dev/null
ExecuteExternalTool /Applications/Xcode-16.3.0.app/Contents/Developer/Toolchains/XcodeDefault.xctoolchain/usr/bin/swiftc --version
ExecuteExternalTool /Applications/Xcode-16.3.0.app/Contents/Developer/Toolchains/XcodeDefault.xctoolchain/usr/bin/ld -version_details
Build description signature: c25967dae61100c4d730e6106d59b842
Build description path: /Users/admin/builder/spi-builder-workspace/.derivedData/Build/Intermediates.noindex/XCBuildData/c25967dae61100c4d730e6106d59b842.xcbuilddata
ClangStatCache /Applications/Xcode-16.3.0.app/Contents/Developer/Toolchains/XcodeDefault.xctoolchain/usr/bin/clang-stat-cache /Applications/Xcode-16.3.0.app/Contents/Developer/Platforms/WatchOS.platform/Developer/SDKs/WatchOS11.4.sdk /Users/admin/builder/spi-builder-workspace/.derivedData/SDKStatCaches.noindex/watchos11.4-22T246-43efb940ff07ba2497b70ec94253f576.sdkstatcache
cd /Users/admin/builder/spi-builder-workspace/.swiftpm/xcode
/Applications/Xcode-16.3.0.app/Contents/Developer/Toolchains/XcodeDefault.xctoolchain/usr/bin/clang-stat-cache /Applications/Xcode-16.3.0.app/Contents/Developer/Platforms/WatchOS.platform/Developer/SDKs/WatchOS11.4.sdk -o /Users/admin/builder/spi-builder-workspace/.derivedData/SDKStatCaches.noindex/watchos11.4-22T246-43efb940ff07ba2497b70ec94253f576.sdkstatcache
SwiftDriver OwlNav normal arm64_32 com.apple.xcode.tools.swift.compiler (in target 'OwlNav' from project 'OwlNav')
cd /Users/admin/builder/spi-builder-workspace/.swiftpm/xcode
builtin-SwiftDriver -- /Applications/Xcode-16.3.0.app/Contents/Developer/Toolchains/XcodeDefault.xctoolchain/usr/bin/swiftc -module-name OwlNav -Onone -enforce-exclusivity\=checked @/Users/admin/builder/spi-builder-workspace/.derivedData/Build/Intermediates.noindex/OwlNav.build/Debug-watchos/OwlNav.build/Objects-normal/arm64_32/OwlNav.SwiftFileList -DSWIFT_PACKAGE -DDEBUG -DXcode -plugin-path /Applications/Xcode-16.3.0.app/Contents/Developer/Toolchains/XcodeDefault.xctoolchain/usr/lib/swift/host/plugins/testing -enable-experimental-feature DebugDescriptionMacro -sdk /Applications/Xcode-16.3.0.app/Contents/Developer/Platforms/WatchOS.platform/Developer/SDKs/WatchOS11.4.sdk -target arm64_32-apple-watchos8.0 -g -module-cache-path /Users/admin/builder/spi-builder-workspace/.derivedData/ModuleCache.noindex -Xfrontend -serialize-debugging-options -enable-testing -index-store-path /Users/admin/builder/spi-builder-workspace/.derivedData/Index.noindex/DataStore -swift-version 5 -I /Users/admin/builder/spi-builder-workspace/.derivedData/Build/Products/Debug-watchos -I /Applications/Xcode-16.3.0.app/Contents/Developer/Platforms/WatchOS.platform/Developer/usr/lib -F /Users/admin/builder/spi-builder-workspace/.derivedData/Build/Products/Debug-watchos -F /Applications/Xcode-16.3.0.app/Contents/Developer/Platforms/WatchOS.platform/Developer/Library/Frameworks -F /Applications/Xcode-16.3.0.app/Contents/Developer/Platforms/WatchOS.platform/Developer/SDKs/WatchOS11.4.sdk/Developer/Library/Frameworks -c -j10 -enable-batch-mode -incremental -Xcc -ivfsstatcache -Xcc /Users/admin/builder/spi-builder-workspace/.derivedData/SDKStatCaches.noindex/watchos11.4-22T246-43efb940ff07ba2497b70ec94253f576.sdkstatcache -output-file-map /Users/admin/builder/spi-builder-workspace/.derivedData/Build/Intermediates.noindex/OwlNav.build/Debug-watchos/OwlNav.build/Objects-normal/arm64_32/OwlNav-OutputFileMap.json -use-frontend-parseable-output -save-temps -no-color-diagnostics -serialize-diagnostics -emit-dependencies -emit-module -emit-module-path /Users/admin/builder/spi-builder-workspace/.derivedData/Build/Intermediates.noindex/OwlNav.build/Debug-watchos/OwlNav.build/Objects-normal/arm64_32/OwlNav.swiftmodule -validate-clang-modules-once -clang-build-session-file /Users/admin/builder/spi-builder-workspace/.derivedData/ModuleCache.noindex/Session.modulevalidation -package-name spi_builder_workspace -Xcc -I/Users/admin/builder/spi-builder-workspace/.derivedData/Build/Intermediates.noindex/OwlNav.build/Debug-watchos/OwlNav.build/swift-overrides.hmap -emit-const-values -Xfrontend -const-gather-protocols-file -Xfrontend /Users/admin/builder/spi-builder-workspace/.derivedData/Build/Intermediates.noindex/OwlNav.build/Debug-watchos/OwlNav.build/Objects-normal/arm64_32/OwlNav_const_extract_protocols.json -Xcc -I/Users/admin/builder/spi-builder-workspace/.derivedData/Build/Products/Debug-watchos/include -Xcc -I/Users/admin/builder/spi-builder-workspace/.derivedData/Build/Intermediates.noindex/OwlNav.build/Debug-watchos/OwlNav.build/DerivedSources-normal/arm64_32 -Xcc -I/Users/admin/builder/spi-builder-workspace/.derivedData/Build/Intermediates.noindex/OwlNav.build/Debug-watchos/OwlNav.build/DerivedSources/arm64_32 -Xcc -I/Users/admin/builder/spi-builder-workspace/.derivedData/Build/Intermediates.noindex/OwlNav.build/Debug-watchos/OwlNav.build/DerivedSources -Xcc -DSWIFT_PACKAGE -Xcc -DDEBUG\=1 -emit-objc-header -emit-objc-header-path /Users/admin/builder/spi-builder-workspace/.derivedData/Build/Intermediates.noindex/OwlNav.build/Debug-watchos/OwlNav.build/Objects-normal/arm64_32/OwlNav-Swift.h -working-directory /Users/admin/builder/spi-builder-workspace/.swiftpm/xcode -experimental-emit-module-separately -disable-cmo
SwiftDriver OwlNav normal arm64 com.apple.xcode.tools.swift.compiler (in target 'OwlNav' from project 'OwlNav')
cd /Users/admin/builder/spi-builder-workspace/.swiftpm/xcode
builtin-SwiftDriver -- /Applications/Xcode-16.3.0.app/Contents/Developer/Toolchains/XcodeDefault.xctoolchain/usr/bin/swiftc -module-name OwlNav -Onone -enforce-exclusivity\=checked @/Users/admin/builder/spi-builder-workspace/.derivedData/Build/Intermediates.noindex/OwlNav.build/Debug-watchos/OwlNav.build/Objects-normal/arm64/OwlNav.SwiftFileList -DSWIFT_PACKAGE -DDEBUG -DXcode -plugin-path /Applications/Xcode-16.3.0.app/Contents/Developer/Toolchains/XcodeDefault.xctoolchain/usr/lib/swift/host/plugins/testing -enable-experimental-feature DebugDescriptionMacro -sdk /Applications/Xcode-16.3.0.app/Contents/Developer/Platforms/WatchOS.platform/Developer/SDKs/WatchOS11.4.sdk -target arm64-apple-watchos8.0 -g -module-cache-path /Users/admin/builder/spi-builder-workspace/.derivedData/ModuleCache.noindex -Xfrontend -serialize-debugging-options -enable-testing -index-store-path /Users/admin/builder/spi-builder-workspace/.derivedData/Index.noindex/DataStore -swift-version 5 -I /Users/admin/builder/spi-builder-workspace/.derivedData/Build/Products/Debug-watchos -I /Applications/Xcode-16.3.0.app/Contents/Developer/Platforms/WatchOS.platform/Developer/usr/lib -F /Users/admin/builder/spi-builder-workspace/.derivedData/Build/Products/Debug-watchos -F /Applications/Xcode-16.3.0.app/Contents/Developer/Platforms/WatchOS.platform/Developer/Library/Frameworks -F /Applications/Xcode-16.3.0.app/Contents/Developer/Platforms/WatchOS.platform/Developer/SDKs/WatchOS11.4.sdk/Developer/Library/Frameworks -c -j10 -enable-batch-mode -incremental -Xcc -ivfsstatcache -Xcc /Users/admin/builder/spi-builder-workspace/.derivedData/SDKStatCaches.noindex/watchos11.4-22T246-43efb940ff07ba2497b70ec94253f576.sdkstatcache -output-file-map /Users/admin/builder/spi-builder-workspace/.derivedData/Build/Intermediates.noindex/OwlNav.build/Debug-watchos/OwlNav.build/Objects-normal/arm64/OwlNav-OutputFileMap.json -use-frontend-parseable-output -save-temps -no-color-diagnostics -serialize-diagnostics -emit-dependencies -emit-module -emit-module-path /Users/admin/builder/spi-builder-workspace/.derivedData/Build/Intermediates.noindex/OwlNav.build/Debug-watchos/OwlNav.build/Objects-normal/arm64/OwlNav.swiftmodule -validate-clang-modules-once -clang-build-session-file /Users/admin/builder/spi-builder-workspace/.derivedData/ModuleCache.noindex/Session.modulevalidation -package-name spi_builder_workspace -Xcc -I/Users/admin/builder/spi-builder-workspace/.derivedData/Build/Intermediates.noindex/OwlNav.build/Debug-watchos/OwlNav.build/swift-overrides.hmap -emit-const-values -Xfrontend -const-gather-protocols-file -Xfrontend /Users/admin/builder/spi-builder-workspace/.derivedData/Build/Intermediates.noindex/OwlNav.build/Debug-watchos/OwlNav.build/Objects-normal/arm64/OwlNav_const_extract_protocols.json -Xcc -I/Users/admin/builder/spi-builder-workspace/.derivedData/Build/Products/Debug-watchos/include -Xcc -I/Users/admin/builder/spi-builder-workspace/.derivedData/Build/Intermediates.noindex/OwlNav.build/Debug-watchos/OwlNav.build/DerivedSources-normal/arm64 -Xcc -I/Users/admin/builder/spi-builder-workspace/.derivedData/Build/Intermediates.noindex/OwlNav.build/Debug-watchos/OwlNav.build/DerivedSources/arm64 -Xcc -I/Users/admin/builder/spi-builder-workspace/.derivedData/Build/Intermediates.noindex/OwlNav.build/Debug-watchos/OwlNav.build/DerivedSources -Xcc -DSWIFT_PACKAGE -Xcc -DDEBUG\=1 -emit-objc-header -emit-objc-header-path /Users/admin/builder/spi-builder-workspace/.derivedData/Build/Intermediates.noindex/OwlNav.build/Debug-watchos/OwlNav.build/Objects-normal/arm64/OwlNav-Swift.h -working-directory /Users/admin/builder/spi-builder-workspace/.swiftpm/xcode -experimental-emit-module-separately -disable-cmo
SwiftDriver OwlNav normal armv7k com.apple.xcode.tools.swift.compiler (in target 'OwlNav' from project 'OwlNav')
cd /Users/admin/builder/spi-builder-workspace/.swiftpm/xcode
builtin-SwiftDriver -- /Applications/Xcode-16.3.0.app/Contents/Developer/Toolchains/XcodeDefault.xctoolchain/usr/bin/swiftc -module-name OwlNav -Onone -enforce-exclusivity\=checked @/Users/admin/builder/spi-builder-workspace/.derivedData/Build/Intermediates.noindex/OwlNav.build/Debug-watchos/OwlNav.build/Objects-normal/armv7k/OwlNav.SwiftFileList -DSWIFT_PACKAGE -DDEBUG -DXcode -plugin-path /Applications/Xcode-16.3.0.app/Contents/Developer/Toolchains/XcodeDefault.xctoolchain/usr/lib/swift/host/plugins/testing -enable-experimental-feature DebugDescriptionMacro -sdk /Applications/Xcode-16.3.0.app/Contents/Developer/Platforms/WatchOS.platform/Developer/SDKs/WatchOS11.4.sdk -target armv7k-apple-watchos8.0 -g -module-cache-path /Users/admin/builder/spi-builder-workspace/.derivedData/ModuleCache.noindex -Xfrontend -serialize-debugging-options -enable-testing -index-store-path /Users/admin/builder/spi-builder-workspace/.derivedData/Index.noindex/DataStore -swift-version 5 -I /Users/admin/builder/spi-builder-workspace/.derivedData/Build/Products/Debug-watchos -I /Applications/Xcode-16.3.0.app/Contents/Developer/Platforms/WatchOS.platform/Developer/usr/lib -F /Users/admin/builder/spi-builder-workspace/.derivedData/Build/Products/Debug-watchos -F /Applications/Xcode-16.3.0.app/Contents/Developer/Platforms/WatchOS.platform/Developer/Library/Frameworks -F /Applications/Xcode-16.3.0.app/Contents/Developer/Platforms/WatchOS.platform/Developer/SDKs/WatchOS11.4.sdk/Developer/Library/Frameworks -c -j10 -enable-batch-mode -incremental -Xcc -ivfsstatcache -Xcc /Users/admin/builder/spi-builder-workspace/.derivedData/SDKStatCaches.noindex/watchos11.4-22T246-43efb940ff07ba2497b70ec94253f576.sdkstatcache -output-file-map /Users/admin/builder/spi-builder-workspace/.derivedData/Build/Intermediates.noindex/OwlNav.build/Debug-watchos/OwlNav.build/Objects-normal/armv7k/OwlNav-OutputFileMap.json -use-frontend-parseable-output -save-temps -no-color-diagnostics -serialize-diagnostics -emit-dependencies -emit-module -emit-module-path /Users/admin/builder/spi-builder-workspace/.derivedData/Build/Intermediates.noindex/OwlNav.build/Debug-watchos/OwlNav.build/Objects-normal/armv7k/OwlNav.swiftmodule -validate-clang-modules-once -clang-build-session-file /Users/admin/builder/spi-builder-workspace/.derivedData/ModuleCache.noindex/Session.modulevalidation -package-name spi_builder_workspace -Xcc -I/Users/admin/builder/spi-builder-workspace/.derivedData/Build/Intermediates.noindex/OwlNav.build/Debug-watchos/OwlNav.build/swift-overrides.hmap -emit-const-values -Xfrontend -const-gather-protocols-file -Xfrontend /Users/admin/builder/spi-builder-workspace/.derivedData/Build/Intermediates.noindex/OwlNav.build/Debug-watchos/OwlNav.build/Objects-normal/armv7k/OwlNav_const_extract_protocols.json -Xcc -I/Users/admin/builder/spi-builder-workspace/.derivedData/Build/Products/Debug-watchos/include -Xcc -I/Users/admin/builder/spi-builder-workspace/.derivedData/Build/Intermediates.noindex/OwlNav.build/Debug-watchos/OwlNav.build/DerivedSources-normal/armv7k -Xcc -I/Users/admin/builder/spi-builder-workspace/.derivedData/Build/Intermediates.noindex/OwlNav.build/Debug-watchos/OwlNav.build/DerivedSources/armv7k -Xcc -I/Users/admin/builder/spi-builder-workspace/.derivedData/Build/Intermediates.noindex/OwlNav.build/Debug-watchos/OwlNav.build/DerivedSources -Xcc -DSWIFT_PACKAGE -Xcc -DDEBUG\=1 -emit-objc-header -emit-objc-header-path /Users/admin/builder/spi-builder-workspace/.derivedData/Build/Intermediates.noindex/OwlNav.build/Debug-watchos/OwlNav.build/Objects-normal/armv7k/OwlNav-Swift.h -working-directory /Users/admin/builder/spi-builder-workspace/.swiftpm/xcode -experimental-emit-module-separately -disable-cmo
SwiftEmitModule normal arm64_32 Emitting\ module\ for\ OwlNav (in target 'OwlNav' from project 'OwlNav')
EmitSwiftModule normal arm64_32 (in target 'OwlNav' from project 'OwlNav')
cd /Users/admin/builder/spi-builder-workspace/.swiftpm/xcode
/Users/admin/builder/spi-builder-workspace/Sources/OwlNav/Internal/OwlNavigationController.swift:13:38: error: cannot find type 'UINavigationController' in scope
final class OwlNavigationController: UINavigationController, UINavigationControllerDelegate, UIGestureRecognizerDelegate {
^~~~~~~~~~~~~~~~~~~~~~
/Users/admin/builder/spi-builder-workspace/Sources/OwlNav/Internal/OwlNavigationController.swift:13:62: error: cannot find type 'UINavigationControllerDelegate' in scope
final class OwlNavigationController: UINavigationController, UINavigationControllerDelegate, UIGestureRecognizerDelegate {
^~~~~~~~~~~~~~~~~~~~~~~~~~~~~~
/Users/admin/builder/spi-builder-workspace/Sources/OwlNav/Internal/OwlNavigationController.swift:13:94: error: cannot find type 'UIGestureRecognizerDelegate' in scope
final class OwlNavigationController: UINavigationController, UINavigationControllerDelegate, UIGestureRecognizerDelegate {
^~~~~~~~~~~~~~~~~~~~~~~~~~~
/Users/admin/builder/spi-builder-workspace/Sources/OwlNav/Internal/OwlNavigationController.swift:38:19: error: method does not override any method from its superclass
override func viewDidLoad() {
~~~~~~~~ ^
/Users/admin/builder/spi-builder-workspace/Sources/OwlNav/Internal/OwlNavigationController.swift:47:60: error: cannot find type 'UIGestureRecognizer' in scope
func gestureRecognizerShouldBegin(_ gestureRecognizer: UIGestureRecognizer) -> Bool {
^~~~~~~~~~~~~~~~~~~
/Users/admin/builder/spi-builder-workspace/Sources/OwlNav/Internal/OwlNavigationController.swift:65:55: error: cannot find type 'UINavigationController' in scope
func navigationController(_ navigationController: UINavigationController, willShow viewController: UIViewController, animated: Bool) {
^~~~~~~~~~~~~~~~~~~~~~
/Users/admin/builder/spi-builder-workspace/Sources/OwlNav/Internal/OwlNavigationController.swift:65:104: error: cannot find type 'UIViewController' in scope
func navigationController(_ navigationController: UINavigationController, willShow viewController: UIViewController, animated: Bool) {
^~~~~~~~~~~~~~~~
/Users/admin/builder/spi-builder-workspace/Sources/OwlNav/Internal/OwlNavigationController.swift:97:55: error: cannot find type 'UINavigationController' in scope
func navigationController(_ navigationController: UINavigationController, didShow viewController: UIViewController, animated: Bool) {
^~~~~~~~~~~~~~~~~~~~~~
/Users/admin/builder/spi-builder-workspace/Sources/OwlNav/Internal/OwlNavigationController.swift:97:103: error: cannot find type 'UIViewController' in scope
func navigationController(_ navigationController: UINavigationController, didShow viewController: UIViewController, animated: Bool) {
^~~~~~~~~~~~~~~~
/Users/admin/builder/spi-builder-workspace/Sources/OwlNav/Internal/OwlNavigationController.swift:112:11: error: cannot find type 'UIViewController' in scope
extension UIViewController {
^~~~~~~~~~~~~~~~
/Users/admin/builder/spi-builder-workspace/Sources/OwlNav/Modifier/SwipeBack.swift:37:59: error: cannot find type 'UIViewController' in scope
public func makeUIViewController(context: Context) -> UIViewController {
^~~~~~~~~~~~~~~~
/Users/admin/builder/spi-builder-workspace/Sources/OwlNav/Modifier/SwipeBack.swift:37:47: error: cannot find type 'Context' in scope
public func makeUIViewController(context: Context) -> UIViewController {
^~~~~~~
/Users/admin/builder/spi-builder-workspace/Sources/OwlNav/Modifier/SwipeBack.swift:43:46: error: cannot find type 'UIViewController' in scope
public func updateUIViewController(_ vc: UIViewController, context: Context) {
^~~~~~~~~~~~~~~~
/Users/admin/builder/spi-builder-workspace/Sources/OwlNav/Modifier/SwipeBack.swift:43:73: error: cannot find type 'Context' in scope
public func updateUIViewController(_ vc: UIViewController, context: Context) {
^~~~~~~
/Users/admin/builder/spi-builder-workspace/Sources/OwlNav/Modifier/SwipeBack.swift:30:36: error: cannot find type 'UIViewControllerRepresentable' in scope
public struct SwipeBackController: UIViewControllerRepresentable {
^~~~~~~~~~~~~~~~~~~~~~~~~~~~~
/Users/admin/builder/spi-builder-workspace/Sources/OwlNav/Setup/OwlContainer.swift:12:63: error: cannot find type 'UIHostingController' in scope
final class OwlHostingController<T: Equatable, Screen: View>: UIHostingController<Screen> {
^~~~~~~~~~~~~~~~~~~
/Users/admin/builder/spi-builder-workspace/Sources/OwlNav/Setup/OwlContainer.swift:47:59: error: cannot find type 'UINavigationController' in scope
public func makeUIViewController(context: Context) -> UINavigationController {
^~~~~~~~~~~~~~~~~~~~~~
/Users/admin/builder/spi-builder-workspace/Sources/OwlNav/Setup/OwlContainer.swift:47:47: error: cannot find type 'Context' in scope
public func makeUIViewController(context: Context) -> UINavigationController {
^~~~~~~
/Users/admin/builder/spi-builder-workspace/Sources/OwlNav/Setup/OwlContainer.swift:58:54: error: cannot find type 'UINavigationController' in scope
public func updateUIViewController(_ navigation: UINavigationController, context: Context) {
^~~~~~~~~~~~~~~~~~~~~~
/Users/admin/builder/spi-builder-workspace/Sources/OwlNav/Setup/OwlContainer.swift:58:87: error: cannot find type 'Context' in scope
public func updateUIViewController(_ navigation: UINavigationController, context: Context) {
^~~~~~~
/Users/admin/builder/spi-builder-workspace/Sources/OwlNav/Setup/OwlContainer.swift:62:47: error: cannot find type 'UINavigationController' in scope
private func syncNavigation(_ navigation: UINavigationController) {
^~~~~~~~~~~~~~~~~~~~~~
/Users/admin/builder/spi-builder-workspace/Sources/OwlNav/Setup/OwlContainer.swift:30:57: error: cannot find type 'UIViewControllerRepresentable' in scope
public struct OwlContainer<T: Equatable, Screen: View>: UIViewControllerRepresentable {
^~~~~~~~~~~~~~~~~~~~~~~~~~~~~
Failed frontend command:
/Applications/Xcode-16.3.0.app/Contents/Developer/Toolchains/XcodeDefault.xctoolchain/usr/bin/swift-frontend -frontend -emit-module -experimental-skip-non-inlinable-function-bodies-without-types /Users/admin/builder/spi-builder-workspace/Sources/OwlNav/Extensions/Views+Extensions.swift /Users/admin/builder/spi-builder-workspace/Sources/OwlNav/Internal/OwlNavigationController.swift /Users/admin/builder/spi-builder-workspace/Sources/OwlNav/Modifier/SwipeBack.swift /Users/admin/builder/spi-builder-workspace/Sources/OwlNav/OwlNav.swift /Users/admin/builder/spi-builder-workspace/Sources/OwlNav/Setup/InOwl.swift /Users/admin/builder/spi-builder-workspace/Sources/OwlNav/Setup/OwlContainer.swift /Users/admin/builder/spi-builder-workspace/Sources/OwlNav/Setup/OwlInject.swift -target arm64_32-apple-watchos8.0 -enable-objc-interop -sdk /Applications/Xcode-16.3.0.app/Contents/Developer/Platforms/WatchOS.platform/Developer/SDKs/WatchOS11.4.sdk -I /Users/admin/builder/spi-builder-workspace/.derivedData/Build/Products/Debug-watchos -I /Applications/Xcode-16.3.0.app/Contents/Developer/Platforms/WatchOS.platform/Developer/usr/lib -F /Users/admin/builder/spi-builder-workspace/.derivedData/Build/Products/Debug-watchos -F /Applications/Xcode-16.3.0.app/Contents/Developer/Platforms/WatchOS.platform/Developer/Library/Frameworks -F /Applications/Xcode-16.3.0.app/Contents/Developer/Platforms/WatchOS.platform/Developer/SDKs/WatchOS11.4.sdk/Developer/Library/Frameworks -no-color-diagnostics -enable-testing -g -debug-info-format\=dwarf -dwarf-version\=4 -module-cache-path /Users/admin/builder/spi-builder-workspace/.derivedData/ModuleCache.noindex -swift-version 5 -enforce-exclusivity\=checked -Onone -D SWIFT_PACKAGE -D DEBUG -D Xcode -serialize-debugging-options -const-gather-protocols-file /Users/admin/builder/spi-builder-workspace/.derivedData/Build/Intermediates.noindex/OwlNav.build/Debug-watchos/OwlNav.build/Objects-normal/arm64_32/OwlNav_const_extract_protocols.json -enable-experimental-feature DebugDescriptionMacro -empty-abi-descriptor -plugin-path /Applications/Xcode-16.3.0.app/Contents/Developer/Toolchains/XcodeDefault.xctoolchain/usr/lib/swift/host/plugins/testing -validate-clang-modules-once -clang-build-session-file /Users/admin/builder/spi-builder-workspace/.derivedData/ModuleCache.noindex/Session.modulevalidation -Xcc -working-directory -Xcc /Users/admin/builder/spi-builder-workspace/.swiftpm/xcode -resource-dir /Applications/Xcode-16.3.0.app/Contents/Developer/Toolchains/XcodeDefault.xctoolchain/usr/lib/swift -enable-anonymous-context-mangled-names -file-compilation-dir /Users/admin/builder/spi-builder-workspace/.swiftpm/xcode -Xcc -ivfsstatcache -Xcc /Users/admin/builder/spi-builder-workspace/.derivedData/SDKStatCaches.noindex/watchos11.4-22T246-43efb940ff07ba2497b70ec94253f576.sdkstatcache -Xcc -I/Users/admin/builder/spi-builder-workspace/.derivedData/Build/Intermediates.noindex/OwlNav.build/Debug-watchos/OwlNav.build/swift-overrides.hmap -Xcc -I/Users/admin/builder/spi-builder-workspace/.derivedData/Build/Products/Debug-watchos/include -Xcc -I/Users/admin/builder/spi-builder-workspace/.derivedData/Build/Intermediates.noindex/OwlNav.build/Debug-watchos/OwlNav.build/DerivedSources-normal/arm64_32 -Xcc -I/Users/admin/builder/spi-builder-workspace/.derivedData/Build/Intermediates.noindex/OwlNav.build/Debug-watchos/OwlNav.build/DerivedSources/arm64_32 -Xcc -I/Users/admin/builder/spi-builder-workspace/.derivedData/Build/Intermediates.noindex/OwlNav.build/Debug-watchos/OwlNav.build/DerivedSources -Xcc -DSWIFT_PACKAGE -Xcc -DDEBUG\=1 -module-name OwlNav -package-name spi_builder_workspace -frontend-parseable-output -disable-clang-spi -target-sdk-version 11.4 -target-sdk-name watchos11.4 -external-plugin-path /Applications/Xcode-16.3.0.app/Contents/Developer/Platforms/WatchOS.platform/Developer/usr/lib/swift/host/plugins\#/Applications/Xcode-16.3.0.app/Contents/Developer/Platforms/WatchOS.platform/Developer/usr/bin/swift-plugin-server -external-plugin-path /Applications/Xcode-16.3.0.app/Contents/Developer/Platforms/WatchOS.platform/Developer/usr/local/lib/swift/host/plugins\#/Applications/Xcode-16.3.0.app/Contents/Developer/Platforms/WatchOS.platform/Developer/usr/bin/swift-plugin-server -in-process-plugin-server-path /Applications/Xcode-16.3.0.app/Contents/Developer/Toolchains/XcodeDefault.xctoolchain/usr/lib/swift/host/libSwiftInProcPluginServer.dylib -plugin-path /Applications/Xcode-16.3.0.app/Contents/Developer/Toolchains/XcodeDefault.xctoolchain/usr/lib/swift/host/plugins -plugin-path /Applications/Xcode-16.3.0.app/Contents/Developer/Toolchains/XcodeDefault.xctoolchain/usr/local/lib/swift/host/plugins -emit-module-doc-path /Users/admin/builder/spi-builder-workspace/.derivedData/Build/Intermediates.noindex/OwlNav.build/Debug-watchos/OwlNav.build/Objects-normal/arm64_32/OwlNav.swiftdoc -emit-module-source-info-path /Users/admin/builder/spi-builder-workspace/.derivedData/Build/Intermediates.noindex/OwlNav.build/Debug-watchos/OwlNav.build/Objects-normal/arm64_32/OwlNav.swiftsourceinfo -emit-objc-header-path /Users/admin/builder/spi-builder-workspace/.derivedData/Build/Intermediates.noindex/OwlNav.build/Debug-watchos/OwlNav.build/Objects-normal/arm64_32/OwlNav-Swift.h -serialize-diagnostics-path /Users/admin/builder/spi-builder-workspace/.derivedData/Build/Intermediates.noindex/OwlNav.build/Debug-watchos/OwlNav.build/Objects-normal/arm64_32/OwlNav-master-emit-module.dia -emit-dependencies-path /Users/admin/builder/spi-builder-workspace/.derivedData/Build/Intermediates.noindex/OwlNav.build/Debug-watchos/OwlNav.build/Objects-normal/arm64_32/OwlNav-master-emit-module.d -o /Users/admin/builder/spi-builder-workspace/.derivedData/Build/Intermediates.noindex/OwlNav.build/Debug-watchos/OwlNav.build/Objects-normal/arm64_32/OwlNav.swiftmodule -emit-abi-descriptor-path /Users/admin/builder/spi-builder-workspace/.derivedData/Build/Intermediates.noindex/OwlNav.build/Debug-watchos/OwlNav.build/Objects-normal/arm64_32/OwlNav.abi.json
SwiftCompile normal arm64_32 Compiling\ OwlNavigationController.swift /Users/admin/builder/spi-builder-workspace/Sources/OwlNav/Internal/OwlNavigationController.swift (in target 'OwlNav' from project 'OwlNav')
SwiftCompile normal arm64_32 /Users/admin/builder/spi-builder-workspace/Sources/OwlNav/Internal/OwlNavigationController.swift (in target 'OwlNav' from project 'OwlNav')
cd /Users/admin/builder/spi-builder-workspace/.swiftpm/xcode
SwiftCompile normal arm64_32 Compiling\ InOwl.swift /Users/admin/builder/spi-builder-workspace/Sources/OwlNav/Setup/InOwl.swift (in target 'OwlNav' from project 'OwlNav')
SwiftCompile normal arm64_32 /Users/admin/builder/spi-builder-workspace/Sources/OwlNav/Setup/InOwl.swift (in target 'OwlNav' from project 'OwlNav')
cd /Users/admin/builder/spi-builder-workspace/.swiftpm/xcode
SwiftCompile normal arm64_32 Compiling\ OwlNav.swift /Users/admin/builder/spi-builder-workspace/Sources/OwlNav/OwlNav.swift (in target 'OwlNav' from project 'OwlNav')
SwiftCompile normal arm64_32 /Users/admin/builder/spi-builder-workspace/Sources/OwlNav/OwlNav.swift (in target 'OwlNav' from project 'OwlNav')
cd /Users/admin/builder/spi-builder-workspace/.swiftpm/xcode
SwiftCompile normal arm64_32 Compiling\ SwipeBack.swift /Users/admin/builder/spi-builder-workspace/Sources/OwlNav/Modifier/SwipeBack.swift (in target 'OwlNav' from project 'OwlNav')
SwiftCompile normal arm64_32 /Users/admin/builder/spi-builder-workspace/Sources/OwlNav/Modifier/SwipeBack.swift (in target 'OwlNav' from project 'OwlNav')
cd /Users/admin/builder/spi-builder-workspace/.swiftpm/xcode
SwiftCompile normal arm64_32 Compiling\ OwlContainer.swift /Users/admin/builder/spi-builder-workspace/Sources/OwlNav/Setup/OwlContainer.swift (in target 'OwlNav' from project 'OwlNav')
SwiftCompile normal arm64_32 /Users/admin/builder/spi-builder-workspace/Sources/OwlNav/Setup/OwlContainer.swift (in target 'OwlNav' from project 'OwlNav')
cd /Users/admin/builder/spi-builder-workspace/.swiftpm/xcode
SwiftCompile normal arm64_32 Compiling\ OwlInject.swift /Users/admin/builder/spi-builder-workspace/Sources/OwlNav/Setup/OwlInject.swift (in target 'OwlNav' from project 'OwlNav')
SwiftCompile normal arm64_32 /Users/admin/builder/spi-builder-workspace/Sources/OwlNav/Setup/OwlInject.swift (in target 'OwlNav' from project 'OwlNav')
cd /Users/admin/builder/spi-builder-workspace/.swiftpm/xcode
SwiftEmitModule normal armv7k Emitting\ module\ for\ OwlNav (in target 'OwlNav' from project 'OwlNav')
EmitSwiftModule normal armv7k (in target 'OwlNav' from project 'OwlNav')
cd /Users/admin/builder/spi-builder-workspace/.swiftpm/xcode
SwiftEmitModule normal arm64 Emitting\ module\ for\ OwlNav (in target 'OwlNav' from project 'OwlNav')
EmitSwiftModule normal arm64 (in target 'OwlNav' from project 'OwlNav')
cd /Users/admin/builder/spi-builder-workspace/.swiftpm/xcode
SwiftCompile normal arm64 Compiling\ OwlNav.swift /Users/admin/builder/spi-builder-workspace/Sources/OwlNav/OwlNav.swift (in target 'OwlNav' from project 'OwlNav')
SwiftCompile normal arm64 /Users/admin/builder/spi-builder-workspace/Sources/OwlNav/OwlNav.swift (in target 'OwlNav' from project 'OwlNav')
cd /Users/admin/builder/spi-builder-workspace/.swiftpm/xcode
SwiftCompile normal arm64 Compiling\ OwlNavigationController.swift /Users/admin/builder/spi-builder-workspace/Sources/OwlNav/Internal/OwlNavigationController.swift (in target 'OwlNav' from project 'OwlNav')
Command SwiftCompile failed with a nonzero exit code
** BUILD FAILED **
The following build commands failed:
EmitSwiftModule normal arm64_32 (in target 'OwlNav' from project 'OwlNav')
SwiftEmitModule normal arm64_32 Emitting\ module\ for\ OwlNav (in target 'OwlNav' from project 'OwlNav')
SwiftCompile normal arm64 Compiling\ OwlNavigationController.swift /Users/admin/builder/spi-builder-workspace/Sources/OwlNav/Internal/OwlNavigationController.swift (in target 'OwlNav' from project 'OwlNav')
Building workspace spi-builder-workspace with scheme OwlNav
(4 failures)
BUILD FAILURE 6.1 watchOS