Build Information
Failed to build SwiftCPD, reference v1.5.1 (3140c2), with Swift 6.3 for Wasm on 12 Oct 2026 04:07:02 UTC.
Build Command
bash -c docker run --pull=always --rm -v "checkouts-54344843-0":/host -w "$PWD" -e JAVA_HOME="/root/.sdkman/candidates/java/current" -e SPI_BUILD="1" -e SPI_PROCESSING="1" registry.gitlab.com/saguaro1/spi-images:wasm-6.3-latest swift build --swift-sdk swift-6.3.2-RELEASE_wasm 2>&1Build Log
========================================
RunAll
========================================
Builder version: 5.1.1
Interrupt handler set up.
========================================
Checkout
========================================
Clone URL: https://github.com/ericodx/swift-cpd.git
Reference: v1.5.1
Initialized empty Git repository in /host/spi-builder-workspace/.git/
hint: Using 'master' as the name for the initial branch. This default branch name
hint: is subject to change. To configure the initial branch name to use in all
hint: of your new repositories, which will suppress this warning, call:
hint:
hint: git config --global init.defaultBranch <name>
hint:
hint: Names commonly chosen instead of 'master' are 'main', 'trunk' and
hint: 'development'. The just-created branch can be renamed via this command:
hint:
hint: git branch -m <name>
From https://github.com/ericodx/swift-cpd
* tag v1.5.1 -> FETCH_HEAD
HEAD is now at 3140c21 Merge pull request #45 from ericodx/docs-full-review
Cloned https://github.com/ericodx/swift-cpd.git
Revision (git rev-parse @):
3140c21756ed46e9ca13d066354161608e5a07db
SPI manifest file found: $PWD/.spi.yml
SUCCESS checkout https://github.com/ericodx/swift-cpd.git at v1.5.1
========================================
Build
========================================
Selected platform: wasm
Swift version: 6.3
Building package at path: $PWD
https://github.com/ericodx/swift-cpd.git
Running build ...
bash -c docker run --pull=always --rm -v "checkouts-54344843-0":/host -w "$PWD" -e JAVA_HOME="/root/.sdkman/candidates/java/current" -e SPI_BUILD="1" -e SPI_PROCESSING="1" registry.gitlab.com/saguaro1/spi-images:wasm-6.3-latest swift build --swift-sdk swift-6.3.2-RELEASE_wasm 2>&1
wasm-6.3-latest: Pulling from saguaro1/spi-images
Digest: sha256:df2e9038ff906af397ec7b7e13902ccb183f8867606bc33419e44453a9abdb4b
Status: Image is up to date for registry.gitlab.com/saguaro1/spi-images:wasm-6.3-latest
Fetching https://github.com/swiftlang/swift-syntax.git
[1/80463] Fetching swift-syntax
Fetched https://github.com/swiftlang/swift-syntax.git from cache (3.82s)
Computing version for https://github.com/swiftlang/swift-syntax.git
Computed https://github.com/swiftlang/swift-syntax.git at 603.0.2 (4.82s)
Creating working copy for https://github.com/swiftlang/swift-syntax.git
Working copy of https://github.com/swiftlang/swift-syntax.git resolved at 603.0.2
Downloading package prebuilt https://download.swift.org/prebuilts/swift-syntax/603.0.2/swift-6.3.2-RELEASE-ubuntu_noble_x86_64-MacroSupport.tar.gz
Downloaded https://download.swift.org/prebuilts/swift-syntax/603.0.2/swift-6.3.2-RELEASE-ubuntu_noble_x86_64-MacroSupport.tar.gz (0.20s)
[1/1] Compiling plugin SwiftCPDPlugin
Building for debugging...
[1/44] Write sources
[19/44] Compiling _SwiftSyntaxCShims PlatformMutex.c
[21/44] Write swift-version-24593BA9C3E375BF.txt
[23/60] Emitting module SwiftSyntax603
[24/60] Compiling SwiftSyntax603 Empty.swift
[25/61] Emitting module SwiftSyntax601
[26/61] Compiling SwiftSyntax601 Empty.swift
[29/66] Emitting module SwiftSyntax602
[30/66] Compiling SwiftSyntax602 Empty.swift
[32/67] Emitting module SwiftSyntax601
[33/67] Compiling SwiftSyntax601 Empty.swift
[34/68] Emitting module SwiftSyntax600
[35/68] Compiling SwiftSyntax600 Empty.swift
[37/72] Wrapping AST for SwiftSyntax601 for debugging
[39/73] Compiling SwiftSyntax510 Empty.swift
[40/73] Emitting module SwiftSyntax510
[40/74] Wrapping AST for SwiftSyntax603 for debugging
[42/74] Compiling SwiftSyntax509 Empty.swift
[43/74] Emitting module SwiftSyntax509
[45/75] Compiling SwiftSyntax510 Empty.swift
[46/75] Emitting module SwiftSyntax510
[46/76] Wrapping AST for SwiftSyntax602 for debugging
[49/76] Emitting module SwiftSyntax600
[50/76] Compiling SwiftSyntax600 Empty.swift
[50/77] Wrapping AST for SwiftSyntax600 for debugging
[51/77] Wrapping AST for SwiftSyntax601 for debugging
[54/77] Compiling SwiftSyntax602 Empty.swift
[55/77] Emitting module SwiftSyntax602
[55/78] Wrapping AST for SwiftSyntax509 for debugging
[57/78] Wrapping AST for SwiftSyntax510 for debugging
[59/78] Compiling SwiftSyntax603 Empty.swift
[60/78] Emitting module SwiftSyntax603
[61/79] Emitting module SwiftSyntax509
[62/79] Compiling SwiftSyntax509 Empty.swift
[62/80] Wrapping AST for SwiftSyntax510 for debugging
[66/80] Wrapping AST for SwiftSyntax602 for debugging
[67/98] Wrapping AST for SwiftSyntax600 for debugging
[68/126] Wrapping AST for SwiftSyntax603 for debugging
[69/143] Wrapping AST for SwiftSyntax509 for debugging
[71/206] Compiling SwiftSyntax AbsolutePosition.swift
[72/206] Compiling SwiftSyntax AbsoluteSyntaxInfo.swift
[73/206] Compiling SwiftSyntax ArenaAllocatedBuffer.swift
[74/206] Compiling SwiftSyntax Assert.swift
[75/206] Compiling SwiftSyntax BumpPtrAllocator.swift
[76/206] Compiling SwiftSyntax CommonAncestor.swift
[77/206] Compiling SwiftSyntax Convenience.swift
[78/206] Compiling SwiftSyntax CustomTraits.swift
[79/206] Compiling SwiftSyntax EditorPlaceholder.swift
[80/214] Compiling SwiftSyntax Identifier.swift
[81/214] Compiling SwiftSyntax MemoryLayout.swift
[82/214] Compiling SwiftSyntax MissingNodeInitializers.swift
[83/214] Compiling SwiftSyntax RawSyntax.swift
[84/214] Compiling SwiftSyntax RawSyntaxArena.swift
[85/214] Compiling SwiftSyntax RawSyntaxLayoutView.swift
[86/214] Compiling SwiftSyntax RawSyntaxNodeProtocol.swift
[87/214] Compiling SwiftSyntax RawSyntaxTokenView.swift
[88/214] Compiling SwiftSyntax SourceEdit.swift
[89/222] Compiling SwiftSyntax SyntaxNodeStructure.swift
[90/222] Compiling SwiftSyntax SyntaxProtocol.swift
[91/222] Compiling SwiftSyntax SyntaxText.swift
[92/222] Compiling SwiftSyntax SyntaxTreeViewMode.swift
[93/222] Compiling SwiftSyntax TokenDiagnostic.swift
[94/222] Compiling SwiftSyntax TokenSequence.swift
[95/222] Compiling SwiftSyntax TokenSyntax.swift
[96/222] Compiling SwiftSyntax Trivia.swift
[97/222] Compiling SwiftSyntax Utils.swift
[98/222] Compiling SwiftSyntax SourceLength.swift
[99/222] Compiling SwiftSyntax SourceLocation.swift
[100/222] Compiling SwiftSyntax SourcePresence.swift
[101/222] Compiling SwiftSyntax SwiftSyntaxCompatibility.swift
[102/222] Compiling SwiftSyntax Syntax.swift
[103/222] Compiling SwiftSyntax SyntaxChildren.swift
[104/222] Compiling SwiftSyntax SyntaxCollection.swift
[105/222] Compiling SwiftSyntax SyntaxHashable.swift
[106/222] Compiling SwiftSyntax SyntaxIdentifier.swift
[108/222] Compiling SwiftSyntax RawSyntaxNodesEF.swift
[109/222] Compiling SwiftSyntax RawSyntaxNodesGHI.swift
[110/222] Compiling SwiftSyntax RawSyntaxNodesJKLMN.swift
[111/222] Compiling SwiftSyntax RawSyntaxNodesOP.swift
[112/222] Compiling SwiftSyntax RawSyntaxNodesQRS.swift
[113/222] Compiling SwiftSyntax RawSyntaxNodesTUVWXYZ.swift
[114/222] Compiling SwiftSyntax RawSyntaxValidation.swift
[115/222] Compiling SwiftSyntax SyntaxNodesAB.swift
[134/222] Emitting module SwiftSyntax
[145/222] Compiling SwiftSyntax SyntaxRewriter.swift
[146/222] Compiling SwiftSyntax SyntaxTraits.swift
[147/222] Compiling SwiftSyntax SyntaxVisitor.swift
[148/222] Compiling SwiftSyntax TokenKind.swift
[149/222] Compiling SwiftSyntax Tokens.swift
[150/222] Compiling SwiftSyntax TriviaPieces.swift
[151/222] Compiling SwiftSyntax RawSyntaxNodesAB.swift
[152/222] Compiling SwiftSyntax RawSyntaxNodesC.swift
[153/222] Compiling SwiftSyntax RawSyntaxNodesD.swift
[179/222] Compiling SwiftSyntax ChildNameForKeyPath.swift
[180/222] Compiling SwiftSyntax Keyword.swift
[181/222] Compiling SwiftSyntax RenamedChildrenCompatibility.swift
[182/222] Compiling SwiftSyntax RenamedNodesCompatibility.swift
[183/222] Compiling SwiftSyntax SyntaxAnyVisitor.swift
[184/222] Compiling SwiftSyntax SyntaxBaseNodes.swift
[185/222] Compiling SwiftSyntax SyntaxCollections.swift
[186/222] Compiling SwiftSyntax SyntaxEnum.swift
[187/222] Compiling SwiftSyntax SyntaxKind.swift
[197/222] Compiling SwiftSyntax SyntaxNodesC.swift
[198/222] Compiling SwiftSyntax SyntaxNodesD.swift
[199/222] Compiling SwiftSyntax SyntaxNodesEF.swift
[200/222] Compiling SwiftSyntax SyntaxNodesGHI.swift
[201/222] Compiling SwiftSyntax SyntaxNodesJKLMN.swift
[202/222] Compiling SwiftSyntax SyntaxNodesOP.swift
[203/222] Compiling SwiftSyntax SyntaxNodesQRS.swift
[204/222] Compiling SwiftSyntax SyntaxNodesTUVWXYZ.swift
[205/223] Wrapping AST for SwiftSyntax for debugging
[215/266] Compiling SwiftParser StringLiterals.swift
[216/266] Compiling SwiftParser SwiftParserCompatibility.swift
[217/266] Compiling SwiftParser SwiftVersion.swift
[218/266] Compiling SwiftParser SyntaxUtils.swift
[219/266] Compiling SwiftParser TokenConsumer.swift
[220/266] Compiling SwiftParser TokenPrecedence.swift
[222/271] Emitting module SwiftParser
[222/271] Wrapping AST for SwiftSyntax for debugging
[224/313] Compiling SwiftParser SwiftParserCompatibility.swift
[225/313] Compiling SwiftParser SwiftVersion.swift
[226/313] Compiling SwiftParser SyntaxUtils.swift
[227/313] Compiling SwiftParser TokenConsumer.swift
[228/313] Compiling SwiftParser TokenPrecedence.swift
[229/313] Compiling SwiftParser LoopProgressCondition.swift
[230/313] Compiling SwiftParser Directives.swift
[231/313] Compiling SwiftParser ExpressionInterpretedAsVersionTuple.swift
[232/313] Compiling SwiftParser Expressions.swift
[233/313] Compiling SwiftParser IncrementalParseTransition.swift
[234/313] Compiling SwiftParser IsValidIdentifier.swift
[235/313] Compiling SwiftParser Cursor.swift
[236/313] Compiling SwiftParser Parser.swift
[237/313] Compiling SwiftParser Patterns.swift
[238/313] Compiling SwiftParser Recovery.swift
[239/313] Compiling SwiftParser Specifiers.swift
[240/313] Compiling SwiftParser Statements.swift
[241/313] Compiling SwiftParser StringLiteralRepresentedLiteralValue.swift
[242/313] Compiling SwiftParser Modifiers.swift
[243/313] Compiling SwiftParser Names.swift
[244/313] Compiling SwiftParser Nominals.swift
[245/313] Compiling SwiftParser Parameters.swift
[246/313] Compiling SwiftParser ParseSourceFile.swift
[253/318] Compiling SwiftParser Attributes.swift
[254/318] Compiling SwiftParser Availability.swift
[255/318] Compiling SwiftParser CharacterInfo.swift
[256/318] Compiling SwiftParser CollectionNodes+Parsable.swift
[257/318] Compiling SwiftParser CompilerFiles.swift
[258/318] Compiling SwiftParser Declarations.swift
[259/318] Compiling SwiftParser Lexeme.swift
[260/318] Compiling SwiftParser LexemeSequence.swift
[261/318] Compiling SwiftParser Lexer.swift
[262/318] Compiling SwiftParser RegexLiteralLexer.swift
[263/318] Compiling SwiftParser UnicodeScalarExtensions.swift
[264/318] Compiling SwiftParser Lookahead.swift
[265/318] Compiling SwiftParser ExperimentalFeatures.swift
[266/318] Compiling SwiftParser IsLexerClassified.swift
[267/318] Compiling SwiftParser LayoutNodes+Parsable.swift
[268/318] Compiling SwiftParser Parser+TokenSpecSet.swift
[269/318] Compiling SwiftParser TokenSpecStaticMembers.swift
[270/318] Emitting module SwiftParser
[272/319] Compiling SwiftParser TokenSpec.swift
[273/319] Compiling SwiftParser TokenSpecSet.swift
[274/319] Compiling SwiftParser TopLevel.swift
[275/319] Compiling SwiftParser TriviaParser.swift
[276/319] Compiling SwiftParser Types.swift
[283/319] Compiling SwiftParser StringLiterals.swift
[288/319] Wrapping AST for SwiftParser for debugging
[290/338] Compiling swift_cpd Configuration.swift
[291/338] Compiling swift_cpd ConfigurationError.swift
[292/338] Compiling swift_cpd ExitCode.swift
[293/338] Compiling swift_cpd HelpText.swift
[294/338] Compiling swift_cpd OutputFormat.swift
[295/338] Compiling swift_cpd ParsedArguments.swift
[296/422] Compiling swift_cpd BaselineEntry.swift
[297/422] Compiling swift_cpd BaselineStore.swift
[298/422] Compiling swift_cpd FragmentFingerprint.swift
[299/422] Compiling swift_cpd ArgumentParser.swift
[300/422] Compiling swift_cpd ArgumentParsingError.swift
[301/422] Compiling swift_cpd BaselineMode.swift
[302/422] Compiling swift_cpd SourcePathDiscovery.swift
[303/422] Compiling swift_cpd CacheEntry.swift
[304/422] Compiling swift_cpd CacheKey.swift
[305/422] Compiling swift_cpd FileCache+Envelope.swift
[306/422] Compiling swift_cpd FileCache.swift
[307/422] Compiling swift_cpd FileHasher.swift
error: emit-module command failed with exit code 1 (use -v to see invocation)
[308/422] Emitting module swift_cpd
/host/spi-builder-workspace/Sources/SwiftCPD/Cache/FileHasher.swift:1:8: error: no such module 'CryptoKit'
1 | import CryptoKit
| `- error: no such module 'CryptoKit'
2 | import Foundation
3 |
[309/436] Compiling swift_cpd ClassifiedPair.swift
/host/spi-builder-workspace/Sources/SwiftCPD/Cache/FileHasher.swift:1:8: error: no such module 'CryptoKit'
1 | import CryptoKit
| `- error: no such module 'CryptoKit'
2 | import Foundation
3 |
[310/436] Compiling swift_cpd CloneDetector.swift
/host/spi-builder-workspace/Sources/SwiftCPD/Cache/FileHasher.swift:1:8: error: no such module 'CryptoKit'
1 | import CryptoKit
| `- error: no such module 'CryptoKit'
2 | import Foundation
3 |
[311/436] Compiling swift_cpd CloneFragment.swift
/host/spi-builder-workspace/Sources/SwiftCPD/Cache/FileHasher.swift:1:8: error: no such module 'CryptoKit'
1 | import CryptoKit
| `- error: no such module 'CryptoKit'
2 | import Foundation
3 |
[312/436] Compiling swift_cpd CloneGroup.swift
/host/spi-builder-workspace/Sources/SwiftCPD/Cache/FileHasher.swift:1:8: error: no such module 'CryptoKit'
1 | import CryptoKit
| `- error: no such module 'CryptoKit'
2 | import Foundation
3 |
[313/436] Compiling swift_cpd CloneGroupDeduplicator.swift
/host/spi-builder-workspace/Sources/SwiftCPD/Cache/FileHasher.swift:1:8: error: no such module 'CryptoKit'
1 | import CryptoKit
| `- error: no such module 'CryptoKit'
2 | import Foundation
3 |
[314/436] Compiling swift_cpd ClonePair.swift
/host/spi-builder-workspace/Sources/SwiftCPD/Cache/FileHasher.swift:1:8: error: no such module 'CryptoKit'
1 | import CryptoKit
| `- error: no such module 'CryptoKit'
2 | import Foundation
3 |
[315/436] Compiling swift_cpd CloneType.swift
/host/spi-builder-workspace/Sources/SwiftCPD/Cache/FileHasher.swift:1:8: error: no such module 'CryptoKit'
1 | import CryptoKit
| `- error: no such module 'CryptoKit'
2 | import Foundation
3 |
[316/436] Compiling swift_cpd CodeBlock.swift
/host/spi-builder-workspace/Sources/SwiftCPD/Cache/FileHasher.swift:1:8: error: no such module 'CryptoKit'
1 | import CryptoKit
| `- error: no such module 'CryptoKit'
2 | import Foundation
3 |
[317/436] Compiling swift_cpd ControlFlowNode.swift
/host/spi-builder-workspace/Sources/SwiftCPD/Cache/FileHasher.swift:1:8: error: no such module 'CryptoKit'
1 | import CryptoKit
| `- error: no such module 'CryptoKit'
2 | import Foundation
3 |
[318/436] Compiling swift_cpd DataFlowPattern.swift
/host/spi-builder-workspace/Sources/SwiftCPD/Cache/FileHasher.swift:1:8: error: no such module 'CryptoKit'
1 | import CryptoKit
| `- error: no such module 'CryptoKit'
2 | import Foundation
3 |
[319/436] Compiling swift_cpd DetectionAlgorithm.swift
/host/spi-builder-workspace/Sources/SwiftCPD/Cache/FileHasher.swift:1:8: error: no such module 'CryptoKit'
1 | import CryptoKit
| `- error: no such module 'CryptoKit'
2 | import Foundation
3 |
[320/436] Compiling swift_cpd FileTokens.swift
/host/spi-builder-workspace/Sources/SwiftCPD/Cache/FileHasher.swift:1:8: error: no such module 'CryptoKit'
1 | import CryptoKit
| `- error: no such module 'CryptoKit'
2 | import Foundation
3 |
[321/436] Compiling swift_cpd FunctionNameExtractor.swift
/host/spi-builder-workspace/Sources/SwiftCPD/Cache/FileHasher.swift:1:8: error: no such module 'CryptoKit'
1 | import CryptoKit
| `- error: no such module 'CryptoKit'
2 | import Foundation
3 |
[322/436] Compiling swift_cpd GreedyStringTiler.swift
/host/spi-builder-workspace/Sources/SwiftCPD/Cache/FileHasher.swift:1:8: error: no such module 'CryptoKit'
1 | import CryptoKit
| `- error: no such module 'CryptoKit'
2 | import Foundation
3 |
[323/436] Compiling swift_cpd IndexedBlock.swift
/host/spi-builder-workspace/Sources/SwiftCPD/Cache/FileHasher.swift:1:8: error: no such module 'CryptoKit'
1 | import CryptoKit
| `- error: no such module 'CryptoKit'
2 | import Foundation
3 |
[324/436] Compiling swift_cpd GitRefResolver+Resolved.swift
[325/436] Compiling swift_cpd GitRefResolver.swift
[326/436] Compiling swift_cpd GitRefSourceFileLister+TreeEntry.swift
[327/436] Compiling swift_cpd ProgressState.swift
[328/436] Compiling swift_cpd AnalysisResult.swift
/host/spi-builder-workspace/Sources/SwiftCPD/Cache/FileHasher.swift:1:8: error: no such module 'CryptoKit'
1 | import CryptoKit
| `- error: no such module 'CryptoKit'
2 | import Foundation
3 |
/host/spi-builder-workspace/Sources/SwiftCPD/Cache/FileHasher.swift:1:8: error: no such module 'CryptoKit'
1 | import CryptoKit
| `- error: no such module 'CryptoKit'
2 | import Foundation
3 |
/host/spi-builder-workspace/Sources/SwiftCPD/Cache/FileHasher.swift:1:8: error: no such module 'CryptoKit'
1 | import CryptoKit
| `- error: no such module 'CryptoKit'
2 | import Foundation
3 |
[333/437] Compiling swift_cpd YamlConfiguration.swift
/host/spi-builder-workspace/Sources/SwiftCPD/Cache/FileHasher.swift:1:8: error: no such module 'CryptoKit'
1 | import CryptoKit
| `- error: no such module 'CryptoKit'
2 | import Foundation
3 |
[334/437] Compiling swift_cpd YamlConfigurationError.swift
/host/spi-builder-workspace/Sources/SwiftCPD/Cache/FileHasher.swift:1:8: error: no such module 'CryptoKit'
1 | import CryptoKit
| `- error: no such module 'CryptoKit'
2 | import Foundation
3 |
[335/437] Compiling swift_cpd YamlConfigurationLoader.swift
/host/spi-builder-workspace/Sources/SwiftCPD/Cache/FileHasher.swift:1:8: error: no such module 'CryptoKit'
1 | import CryptoKit
| `- error: no such module 'CryptoKit'
2 | import Foundation
3 |
[336/437] Compiling swift_cpd YamlConfigurationParser.swift
/host/spi-builder-workspace/Sources/SwiftCPD/Cache/FileHasher.swift:1:8: error: no such module 'CryptoKit'
1 | import CryptoKit
| `- error: no such module 'CryptoKit'
2 | import Foundation
3 |
[337/437] Compiling swift_cpd BagJaccardSimilarity.swift
/host/spi-builder-workspace/Sources/SwiftCPD/Cache/FileHasher.swift:1:8: error: no such module 'CryptoKit'
1 | import CryptoKit
| `- error: no such module 'CryptoKit'
2 | import Foundation
3 |
[338/437] Compiling swift_cpd BehaviorSignature.swift
/host/spi-builder-workspace/Sources/SwiftCPD/Cache/FileHasher.swift:1:8: error: no such module 'CryptoKit'
1 | import CryptoKit
| `- error: no such module 'CryptoKit'
2 | import Foundation
3 |
[339/437] Compiling swift_cpd BehaviorSignatureComparer.swift
/host/spi-builder-workspace/Sources/SwiftCPD/Cache/FileHasher.swift:1:8: error: no such module 'CryptoKit'
1 | import CryptoKit
| `- error: no such module 'CryptoKit'
2 | import Foundation
3 |
[340/437] Compiling swift_cpd BehaviorSignatureExtractor.swift
/host/spi-builder-workspace/Sources/SwiftCPD/Cache/FileHasher.swift:1:8: error: no such module 'CryptoKit'
1 | import CryptoKit
| `- error: no such module 'CryptoKit'
2 | import Foundation
3 |
[341/437] Compiling swift_cpd BlockExtraction.swift
/host/spi-builder-workspace/Sources/SwiftCPD/Cache/FileHasher.swift:1:8: error: no such module 'CryptoKit'
1 | import CryptoKit
| `- error: no such module 'CryptoKit'
2 | import Foundation
3 |
[342/437] Compiling swift_cpd BlockExtractor.swift
/host/spi-builder-workspace/Sources/SwiftCPD/Cache/FileHasher.swift:1:8: error: no such module 'CryptoKit'
1 | import CryptoKit
| `- error: no such module 'CryptoKit'
2 | import Foundation
3 |
[343/437] Compiling swift_cpd BlockFingerprint.swift
/host/spi-builder-workspace/Sources/SwiftCPD/Cache/FileHasher.swift:1:8: error: no such module 'CryptoKit'
1 | import CryptoKit
| `- error: no such module 'CryptoKit'
2 | import Foundation
3 |
[344/437] Compiling swift_cpd BlockVisitor.swift
/host/spi-builder-workspace/Sources/SwiftCPD/Cache/FileHasher.swift:1:8: error: no such module 'CryptoKit'
1 | import CryptoKit
| `- error: no such module 'CryptoKit'
2 | import Foundation
3 |
/host/spi-builder-workspace/Sources/SwiftCPD/Cache/FileHasher.swift:1:8: error: no such module 'CryptoKit'
1 | import CryptoKit
| `- error: no such module 'CryptoKit'
2 | import Foundation
3 |
/host/spi-builder-workspace/Sources/SwiftCPD/Cache/FileHasher.swift:1:8: error: no such module 'CryptoKit'
1 | import CryptoKit
| `- error: no such module 'CryptoKit'
2 | import Foundation
3 |
/host/spi-builder-workspace/Sources/SwiftCPD/Cache/FileHasher.swift:1:8: error: no such module 'CryptoKit'
1 | import CryptoKit
| `- error: no such module 'CryptoKit'
2 | import Foundation
3 |
/host/spi-builder-workspace/Sources/SwiftCPD/Cache/FileHasher.swift:1:8: error: no such module 'CryptoKit'
1 | import CryptoKit
| `- error: no such module 'CryptoKit'
2 | import Foundation
3 |
/host/spi-builder-workspace/Sources/SwiftCPD/Cache/FileHasher.swift:1:8: error: no such module 'CryptoKit'
1 | import CryptoKit
| `- error: no such module 'CryptoKit'
2 | import Foundation
3 |
/host/spi-builder-workspace/Sources/SwiftCPD/Cache/FileHasher.swift:1:8: error: no such module 'CryptoKit'
1 | import CryptoKit
| `- error: no such module 'CryptoKit'
2 | import Foundation
3 |
/host/spi-builder-workspace/Sources/SwiftCPD/Cache/FileHasher.swift:1:8: error: no such module 'CryptoKit'
1 | import CryptoKit
| `- error: no such module 'CryptoKit'
2 | import Foundation
3 |
/host/spi-builder-workspace/Sources/SwiftCPD/Cache/FileHasher.swift:1:8: error: no such module 'CryptoKit'
1 | import CryptoKit
| `- error: no such module 'CryptoKit'
2 | import Foundation
3 |
/host/spi-builder-workspace/Sources/SwiftCPD/Cache/FileHasher.swift:1:8: error: no such module 'CryptoKit'
1 | import CryptoKit
| `- error: no such module 'CryptoKit'
2 | import Foundation
3 |
/host/spi-builder-workspace/Sources/SwiftCPD/Cache/FileHasher.swift:1:8: error: no such module 'CryptoKit'
1 | import CryptoKit
| `- error: no such module 'CryptoKit'
2 | import Foundation
3 |
/host/spi-builder-workspace/Sources/SwiftCPD/Cache/FileHasher.swift:1:8: error: no such module 'CryptoKit'
1 | import CryptoKit
| `- error: no such module 'CryptoKit'
2 | import Foundation
3 |
/host/spi-builder-workspace/Sources/SwiftCPD/Cache/FileHasher.swift:1:8: error: no such module 'CryptoKit'
1 | import CryptoKit
| `- error: no such module 'CryptoKit'
2 | import Foundation
3 |
/host/spi-builder-workspace/Sources/SwiftCPD/Cache/FileHasher.swift:1:8: error: no such module 'CryptoKit'
1 | import CryptoKit
| `- error: no such module 'CryptoKit'
2 | import Foundation
3 |
/host/spi-builder-workspace/Sources/SwiftCPD/Cache/FileHasher.swift:1:8: error: no such module 'CryptoKit'
1 | import CryptoKit
| `- error: no such module 'CryptoKit'
2 | import Foundation
3 |
/host/spi-builder-workspace/Sources/SwiftCPD/Cache/FileHasher.swift:1:8: error: no such module 'CryptoKit'
1 | import CryptoKit
| `- error: no such module 'CryptoKit'
2 | import Foundation
3 |
/host/spi-builder-workspace/Sources/SwiftCPD/Cache/FileHasher.swift:1:8: error: no such module 'CryptoKit'
1 | import CryptoKit
| `- error: no such module 'CryptoKit'
2 | import Foundation
3 |
/host/spi-builder-workspace/Sources/SwiftCPD/Cache/FileHasher.swift:1:8: error: no such module 'CryptoKit'
1 | import CryptoKit
| `- error: no such module 'CryptoKit'
2 | import Foundation
3 |
[362/437] Compiling swift_cpd DuplicationCalculator.swift
/host/spi-builder-workspace/Sources/SwiftCPD/Cache/FileHasher.swift:1:8: error: no such module 'CryptoKit'
1 | import CryptoKit
| `- error: no such module 'CryptoKit'
2 | import Foundation
3 |
[363/437] Compiling swift_cpd HtmlReporter.swift
/host/spi-builder-workspace/Sources/SwiftCPD/Cache/FileHasher.swift:1:8: error: no such module 'CryptoKit'
1 | import CryptoKit
| `- error: no such module 'CryptoKit'
2 | import Foundation
3 |
[364/437] Compiling swift_cpd JsonByType.swift
/host/spi-builder-workspace/Sources/SwiftCPD/Cache/FileHasher.swift:1:8: error: no such module 'CryptoKit'
1 | import CryptoKit
| `- error: no such module 'CryptoKit'
2 | import Foundation
3 |
[365/437] Compiling swift_cpd JsonClone.swift
/host/spi-builder-workspace/Sources/SwiftCPD/Cache/FileHasher.swift:1:8: error: no such module 'CryptoKit'
1 | import CryptoKit
| `- error: no such module 'CryptoKit'
2 | import Foundation
3 |
[366/437] Compiling swift_cpd JsonConfiguration.swift
/host/spi-builder-workspace/Sources/SwiftCPD/Cache/FileHasher.swift:1:8: error: no such module 'CryptoKit'
1 | import CryptoKit
| `- error: no such module 'CryptoKit'
2 | import Foundation
3 |
[367/437] Compiling swift_cpd JsonFragment.swift
/host/spi-builder-workspace/Sources/SwiftCPD/Cache/FileHasher.swift:1:8: error: no such module 'CryptoKit'
1 | import CryptoKit
| `- error: no such module 'CryptoKit'
2 | import Foundation
3 |
[368/437] Compiling swift_cpd JsonMetadata.swift
/host/spi-builder-workspace/Sources/SwiftCPD/Cache/FileHasher.swift:1:8: error: no such module 'CryptoKit'
1 | import CryptoKit
| `- error: no such module 'CryptoKit'
2 | import Foundation
3 |
[369/437] Compiling swift_cpd JsonReport+CodingKeys.swift
/host/spi-builder-workspace/Sources/SwiftCPD/Cache/FileHasher.swift:1:8: error: no such module 'CryptoKit'
1 | import CryptoKit
| `- error: no such module 'CryptoKit'
2 | import Foundation
3 |
[370/437] Compiling swift_cpd JsonReport.swift
/host/spi-builder-workspace/Sources/SwiftCPD/Cache/FileHasher.swift:1:8: error: no such module 'CryptoKit'
1 | import CryptoKit
| `- error: no such module 'CryptoKit'
2 | import Foundation
3 |
[371/437] Compiling swift_cpd JsonReporter.swift
/host/spi-builder-workspace/Sources/SwiftCPD/Cache/FileHasher.swift:1:8: error: no such module 'CryptoKit'
1 | import CryptoKit
| `- error: no such module 'CryptoKit'
2 | import Foundation
3 |
[372/437] Compiling swift_cpd JsonSummary.swift
/host/spi-builder-workspace/Sources/SwiftCPD/Cache/FileHasher.swift:1:8: error: no such module 'CryptoKit'
1 | import CryptoKit
| `- error: no such module 'CryptoKit'
2 | import Foundation
3 |
[373/437] Compiling swift_cpd Reporter.swift
/host/spi-builder-workspace/Sources/SwiftCPD/Cache/FileHasher.swift:1:8: error: no such module 'CryptoKit'
1 | import CryptoKit
| `- error: no such module 'CryptoKit'
2 | import Foundation
3 |
[374/437] Compiling swift_cpd GitRefSourceFileLister.swift
/host/spi-builder-workspace/Sources/SwiftCPD/Cache/FileHasher.swift:1:8: error: no such module 'CryptoKit'
1 | import CryptoKit
| `- error: no such module 'CryptoKit'
2 | import Foundation
3 |
[375/437] Compiling swift_cpd GitRefSourceReader.swift
/host/spi-builder-workspace/Sources/SwiftCPD/Cache/FileHasher.swift:1:8: error: no such module 'CryptoKit'
1 | import CryptoKit
| `- error: no such module 'CryptoKit'
2 | import Foundation
3 |
[376/437] Compiling swift_cpd RepositoryRelativePath.swift
/host/spi-builder-workspace/Sources/SwiftCPD/Cache/FileHasher.swift:1:8: error: no such module 'CryptoKit'
1 | import CryptoKit
| `- error: no such module 'CryptoKit'
2 | import Foundation
3 |
[377/437] Compiling swift_cpd SourceFileLister.swift
/host/spi-builder-workspace/Sources/SwiftCPD/Cache/FileHasher.swift:1:8: error: no such module 'CryptoKit'
1 | import CryptoKit
| `- error: no such module 'CryptoKit'
2 | import Foundation
3 |
[378/437] Compiling swift_cpd SourceReader.swift
/host/spi-builder-workspace/Sources/SwiftCPD/Cache/FileHasher.swift:1:8: error: no such module 'CryptoKit'
1 | import CryptoKit
| `- error: no such module 'CryptoKit'
2 | import Foundation
3 |
[379/437] Compiling swift_cpd SourceRefError.swift
/host/spi-builder-workspace/Sources/SwiftCPD/Cache/FileHasher.swift:1:8: error: no such module 'CryptoKit'
1 | import CryptoKit
| `- error: no such module 'CryptoKit'
2 | import Foundation
3 |
[380/437] Compiling swift_cpd WorkingTreeSourceReader.swift
/host/spi-builder-workspace/Sources/SwiftCPD/Cache/FileHasher.swift:1:8: error: no such module 'CryptoKit'
1 | import CryptoKit
| `- error: no such module 'CryptoKit'
2 | import Foundation
3 |
[381/437] Compiling swift_cpd AnalysisPipeline+CacheOptions.swift
/host/spi-builder-workspace/Sources/SwiftCPD/Cache/FileHasher.swift:1:8: error: no such module 'CryptoKit'
1 | import CryptoKit
| `- error: no such module 'CryptoKit'
2 | import Foundation
3 |
[382/437] Compiling swift_cpd AnalysisPipeline+DetectionOptions.swift
/host/spi-builder-workspace/Sources/SwiftCPD/Cache/FileHasher.swift:1:8: error: no such module 'CryptoKit'
1 | import CryptoKit
| `- error: no such module 'CryptoKit'
2 | import Foundation
3 |
[383/437] Compiling swift_cpd AnalysisPipeline+SourceOptions.swift
/host/spi-builder-workspace/Sources/SwiftCPD/Cache/FileHasher.swift:1:8: error: no such module 'CryptoKit'
1 | import CryptoKit
| `- error: no such module 'CryptoKit'
2 | import Foundation
3 |
[384/437] Compiling swift_cpd AnalysisPipeline.swift
/host/spi-builder-workspace/Sources/SwiftCPD/Cache/FileHasher.swift:1:8: error: no such module 'CryptoKit'
1 | import CryptoKit
| `- error: no such module 'CryptoKit'
2 | import Foundation
3 |
[385/437] Compiling swift_cpd DetectionThresholds.swift
/host/spi-builder-workspace/Sources/SwiftCPD/Cache/FileHasher.swift:1:8: error: no such module 'CryptoKit'
1 | import CryptoKit
| `- error: no such module 'CryptoKit'
2 | import Foundation
3 |
[386/437] Compiling swift_cpd PipelineResult.swift
/host/spi-builder-workspace/Sources/SwiftCPD/Cache/FileHasher.swift:1:8: error: no such module 'CryptoKit'
1 | import CryptoKit
| `- error: no such module 'CryptoKit'
2 | import Foundation
3 |
[387/437] Compiling swift_cpd ProgressReporter.swift
/host/spi-builder-workspace/Sources/SwiftCPD/Cache/FileHasher.swift:1:8: error: no such module 'CryptoKit'
1 | import CryptoKit
| `- error: no such module 'CryptoKit'
2 | import Foundation
3 |
[388/437] Compiling swift_cpd IndexedBlockPair.swift
/host/spi-builder-workspace/Sources/SwiftCPD/Cache/FileHasher.swift:1:8: error: no such module 'CryptoKit'
1 | import CryptoKit
| `- error: no such module 'CryptoKit'
2 | import Foundation
3 |
[389/437] Compiling swift_cpd LCSCalculator.swift
/host/spi-builder-workspace/Sources/SwiftCPD/Cache/FileHasher.swift:1:8: error: no such module 'CryptoKit'
1 | import CryptoKit
| `- error: no such module 'CryptoKit'
2 | import Foundation
3 |
[390/437] Compiling swift_cpd RangedSyntaxVisitor.swift
/host/spi-builder-workspace/Sources/SwiftCPD/Cache/FileHasher.swift:1:8: error: no such module 'CryptoKit'
1 | import CryptoKit
| `- error: no such module 'CryptoKit'
2 | import Foundation
3 |
[391/437] Compiling swift_cpd RollingHash.swift
/host/spi-builder-workspace/Sources/SwiftCPD/Cache/FileHasher.swift:1:8: error: no such module 'CryptoKit'
1 | import CryptoKit
| `- error: no such module 'CryptoKit'
2 | import Foundation
3 |
[392/437] Compiling swift_cpd ASGComparer.swift
/host/spi-builder-workspace/Sources/SwiftCPD/Cache/FileHasher.swift:1:8: error: no such module 'CryptoKit'
1 | import CryptoKit
| `- error: no such module 'CryptoKit'
2 | import Foundation
3 |
[393/437] Compiling swift_cpd AbstractSemanticGraph.swift
/host/spi-builder-workspace/Sources/SwiftCPD/Cache/FileHasher.swift:1:8: error: no such module 'CryptoKit'
1 | import CryptoKit
| `- error: no such module 'CryptoKit'
2 | import Foundation
3 |
[394/437] Compiling swift_cpd SemanticEdge.swift
/host/spi-builder-workspace/Sources/SwiftCPD/Cache/FileHasher.swift:1:8: error: no such module 'CryptoKit'
1 | import CryptoKit
| `- error: no such module 'CryptoKit'
2 | import Foundation
3 |
[395/437] Compiling swift_cpd SemanticEdgeKind.swift
/host/spi-builder-workspace/Sources/SwiftCPD/Cache/FileHasher.swift:1:8: error: no such module 'CryptoKit'
1 | import CryptoKit
| `- error: no such module 'CryptoKit'
2 | import Foundation
3 |
[396/437] Compiling swift_cpd SemanticNode.swift
/host/spi-builder-workspace/Sources/SwiftCPD/Cache/FileHasher.swift:1:8: error: no such module 'CryptoKit'
1 | import CryptoKit
| `- error: no such module 'CryptoKit'
2 | import Foundation
3 |
[397/437] Compiling swift_cpd SemanticNodeKind.swift
/host/spi-builder-workspace/Sources/SwiftCPD/Cache/FileHasher.swift:1:8: error: no such module 'CryptoKit'
1 | import CryptoKit
| `- error: no such module 'CryptoKit'
2 | import Foundation
3 |
[398/437] Compiling swift_cpd SemanticNormalizer.swift
/host/spi-builder-workspace/Sources/SwiftCPD/Cache/FileHasher.swift:1:8: error: no such module 'CryptoKit'
1 | import CryptoKit
| `- error: no such module 'CryptoKit'
2 | import Foundation
3 |
[399/437] Compiling swift_cpd SignedBlock.swift
/host/spi-builder-workspace/Sources/SwiftCPD/Cache/FileHasher.swift:1:8: error: no such module 'CryptoKit'
1 | import CryptoKit
| `- error: no such module 'CryptoKit'
2 | import Foundation
3 |
[400/437] Compiling swift_cpd TileMatch.swift
/host/spi-builder-workspace/Sources/SwiftCPD/Cache/FileHasher.swift:1:8: error: no such module 'CryptoKit'
1 | import CryptoKit
| `- error: no such module 'CryptoKit'
2 | import Foundation
3 |
[401/437] Compiling swift_cpd TilingState.swift
/host/spi-builder-workspace/Sources/SwiftCPD/Cache/FileHasher.swift:1:8: error: no such module 'CryptoKit'
1 | import CryptoKit
| `- error: no such module 'CryptoKit'
2 | import Foundation
3 |
[402/437] Compiling swift_cpd TokenLocation.swift
/host/spi-builder-workspace/Sources/SwiftCPD/Cache/FileHasher.swift:1:8: error: no such module 'CryptoKit'
1 | import CryptoKit
| `- error: no such module 'CryptoKit'
2 | import Foundation
3 |
[403/437] Compiling swift_cpd TextReporter.swift
/host/spi-builder-workspace/Sources/SwiftCPD/Cache/FileHasher.swift:1:8: error: no such module 'CryptoKit'
1 | import CryptoKit
| `- error: no such module 'CryptoKit'
2 | import Foundation
3 |
[404/437] Compiling swift_cpd XcodeReporter.swift
/host/spi-builder-workspace/Sources/SwiftCPD/Cache/FileHasher.swift:1:8: error: no such module 'CryptoKit'
1 | import CryptoKit
| `- error: no such module 'CryptoKit'
2 | import Foundation
3 |
[405/437] Compiling swift_cpd SuppressionScanner.swift
/host/spi-builder-workspace/Sources/SwiftCPD/Cache/FileHasher.swift:1:8: error: no such module 'CryptoKit'
1 | import CryptoKit
| `- error: no such module 'CryptoKit'
2 | import Foundation
3 |
[406/437] Compiling swift_cpd SwiftCPD.swift
/host/spi-builder-workspace/Sources/SwiftCPD/Cache/FileHasher.swift:1:8: error: no such module 'CryptoKit'
1 | import CryptoKit
| `- error: no such module 'CryptoKit'
2 | import Foundation
3 |
[407/437] Compiling swift_cpd CLanguageVocabulary.swift
/host/spi-builder-workspace/Sources/SwiftCPD/Cache/FileHasher.swift:1:8: error: no such module 'CryptoKit'
1 | import CryptoKit
| `- error: no such module 'CryptoKit'
2 | import Foundation
3 |
[408/437] Compiling swift_cpd CTokenizer.swift
/host/spi-builder-workspace/Sources/SwiftCPD/Cache/FileHasher.swift:1:8: error: no such module 'CryptoKit'
1 | import CryptoKit
| `- error: no such module 'CryptoKit'
2 | import Foundation
3 |
[409/437] Compiling swift_cpd CTokenizerScanner.swift
/host/spi-builder-workspace/Sources/SwiftCPD/Cache/FileHasher.swift:1:8: error: no such module 'CryptoKit'
1 | import CryptoKit
| `- error: no such module 'CryptoKit'
2 | import Foundation
3 |
[410/437] Compiling swift_cpd SourceLocation.swift
/host/spi-builder-workspace/Sources/SwiftCPD/Cache/FileHasher.swift:1:8: error: no such module 'CryptoKit'
1 | import CryptoKit
| `- error: no such module 'CryptoKit'
2 | import Foundation
3 |
[411/437] Compiling swift_cpd SwiftTokenizer.swift
/host/spi-builder-workspace/Sources/SwiftCPD/Cache/FileHasher.swift:1:8: error: no such module 'CryptoKit'
1 | import CryptoKit
| `- error: no such module 'CryptoKit'
2 | import Foundation
3 |
[412/437] Compiling swift_cpd Token.swift
/host/spi-builder-workspace/Sources/SwiftCPD/Cache/FileHasher.swift:1:8: error: no such module 'CryptoKit'
1 | import CryptoKit
| `- error: no such module 'CryptoKit'
2 | import Foundation
3 |
[413/437] Compiling swift_cpd TokenKind.swift
/host/spi-builder-workspace/Sources/SwiftCPD/Cache/FileHasher.swift:1:8: error: no such module 'CryptoKit'
1 | import CryptoKit
| `- error: no such module 'CryptoKit'
2 | import Foundation
3 |
[414/437] Compiling swift_cpd TokenNormalizer.swift
/host/spi-builder-workspace/Sources/SwiftCPD/Cache/FileHasher.swift:1:8: error: no such module 'CryptoKit'
1 | import CryptoKit
| `- error: no such module 'CryptoKit'
2 | import Foundation
3 |
[415/437] Compiling swift_cpd UnifiedTokenMapper.swift
/host/spi-builder-workspace/Sources/SwiftCPD/Cache/FileHasher.swift:1:8: error: no such module 'CryptoKit'
1 | import CryptoKit
| `- error: no such module 'CryptoKit'
2 | import Foundation
3 |
[416/437] Compiling swift_cpd Version.swift
/host/spi-builder-workspace/Sources/SwiftCPD/Cache/FileHasher.swift:1:8: error: no such module 'CryptoKit'
1 | import CryptoKit
| `- error: no such module 'CryptoKit'
2 | import Foundation
3 |
[416/437] Wrapping AST for SwiftParser for debugging
[418/437] Compiling swift_cpd Type3CandidatePair.swift
/host/spi-builder-workspace/Sources/SwiftCPD/Cache/FileHasher.swift:1:8: error: no such module 'CryptoKit'
1 | import CryptoKit
| `- error: no such module 'CryptoKit'
2 | import Foundation
3 |
[419/437] Compiling swift_cpd Type3Detector.swift
/host/spi-builder-workspace/Sources/SwiftCPD/Cache/FileHasher.swift:1:8: error: no such module 'CryptoKit'
1 | import CryptoKit
| `- error: no such module 'CryptoKit'
2 | import Foundation
3 |
[420/437] Compiling swift_cpd Type4CandidatePair.swift
/host/spi-builder-workspace/Sources/SwiftCPD/Cache/FileHasher.swift:1:8: error: no such module 'CryptoKit'
1 | import CryptoKit
| `- error: no such module 'CryptoKit'
2 | import Foundation
3 |
[421/437] Compiling swift_cpd Type4Detector.swift
/host/spi-builder-workspace/Sources/SwiftCPD/Cache/FileHasher.swift:1:8: error: no such module 'CryptoKit'
1 | import CryptoKit
| `- error: no such module 'CryptoKit'
2 | import Foundation
3 |
[422/437] Compiling swift_cpd CompiledPattern.swift
/host/spi-builder-workspace/Sources/SwiftCPD/Cache/FileHasher.swift:1:8: error: no such module 'CryptoKit'
1 | import CryptoKit
| `- error: no such module 'CryptoKit'
2 | import Foundation
3 |
[423/437] Compiling swift_cpd FileDiscoveryError.swift
/host/spi-builder-workspace/Sources/SwiftCPD/Cache/FileHasher.swift:1:8: error: no such module 'CryptoKit'
1 | import CryptoKit
| `- error: no such module 'CryptoKit'
2 | import Foundation
3 |
[424/437] Compiling swift_cpd GlobMatcher.swift
/host/spi-builder-workspace/Sources/SwiftCPD/Cache/FileHasher.swift:1:8: error: no such module 'CryptoKit'
1 | import CryptoKit
| `- error: no such module 'CryptoKit'
2 | import Foundation
3 |
[425/437] Compiling swift_cpd SourceFileDiscovery.swift
/host/spi-builder-workspace/Sources/SwiftCPD/Cache/FileHasher.swift:1:8: error: no such module 'CryptoKit'
1 | import CryptoKit
| `- error: no such module 'CryptoKit'
2 | import Foundation
3 |
[426/437] Compiling swift_cpd FilesystemSourceFileLister.swift
/host/spi-builder-workspace/Sources/SwiftCPD/Cache/FileHasher.swift:1:8: error: no such module 'CryptoKit'
1 | import CryptoKit
| `- error: no such module 'CryptoKit'
2 | import Foundation
3 |
[427/437] Compiling swift_cpd GitProcessRunner+ProcessOutput.swift
/host/spi-builder-workspace/Sources/SwiftCPD/Cache/FileHasher.swift:1:8: error: no such module 'CryptoKit'
1 | import CryptoKit
| `- error: no such module 'CryptoKit'
2 | import Foundation
3 |
[428/437] Compiling swift_cpd GitProcessRunner.swift
/host/spi-builder-workspace/Sources/SwiftCPD/Cache/FileHasher.swift:1:8: error: no such module 'CryptoKit'
1 | import CryptoKit
| `- error: no such module 'CryptoKit'
2 | import Foundation
3 |
/host/spi-builder-workspace/Sources/SwiftCPD/Cache/FileHasher.swift:1:8: error: no such module 'CryptoKit'
1 | import CryptoKit
| `- error: no such module 'CryptoKit'
2 | import Foundation
3 |
/host/spi-builder-workspace/Sources/SwiftCPD/Cache/FileHasher.swift:1:8: error: no such module 'CryptoKit'
1 | import CryptoKit
| `- error: no such module 'CryptoKit'
2 | import Foundation
3 |
/host/spi-builder-workspace/Sources/SwiftCPD/Cache/FileHasher.swift:1:8: error: no such module 'CryptoKit'
1 | import CryptoKit
| `- error: no such module 'CryptoKit'
2 | import Foundation
3 |
error: cancelled
error: cancelled
error: cancelled
error: cancelled
error: cancelled
BUILD FAILURE 6.3 wasm