Build Information
Failed to build Bugsnag, reference master (0f6fe9), with Swift 6.2 for Linux on 9 Oct 2026 01:05:15 UTC.
Build Command
bash -c docker run --pull=always --rm -v "checkouts-54344849-0":/host -w "$PWD" -e JAVA_HOME="/root/.sdkman/candidates/java/current" -e SPI_BUILD="1" -e SPI_PROCESSING="1" registry.gitlab.com/saguaro1/spi-images:basic-6.2-latest swift build --triple x86_64-unknown-linux-gnu 2>&1Build Log
========================================
RunAll
========================================
Builder version: 5.1.1
Interrupt handler set up.
========================================
Checkout
========================================
Clone URL: https://github.com/bugsnag/bugsnag-cocoa.git
Reference: master
Initialized empty Git repository in /host/spi-builder-workspace/.git/
hint: Using 'master' as the name for the initial branch. This default branch name
hint: is subject to change. To configure the initial branch name to use in all
hint: of your new repositories, which will suppress this warning, call:
hint:
hint: git config --global init.defaultBranch <name>
hint:
hint: Names commonly chosen instead of 'master' are 'main', 'trunk' and
hint: 'development'. The just-created branch can be renamed via this command:
hint:
hint: git branch -m <name>
From https://github.com/bugsnag/bugsnag-cocoa
* branch master -> FETCH_HEAD
* [new branch] master -> origin/master
HEAD is now at 0f6fe9c Release v6.38.1 (#1969)
Cloned https://github.com/bugsnag/bugsnag-cocoa.git
Revision (git rev-parse @):
0f6fe9cdd3fd9457cfea9b3b4f20bab678bd8ddd
SUCCESS checkout https://github.com/bugsnag/bugsnag-cocoa.git at master
========================================
Build
========================================
Selected platform: linux
Swift version: 6.2
Building package at path: $PWD
https://github.com/bugsnag/bugsnag-cocoa.git
Running build ...
bash -c docker run --pull=always --rm -v "checkouts-54344849-0":/host -w "$PWD" -e JAVA_HOME="/root/.sdkman/candidates/java/current" -e SPI_BUILD="1" -e SPI_PROCESSING="1" registry.gitlab.com/saguaro1/spi-images:basic-6.2-latest swift build --triple x86_64-unknown-linux-gnu 2>&1
basic-6.2-latest: Pulling from saguaro1/spi-images
Digest: sha256:24009fa1488c01937630ee3297a7a7a1872c773069724929dff85071fefc3743
Status: Image is up to date for registry.gitlab.com/saguaro1/spi-images:basic-6.2-latest
Building for debugging...
[0/126] Copying PrivacyInfo.xcprivacy
/host/spi-builder-workspace/BugsnagNetworkRequestPlugin/BugsnagNetworkRequestPlugin/BugsnagSharedSessionProxy.mm:8:9: fatal error: 'Foundation/Foundation.h' file not found
8 | #import <Foundation/Foundation.h>
| ^~~~~~~~~~~~~~~~~~~~~~~~~
1 error generated.
[1/126] Compiling BugsnagNetworkRequestPlugin BugsnagSharedSessionProxy.mm
In file included from /host/spi-builder-workspace/BugsnagNetworkRequestPlugin/BugsnagNetworkRequestPlugin/BSGURLSessionTracingProxy.m:8:
In file included from /host/spi-builder-workspace/BugsnagNetworkRequestPlugin/BugsnagNetworkRequestPlugin/BSGURLSessionTracingProxy.h:8:
In file included from /host/spi-builder-workspace/BugsnagNetworkRequestPlugin/BugsnagNetworkRequestPlugin/BSGURLSessionTracingDelegate.h:8:
/host/spi-builder-workspace/Bugsnag/include/Bugsnag/Bugsnag.h:26:9: fatal error: 'Foundation/Foundation.h' file not found
26 | #import <Foundation/Foundation.h>
| ^~~~~~~~~~~~~~~~~~~~~~~~~
[1/126] Compiling BugsnagNetworkRequestPlugin BSGURLSessionTracingProxy.m
In file included from /host/spi-builder-workspace/BugsnagNetworkRequestPlugin/BugsnagNetworkRequestPlugin/BugsnagNetworkRequestFailuresConfiguration.m:8:
/host/spi-builder-workspace/BugsnagNetworkRequestPlugin/BugsnagNetworkRequestPlugin/include/BugsnagNetworkRequestPlugin/BugsnagNetworkRequestFailuresConfiguration.h:8:9: fatal error: 'Foundation/Foundation.h' file not found
8 | #import <Foundation/Foundation.h>
| ^~~~~~~~~~~~~~~~~~~~~~~~~
[1/126] Compiling BugsnagNetworkRequestPlugin BugsnagNetworkRequestFailuresConfiguration.m
In file included from /host/spi-builder-workspace/BugsnagNetworkRequestPlugin/BugsnagNetworkRequestPlugin/BugsnagInstrumentedHTTPResponse.m:7:
/host/spi-builder-workspace/Bugsnag/include/Bugsnag/BugsnagConfiguration.h:27:9: fatal error: 'Foundation/Foundation.h' file not found
27 | #import <Foundation/Foundation.h>
| ^~~~~~~~~~~~~~~~~~~~~~~~~
[1/126] Compiling BugsnagNetworkRequestPlugin BugsnagInstrumentedHTTPResponse.m
In file included from /host/spi-builder-workspace/BugsnagNetworkRequestPlugin/BugsnagNetworkRequestPlugin/BugsnagNetworkRequestPlugin.m:13:
/host/spi-builder-workspace/BugsnagNetworkRequestPlugin/BugsnagNetworkRequestPlugin/include/BugsnagNetworkRequestPlugin/BugsnagNetworkRequestPlugin.h:7:9: fatal error: 'Foundation/Foundation.h' file not found
7 | #import <Foundation/Foundation.h>
| ^~~~~~~~~~~~~~~~~~~~~~~~~
[1/126] Compiling BugsnagNetworkRequestPlugin BugsnagNetworkRequestPlugin.m
In file included from /host/spi-builder-workspace/BugsnagNetworkRequestPlugin/BugsnagNetworkRequestPlugin/BugsnagInstrumentedHTTPRequest.m:7:
/host/spi-builder-workspace/BugsnagNetworkRequestPlugin/BugsnagNetworkRequestPlugin/include/BugsnagNetworkRequestPlugin/BugsnagInstrumentedHTTPRequest.h:8:9: fatal error: 'Foundation/Foundation.h' file not found
8 | #import <Foundation/Foundation.h>
| ^~~~~~~~~~~~~~~~~~~~~~~~~
[1/126] Compiling BugsnagNetworkRequestPlugin BugsnagInstrumentedHTTPRequest.m
In file included from /host/spi-builder-workspace/BugsnagNetworkRequestPlugin/BugsnagNetworkRequestPlugin/BSGURLSessionTracingDelegate.m:8:
/host/spi-builder-workspace/Bugsnag/include/Bugsnag/BugsnagError.h:9:9: fatal error: 'Foundation/Foundation.h' file not found
9 | #import <Foundation/Foundation.h>
| ^~~~~~~~~~~~~~~~~~~~~~~~~
[1/126] Compiling BugsnagNetworkRequestPlugin BSGURLSessionTracingDelegate.m
In file included from /host/spi-builder-workspace/BugsnagNetworkRequestPlugin/BugsnagNetworkRequestPlugin/NSURLSession+Tracing.m:9:
In file included from /host/spi-builder-workspace/BugsnagNetworkRequestPlugin/BugsnagNetworkRequestPlugin/BSGURLSessionTracingDelegate.h:8:
/host/spi-builder-workspace/Bugsnag/include/Bugsnag/Bugsnag.h:26:9: fatal error: 'Foundation/Foundation.h' file not found
26 | #import <Foundation/Foundation.h>
| ^~~~~~~~~~~~~~~~~~~~~~~~~
[1/126] Compiling BugsnagNetworkRequestPlugin NSURLSession+Tracing.m
BUILD FAILURE 6.2 linux