The Swift Package Index logo.Swift Package Index

Build Information

Failed to build Geotum, reference 1.4.1 (ecd8e8), with Swift 6.4 for Wasm on 15 Sep 2026 23:34:59 UTC.

Build Command

bash -c docker run --pull=always --rm -v "checkouts-54344847-0":/host -w "$PWD" -e JAVA_HOME="/root/.sdkman/candidates/java/current" -e SPI_BUILD="1" -e SPI_PROCESSING="1" registry.gitlab.com/saguaro1/spi-images:wasm-6.4-latest swift build --swift-sdk swift-6.4.x-DEVELOPMENT-SNAPSHOT-2026-09-04-a_wasm 2>&1

Build Log

========================================
RunAll
========================================
Builder version: 5.1.0
Interrupt handler set up.
========================================
Checkout
========================================
Clone URL: https://github.com/pducks32/Geotum.git
Reference: 1.4.1
Initialized empty Git repository in /host/spi-builder-workspace/.git/
hint: Using 'master' as the name for the initial branch. This default branch name
hint: is subject to change. To configure the initial branch name to use in all
hint: of your new repositories, which will suppress this warning, call:
hint:
hint: 	git config --global init.defaultBranch <name>
hint:
hint: Names commonly chosen instead of 'master' are 'main', 'trunk' and
hint: 'development'. The just-created branch can be renamed via this command:
hint:
hint: 	git branch -m <name>
From https://github.com/pducks32/Geotum
 * tag               1.4.1      -> FETCH_HEAD
HEAD is now at ecd8e81 Bump minor
Cloned https://github.com/pducks32/Geotum.git
Revision (git rev-parse @):
ecd8e81374fe417ff3d5d56cf7bd120f06242144
SUCCESS checkout https://github.com/pducks32/Geotum.git at 1.4.1
========================================
Build
========================================
Selected platform:         wasm
Swift version:             6.4
Building package at path:  $PWD
https://github.com/pducks32/Geotum.git
Running build ...
bash -c docker run --pull=always --rm -v "checkouts-54344847-0":/host -w "$PWD" -e JAVA_HOME="/root/.sdkman/candidates/java/current" -e SPI_BUILD="1" -e SPI_PROCESSING="1" registry.gitlab.com/saguaro1/spi-images:wasm-6.4-latest swift build --swift-sdk swift-6.4.x-DEVELOPMENT-SNAPSHOT-2026-09-04-a_wasm 2>&1
wasm-6.4-latest: Pulling from saguaro1/spi-images
Digest: sha256:4328fdb43c680d205c1d6761b1e3267aa38277eefdda9ddfb17b6a0f1a77857a
Status: Image is up to date for registry.gitlab.com/saguaro1/spi-images:wasm-6.4-latest
Building for debugging...
[Planning deferred tasks]
error: SwiftCompile normal wasm32 failed with a nonzero exit code. Command line:     cd /host

[20 / 28] Geotum
/host/spi-builder-workspace/Sources/Geotum/Geotum.swift:62:27: error: cannot find type 'Measurement' in scope
 60 | public struct LatLonCoordinate {
 61 |     public typealias Distance = LatLonCoordinate
 62 |     public let latitude : Measurement<UnitAngle>
    |                           `- error: cannot find type 'Measurement' in scope
 63 |     public let longitude : Measurement<UnitAngle>
 64 |
/host/spi-builder-workspace/Sources/Geotum/Geotum.swift:63:28: error: cannot find type 'Measurement' in scope
 61 |     public typealias Distance = LatLonCoordinate
 62 |     public let latitude : Measurement<UnitAngle>
 63 |     public let longitude : Measurement<UnitAngle>
    |                            `- error: cannot find type 'Measurement' in scope
 64 |
 65 |     public init(latitude : Measurement<UnitAngle>, longitude : Measurement<UnitAngle>) {
/host/spi-builder-workspace/Sources/Geotum/Geotum.swift:65:28: error: cannot find type 'Measurement' in scope
 63 |     public let longitude : Measurement<UnitAngle>
 64 |
 65 |     public init(latitude : Measurement<UnitAngle>, longitude : Measurement<UnitAngle>) {
    |                            `- error: cannot find type 'Measurement' in scope
 66 |         self.latitude = latitude
 67 |         self.longitude = longitude
/host/spi-builder-workspace/Sources/Geotum/Geotum.swift:65:64: error: cannot find type 'Measurement' in scope
 63 |     public let longitude : Measurement<UnitAngle>
 64 |
 65 |     public init(latitude : Measurement<UnitAngle>, longitude : Measurement<UnitAngle>) {
    |                                                                `- error: cannot find type 'Measurement' in scope
 66 |         self.latitude = latitude
 67 |         self.longitude = longitude
/host/spi-builder-workspace/Sources/Geotum/Geotum.swift:75:47: error: cannot find type 'UnitAngle' in scope
 73 |     }
 74 |
 75 |     mutating public func convert(to newUnit : UnitAngle) {
    |                                               `- error: cannot find type 'UnitAngle' in scope
 76 |         self = self.converted(to: newUnit)
 77 |     }
/host/spi-builder-workspace/Sources/Geotum/Geotum.swift:79:40: error: cannot find type 'UnitAngle' in scope
 77 |     }
 78 |
 79 |     public func converted(to newUnit : UnitAngle) -> LatLonCoordinate {
    |                                        `- error: cannot find type 'UnitAngle' in scope
 80 |         return LatLonCoordinate(latitude: latitude.converted(to: newUnit), longitude: longitude.converted(to: newUnit))
 81 |     }
/host/spi-builder-workspace/Sources/Geotum/Geotum.swift:168:48: error: cannot find type 'Measurement' in scope
166 | }
167 |
168 | public func abs<T : Dimension>(_ measurement : Measurement<T>) -> Measurement<T> {
    |                                                `- error: cannot find type 'Measurement' in scope
169 |     return Measurement<T>(value: abs(measurement.value), unit: measurement.unit)
170 | }
/host/spi-builder-workspace/Sources/Geotum/Geotum.swift:168:67: error: cannot find type 'Measurement' in scope
166 | }
167 |
168 | public func abs<T : Dimension>(_ measurement : Measurement<T>) -> Measurement<T> {
    |                                                                   `- error: cannot find type 'Measurement' in scope
169 |     return Measurement<T>(value: abs(measurement.value), unit: measurement.unit)
170 | }
/host/spi-builder-workspace/Sources/Geotum/Geotum.swift:168:21: error: cannot find type 'Dimension' in scope
166 | }
167 |
168 | public func abs<T : Dimension>(_ measurement : Measurement<T>) -> Measurement<T> {
    |                     `- error: cannot find type 'Dimension' in scope
169 |     return Measurement<T>(value: abs(measurement.value), unit: measurement.unit)
170 | }
/host/spi-builder-workspace/Sources/Geotum/Geotum.swift:179:54: error: cannot find type 'Measurement' in scope
177 |     }
178 |
179 |     private func centralMeridian(for zone : UInt) -> Measurement<UnitAngle> {
    |                                                      `- error: cannot find type 'Measurement' in scope
180 |         return Measurement<UnitAngle>(value: -183.0 + (Double(zone) * 6.0), unit: .degrees)
181 |     }
/host/spi-builder-workspace/Sources/Geotum/Geotum.swift:240:45: error: cannot find type 'Measurement' in scope
238 |     }
239 |
240 |     private func latitudeBand(at latitude : Measurement<UnitAngle>) -> String {
    |                                             `- error: cannot find type 'Measurement' in scope
241 |         let mgrsBands = ["C", "D", "E", "F", "G", "H", "J", "K", "L", "M", "N", "P", "Q", "R", "S", "T", "U", "V", "W", "X", "X"]
242 |         let index = Int(floor(latitude.converted(to: .degrees).value / 8 + 10))
Failed frontend command:
/usr/bin/swift-frontend -frontend -emit-module -experimental-skip-non-inlinable-function-bodies-without-types /host/spi-builder-workspace/Sources/Geotum/Geotum.swift -target wasm32-unknown-wasip1 -disable-objc-interop -sdk /root/.swiftpm/swift-sdks/swift-6.4.x-DEVELOPMENT-SNAPSHOT-2026-09-04-a_wasm.artifactbundle/swift-6.4.x-DEVELOPMENT-SNAPSHOT-2026-09-04-a_wasm/wasm32-unknown-wasip1/WASI.sdk -sysroot /root/.swiftpm/swift-sdks/swift-6.4.x-DEVELOPMENT-SNAPSHOT-2026-09-04-a_wasm.artifactbundle/swift-6.4.x-DEVELOPMENT-SNAPSHOT-2026-09-04-a_wasm/wasm32-unknown-wasip1/WASI.sdk -I /host/spi-builder-workspace/.build/out/Products/Debug-webassembly-wasm32 -module-cache-path /host/spi-builder-workspace/.build/out/ModuleCache.noindex -color-diagnostics -Xcc -fcolor-diagnostics -enable-testing -g -debug-info-format\=dwarf -dwarf-version\=4 -swift-version 4 -Onone -D SWIFT_PACKAGE -D DEBUG -D SWIFT_MODULE_RESOURCE_BUNDLE_UNAVAILABLE -D Xcode -serialize-debugging-options -enable-experimental-feature DebugDescriptionMacro -empty-abi-descriptor -external-plugin-path /usr/lib/swift/host/plugins/testing\#/usr/bin/swift-plugin-server -validate-clang-modules-once -clang-build-session-file /host/spi-builder-workspace/.build/out/ModuleCache.noindex/Session.modulevalidation -Xcc -working-directory -Xcc /host -resource-dir /root/.swiftpm/swift-sdks/swift-6.4.x-DEVELOPMENT-SNAPSHOT-2026-09-04-a_wasm.artifactbundle/swift-6.4.x-DEVELOPMENT-SNAPSHOT-2026-09-04-a_wasm/wasm32-unknown-wasip1/swift.xctoolchain/usr/lib/swift_static -use-static-resource-dir -enable-anonymous-context-mangled-names -file-compilation-dir /host -Xcc -resource-dir -Xcc /root/.swiftpm/swift-sdks/swift-6.4.x-DEVELOPMENT-SNAPSHOT-2026-09-04-a_wasm.artifactbundle/swift-6.4.x-DEVELOPMENT-SNAPSHOT-2026-09-04-a_wasm/wasm32-unknown-wasip1/swift.xctoolchain/usr/lib/swift_static/clang -Xcc -D_LIBCPP_HARDENING_MODE\=_LIBCPP_HARDENING_MODE_DEBUG -Xcc -fmodules-prune-interval\=86400 -Xcc -fmodules-prune-after\=345600 -Xcc -I/host/spi-builder-workspace/.build/out/Products/Debug-webassembly-wasm32/include -Xcc -I/host/spi-builder-workspace/.build/out/Intermediates.noindex/Geotum.build/Debug-webassembly-wasm32/Geotum-t.build/DerivedSources-normal/wasm32 -Xcc -I/host/spi-builder-workspace/.build/out/Intermediates.noindex/Geotum.build/Debug-webassembly-wasm32/Geotum-t.build/DerivedSources/wasm32 -Xcc -I/host/spi-builder-workspace/.build/out/Intermediates.noindex/Geotum.build/Debug-webassembly-wasm32/Geotum-t.build/DerivedSources -Xcc -DSWIFT_PACKAGE -Xcc -DDEBUG\=1 -no-auto-bridging-header-chaining -module-name Geotum -const-gather-protocols-file /host/spi-builder-workspace/.build/out/Intermediates.noindex/Geotum.build/Debug-webassembly-wasm32/Geotum-t.build/Objects-normal/wasm32/Geotum_const_extract_protocols.json -in-process-plugin-server-path /usr/lib/swift/host/libSwiftInProcPluginServer.so -plugin-path /usr/lib/swift/host/plugins -plugin-path /usr/local/lib/swift/host/plugins -emit-module-doc-path /host/spi-builder-workspace/.build/out/Intermediates.noindex/Geotum.build/Debug-webassembly-wasm32/Geotum-t.build/Objects-normal/wasm32/Modules/Geotum.swiftdoc -emit-module-source-info-path /host/spi-builder-workspace/.build/out/Intermediates.noindex/Geotum.build/Debug-webassembly-wasm32/Geotum-t.build/Objects-normal/wasm32/Modules/Geotum.swiftsourceinfo -emit-objc-header-path /host/spi-builder-workspace/.build/out/Intermediates.noindex/Geotum.build/Debug-webassembly-wasm32/Geotum-t.build/Objects-normal/wasm32/Geotum-Swift.h -serialize-diagnostics-path /host/spi-builder-workspace/.build/out/Intermediates.noindex/Geotum.build/Debug-webassembly-wasm32/Geotum-t.build/Objects-normal/wasm32/Geotum-primary-emit-module.dia -emit-dependencies-path /host/spi-builder-workspace/.build/out/Intermediates.noindex/Geotum.build/Debug-webassembly-wasm32/Geotum-t.build/Objects-normal/wasm32/Geotum-primary-emit-module.d -parse-as-library -o /host/spi-builder-workspace/.build/out/Intermediates.noindex/Geotum.build/Debug-webassembly-wasm32/Geotum-t.build/Objects-normal/wasm32/Modules/Geotum.swiftmodule
error: Build failed
BUILD FAILURE 6.4 wasm