Build Information
Failed to build ToastSwiftUI, reference main (21063b), with Swift 6.4 for watchOS using Xcode 27.0 on 23 Sep 2026 18:01:06 UTC.
Build Command
env DEVELOPER_DIR=/Applications/Xcode-27.0.0-Release.Candidate.app xcrun xcodebuild -IDEClonedSourcePackagesDirPathOverride=$PWD/.dependencies -skipMacroValidation -skipPackagePluginValidation -derivedDataPath $PWD/.derivedData build -scheme ToastSwiftUI -destination generic/platform=watchOSBuild Log
========================================
RunAll
========================================
Builder version: 5.1.0
Interrupt handler set up.
========================================
Checkout
========================================
Clone URL: https://github.com/telhawasim/toast-swiftui.git
Reference: main
Initialized empty Git repository in /Users/admin/builder/spi-builder-workspace/.git/
From https://github.com/telhawasim/toast-swiftui
* branch main -> FETCH_HEAD
* [new branch] main -> origin/main
HEAD is now at 21063b5 Update README.md
Cloned https://github.com/telhawasim/toast-swiftui.git
Revision (git rev-parse @):
21063b5f7588a532fbfc79250f2c9ef9adc33661
SUCCESS checkout https://github.com/telhawasim/toast-swiftui.git at main
========================================
Build
========================================
Selected platform: watchOS
Swift version: 6.4
Building package at path: $PWD
https://github.com/telhawasim/toast-swiftui.git
Command line invocation:
/Applications/Xcode-27.0.0-Release.Candidate.app/Contents/Developer/usr/bin/xcodebuild -IDEClonedSourcePackagesDirPathOverride=/Users/admin/builder/spi-builder-workspace/.dependencies -resolvePackageDependencies
Resolve Package Graph
Resolve Package Graph
Resolved source packages:
ToastSwiftUI: /Users/admin/builder/spi-builder-workspace
resolved source packages: ToastSwiftUI
2026-09-23 14:00:22.567 xcodebuild[529:3033] [MT] IDERunDestination: Supported platforms for the buildables in the current scheme is empty.
{
"dependencies" : [
],
"manifest_display_name" : "ToastSwiftUI",
"name" : "ToastSwiftUI",
"path" : "/Users/admin/builder/spi-builder-workspace",
"platforms" : [
{
"name" : "ios",
"version" : "18.0"
}
],
"products" : [
{
"name" : "ToastSwiftUI",
"targets" : [
"ToastSwiftUI"
],
"type" : {
"library" : [
"automatic"
]
}
}
],
"targets" : [
{
"c99name" : "ToastSwiftUI",
"module_type" : "SwiftTarget",
"name" : "ToastSwiftUI",
"path" : "Sources/ToastSwiftUI",
"product_memberships" : [
"ToastSwiftUI"
],
"sources" : [
"Models/ToastItem.swift",
"Models/ToastPosition.swift",
"Models/ToastTime.swift",
"PassThroughWindow.swift",
"RootView.swift",
"Toast.swift",
"ToastGroup.swift",
"ToastView.swift"
],
"type" : "library"
}
],
"tools_version" : "6.2"
}
{
"workspace" : {
"name" : "ToastSwiftUI",
"schemes" : [
"ToastSwiftUI"
]
}
}
2026-09-23 14:00:54.639 xcodebuild[626:3831] [MT] IDERunDestination: Supported platforms for the buildables in the current scheme is empty.
Running build ...
env DEVELOPER_DIR=/Applications/Xcode-27.0.0-Release.Candidate.app xcrun xcodebuild -IDEClonedSourcePackagesDirPathOverride=$PWD/.dependencies -skipMacroValidation -skipPackagePluginValidation -derivedDataPath $PWD/.derivedData build -scheme ToastSwiftUI -destination generic/platform=watchOS
Command line invocation:
/Applications/Xcode-27.0.0-Release.Candidate.app/Contents/Developer/usr/bin/xcodebuild -IDEClonedSourcePackagesDirPathOverride=/Users/admin/builder/spi-builder-workspace/.dependencies -skipMacroValidation -skipPackagePluginValidation -derivedDataPath /Users/admin/builder/spi-builder-workspace/.derivedData build -scheme ToastSwiftUI -destination generic/platform=watchOS
Resolve Package Graph
Resolved source packages:
ToastSwiftUI: /Users/admin/builder/spi-builder-workspace
ComputePackagePrebuildTargetDependencyGraph
Prepare packages
CreateBuildRequest
SendProjectDescription
CreateBuildOperation
ComputeTargetDependencyGraph
note: Building targets in dependency order
note: Target dependency graph (2 targets)
Target 'ToastSwiftUI-product' in project 'ToastSwiftUI'
➜ Explicit dependency on target 'ToastSwiftUI' in project 'ToastSwiftUI'
Target 'ToastSwiftUI' in project 'ToastSwiftUI' (no dependencies)
GatherProvisioningInputs
CreateBuildDescription
ExecuteExternalTool /Applications/Xcode-27.0.0-Release.Candidate.app/Contents/Developer/Toolchains/XcodeDefault.xctoolchain/usr/bin/clang -v -E -dM -isysroot /Applications/Xcode-27.0.0-Release.Candidate.app/Contents/Developer/Platforms/WatchOS.platform/Developer/SDKs/WatchOS27.0.sdk -x c -c /dev/null
ExecuteExternalTool /Applications/Xcode-27.0.0-Release.Candidate.app/Contents/Developer/Toolchains/XcodeDefault.xctoolchain/usr/bin/swiftc --version
ExecuteExternalTool /Applications/Xcode-27.0.0-Release.Candidate.app/Contents/Developer/Toolchains/XcodeDefault.xctoolchain/usr/bin/ld -version_details
Build description signature: 172751d52de7a27bc4e81330b22300ff
Build description path: /Users/admin/builder/spi-builder-workspace/.derivedData/Build/Intermediates.noindex/XCBuildData/172751d52de7a27bc4e81330b22300ff.xcbuilddata
CreateBuildDirectory /Users/admin/builder/spi-builder-workspace/.derivedData/SDKExplicitPrecompiledModules
cd /Users/admin/builder/spi-builder-workspace/.swiftpm/xcode
builtin-create-build-directory /Users/admin/builder/spi-builder-workspace/.derivedData/SDKExplicitPrecompiledModules
CreateBuildDirectory /Users/admin/builder/spi-builder-workspace/.derivedData/ModuleCache.noindex
cd /Users/admin/builder/spi-builder-workspace/.swiftpm/xcode
builtin-create-build-directory /Users/admin/builder/spi-builder-workspace/.derivedData/ModuleCache.noindex
CreateBuildDirectory /Users/admin/builder/spi-builder-workspace/.derivedData/CompilationCache.noindex
cd /Users/admin/builder/spi-builder-workspace/.swiftpm/xcode
builtin-create-build-directory /Users/admin/builder/spi-builder-workspace/.derivedData/CompilationCache.noindex
ClangStatCache /Applications/Xcode-27.0.0-Release.Candidate.app/Contents/Developer/Toolchains/XcodeDefault.xctoolchain/usr/bin/clang-stat-cache /Applications/Xcode-27.0.0-Release.Candidate.app/Contents/Developer/Platforms/WatchOS.platform/Developer/SDKs/WatchOS27.0.sdk /Users/admin/builder/spi-builder-workspace/.derivedData/SDKStatCaches.noindex/watchos27.0-24R360-e829b21a6f8c9b70876ba0858053c04477534ef55a1706bf4c1112bbb242f0a2.sdkstatcache
cd /Users/admin/builder/spi-builder-workspace/.swiftpm/xcode
/Applications/Xcode-27.0.0-Release.Candidate.app/Contents/Developer/Toolchains/XcodeDefault.xctoolchain/usr/bin/clang-stat-cache /Applications/Xcode-27.0.0-Release.Candidate.app/Contents/Developer/Platforms/WatchOS.platform/Developer/SDKs/WatchOS27.0.sdk -o /Users/admin/builder/spi-builder-workspace/.derivedData/SDKStatCaches.noindex/watchos27.0-24R360-e829b21a6f8c9b70876ba0858053c04477534ef55a1706bf4c1112bbb242f0a2.sdkstatcache
CreateBuildDirectory /Users/admin/builder/spi-builder-workspace/.derivedData/Build/Intermediates.noindex
cd /Users/admin/builder/spi-builder-workspace/.swiftpm/xcode
builtin-create-build-directory /Users/admin/builder/spi-builder-workspace/.derivedData/Build/Intermediates.noindex
CreateBuildDirectory /Users/admin/builder/spi-builder-workspace/.derivedData/Build/Products
cd /Users/admin/builder/spi-builder-workspace/.swiftpm/xcode
builtin-create-build-directory /Users/admin/builder/spi-builder-workspace/.derivedData/Build/Products
CreateBuildDirectory /Users/admin/builder/spi-builder-workspace/.derivedData/Build/Intermediates.noindex/PrecompiledHeaders
cd /Users/admin/builder/spi-builder-workspace/.swiftpm/xcode
builtin-create-build-directory /Users/admin/builder/spi-builder-workspace/.derivedData/Build/Intermediates.noindex/PrecompiledHeaders
CreateBuildDirectory /Users/admin/builder/spi-builder-workspace/.derivedData/Build/Intermediates.noindex/SwiftExplicitPrecompiledModules
cd /Users/admin/builder/spi-builder-workspace/.swiftpm/xcode
builtin-create-build-directory /Users/admin/builder/spi-builder-workspace/.derivedData/Build/Intermediates.noindex/SwiftExplicitPrecompiledModules
CreateBuildDirectory /Users/admin/builder/spi-builder-workspace/.derivedData/Build/Intermediates.noindex/ExplicitPrecompiledModules
cd /Users/admin/builder/spi-builder-workspace/.swiftpm/xcode
builtin-create-build-directory /Users/admin/builder/spi-builder-workspace/.derivedData/Build/Intermediates.noindex/ExplicitPrecompiledModules
CreateBuildDirectory /Users/admin/builder/spi-builder-workspace/.derivedData/Build/Intermediates.noindex/EagerLinkingTBDs/Debug-watchos
cd /Users/admin/builder/spi-builder-workspace/.swiftpm/xcode
builtin-create-build-directory /Users/admin/builder/spi-builder-workspace/.derivedData/Build/Intermediates.noindex/EagerLinkingTBDs/Debug-watchos
CreateBuildDirectory /Users/admin/builder/spi-builder-workspace/.derivedData/Build/Products/Debug-watchos
cd /Users/admin/builder/spi-builder-workspace/.swiftpm/xcode
builtin-create-build-directory /Users/admin/builder/spi-builder-workspace/.derivedData/Build/Products/Debug-watchos
CreateBuildDirectory /Users/admin/builder/spi-builder-workspace/.derivedData/Build/Products/Debug-watchos/PackageFrameworks
cd /Users/admin/builder/spi-builder-workspace/.swiftpm/xcode
builtin-create-build-directory /Users/admin/builder/spi-builder-workspace/.derivedData/Build/Products/Debug-watchos/PackageFrameworks
WriteAuxiliaryFile /Users/admin/builder/spi-builder-workspace/.derivedData/Build/Intermediates.noindex/ToastSwiftUI.build/Debug-watchos/ToastSwiftUI-t.build/ToastSwiftUI.DependencyStaticMetadataFileList (in target 'ToastSwiftUI' from project 'ToastSwiftUI')
cd /Users/admin/builder/spi-builder-workspace
write-file /Users/admin/builder/spi-builder-workspace/.derivedData/Build/Intermediates.noindex/ToastSwiftUI.build/Debug-watchos/ToastSwiftUI-t.build/ToastSwiftUI.DependencyStaticMetadataFileList
WriteAuxiliaryFile /Users/admin/builder/spi-builder-workspace/.derivedData/Build/Intermediates.noindex/ToastSwiftUI.build/Debug-watchos/ToastSwiftUI-t.build/ToastSwiftUI.modulemap (in target 'ToastSwiftUI' from project 'ToastSwiftUI')
cd /Users/admin/builder/spi-builder-workspace
write-file /Users/admin/builder/spi-builder-workspace/.derivedData/Build/Intermediates.noindex/ToastSwiftUI.build/Debug-watchos/ToastSwiftUI-t.build/ToastSwiftUI.modulemap
WriteAuxiliaryFile /Users/admin/builder/spi-builder-workspace/.derivedData/Build/Intermediates.noindex/ToastSwiftUI.build/Debug-watchos/ToastSwiftUI-t.build/ToastSwiftUI.DependencyMetadataFileList (in target 'ToastSwiftUI' from project 'ToastSwiftUI')
cd /Users/admin/builder/spi-builder-workspace
write-file /Users/admin/builder/spi-builder-workspace/.derivedData/Build/Intermediates.noindex/ToastSwiftUI.build/Debug-watchos/ToastSwiftUI-t.build/ToastSwiftUI.DependencyMetadataFileList
WriteAuxiliaryFile /Users/admin/builder/spi-builder-workspace/.derivedData/Build/Intermediates.noindex/ToastSwiftUI.build/Debug-watchos/ToastSwiftUI-t.build/Objects-normal/arm64_32/ToastSwiftUI.LinkFileList (in target 'ToastSwiftUI' from project 'ToastSwiftUI')
cd /Users/admin/builder/spi-builder-workspace
write-file /Users/admin/builder/spi-builder-workspace/.derivedData/Build/Intermediates.noindex/ToastSwiftUI.build/Debug-watchos/ToastSwiftUI-t.build/Objects-normal/arm64_32/ToastSwiftUI.LinkFileList
WriteAuxiliaryFile /Users/admin/builder/spi-builder-workspace/.derivedData/Build/Intermediates.noindex/ToastSwiftUI.build/Debug-watchos/ToastSwiftUI-t.build/Objects-normal/arm64_32/ToastSwiftUI.SwiftConstValuesFileList (in target 'ToastSwiftUI' from project 'ToastSwiftUI')
cd /Users/admin/builder/spi-builder-workspace
write-file /Users/admin/builder/spi-builder-workspace/.derivedData/Build/Intermediates.noindex/ToastSwiftUI.build/Debug-watchos/ToastSwiftUI-t.build/Objects-normal/arm64_32/ToastSwiftUI.SwiftConstValuesFileList
WriteAuxiliaryFile /Users/admin/builder/spi-builder-workspace/.derivedData/Build/Intermediates.noindex/ToastSwiftUI.build/Debug-watchos/ToastSwiftUI-t.build/Objects-normal/arm64_32/ToastSwiftUI-OutputFileMap.json (in target 'ToastSwiftUI' from project 'ToastSwiftUI')
cd /Users/admin/builder/spi-builder-workspace
write-file /Users/admin/builder/spi-builder-workspace/.derivedData/Build/Intermediates.noindex/ToastSwiftUI.build/Debug-watchos/ToastSwiftUI-t.build/Objects-normal/arm64_32/ToastSwiftUI-OutputFileMap.json
WriteAuxiliaryFile /Users/admin/builder/spi-builder-workspace/.derivedData/Build/Intermediates.noindex/ToastSwiftUI.build/Debug-watchos/ToastSwiftUI-t.build/Objects-normal/arm64_32/ToastSwiftUI_const_extract_protocols.json (in target 'ToastSwiftUI' from project 'ToastSwiftUI')
cd /Users/admin/builder/spi-builder-workspace
write-file /Users/admin/builder/spi-builder-workspace/.derivedData/Build/Intermediates.noindex/ToastSwiftUI.build/Debug-watchos/ToastSwiftUI-t.build/Objects-normal/arm64_32/ToastSwiftUI_const_extract_protocols.json
WriteAuxiliaryFile /Users/admin/builder/spi-builder-workspace/.derivedData/Build/Intermediates.noindex/ToastSwiftUI.build/Debug-watchos/ToastSwiftUI-t.build/Objects-normal/arm64_32/ToastSwiftUI.SwiftFileList (in target 'ToastSwiftUI' from project 'ToastSwiftUI')
cd /Users/admin/builder/spi-builder-workspace
write-file /Users/admin/builder/spi-builder-workspace/.derivedData/Build/Intermediates.noindex/ToastSwiftUI.build/Debug-watchos/ToastSwiftUI-t.build/Objects-normal/arm64_32/ToastSwiftUI.SwiftFileList
WriteAuxiliaryFile /Users/admin/builder/spi-builder-workspace/.derivedData/Build/Intermediates.noindex/ToastSwiftUI.build/Debug-watchos/ToastSwiftUI-t.build/Objects-normal/arm64/ToastSwiftUI_const_extract_protocols.json (in target 'ToastSwiftUI' from project 'ToastSwiftUI')
cd /Users/admin/builder/spi-builder-workspace
write-file /Users/admin/builder/spi-builder-workspace/.derivedData/Build/Intermediates.noindex/ToastSwiftUI.build/Debug-watchos/ToastSwiftUI-t.build/Objects-normal/arm64/ToastSwiftUI_const_extract_protocols.json
WriteAuxiliaryFile /Users/admin/builder/spi-builder-workspace/.derivedData/Build/Intermediates.noindex/ToastSwiftUI.build/Debug-watchos/ToastSwiftUI-t.build/Objects-normal/arm64/ToastSwiftUI.SwiftFileList (in target 'ToastSwiftUI' from project 'ToastSwiftUI')
cd /Users/admin/builder/spi-builder-workspace
write-file /Users/admin/builder/spi-builder-workspace/.derivedData/Build/Intermediates.noindex/ToastSwiftUI.build/Debug-watchos/ToastSwiftUI-t.build/Objects-normal/arm64/ToastSwiftUI.SwiftFileList
WriteAuxiliaryFile /Users/admin/builder/spi-builder-workspace/.derivedData/Build/Intermediates.noindex/ToastSwiftUI.build/Debug-watchos/ToastSwiftUI-t.build/Objects-normal/arm64/ToastSwiftUI.LinkFileList (in target 'ToastSwiftUI' from project 'ToastSwiftUI')
cd /Users/admin/builder/spi-builder-workspace
write-file /Users/admin/builder/spi-builder-workspace/.derivedData/Build/Intermediates.noindex/ToastSwiftUI.build/Debug-watchos/ToastSwiftUI-t.build/Objects-normal/arm64/ToastSwiftUI.LinkFileList
WriteAuxiliaryFile /Users/admin/builder/spi-builder-workspace/.derivedData/Build/Intermediates.noindex/ToastSwiftUI.build/Debug-watchos/ToastSwiftUI-t.build/Objects-normal/arm64/ToastSwiftUI.SwiftConstValuesFileList (in target 'ToastSwiftUI' from project 'ToastSwiftUI')
cd /Users/admin/builder/spi-builder-workspace
write-file /Users/admin/builder/spi-builder-workspace/.derivedData/Build/Intermediates.noindex/ToastSwiftUI.build/Debug-watchos/ToastSwiftUI-t.build/Objects-normal/arm64/ToastSwiftUI.SwiftConstValuesFileList
WriteAuxiliaryFile /Users/admin/builder/spi-builder-workspace/.derivedData/Build/Intermediates.noindex/ToastSwiftUI.build/Debug-watchos/ToastSwiftUI-t.build/Objects-normal/arm64/ToastSwiftUI-OutputFileMap.json (in target 'ToastSwiftUI' from project 'ToastSwiftUI')
cd /Users/admin/builder/spi-builder-workspace
write-file /Users/admin/builder/spi-builder-workspace/.derivedData/Build/Intermediates.noindex/ToastSwiftUI.build/Debug-watchos/ToastSwiftUI-t.build/Objects-normal/arm64/ToastSwiftUI-OutputFileMap.json
Copy /Users/admin/builder/spi-builder-workspace/.derivedData/Build/Intermediates.noindex/GeneratedModuleMaps-watchos/ToastSwiftUI.modulemap /Users/admin/builder/spi-builder-workspace/.derivedData/Build/Intermediates.noindex/ToastSwiftUI.build/Debug-watchos/ToastSwiftUI-t.build/ToastSwiftUI.modulemap (in target 'ToastSwiftUI' from project 'ToastSwiftUI')
cd /Users/admin/builder/spi-builder-workspace
builtin-copy -exclude .DS_Store -exclude CVS -exclude .svn -exclude .git -exclude .hg -resolve-src-symlinks /Users/admin/builder/spi-builder-workspace/.derivedData/Build/Intermediates.noindex/ToastSwiftUI.build/Debug-watchos/ToastSwiftUI-t.build/ToastSwiftUI.modulemap /Users/admin/builder/spi-builder-workspace/.derivedData/Build/Intermediates.noindex/GeneratedModuleMaps-watchos
SwiftDriver ToastSwiftUI normal arm64_32 com.apple.xcode.tools.swift.compiler (in target 'ToastSwiftUI' from project 'ToastSwiftUI')
cd /Users/admin/builder/spi-builder-workspace/.swiftpm/xcode
builtin-SwiftDriver -- /Applications/Xcode-27.0.0-Release.Candidate.app/Contents/Developer/Toolchains/XcodeDefault.xctoolchain/usr/bin/swiftc -parse-as-library -module-name ToastSwiftUI -Onone @/Users/admin/builder/spi-builder-workspace/.derivedData/Build/Intermediates.noindex/ToastSwiftUI.build/Debug-watchos/ToastSwiftUI-t.build/Objects-normal/arm64_32/ToastSwiftUI.SwiftFileList -DSWIFT_PACKAGE -DDEBUG -DSWIFT_MODULE_RESOURCE_BUNDLE_UNAVAILABLE -DXcode -plugin-path /Applications/Xcode-27.0.0-Release.Candidate.app/Contents/Developer/Toolchains/XcodeDefault.xctoolchain/usr/lib/swift/host/plugins/testing -enable-experimental-feature DebugDescriptionMacro -sdk /Applications/Xcode-27.0.0-Release.Candidate.app/Contents/Developer/Platforms/WatchOS.platform/Developer/SDKs/WatchOS27.0.sdk -target arm64_32-apple-watchos11.0 -g -module-cache-path /Users/admin/builder/spi-builder-workspace/.derivedData/ModuleCache.noindex -Xfrontend -serialize-debugging-options -enable-testing -index-store-path /Users/admin/builder/spi-builder-workspace/.derivedData/Index.noindex/DataStore -Xcc -D_LIBCPP_HARDENING_MODE\=_LIBCPP_HARDENING_MODE_DEBUG -swift-version 6 -I /Users/admin/builder/spi-builder-workspace/.derivedData/Build/Products/Debug-watchos -Isystem /Applications/Xcode-27.0.0-Release.Candidate.app/Contents/Developer/Platforms/WatchOS.platform/Developer/usr/lib -F /Users/admin/builder/spi-builder-workspace/.derivedData/Build/Products/Debug-watchos -F /Applications/Xcode-27.0.0-Release.Candidate.app/Contents/Developer/Platforms/WatchOS.platform/Developer/Library/Frameworks -F /Applications/Xcode-27.0.0-Release.Candidate.app/Contents/Developer/Platforms/WatchOS.platform/Developer/SDKs/WatchOS27.0.sdk/Developer/Library/Frameworks -c -j10 -enable-batch-mode -incremental -Xcc -ivfsstatcache -Xcc /Users/admin/builder/spi-builder-workspace/.derivedData/SDKStatCaches.noindex/watchos27.0-24R360-e829b21a6f8c9b70876ba0858053c04477534ef55a1706bf4c1112bbb242f0a2.sdkstatcache -output-file-map /Users/admin/builder/spi-builder-workspace/.derivedData/Build/Intermediates.noindex/ToastSwiftUI.build/Debug-watchos/ToastSwiftUI-t.build/Objects-normal/arm64_32/ToastSwiftUI-OutputFileMap.json -save-temps -no-color-diagnostics -explicit-module-build -module-cache-path /Users/admin/builder/spi-builder-workspace/.derivedData/Build/Intermediates.noindex/SwiftExplicitPrecompiledModules -clang-scanner-module-cache-path /Users/admin/builder/spi-builder-workspace/.derivedData/ModuleCache.noindex -sdk-module-cache-path /Users/admin/builder/spi-builder-workspace/.derivedData/SDKExplicitPrecompiledModules -emit-dependencies -emit-module -emit-module-path /Users/admin/builder/spi-builder-workspace/.derivedData/Build/Intermediates.noindex/ToastSwiftUI.build/Debug-watchos/ToastSwiftUI-t.build/Objects-normal/arm64_32/ToastSwiftUI.swiftmodule -serialize-diagnostics -dependency-scan-serialize-diagnostics-path /Users/admin/builder/spi-builder-workspace/.derivedData/Build/Intermediates.noindex/ToastSwiftUI.build/Debug-watchos/ToastSwiftUI-t.build/Objects-normal/arm64_32/ToastSwiftUI-dependency-scan.dia -validate-clang-modules-once -clang-build-session-file /Users/admin/builder/spi-builder-workspace/.derivedData/ModuleCache.noindex/Session.modulevalidation -Xcc -fmodules-prune-interval\=86400 -Xcc -fmodules-prune-after\=345600 -package-name spi_builder_workspace -emit-const-values -const-gather-protocols-list /Users/admin/builder/spi-builder-workspace/.derivedData/Build/Intermediates.noindex/ToastSwiftUI.build/Debug-watchos/ToastSwiftUI-t.build/Objects-normal/arm64_32/ToastSwiftUI_const_extract_protocols.json -Xcc -I/Users/admin/builder/spi-builder-workspace/.derivedData/Build/Products/Debug-watchos/include -Xcc -I/Users/admin/builder/spi-builder-workspace/.derivedData/Build/Intermediates.noindex/ToastSwiftUI.build/Debug-watchos/ToastSwiftUI-t.build/DerivedSources-normal/arm64_32 -Xcc -I/Users/admin/builder/spi-builder-workspace/.derivedData/Build/Intermediates.noindex/ToastSwiftUI.build/Debug-watchos/ToastSwiftUI-t.build/DerivedSources/arm64_32 -Xcc -I/Users/admin/builder/spi-builder-workspace/.derivedData/Build/Intermediates.noindex/ToastSwiftUI.build/Debug-watchos/ToastSwiftUI-t.build/DerivedSources -Xcc -DSWIFT_PACKAGE -Xcc -DDEBUG\=1 -emit-objc-header -emit-objc-header-path /Users/admin/builder/spi-builder-workspace/.derivedData/Build/Intermediates.noindex/ToastSwiftUI.build/Debug-watchos/ToastSwiftUI-t.build/Objects-normal/arm64_32/ToastSwiftUI-Swift.h -working-directory /Users/admin/builder/spi-builder-workspace/.swiftpm/xcode -experimental-emit-module-separately -disable-cmo
SwiftDriver ToastSwiftUI normal arm64 com.apple.xcode.tools.swift.compiler (in target 'ToastSwiftUI' from project 'ToastSwiftUI')
cd /Users/admin/builder/spi-builder-workspace/.swiftpm/xcode
builtin-SwiftDriver -- /Applications/Xcode-27.0.0-Release.Candidate.app/Contents/Developer/Toolchains/XcodeDefault.xctoolchain/usr/bin/swiftc -parse-as-library -module-name ToastSwiftUI -Onone @/Users/admin/builder/spi-builder-workspace/.derivedData/Build/Intermediates.noindex/ToastSwiftUI.build/Debug-watchos/ToastSwiftUI-t.build/Objects-normal/arm64/ToastSwiftUI.SwiftFileList -DSWIFT_PACKAGE -DDEBUG -DSWIFT_MODULE_RESOURCE_BUNDLE_UNAVAILABLE -DXcode -plugin-path /Applications/Xcode-27.0.0-Release.Candidate.app/Contents/Developer/Toolchains/XcodeDefault.xctoolchain/usr/lib/swift/host/plugins/testing -enable-experimental-feature DebugDescriptionMacro -sdk /Applications/Xcode-27.0.0-Release.Candidate.app/Contents/Developer/Platforms/WatchOS.platform/Developer/SDKs/WatchOS27.0.sdk -target arm64-apple-watchos11.0 -g -module-cache-path /Users/admin/builder/spi-builder-workspace/.derivedData/ModuleCache.noindex -Xfrontend -serialize-debugging-options -enable-testing -index-store-path /Users/admin/builder/spi-builder-workspace/.derivedData/Index.noindex/DataStore -Xcc -D_LIBCPP_HARDENING_MODE\=_LIBCPP_HARDENING_MODE_DEBUG -swift-version 6 -I /Users/admin/builder/spi-builder-workspace/.derivedData/Build/Products/Debug-watchos -Isystem /Applications/Xcode-27.0.0-Release.Candidate.app/Contents/Developer/Platforms/WatchOS.platform/Developer/usr/lib -F /Users/admin/builder/spi-builder-workspace/.derivedData/Build/Products/Debug-watchos -F /Applications/Xcode-27.0.0-Release.Candidate.app/Contents/Developer/Platforms/WatchOS.platform/Developer/Library/Frameworks -F /Applications/Xcode-27.0.0-Release.Candidate.app/Contents/Developer/Platforms/WatchOS.platform/Developer/SDKs/WatchOS27.0.sdk/Developer/Library/Frameworks -c -j10 -enable-batch-mode -incremental -Xcc -ivfsstatcache -Xcc /Users/admin/builder/spi-builder-workspace/.derivedData/SDKStatCaches.noindex/watchos27.0-24R360-e829b21a6f8c9b70876ba0858053c04477534ef55a1706bf4c1112bbb242f0a2.sdkstatcache -output-file-map /Users/admin/builder/spi-builder-workspace/.derivedData/Build/Intermediates.noindex/ToastSwiftUI.build/Debug-watchos/ToastSwiftUI-t.build/Objects-normal/arm64/ToastSwiftUI-OutputFileMap.json -save-temps -no-color-diagnostics -explicit-module-build -module-cache-path /Users/admin/builder/spi-builder-workspace/.derivedData/Build/Intermediates.noindex/SwiftExplicitPrecompiledModules -clang-scanner-module-cache-path /Users/admin/builder/spi-builder-workspace/.derivedData/ModuleCache.noindex -sdk-module-cache-path /Users/admin/builder/spi-builder-workspace/.derivedData/SDKExplicitPrecompiledModules -emit-dependencies -emit-module -emit-module-path /Users/admin/builder/spi-builder-workspace/.derivedData/Build/Intermediates.noindex/ToastSwiftUI.build/Debug-watchos/ToastSwiftUI-t.build/Objects-normal/arm64/ToastSwiftUI.swiftmodule -serialize-diagnostics -dependency-scan-serialize-diagnostics-path /Users/admin/builder/spi-builder-workspace/.derivedData/Build/Intermediates.noindex/ToastSwiftUI.build/Debug-watchos/ToastSwiftUI-t.build/Objects-normal/arm64/ToastSwiftUI-dependency-scan.dia -validate-clang-modules-once -clang-build-session-file /Users/admin/builder/spi-builder-workspace/.derivedData/ModuleCache.noindex/Session.modulevalidation -Xcc -fmodules-prune-interval\=86400 -Xcc -fmodules-prune-after\=345600 -package-name spi_builder_workspace -emit-const-values -const-gather-protocols-list /Users/admin/builder/spi-builder-workspace/.derivedData/Build/Intermediates.noindex/ToastSwiftUI.build/Debug-watchos/ToastSwiftUI-t.build/Objects-normal/arm64/ToastSwiftUI_const_extract_protocols.json -Xcc -I/Users/admin/builder/spi-builder-workspace/.derivedData/Build/Products/Debug-watchos/include -Xcc -I/Users/admin/builder/spi-builder-workspace/.derivedData/Build/Intermediates.noindex/ToastSwiftUI.build/Debug-watchos/ToastSwiftUI-t.build/DerivedSources-normal/arm64 -Xcc -I/Users/admin/builder/spi-builder-workspace/.derivedData/Build/Intermediates.noindex/ToastSwiftUI.build/Debug-watchos/ToastSwiftUI-t.build/DerivedSources/arm64 -Xcc -I/Users/admin/builder/spi-builder-workspace/.derivedData/Build/Intermediates.noindex/ToastSwiftUI.build/Debug-watchos/ToastSwiftUI-t.build/DerivedSources -Xcc -DSWIFT_PACKAGE -Xcc -DDEBUG\=1 -emit-objc-header -emit-objc-header-path /Users/admin/builder/spi-builder-workspace/.derivedData/Build/Intermediates.noindex/ToastSwiftUI.build/Debug-watchos/ToastSwiftUI-t.build/Objects-normal/arm64/ToastSwiftUI-Swift.h -working-directory /Users/admin/builder/spi-builder-workspace/.swiftpm/xcode -experimental-emit-module-separately -disable-cmo
SwiftExplicitDependencyGeneratePcm arm64_32 /Users/admin/builder/spi-builder-workspace/.derivedData/SDKExplicitPrecompiledModules/ptrcheck-EAZ3I917ZFA9H6ZCL6PGLG4TR.pcm
SwiftExplicitDependencyGeneratePcm arm64_32 /Users/admin/builder/spi-builder-workspace/.derivedData/SDKExplicitPrecompiledModules/_AvailabilityInternal-22ZP1ILSQW16KHXZS5GBZHOCS.pcm
SwiftExplicitDependencyGeneratePcm arm64_32 /Users/admin/builder/spi-builder-workspace/.derivedData/SDKExplicitPrecompiledModules/ptrauth-EW7YZZ7LEZE1QZF2T8148IPSA.pcm
SwiftExplicitDependencyGeneratePcm arm64_32 /Users/admin/builder/spi-builder-workspace/.derivedData/SDKExplicitPrecompiledModules/_Builtin_stdarg-EYJP6DFYQL9GJLH1TJ84A8MHV.pcm
SwiftExplicitDependencyGeneratePcm arm64_32 /Users/admin/builder/spi-builder-workspace/.derivedData/SDKExplicitPrecompiledModules/_SwiftConcurrencyShims-58G4ISYSYDV3AT1DDGEE0QCUF.pcm
SwiftExplicitDependencyGeneratePcm arm64_32 /Users/admin/builder/spi-builder-workspace/.derivedData/SDKExplicitPrecompiledModules/SwiftShims-D9VBB138U50XYYGW2C2V21N3L.pcm
SwiftExplicitDependencyGeneratePcm arm64_32 /Users/admin/builder/spi-builder-workspace/.derivedData/SDKExplicitPrecompiledModules/_Builtin_stddef-2F9BFIPBQ5EWNSK5G7G7V4EKL.pcm
SwiftExplicitDependencyGeneratePcm arm64_32 /Users/admin/builder/spi-builder-workspace/.derivedData/SDKExplicitPrecompiledModules/DeveloperToolsSupport-3FQKKPF3BW0SWE1YUZ86OZWIB.pcm
SwiftExplicitDependencyGeneratePcm arm64_32 /Users/admin/builder/spi-builder-workspace/.derivedData/SDKExplicitPrecompiledModules/_Builtin_float-372PLGDQ1U3B6Z5EA5DJMDORJ.pcm
SwiftExplicitDependencyGeneratePcm arm64 /Users/admin/builder/spi-builder-workspace/.derivedData/SDKExplicitPrecompiledModules/_Builtin_stddef-5OH846KKUPSJJT7GCX9XU1TKG.pcm
SwiftExplicitDependencyGeneratePcm arm64 /Users/admin/builder/spi-builder-workspace/.derivedData/SDKExplicitPrecompiledModules/_Builtin_stdbool-B692L2PMR118794VVYBG37897.pcm
SwiftExplicitDependencyGeneratePcm arm64 /Users/admin/builder/spi-builder-workspace/.derivedData/SDKExplicitPrecompiledModules/ptrcheck-8K07997SIHO7YGY7UQ3LOQ3TJ.pcm
SwiftExplicitDependencyGeneratePcm arm64 /Users/admin/builder/spi-builder-workspace/.derivedData/SDKExplicitPrecompiledModules/_Builtin_float-E4M4A8689VXF1T7P7BV56IKBT.pcm
SwiftExplicitDependencyGeneratePcm arm64 /Users/admin/builder/spi-builder-workspace/.derivedData/SDKExplicitPrecompiledModules/DeveloperToolsSupport-CL5QT3CW0ZM498PFTWG64QMLA.pcm
SwiftExplicitDependencyGeneratePcm arm64 /Users/admin/builder/spi-builder-workspace/.derivedData/SDKExplicitPrecompiledModules/ptrauth-C7VQASAJ967Q4Q6SRD4I3CFWZ.pcm
SwiftExplicitDependencyGeneratePcm arm64_32 /Users/admin/builder/spi-builder-workspace/.derivedData/SDKExplicitPrecompiledModules/_Builtin_stdbool-84ZA1VDW90AGWZ2LF5KOCM8DZ.pcm
SwiftExplicitDependencyGeneratePcm arm64 /Users/admin/builder/spi-builder-workspace/.derivedData/SDKExplicitPrecompiledModules/SwiftShims-AJ4AZYHQNC33R5RLN7AGEIOMP.pcm
SwiftExplicitDependencyGeneratePcm arm64 /Users/admin/builder/spi-builder-workspace/.derivedData/SDKExplicitPrecompiledModules/_SwiftConcurrencyShims-CTPSFSTDCBVSSQFHL6I305U72.pcm
SwiftExplicitDependencyGeneratePcm arm64 /Users/admin/builder/spi-builder-workspace/.derivedData/SDKExplicitPrecompiledModules/_Builtin_stdarg-3X4KLXUYEI0UGBILP4X7D0CYW.pcm
SwiftExplicitDependencyGeneratePcm arm64_32 /Users/admin/builder/spi-builder-workspace/.derivedData/SDKExplicitPrecompiledModules/_DarwinFoundation1-5SNIO0SFHX9KJZTLQGIPAPXUZ.pcm
SwiftExplicitDependencyGeneratePcm arm64 /Users/admin/builder/spi-builder-workspace/.derivedData/SDKExplicitPrecompiledModules/_AvailabilityInternal-42EVAC8Q6P1ZT6G3A168N97G4.pcm
SwiftExplicitDependencyGeneratePcm arm64_32 /Users/admin/builder/spi-builder-workspace/.derivedData/SDKExplicitPrecompiledModules/_Builtin_limits-AQMEC9CLG0FZQN6TLGDQ6WF78.pcm
SwiftExplicitDependencyGeneratePcm arm64_32 /Users/admin/builder/spi-builder-workspace/.derivedData/SDKExplicitPrecompiledModules/_DarwinFoundation2-FP2Q8F1Q2HR151SBYKTU6Q8B.pcm
SwiftExplicitDependencyGeneratePcm arm64 /Users/admin/builder/spi-builder-workspace/.derivedData/SDKExplicitPrecompiledModules/_DarwinFoundation1-7YQ9TVI7XTOGQU9OADRXP33D1.pcm
SwiftExplicitDependencyGeneratePcm arm64_32 /Users/admin/builder/spi-builder-workspace/.derivedData/SDKExplicitPrecompiledModules/_Builtin_tgmath-414CVW1GW3IL0HRLCNNCS6Q0U.pcm
SwiftExplicitDependencyGeneratePcm arm64_32 /Users/admin/builder/spi-builder-workspace/.derivedData/SDKExplicitPrecompiledModules/string_h-8QY7P4ZQXQAF14WVDITTM4R70.pcm
SwiftExplicitDependencyGeneratePcm arm64_32 /Users/admin/builder/spi-builder-workspace/.derivedData/SDKExplicitPrecompiledModules/sys_types-65NN51P1G7GN2GUAUPC53JJ7N.pcm
SwiftExplicitDependencyGeneratePcm arm64_32 /Users/admin/builder/spi-builder-workspace/.derivedData/SDKExplicitPrecompiledModules/_Builtin_stdint-6IWJLTRH2WB6RCG4THPA65RDS.pcm
SwiftExplicitDependencyGeneratePcm arm64 /Users/admin/builder/spi-builder-workspace/.derivedData/SDKExplicitPrecompiledModules/_DarwinFoundation2-CUPL4FH2SA95GMALQP4M6O8UA.pcm
SwiftExplicitDependencyGeneratePcm arm64 /Users/admin/builder/spi-builder-workspace/.derivedData/SDKExplicitPrecompiledModules/_Builtin_limits-75TRA1C7IHYOFCG3KJXQVTHJ4.pcm
SwiftExplicitDependencyGeneratePcm arm64_32 /Users/admin/builder/spi-builder-workspace/.derivedData/SDKExplicitPrecompiledModules/_DarwinFoundation3-3YOBOPIW2MF1LRNQH7JBUBY4G.pcm
SwiftExplicitDependencyGeneratePcm arm64_32 /Users/admin/builder/spi-builder-workspace/.derivedData/SDKExplicitPrecompiledModules/_Builtin_stdatomic-D2FE5M7JS5NQA5JDADVERWJM4.pcm
SwiftExplicitDependencyGeneratePcm arm64_32 /Users/admin/builder/spi-builder-workspace/.derivedData/SDKExplicitPrecompiledModules/_Builtin_intrinsics-2K07JIG9ZANIKHSNPO3O6L1K6.pcm
SwiftExplicitDependencyGeneratePcm arm64 /Users/admin/builder/spi-builder-workspace/.derivedData/SDKExplicitPrecompiledModules/_Builtin_stdint-6TUACK4YPMARFT56PLIO388SJ.pcm
SwiftExplicitDependencyGeneratePcm arm64 /Users/admin/builder/spi-builder-workspace/.derivedData/SDKExplicitPrecompiledModules/sys_types-9KPVYINL86WUSHF45TU8PWZZ1.pcm
SwiftExplicitDependencyGeneratePcm arm64 /Users/admin/builder/spi-builder-workspace/.derivedData/SDKExplicitPrecompiledModules/string_h-4N9Z22C0HUO8GV7GFPCLZRZA2.pcm
SwiftExplicitDependencyGeneratePcm arm64 /Users/admin/builder/spi-builder-workspace/.derivedData/SDKExplicitPrecompiledModules/_Builtin_tgmath-7JP2AE1NQHA1DV5JYP2OHQ3BF.pcm
SwiftExplicitDependencyGeneratePcm arm64_32 /Users/admin/builder/spi-builder-workspace/.derivedData/SDKExplicitPrecompiledModules/_Builtin_inttypes-BPZJ68HW1IMYWSHROAZ0IMUJP.pcm
SwiftExplicitDependencyGeneratePcm arm64 /Users/admin/builder/spi-builder-workspace/.derivedData/SDKExplicitPrecompiledModules/_DarwinFoundation3-EJXZKD8LN9EYM9OWP9VLJ49PK.pcm
SwiftExplicitDependencyGeneratePcm arm64 /Users/admin/builder/spi-builder-workspace/.derivedData/SDKExplicitPrecompiledModules/_Builtin_stdatomic-25T9UW3XDYID74302F31PX0RP.pcm
SwiftExplicitDependencyGeneratePcm arm64 /Users/admin/builder/spi-builder-workspace/.derivedData/SDKExplicitPrecompiledModules/_Builtin_intrinsics-SQV576LJA0QE7RW5HF7CQ1BX.pcm
SwiftExplicitDependencyGeneratePcm arm64_32 /Users/admin/builder/spi-builder-workspace/.derivedData/SDKExplicitPrecompiledModules/Darwin-10D35ZJWCWG7LJAF579U7I5V7.pcm
SwiftExplicitDependencyGeneratePcm arm64 /Users/admin/builder/spi-builder-workspace/.derivedData/SDKExplicitPrecompiledModules/_Builtin_inttypes-86YTNV5YADPJXFMJ82N3R4GWQ.pcm
SwiftExplicitDependencyGeneratePcm arm64_32 /Users/admin/builder/spi-builder-workspace/.derivedData/SDKExplicitPrecompiledModules/simd-1W6O8NR1QUSWJGAN44DNNWVHX.pcm
SwiftExplicitDependencyGeneratePcm arm64 /Users/admin/builder/spi-builder-workspace/.derivedData/SDKExplicitPrecompiledModules/Darwin-CSB8C43KELVSFIQVR0803IZPN.pcm
SwiftExplicitDependencyGeneratePcm arm64 /Users/admin/builder/spi-builder-workspace/.derivedData/SDKExplicitPrecompiledModules/simd-2C11HKTI5TJB05T724EWNFZXD.pcm
SwiftExplicitDependencyGeneratePcm arm64_32 /Users/admin/builder/spi-builder-workspace/.derivedData/SDKExplicitPrecompiledModules/MachO-F47JQRYVH1SLPOQSJD8RK9MSX.pcm
SwiftExplicitDependencyGeneratePcm arm64_32 /Users/admin/builder/spi-builder-workspace/.derivedData/SDKExplicitPrecompiledModules/ObjectiveC-71AGZNHLBMR2QK817EJNUN54E.pcm
SwiftExplicitDependencyGeneratePcm arm64_32 /Users/admin/builder/spi-builder-workspace/.derivedData/SDKExplicitPrecompiledModules/os_object-CTXVQBCWDOH6JHUXIFDUOWFRL.pcm
SwiftExplicitDependencyGeneratePcm arm64 /Users/admin/builder/spi-builder-workspace/.derivedData/SDKExplicitPrecompiledModules/ObjectiveC-22CZPC4WYQC9G8T393WT2KKLW.pcm
SwiftExplicitDependencyGeneratePcm arm64 /Users/admin/builder/spi-builder-workspace/.derivedData/SDKExplicitPrecompiledModules/MachO-4RYXFVY68ZDEUZYFMVL57WEKU.pcm
SwiftExplicitDependencyGeneratePcm arm64_32 /Users/admin/builder/spi-builder-workspace/.derivedData/SDKExplicitPrecompiledModules/os_workgroup-9L9R05BT5LTFRZ2NM68BZTVV2.pcm
SwiftExplicitDependencyGeneratePcm arm64 /Users/admin/builder/spi-builder-workspace/.derivedData/SDKExplicitPrecompiledModules/os_object-6KYGGZ4DPVZ3BBAZ6QICZN8LI.pcm
SwiftExplicitDependencyGeneratePcm arm64_32 /Users/admin/builder/spi-builder-workspace/.derivedData/SDKExplicitPrecompiledModules/Dispatch-CGIMI9KQKHNRQHR2IECIPRG14.pcm
SwiftExplicitDependencyGeneratePcm arm64_32 /Users/admin/builder/spi-builder-workspace/.derivedData/SDKExplicitPrecompiledModules/Spatial-4XS0QRL16224ZE9KE9TMKASKT.pcm
SwiftExplicitDependencyGeneratePcm arm64 /Users/admin/builder/spi-builder-workspace/.derivedData/SDKExplicitPrecompiledModules/os_workgroup-AHE7ULDQBKER38CYPIKDTZF4M.pcm
SwiftExplicitDependencyGeneratePcm arm64_32 /Users/admin/builder/spi-builder-workspace/.derivedData/SDKExplicitPrecompiledModules/CoreFoundation-76B9WJP9MDYT33HZQVSNNZQZD.pcm
SwiftExplicitDependencyGeneratePcm arm64_32 /Users/admin/builder/spi-builder-workspace/.derivedData/SDKExplicitPrecompiledModules/XPC-7SLKI45KYLKXH9QET2WYS3UZ4.pcm
SwiftExplicitDependencyGeneratePcm arm64 /Users/admin/builder/spi-builder-workspace/.derivedData/SDKExplicitPrecompiledModules/Dispatch-39VR0G01IUJ09PQKMFGOHXZ4L.pcm
SwiftExplicitDependencyGeneratePcm arm64 /Users/admin/builder/spi-builder-workspace/.derivedData/SDKExplicitPrecompiledModules/Spatial-EZKKX4XFW72RZCTOIG80Z93AP.pcm
SwiftExplicitDependencyGeneratePcm arm64_32 /Users/admin/builder/spi-builder-workspace/.derivedData/SDKExplicitPrecompiledModules/os-D9NWGT7PQGY2OD43XMA2KGLJK.pcm
SwiftExplicitDependencyGeneratePcm arm64 /Users/admin/builder/spi-builder-workspace/.derivedData/SDKExplicitPrecompiledModules/CoreFoundation-59XKO8YNRGGYNC5U5LK8B4EM.pcm
SwiftExplicitDependencyGeneratePcm arm64 /Users/admin/builder/spi-builder-workspace/.derivedData/SDKExplicitPrecompiledModules/XPC-650JAZBTM6I0OMHYO6CKM0CWJ.pcm
SwiftExplicitDependencyGeneratePcm arm64_32 /Users/admin/builder/spi-builder-workspace/.derivedData/SDKExplicitPrecompiledModules/CoreGraphics-A4WOQTM8SYZAQP223LI6RRPEK.pcm
SwiftExplicitDependencyGeneratePcm arm64_32 /Users/admin/builder/spi-builder-workspace/.derivedData/SDKExplicitPrecompiledModules/Security-1W411BS4UH2UNMNII2341429S.pcm
SwiftExplicitDependencyGeneratePcm arm64_32 /Users/admin/builder/spi-builder-workspace/.derivedData/SDKExplicitPrecompiledModules/CoreAudioTypes-AY6JAXDJMW2FLVG4UD79375PW.pcm
SwiftExplicitDependencyGeneratePcm arm64 /Users/admin/builder/spi-builder-workspace/.derivedData/SDKExplicitPrecompiledModules/os-6BCTB8I5DCBBKFJ0Y0G4WQDDJ.pcm
SwiftExplicitDependencyGeneratePcm arm64_32 /Users/admin/builder/spi-builder-workspace/.derivedData/SDKExplicitPrecompiledModules/CoreAudio-1FTJGW5ZM9ZN5IKPBE4A9LGNF.pcm
SwiftExplicitDependencyGeneratePcm arm64_32 /Users/admin/builder/spi-builder-workspace/.derivedData/SDKExplicitPrecompiledModules/Foundation-AIQ30TCDC2B0LBUU6FPQZ0HWI.pcm
SwiftExplicitDependencyGeneratePcm arm64 /Users/admin/builder/spi-builder-workspace/.derivedData/SDKExplicitPrecompiledModules/Security-69WNGEAVQP55EDBQHP3BLE8QU.pcm
SwiftExplicitDependencyGeneratePcm arm64 /Users/admin/builder/spi-builder-workspace/.derivedData/SDKExplicitPrecompiledModules/CoreAudioTypes-51SR7UBHOMSGMEPVFS6PLSR4M.pcm
SwiftExplicitDependencyGeneratePcm arm64 /Users/admin/builder/spi-builder-workspace/.derivedData/SDKExplicitPrecompiledModules/CoreGraphics-5488DA9QVJJ7QOFXPYOYIYFUX.pcm
SwiftExplicitDependencyGeneratePcm arm64_32 /Users/admin/builder/spi-builder-workspace/.derivedData/SDKExplicitPrecompiledModules/CoreVideo-BX0NALWCB2F1YOTF0NZGV9FWU.pcm
SwiftExplicitDependencyGeneratePcm arm64_32 /Users/admin/builder/spi-builder-workspace/.derivedData/SDKExplicitPrecompiledModules/CoreText-34U50N378SZT64826L0B62MN6.pcm
SwiftExplicitDependencyGeneratePcm arm64 /Users/admin/builder/spi-builder-workspace/.derivedData/SDKExplicitPrecompiledModules/CoreAudio-368NRGVYQ33J8K75Y2DSNU06Y.pcm
SwiftExplicitDependencyGeneratePcm arm64_32 /Users/admin/builder/spi-builder-workspace/.derivedData/SDKExplicitPrecompiledModules/CoreMedia-CU8J9TNJY5EX43FQOPTAAHU29.pcm
SwiftExplicitDependencyGeneratePcm arm64 /Users/admin/builder/spi-builder-workspace/.derivedData/SDKExplicitPrecompiledModules/Foundation-B3IXODHI7VO4VRX2RWRXLVJZT.pcm
SwiftExplicitDependencyGeneratePcm arm64 /Users/admin/builder/spi-builder-workspace/.derivedData/SDKExplicitPrecompiledModules/CoreVideo-2YRZ292TS6QDW2V2V92NZMPWM.pcm
SwiftExplicitDependencyGeneratePcm arm64 /Users/admin/builder/spi-builder-workspace/.derivedData/SDKExplicitPrecompiledModules/CoreText-BEC0M2J7FJN53VXNFDZDKL9U2.pcm
SwiftExplicitDependencyGeneratePcm arm64 /Users/admin/builder/spi-builder-workspace/.derivedData/SDKExplicitPrecompiledModules/CoreMedia-EO02G285WTXB0RPNG3DP9O9VN.pcm
SwiftExplicitDependencyGeneratePcm arm64_32 /Users/admin/builder/spi-builder-workspace/.derivedData/SDKExplicitPrecompiledModules/CoreData-6STZ9DXY0E1K8LHUUEU1F4SE.pcm
SwiftExplicitDependencyGeneratePcm arm64_32 /Users/admin/builder/spi-builder-workspace/.derivedData/SDKExplicitPrecompiledModules/SceneKit-CLOM4E4D45A8A94N3QNHOVW3H.pcm
SwiftExplicitDependencyGeneratePcm arm64_32 /Users/admin/builder/spi-builder-workspace/.derivedData/SDKExplicitPrecompiledModules/QuartzCore-72UYR37X0O2APTD1XMSJ20X5X.pcm
SwiftExplicitDependencyGeneratePcm arm64_32 /Users/admin/builder/spi-builder-workspace/.derivedData/SDKExplicitPrecompiledModules/DataDetection-8EDL8T61430CB5CU94L1E3L0C.pcm
SwiftExplicitDependencyGeneratePcm arm64_32 /Users/admin/builder/spi-builder-workspace/.derivedData/SDKExplicitPrecompiledModules/CoreTransferable-DSXZOKFM7XQLZ0FRNNKFDWZT0.pcm
SwiftExplicitDependencyGeneratePcm arm64_32 /Users/admin/builder/spi-builder-workspace/.derivedData/SDKExplicitPrecompiledModules/UIUtilities-ABH83C7CSGMIJAARTF384TV0L.pcm
SwiftExplicitDependencyGeneratePcm arm64_32 /Users/admin/builder/spi-builder-workspace/.derivedData/SDKExplicitPrecompiledModules/Symbols-DP67QJL9W7VSYP70ZVEBE3KRT.pcm
SwiftExplicitDependencyGeneratePcm arm64_32 /Users/admin/builder/spi-builder-workspace/.derivedData/SDKExplicitPrecompiledModules/OSLog-DXCLJ0K1EEBRV5MFYJOV1HIUX.pcm
SwiftExplicitDependencyGeneratePcm arm64_32 /Users/admin/builder/spi-builder-workspace/.derivedData/SDKExplicitPrecompiledModules/_LocationEssentials-1XWTF8V96VX3IAHKJO7PJZDU0.pcm
SwiftExplicitDependencyGeneratePcm arm64_32 /Users/admin/builder/spi-builder-workspace/.derivedData/SDKExplicitPrecompiledModules/UserNotifications-F5AOMF9V2Y10QV8U00QNX8B7Q.pcm
SwiftExplicitDependencyGeneratePcm arm64_32 /Users/admin/builder/spi-builder-workspace/.derivedData/SDKExplicitPrecompiledModules/UniformTypeIdentifiers-EH256724QTCKT0XATY095QHVP.pcm
SwiftExplicitDependencyGeneratePcm arm64_32 /Users/admin/builder/spi-builder-workspace/.derivedData/SDKExplicitPrecompiledModules/Accessibility-BBXP8Z81UOB3UBBTO3GG9FEEO.pcm
SwiftExplicitDependencyGeneratePcm arm64_32 /Users/admin/builder/spi-builder-workspace/.derivedData/SDKExplicitPrecompiledModules/CoreLocation-4AZRAZ8X3W0CS36SZ1GS4LT05.pcm
SwiftExplicitDependencyGeneratePcm arm64 /Users/admin/builder/spi-builder-workspace/.derivedData/SDKExplicitPrecompiledModules/_LocationEssentials-C3HYVW8P89QAUDLD9VRHUF48Q.pcm
SwiftExplicitDependencyGeneratePcm arm64 /Users/admin/builder/spi-builder-workspace/.derivedData/SDKExplicitPrecompiledModules/Symbols-B8SNL2YULCKW9SYIL0T5QLMV.pcm
SwiftExplicitDependencyGeneratePcm arm64 /Users/admin/builder/spi-builder-workspace/.derivedData/SDKExplicitPrecompiledModules/UIUtilities-AR3EDJH6PMDGNUXQGV2JND65S.pcm
SwiftExplicitDependencyGeneratePcm arm64 /Users/admin/builder/spi-builder-workspace/.derivedData/SDKExplicitPrecompiledModules/SceneKit-4VPDXW2J8W40JMX88G7X30C4G.pcm
SwiftExplicitDependencyGeneratePcm arm64_32 /Users/admin/builder/spi-builder-workspace/.derivedData/SDKExplicitPrecompiledModules/SwiftUICore-TURER010MQ2QH6SN4BGDJJKP.pcm
SwiftExplicitDependencyGeneratePcm arm64 /Users/admin/builder/spi-builder-workspace/.derivedData/SDKExplicitPrecompiledModules/DataDetection-8RQ09UCIV0XSYRF8TQQD54MWN.pcm
SwiftExplicitDependencyGeneratePcm arm64 /Users/admin/builder/spi-builder-workspace/.derivedData/SDKExplicitPrecompiledModules/CoreTransferable-EULYJN53RZTIP2D6F171CT1YZ.pcm
SwiftExplicitDependencyGeneratePcm arm64 /Users/admin/builder/spi-builder-workspace/.derivedData/SDKExplicitPrecompiledModules/UserNotifications-7VIERZPAA371031RT8VBKFYKJ.pcm
SwiftExplicitDependencyGeneratePcm arm64 /Users/admin/builder/spi-builder-workspace/.derivedData/SDKExplicitPrecompiledModules/OSLog-ESJZZ70KT229YQNKF5CWYQVLA.pcm
SwiftExplicitDependencyGeneratePcm arm64 /Users/admin/builder/spi-builder-workspace/.derivedData/SDKExplicitPrecompiledModules/Accessibility-DB0V1GY4JDAXG2CZ5MW826DDE.pcm
SwiftExplicitDependencyGeneratePcm arm64_32 /Users/admin/builder/spi-builder-workspace/.derivedData/SDKExplicitPrecompiledModules/CoreMotion-E9C6K7MOTJF3RC93DULCZ130U.pcm
SwiftExplicitDependencyGeneratePcm arm64 /Users/admin/builder/spi-builder-workspace/.derivedData/SDKExplicitPrecompiledModules/QuartzCore-BRDP6VIMJ6A6HG4W4NYXZ8BI3.pcm
SwiftExplicitDependencyGeneratePcm arm64 /Users/admin/builder/spi-builder-workspace/.derivedData/SDKExplicitPrecompiledModules/UniformTypeIdentifiers-47SS6PHE8KOUZX5UOQUNKH397.pcm
SwiftExplicitDependencyGeneratePcm arm64 /Users/admin/builder/spi-builder-workspace/.derivedData/SDKExplicitPrecompiledModules/CoreLocation-B0A9Z3B1UDU8OLBQROLWD03N3.pcm
SwiftExplicitDependencyGeneratePcm arm64 /Users/admin/builder/spi-builder-workspace/.derivedData/SDKExplicitPrecompiledModules/CoreData-DAEI6Z48P97TYC3SMMGLERAJ5.pcm
SwiftExplicitDependencyGeneratePcm arm64_32 /Users/admin/builder/spi-builder-workspace/.derivedData/SDKExplicitPrecompiledModules/UIKit-BGAQE5HOOTG6M9C46O1HHPCDR.pcm
SwiftExplicitDependencyGeneratePcm arm64 /Users/admin/builder/spi-builder-workspace/.derivedData/SDKExplicitPrecompiledModules/CoreMotion-70RNUQRT1QM2F8WR42WPP4KQV.pcm
SwiftExplicitDependencyGeneratePcm arm64 /Users/admin/builder/spi-builder-workspace/.derivedData/SDKExplicitPrecompiledModules/SwiftUICore-D4BOUT6VJWDXKNATG8P2F95W3.pcm
SwiftExplicitDependencyGeneratePcm arm64 /Users/admin/builder/spi-builder-workspace/.derivedData/SDKExplicitPrecompiledModules/UIKit-2XWL6VFNA7WRWSTXI42YLU909.pcm
SwiftExplicitDependencyGeneratePcm arm64_32 /Users/admin/builder/spi-builder-workspace/.derivedData/SDKExplicitPrecompiledModules/MapKit-3RCPMYWFYVKLOR1JJH1M1L7O6.pcm
SwiftExplicitDependencyGeneratePcm arm64_32 /Users/admin/builder/spi-builder-workspace/.derivedData/SDKExplicitPrecompiledModules/HomeKit-DXH34ZWEY4P4FEELCOH3LXVCR.pcm
SwiftExplicitDependencyGeneratePcm arm64 /Users/admin/builder/spi-builder-workspace/.derivedData/SDKExplicitPrecompiledModules/HomeKit-2JD3RMVTK0MFX7K570KHTLBBH.pcm
SwiftExplicitDependencyGeneratePcm arm64 /Users/admin/builder/spi-builder-workspace/.derivedData/SDKExplicitPrecompiledModules/MapKit-5U4CPBNVICOGB0BBK9BC7P4E9.pcm
SwiftExplicitDependencyGeneratePcm arm64_32 /Users/admin/builder/spi-builder-workspace/.derivedData/SDKExplicitPrecompiledModules/WatchKit-7IATJTA58S6OFDEYHG9JSLLDQ.pcm
SwiftExplicitDependencyGeneratePcm arm64 /Users/admin/builder/spi-builder-workspace/.derivedData/SDKExplicitPrecompiledModules/WatchKit-22L6Z003SE8XPQ9JS14K57C9N.pcm
SwiftExplicitDependencyGeneratePcm arm64_32 /Users/admin/builder/spi-builder-workspace/.derivedData/SDKExplicitPrecompiledModules/SwiftUI-6DR5UJH94SD7QMITGWNAX9FBI.pcm
SwiftCompile normal arm64_32 Compiling\ Toast.swift /Users/admin/builder/spi-builder-workspace/Sources/ToastSwiftUI/Toast.swift (in target 'ToastSwiftUI' from project 'ToastSwiftUI')
SwiftCompile normal arm64_32 /Users/admin/builder/spi-builder-workspace/Sources/ToastSwiftUI/Toast.swift (in target 'ToastSwiftUI' from project 'ToastSwiftUI')
cd /Users/admin/builder/spi-builder-workspace/.swiftpm/xcode
builtin-SwiftPerFileCompile Toast.swift
SwiftCompile normal arm64_32 Compiling\ ToastView.swift /Users/admin/builder/spi-builder-workspace/Sources/ToastSwiftUI/ToastView.swift (in target 'ToastSwiftUI' from project 'ToastSwiftUI')
SwiftCompile normal arm64_32 /Users/admin/builder/spi-builder-workspace/Sources/ToastSwiftUI/ToastView.swift (in target 'ToastSwiftUI' from project 'ToastSwiftUI')
cd /Users/admin/builder/spi-builder-workspace/.swiftpm/xcode
builtin-SwiftPerFileCompile ToastView.swift
SwiftCompile normal arm64_32 Compiling\ PassThroughWindow.swift /Users/admin/builder/spi-builder-workspace/Sources/ToastSwiftUI/PassThroughWindow.swift (in target 'ToastSwiftUI' from project 'ToastSwiftUI')
/Users/admin/builder/spi-builder-workspace/Sources/ToastSwiftUI/PassThroughWindow.swift:12:57: error: 'UIEvent' is unavailable in watchOS
10 | internal class PassThroughWindow: UIWindow {
11 |
12 | override func hitTest(_ point: CGPoint, with event: UIEvent?) -> UIView? {
| `- error: 'UIEvent' is unavailable in watchOS
13 | guard let hitView = super.hitTest(point, with: event) else { return nil }
14 | guard let rootView = rootViewController?.view else { return nil }
/Applications/Xcode-27.0.0-Release.Candidate.app/Contents/Developer/Platforms/WatchOS.platform/Developer/SDKs/WatchOS27.0.sdk/System/Library/Frameworks/UIKit.framework/Headers/UIEvent.h:62:12: note: 'UIEvent' has been explicitly marked unavailable here
60 |
61 | UIKIT_EXTERN API_AVAILABLE(ios(2.0)) API_UNAVAILABLE(watchos) NS_SWIFT_UI_ACTOR
62 | @interface UIEvent : NSObject
| `- note: 'UIEvent' has been explicitly marked unavailable here
63 |
64 | @property(nonatomic,readonly) UIEventType type API_AVAILABLE(ios(3.0));
/Users/admin/builder/spi-builder-workspace/Sources/ToastSwiftUI/PassThroughWindow.swift:12:70: error: 'UIView' is unavailable in watchOS
10 | internal class PassThroughWindow: UIWindow {
11 |
12 | override func hitTest(_ point: CGPoint, with event: UIEvent?) -> UIView? {
| `- error: 'UIView' is unavailable in watchOS
13 | guard let hitView = super.hitTest(point, with: event) else { return nil }
14 | guard let rootView = rootViewController?.view else { return nil }
/Applications/Xcode-27.0.0-Release.Candidate.app/Contents/Developer/Platforms/WatchOS.platform/Developer/SDKs/WatchOS27.0.sdk/System/Library/Frameworks/UIKit.framework/Headers/UIView.h:152:12: note: 'UIView' has been explicitly marked unavailable here
150 |
151 | UIKIT_EXTERN API_AVAILABLE(ios(2.0)) API_UNAVAILABLE(watchos) NS_SWIFT_UI_ACTOR
152 | @interface UIView : UIResponder <NSCoding, UIAppearance, UIAppearanceContainer, UIDynamicItem, UITraitEnvironment, UICoordinateSpace, UIFocusItem, UIFocusItemContainer, CALayerDelegate>
| `- note: 'UIView' has been explicitly marked unavailable here
153 |
154 | @property(class, nonatomic, readonly) Class layerClass; // default is [CALayer class]. Used when creating the underlying layer for the view.
SwiftCompile normal arm64_32 /Users/admin/builder/spi-builder-workspace/Sources/ToastSwiftUI/PassThroughWindow.swift (in target 'ToastSwiftUI' from project 'ToastSwiftUI')
cd /Users/admin/builder/spi-builder-workspace/.swiftpm/xcode
builtin-SwiftPerFileCompile PassThroughWindow.swift
SwiftCompile normal arm64_32 Compiling\ RootView.swift /Users/admin/builder/spi-builder-workspace/Sources/ToastSwiftUI/RootView.swift (in target 'ToastSwiftUI' from project 'ToastSwiftUI')
/Users/admin/builder/spi-builder-workspace/Sources/ToastSwiftUI/RootView.swift:14:39: error: 'UIWindow' is unavailable in watchOS
12 | // MARK: - Properties
13 | @ViewBuilder public var content: Content
14 | @State private var overlayWindow: UIWindow?
| `- error: 'UIWindow' is unavailable in watchOS
15 |
16 | // MARK: - Init
/Applications/Xcode-27.0.0-Release.Candidate.app/Contents/Developer/Platforms/WatchOS.platform/Developer/SDKs/WatchOS27.0.sdk/System/Library/Frameworks/UIKit.framework/Headers/UIWindow.h:22:12: note: 'UIWindow' has been explicitly marked unavailable here
20 |
21 | UIKIT_EXTERN API_AVAILABLE(ios(2.0)) API_UNAVAILABLE(watchos) NS_SWIFT_UI_ACTOR
22 | @interface UIWindow : UIView
| `- note: 'UIWindow' has been explicitly marked unavailable here
23 |
24 | // instantiate a UIWindow already associated with a given UIWindowScene instance, with matching frame & interface orientations.
macro expansion @State:2:24: error: 'UIWindow' is unavailable in watchOS
`- /Users/admin/builder/spi-builder-workspace/Sources/ToastSwiftUI/RootView.swift:14:48: note: expanded code originates here
12 | // MARK: - Properties
13 | @ViewBuilder public var content: Content
14 | @State private var overlayWindow: UIWindow?
| `- note: in expansion of macro 'State' on property 'overlayWindow' here
+--- macro expansion @State -----------------------------------------
| 1 | private var __overlayWindow = SwiftUICore.State._makeStorage(({
| 2 | let value: UIWindow? = nil
| | `- error: 'UIWindow' is unavailable in watchOS
| 3 | return value
| 4 | }))
+--------------------------------------------------------------------
15 |
16 | // MARK: - Init
/Applications/Xcode-27.0.0-Release.Candidate.app/Contents/Developer/Platforms/WatchOS.platform/Developer/SDKs/WatchOS27.0.sdk/System/Library/Frameworks/UIKit.framework/Headers/UIWindow.h:22:12: note: 'UIWindow' has been explicitly marked unavailable here
20 |
21 | UIKIT_EXTERN API_AVAILABLE(ios(2.0)) API_UNAVAILABLE(watchos) NS_SWIFT_UI_ACTOR
22 | @interface UIWindow : UIView
| `- note: 'UIWindow' has been explicitly marked unavailable here
23 |
24 | // instantiate a UIWindow already associated with a given UIWindowScene instance, with matching frame & interface orientations.
macro expansion @State:8:27: error: 'UIWindow' is unavailable in watchOS
`- /Users/admin/builder/spi-builder-workspace/Sources/ToastSwiftUI/RootView.swift:14:48: note: expanded code originates here
12 | // MARK: - Properties
13 | @ViewBuilder public var content: Content
14 | @State private var overlayWindow: UIWindow?
| `- note: in expansion of macro 'State' on property 'overlayWindow' here
+--- macro expansion @State -----------------------------------------
| 6 | @SwiftUICore._StatePropertyWrapperStorage(initialValue: "JHMxMlRvYXN0U3dpZnRVSThSb290Vmlld1YxM292ZXJsYXlXaW5kb3czM183ODRCRjE2NTg3OTU5MTlERUM1RDBFODJBMkZDNEY3MExMNVN0YXRlZk1wXzIwX2luaXRpYWxTdG9yZWRWYWx1ZV9mTXVf")
| 7 | private var _overlayWindow: SwiftUICore.State<_>! = SwiftUICore._stateNil(of: {
| 8 | SwiftUICore.State<UIWindow?>(initialValue: nil)
| | `- error: 'UIWindow' is unavailable in watchOS
| 9 | })
|10 |
+--------------------------------------------------------------------
15 |
16 | // MARK: - Init
/Applications/Xcode-27.0.0-Release.Candidate.app/Contents/Developer/Platforms/WatchOS.platform/Developer/SDKs/WatchOS27.0.sdk/System/Library/Frameworks/UIKit.framework/Headers/UIWindow.h:22:12: note: 'UIWindow' has been explicitly marked unavailable here
20 |
21 | UIKIT_EXTERN API_AVAILABLE(ios(2.0)) API_UNAVAILABLE(watchos) NS_SWIFT_UI_ACTOR
22 | @interface UIWindow : UIView
| `- note: 'UIWindow' has been explicitly marked unavailable here
23 |
24 | // instantiate a UIWindow already associated with a given UIWindowScene instance, with matching frame & interface orientations.
macro expansion @State:12:48: error: 'UIWindow' is unavailable in watchOS
`- /Users/admin/builder/spi-builder-workspace/Sources/ToastSwiftUI/RootView.swift:14:48: note: expanded code originates here
12 | // MARK: - Properties
13 | @ViewBuilder public var content: Content
14 | @State private var overlayWindow: UIWindow?
| `- note: in expansion of macro 'State' on property 'overlayWindow' here
+--- macro expansion @State -----------------------------------------
|10 |
|11 | @SwiftUICore._StateProjectedValue
|12 | private var $overlayWindow = SwiftUICore.State<UIWindow?>(initialValue: nil).projectedValue
| | `- error: 'UIWindow' is unavailable in watchOS
|13 |
|14 | @SwiftUICore._StateInitialStoredValue("U3dpZnRVSUNvcmUuU3RhdGUuX21ha2VTdG9yYWdlKGluaXRpYWxWYWx1ZTogeyBsZXQgeDogVUlXaW5kb3c/ID0gbmlsCnJldHVybiB4IH0oKSk=")
+--------------------------------------------------------------------
15 |
16 | // MARK: - Init
/Applications/Xcode-27.0.0-Release.Candidate.app/Contents/Developer/Platforms/WatchOS.platform/Developer/SDKs/WatchOS27.0.sdk/System/Library/Frameworks/UIKit.framework/Headers/UIWindow.h:22:12: note: 'UIWindow' has been explicitly marked unavailable here
20 |
21 | UIKIT_EXTERN API_AVAILABLE(ios(2.0)) API_UNAVAILABLE(watchos) NS_SWIFT_UI_ACTOR
22 | @interface UIWindow : UIView
| `- note: 'UIWindow' has been explicitly marked unavailable here
23 |
24 | // instantiate a UIWindow already associated with a given UIWindowScene instance, with matching frame & interface orientations.
macro expansion @State:16:20: error: 'UIWindow' is unavailable in watchOS
`- /Users/admin/builder/spi-builder-workspace/Sources/ToastSwiftUI/RootView.swift:14:48: note: expanded code originates here
12 | // MARK: - Properties
13 | @ViewBuilder public var content: Content
14 | @State private var overlayWindow: UIWindow?
| `- note: in expansion of macro 'State' on property 'overlayWindow' here
+--- macro expansion @State -----------------------------------------
|14 | @SwiftUICore._StateInitialStoredValue("U3dpZnRVSUNvcmUuU3RhdGUuX21ha2VTdG9yYWdlKGluaXRpYWxWYWx1ZTogeyBsZXQgeDogVUlXaW5kb3c/ID0gbmlsCnJldHVybiB4IH0oKSk=")
|15 | private static var $s12ToastSwiftUI8RootViewV13overlayWindow33_784BF1658795919DEC5D0E82A2FC4F70LL5StatefMp_20_initialStoredValue_fMu_ = (SwiftUICore.State._makeStorage(initialValue: {
|16 | let x: UIWindow? = nil
| | `- error: 'UIWindow' is unavailable in watchOS
|17 | return x
|18 | }()))
+--------------------------------------------------------------------
15 |
16 | // MARK: - Init
/Applications/Xcode-27.0.0-Release.Candidate.app/Contents/Developer/Platforms/WatchOS.platform/Developer/SDKs/WatchOS27.0.sdk/System/Library/Frameworks/UIKit.framework/Headers/UIWindow.h:22:12: note: 'UIWindow' has been explicitly marked unavailable here
20 |
21 | UIKIT_EXTERN API_AVAILABLE(ios(2.0)) API_UNAVAILABLE(watchos) NS_SWIFT_UI_ACTOR
22 | @interface UIWindow : UIView
| `- note: 'UIWindow' has been explicitly marked unavailable here
23 |
24 | // instantiate a UIWindow already associated with a given UIWindowScene instance, with matching frame & interface orientations.
macro expansion @_StateInitialStoredValue:4:24: error: 'UIWindow' is unavailable in watchOS
`- /Users/admin/builder/spi-builder-workspace/Sources/ToastSwiftUI/RootView.swift:14:48: note: expanded code originates here
12 | // MARK: - Properties
13 | @ViewBuilder public var content: Content
14 | @State private var overlayWindow: UIWindow?
| `- note: in expansion of macro 'State' on property 'overlayWindow' here
+--- macro expansion @State -----------------------------------------
|12 | private var $overlayWindow = SwiftUICore.State<UIWindow?>(initialValue: nil).projectedValue
|13 |
|14 | @SwiftUICore._StateInitialStoredValue("U3dpZnRVSUNvcmUuU3RhdGUuX21ha2VTdG9yYWdlKGluaXRpYWxWYWx1ZTogeyBsZXQgeDogVUlXaW5kb3c/ID0gbmlsCnJldHVybiB4IH0oKSk=")
| | `- note: in expansion of macro '_StateInitialStoredValue' on static property '$s12ToastSwiftUI8RootViewV13overlayWindow33_784BF1658795919DEC5D0E82A2FC4F70LL5StatefMp_20_initialStoredValue_fMu_' here
|15 | private static var $s12ToastSwiftUI8RootViewV13overlayWindow33_784BF1658795919DEC5D0E82A2FC4F70LL5StatefMp_20_initialStoredValue_fMu_ = (SwiftUICore.State._makeStorage(initialValue: {
|16 | let x: UIWindow? = nil
|17 | return x
|18 | }()))
| +--- macro expansion @_StateInitialStoredValue ------------------
| |2 | get {
| |3 | SwiftUICore.State._makeStorage(initialValue: {
| |4 | let x: UIWindow? = nil
| | | `- error: 'UIWindow' is unavailable in watchOS
| |5 | return x
| |6 | }())
| +----------------------------------------------------------------
+--------------------------------------------------------------------
15 |
16 | // MARK: - Init
/Applications/Xcode-27.0.0-Release.Candidate.app/Contents/Developer/Platforms/WatchOS.platform/Developer/SDKs/WatchOS27.0.sdk/System/Library/Frameworks/UIKit.framework/Headers/UIWindow.h:22:12: note: 'UIWindow' has been explicitly marked unavailable here
20 |
21 | UIKIT_EXTERN API_AVAILABLE(ios(2.0)) API_UNAVAILABLE(watchos) NS_SWIFT_UI_ACTOR
22 | @interface UIWindow : UIView
| `- note: 'UIWindow' has been explicitly marked unavailable here
23 |
24 | // instantiate a UIWindow already associated with a given UIWindowScene instance, with matching frame & interface orientations.
SwiftCompile normal arm64_32 /Users/admin/builder/spi-builder-workspace/Sources/ToastSwiftUI/RootView.swift (in target 'ToastSwiftUI' from project 'ToastSwiftUI')
cd /Users/admin/builder/spi-builder-workspace/.swiftpm/xcode
builtin-SwiftPerFileCompile RootView.swift
/Users/admin/builder/spi-builder-workspace/Sources/ToastSwiftUI/RootView.swift:31:80: error: 'UIWindowScene' is unavailable in watchOS
29 | // MARK: - Private Methods
30 | private func setupOverlayWindow() {
31 | guard let windowScene = UIApplication.shared.connectedScenes.first as? UIWindowScene,
| `- error: 'UIWindowScene' is unavailable in watchOS
32 | self.overlayWindow == nil else {
33 | return
/Applications/Xcode-27.0.0-Release.Candidate.app/Contents/Developer/Platforms/WatchOS.platform/Developer/SDKs/WatchOS27.0.sdk/System/Library/Frameworks/UIKit.framework/Headers/UIWindowScene.h:22:12: note: 'UIWindowScene' has been explicitly marked unavailable here
20 |
21 | UIKIT_EXTERN API_AVAILABLE(ios(13.0)) API_UNAVAILABLE(watchos) NS_SWIFT_UI_ACTOR
22 | @interface UIWindowScene : UIScene
| `- note: 'UIWindowScene' has been explicitly marked unavailable here
23 |
24 | #pragma mark Geometry
SwiftCompile normal arm64_32 Compiling\ ToastGroup.swift /Users/admin/builder/spi-builder-workspace/Sources/ToastSwiftUI/ToastGroup.swift (in target 'ToastSwiftUI' from project 'ToastSwiftUI')
SwiftCompile normal arm64_32 /Users/admin/builder/spi-builder-workspace/Sources/ToastSwiftUI/ToastGroup.swift (in target 'ToastSwiftUI' from project 'ToastSwiftUI')
cd /Users/admin/builder/spi-builder-workspace/.swiftpm/xcode
builtin-SwiftPerFileCompile ToastGroup.swift
SwiftCompile normal arm64_32 Compiling\ ToastTime.swift /Users/admin/builder/spi-builder-workspace/Sources/ToastSwiftUI/Models/ToastTime.swift (in target 'ToastSwiftUI' from project 'ToastSwiftUI')
SwiftCompile normal arm64_32 /Users/admin/builder/spi-builder-workspace/Sources/ToastSwiftUI/Models/ToastTime.swift (in target 'ToastSwiftUI' from project 'ToastSwiftUI')
cd /Users/admin/builder/spi-builder-workspace/.swiftpm/xcode
builtin-SwiftPerFileCompile ToastTime.swift
SwiftEmitModule normal arm64_32 Emitting\ module\ for\ ToastSwiftUI (in target 'ToastSwiftUI' from project 'ToastSwiftUI')
/Users/admin/builder/spi-builder-workspace/Sources/ToastSwiftUI/PassThroughWindow.swift:12:57: error: 'UIEvent' is unavailable in watchOS
10 | internal class PassThroughWindow: UIWindow {
11 |
12 | override func hitTest(_ point: CGPoint, with event: UIEvent?) -> UIView? {
| `- error: 'UIEvent' is unavailable in watchOS
13 | guard let hitView = super.hitTest(point, with: event) else { return nil }
14 | guard let rootView = rootViewController?.view else { return nil }
/Applications/Xcode-27.0.0-Release.Candidate.app/Contents/Developer/Platforms/WatchOS.platform/Developer/SDKs/WatchOS27.0.sdk/System/Library/Frameworks/UIKit.framework/Headers/UIEvent.h:62:12: note: 'UIEvent' has been explicitly marked unavailable here
60 |
61 | UIKIT_EXTERN API_AVAILABLE(ios(2.0)) API_UNAVAILABLE(watchos) NS_SWIFT_UI_ACTOR
62 | @interface UIEvent : NSObject
| `- note: 'UIEvent' has been explicitly marked unavailable here
63 |
64 | @property(nonatomic,readonly) UIEventType type API_AVAILABLE(ios(3.0));
/Users/admin/builder/spi-builder-workspace/Sources/ToastSwiftUI/PassThroughWindow.swift:12:70: error: 'UIView' is unavailable in watchOS
10 | internal class PassThroughWindow: UIWindow {
11 |
12 | override func hitTest(_ point: CGPoint, with event: UIEvent?) -> UIView? {
| `- error: 'UIView' is unavailable in watchOS
13 | guard let hitView = super.hitTest(point, with: event) else { return nil }
14 | guard let rootView = rootViewController?.view else { return nil }
/Applications/Xcode-27.0.0-Release.Candidate.app/Contents/Developer/Platforms/WatchOS.platform/Developer/SDKs/WatchOS27.0.sdk/System/Library/Frameworks/UIKit.framework/Headers/UIView.h:152:12: note: 'UIView' has been explicitly marked unavailable here
150 |
151 | UIKIT_EXTERN API_AVAILABLE(ios(2.0)) API_UNAVAILABLE(watchos) NS_SWIFT_UI_ACTOR
152 | @interface UIView : UIResponder <NSCoding, UIAppearance, UIAppearanceContainer, UIDynamicItem, UITraitEnvironment, UICoordinateSpace, UIFocusItem, UIFocusItemContainer, CALayerDelegate>
| `- note: 'UIView' has been explicitly marked unavailable here
153 |
154 | @property(class, nonatomic, readonly) Class layerClass; // default is [CALayer class]. Used when creating the underlying layer for the view.
/Users/admin/builder/spi-builder-workspace/Sources/ToastSwiftUI/PassThroughWindow.swift:10:35: error: 'UIWindow' is unavailable in watchOS
8 | import UIKit
9 |
10 | internal class PassThroughWindow: UIWindow {
| `- error: 'UIWindow' is unavailable in watchOS
11 |
12 | override func hitTest(_ point: CGPoint, with event: UIEvent?) -> UIView? {
/Applications/Xcode-27.0.0-Release.Candidate.app/Contents/Developer/Platforms/WatchOS.platform/Developer/SDKs/WatchOS27.0.sdk/System/Library/Frameworks/UIKit.framework/Headers/UIWindow.h:22:12: note: 'UIWindow' has been explicitly marked unavailable here
20 |
21 | UIKIT_EXTERN API_AVAILABLE(ios(2.0)) API_UNAVAILABLE(watchos) NS_SWIFT_UI_ACTOR
22 | @interface UIWindow : UIView
| `- note: 'UIWindow' has been explicitly marked unavailable here
23 |
24 | // instantiate a UIWindow already associated with a given UIWindowScene instance, with matching frame & interface orientations.
/Users/admin/builder/spi-builder-workspace/Sources/ToastSwiftUI/RootView.swift:14:39: error: 'UIWindow' is unavailable in watchOS
12 | // MARK: - Properties
13 | @ViewBuilder public var content: Content
14 | @State private var overlayWindow: UIWindow?
| `- error: 'UIWindow' is unavailable in watchOS
15 |
16 | // MARK: - Init
/Applications/Xcode-27.0.0-Release.Candidate.app/Contents/Developer/Platforms/WatchOS.platform/Developer/SDKs/WatchOS27.0.sdk/System/Library/Frameworks/UIKit.framework/Headers/UIWindow.h:22:12: note: 'UIWindow' has been explicitly marked unavailable here
20 |
21 | UIKIT_EXTERN API_AVAILABLE(ios(2.0)) API_UNAVAILABLE(watchos) NS_SWIFT_UI_ACTOR
22 | @interface UIWindow : UIView
| `- note: 'UIWindow' has been explicitly marked unavailable here
23 |
24 | // instantiate a UIWindow already associated with a given UIWindowScene instance, with matching frame & interface orientations.
macro expansion @State:2:24: error: 'UIWindow' is unavailable in watchOS
`- /Users/admin/builder/spi-builder-workspace/Sources/ToastSwiftUI/RootView.swift:14:48: note: expanded code originates here
12 | // MARK: - Properties
13 | @ViewBuilder public var content: Content
14 | @State private var overlayWindow: UIWindow?
| `- note: in expansion of macro 'State' on property 'overlayWindow' here
+--- macro expansion @State -----------------------------------------
| 1 | private var __overlayWindow = SwiftUICore.State._makeStorage(({
| 2 | let value: UIWindow? = nil
| | `- error: 'UIWindow' is unavailable in watchOS
| 3 | return value
| 4 | }))
+--------------------------------------------------------------------
15 |
16 | // MARK: - Init
/Applications/Xcode-27.0.0-Release.Candidate.app/Contents/Developer/Platforms/WatchOS.platform/Developer/SDKs/WatchOS27.0.sdk/System/Library/Frameworks/UIKit.framework/Headers/UIWindow.h:22:12: note: 'UIWindow' has been explicitly marked unavailable here
20 |
21 | UIKIT_EXTERN API_AVAILABLE(ios(2.0)) API_UNAVAILABLE(watchos) NS_SWIFT_UI_ACTOR
22 | @interface UIWindow : UIView
| `- note: 'UIWindow' has been explicitly marked unavailable here
23 |
24 | // instantiate a UIWindow already associated with a given UIWindowScene instance, with matching frame & interface orientations.
macro expansion @State:8:27: error: 'UIWindow' is unavailable in watchOS
`- /Users/admin/builder/spi-builder-workspace/Sources/ToastSwiftUI/RootView.swift:14:48: note: expanded code originates here
12 | // MARK: - Properties
13 | @ViewBuilder public var content: Content
14 | @State private var overlayWindow: UIWindow?
| `- note: in expansion of macro 'State' on property 'overlayWindow' here
+--- macro expansion @State -----------------------------------------
| 6 | @SwiftUICore._StatePropertyWrapperStorage(initialValue: "JHMxMlRvYXN0U3dpZnRVSThSb290Vmlld1YxM292ZXJsYXlXaW5kb3czM183ODRCRjE2NTg3OTU5MTlERUM1RDBFODJBMkZDNEY3MExMNVN0YXRlZk1wXzIwX2luaXRpYWxTdG9yZWRWYWx1ZV9mTXVf")
| 7 | private var _overlayWindow: SwiftUICore.State<_>! = SwiftUICore._stateNil(of: {
| 8 | SwiftUICore.State<UIWindow?>(initialValue: nil)
| | `- error: 'UIWindow' is unavailable in watchOS
| 9 | })
|10 |
+--------------------------------------------------------------------
15 |
16 | // MARK: - Init
/Applications/Xcode-27.0.0-Release.Candidate.app/Contents/Developer/Platforms/WatchOS.platform/Developer/SDKs/WatchOS27.0.sdk/System/Library/Frameworks/UIKit.framework/Headers/UIWindow.h:22:12: note: 'UIWindow' has been explicitly marked unavailable here
20 |
21 | UIKIT_EXTERN API_AVAILABLE(ios(2.0)) API_UNAVAILABLE(watchos) NS_SWIFT_UI_ACTOR
22 | @interface UIWindow : UIView
| `- note: 'UIWindow' has been explicitly marked unavailable here
23 |
24 | // instantiate a UIWindow already associated with a given UIWindowScene instance, with matching frame & interface orientations.
macro expansion @State:12:48: error: 'UIWindow' is unavailable in watchOS
`- /Users/admin/builder/spi-builder-workspace/Sources/ToastSwiftUI/RootView.swift:14:48: note: expanded code originates here
12 | // MARK: - Properties
13 | @ViewBuilder public var content: Content
14 | @State private var overlayWindow: UIWindow?
| `- note: in expansion of macro 'State' on property 'overlayWindow' here
+--- macro expansion @State -----------------------------------------
|10 |
|11 | @SwiftUICore._StateProjectedValue
|12 | private var $overlayWindow = SwiftUICore.State<UIWindow?>(initialValue: nil).projectedValue
| | `- error: 'UIWindow' is unavailable in watchOS
|13 |
|14 | @SwiftUICore._StateInitialStoredValue("U3dpZnRVSUNvcmUuU3RhdGUuX21ha2VTdG9yYWdlKGluaXRpYWxWYWx1ZTogeyBsZXQgeDogVUlXaW5kb3c/ID0gbmlsCnJldHVybiB4IH0oKSk=")
+--------------------------------------------------------------------
15 |
16 | // MARK: - Init
/Applications/Xcode-27.0.0-Release.Candidate.app/Contents/Developer/Platforms/WatchOS.platform/Developer/SDKs/WatchOS27.0.sdk/System/Library/Frameworks/UIKit.framework/Headers/UIWindow.h:22:12: note: 'UIWindow' has been explicitly marked unavailable here
20 |
21 | UIKIT_EXTERN API_AVAILABLE(ios(2.0)) API_UNAVAILABLE(watchos) NS_SWIFT_UI_ACTOR
22 | @interface UIWindow : UIView
| `- note: 'UIWindow' has been explicitly marked unavailable here
23 |
24 | // instantiate a UIWindow already associated with a given UIWindowScene instance, with matching frame & interface orientations.
macro expansion @State:16:20: error: 'UIWindow' is unavailable in watchOS
`- /Users/admin/builder/spi-builder-workspace/Sources/ToastSwiftUI/RootView.swift:14:48: note: expanded code originates here
12 | // MARK: - Properties
13 | @ViewBuilder public var content: Content
14 | @State private var overlayWindow: UIWindow?
| `- note: in expansion of macro 'State' on property 'overlayWindow' here
+--- macro expansion @State -----------------------------------------
|14 | @SwiftUICore._StateInitialStoredValue("U3dpZnRVSUNvcmUuU3RhdGUuX21ha2VTdG9yYWdlKGluaXRpYWxWYWx1ZTogeyBsZXQgeDogVUlXaW5kb3c/ID0gbmlsCnJldHVybiB4IH0oKSk=")
|15 | private static var $s12ToastSwiftUI8RootViewV13overlayWindow33_784BF1658795919DEC5D0E82A2FC4F70LL5StatefMp_20_initialStoredValue_fMu_ = (SwiftUICore.State._makeStorage(initialValue: {
|16 | let x: UIWindow? = nil
| | `- error: 'UIWindow' is unavailable in watchOS
|17 | return x
|18 | }()))
+--------------------------------------------------------------------
15 |
16 | // MARK: - Init
/Applications/Xcode-27.0.0-Release.Candidate.app/Contents/Developer/Platforms/WatchOS.platform/Developer/SDKs/WatchOS27.0.sdk/System/Library/Frameworks/UIKit.framework/Headers/UIWindow.h:22:12: note: 'UIWindow' has been explicitly marked unavailable here
20 |
21 | UIKIT_EXTERN API_AVAILABLE(ios(2.0)) API_UNAVAILABLE(watchos) NS_SWIFT_UI_ACTOR
22 | @interface UIWindow : UIView
| `- note: 'UIWindow' has been explicitly marked unavailable here
23 |
24 | // instantiate a UIWindow already associated with a given UIWindowScene instance, with matching frame & interface orientations.
Failed frontend command:
/Applications/Xcode-27.0.0-Release.Candidate.app/Contents/Developer/Toolchains/XcodeDefault.xctoolchain/usr/bin/swift-frontend -frontend -emit-module -experimental-skip-non-inlinable-function-bodies-without-types /Users/admin/builder/spi-builder-workspace/Sources/ToastSwiftUI/Models/ToastItem.swift /Users/admin/builder/spi-builder-workspace/Sources/ToastSwiftUI/Models/ToastPosition.swift /Users/admin/builder/spi-builder-workspace/Sources/ToastSwiftUI/Models/ToastTime.swift /Users/admin/builder/spi-builder-workspace/Sources/ToastSwiftUI/PassThroughWindow.swift /Users/admin/builder/spi-builder-workspace/Sources/ToastSwiftUI/RootView.swift /Users/admin/builder/spi-builder-workspace/Sources/ToastSwiftUI/Toast.swift /Users/admin/builder/spi-builder-workspace/Sources/ToastSwiftUI/ToastGroup.swift /Users/admin/builder/spi-builder-workspace/Sources/ToastSwiftUI/ToastView.swift -target arm64_32-apple-watchos11.0 -disable-cross-import-overlay-search -load-resolved-plugin /Applications/Xcode-27.0.0-Release.Candidate.app/Contents/Developer/Platforms/WatchOS.platform/Developer/usr/lib/swift/host/plugins/libFoundationMacros.dylib\#/Applications/Xcode-27.0.0-Release.Candidate.app/Contents/Developer/Platforms/WatchOS.platform/Developer/usr/bin/swift-plugin-server\#FoundationMacros -load-resolved-plugin /Applications/Xcode-27.0.0-Release.Candidate.app/Contents/Developer/Platforms/WatchOS.platform/Developer/usr/lib/swift/host/plugins/libObservationMacros.dylib\#/Applications/Xcode-27.0.0-Release.Candidate.app/Contents/Developer/Platforms/WatchOS.platform/Developer/usr/bin/swift-plugin-server\#ObservationMacros -load-resolved-plugin /Applications/Xcode-27.0.0-Release.Candidate.app/Contents/Developer/Platforms/WatchOS.platform/Developer/usr/lib/swift/host/plugins/libPreviewsMacros.dylib\#/Applications/Xcode-27.0.0-Release.Candidate.app/Contents/Developer/Platforms/WatchOS.platform/Developer/usr/bin/swift-plugin-server\#PreviewsMacros -load-resolved-plugin /Applications/Xcode-27.0.0-Release.Candidate.app/Contents/Developer/Platforms/WatchOS.platform/Developer/usr/lib/swift/host/plugins/libSwiftMacros.dylib\#/Applications/Xcode-27.0.0-Release.Candidate.app/Contents/Developer/Platforms/WatchOS.platform/Developer/usr/bin/swift-plugin-server\#SwiftMacros -load-resolved-plugin /Applications/Xcode-27.0.0-Release.Candidate.app/Contents/Developer/Platforms/WatchOS.platform/Developer/usr/lib/swift/host/plugins/libSwiftUIMacros.dylib\#/Applications/Xcode-27.0.0-Release.Candidate.app/Contents/Developer/Platforms/WatchOS.platform/Developer/usr/bin/swift-plugin-server\#SwiftUIMacros -disable-implicit-swift-modules -Xcc -fno-implicit-modules -Xcc -fno-implicit-module-maps -explicit-swift-module-map-file /Users/admin/builder/spi-builder-workspace/.derivedData/Build/Intermediates.noindex/ToastSwiftUI.build/Debug-watchos/ToastSwiftUI-t.build/Objects-normal/arm64_32/ToastSwiftUI-dependencies-2.json -enable-objc-interop -sdk /Applications/Xcode-27.0.0-Release.Candidate.app/Contents/Developer/Platforms/WatchOS.platform/Developer/SDKs/WatchOS27.0.sdk -I /Users/admin/builder/spi-builder-workspace/.derivedData/Build/Products/Debug-watchos -Isystem /Applications/Xcode-27.0.0-Release.Candidate.app/Contents/Developer/Platforms/WatchOS.platform/Developer/usr/lib -F /Users/admin/builder/spi-builder-workspace/.derivedData/Build/Products/Debug-watchos -F /Applications/Xcode-27.0.0-Release.Candidate.app/Contents/Developer/Platforms/WatchOS.platform/Developer/Library/Frameworks -F /Applications/Xcode-27.0.0-Release.Candidate.app/Contents/Developer/Platforms/WatchOS.platform/Developer/SDKs/WatchOS27.0.sdk/Developer/Library/Frameworks -module-cache-path /Users/admin/builder/spi-builder-workspace/.derivedData/Build/Intermediates.noindex/SwiftExplicitPrecompiledModules -no-color-diagnostics -Xcc -fno-color-diagnostics -enable-testing -g -debug-info-format\=dwarf -dwarf-version\=5 -swift-version 6 -Onone -D SWIFT_PACKAGE -D DEBUG -D SWIFT_MODULE_RESOURCE_BUNDLE_UNAVAILABLE -D Xcode -serialize-debugging-options -enable-experimental-feature DebugDescriptionMacro -empty-abi-descriptor -validate-clang-modules-once -clang-build-session-file /Users/admin/builder/spi-builder-workspace/.derivedData/ModuleCache.noindex/Session.modulevalidation -Xcc -working-directory -Xcc /Users/admin/builder/spi-builder-workspace/.swiftpm/xcode -enable-anonymous-context-mangled-names -file-compilation-dir /Users/admin/builder/spi-builder-workspace/.swiftpm/xcode -Xcc -D_LIBCPP_HARDENING_MODE\=_LIBCPP_HARDENING_MODE_DEBUG -Xcc -ivfsstatcache -Xcc /Users/admin/builder/spi-builder-workspace/.derivedData/SDKStatCaches.noindex/watchos27.0-24R360-e829b21a6f8c9b70876ba0858053c04477534ef55a1706bf4c1112bbb242f0a2.sdkstatcache -Xcc -fmodules-prune-interval\=86400 -Xcc -fmodules-prune-after\=345600 -Xcc -I/Users/admin/builder/spi-builder-workspace/.derivedData/Build/Products/Debug-watchos/include -Xcc -I/Users/admin/builder/spi-builder-workspace/.derivedData/Build/Intermediates.noindex/ToastSwiftUI.build/Debug-watchos/ToastSwiftUI-t.build/DerivedSources-normal/arm64_32 -Xcc -I/Users/admin/builder/spi-builder-workspace/.derivedData/Build/Intermediates.noindex/ToastSwiftUI.build/Debug-watchos/ToastSwiftUI-t.build/DerivedSources/arm64_32 -Xcc -I/Users/admin/builder/spi-builder-workspace/.derivedData/Build/Intermediates.noindex/ToastSwiftUI.build/Debug-watchos/ToastSwiftUI-t.build/DerivedSources -Xcc -DSWIFT_PACKAGE -Xcc -DDEBUG\=1 -no-auto-bridging-header-chaining -module-name ToastSwiftUI -package-name spi_builder_workspace -const-gather-protocols-file /Users/admin/builder/spi-builder-workspace/.derivedData/Build/Intermediates.noindex/ToastSwiftUI.build/Debug-watchos/ToastSwiftUI-t.build/Objects-normal/arm64_32/ToastSwiftUI_const_extract_protocols.json -disable-clang-spi -clang-target arm64_32-apple-watchos27.0 -target-sdk-version 27.0 -target-sdk-name watchos27.0 -in-process-plugin-server-path /Applications/Xcode-27.0.0-Release.Candidate.app/Contents/Developer/Toolchains/XcodeDefault.xctoolchain/usr/lib/swift/host/libSwiftInProcPluginServer.dylib -emit-module-doc-path /Users/admin/builder/spi-builder-workspace/.derivedData/Build/Intermediates.noindex/ToastSwiftUI.build/Debug-watchos/ToastSwiftUI-t.build/Objects-normal/arm64_32/ToastSwiftUI.swiftdoc -emit-module-source-info-path /Users/admin/builder/spi-builder-workspace/.derivedData/Build/Intermediates.noindex/ToastSwiftUI.build/Debug-watchos/ToastSwiftUI-t.build/Objects-normal/arm64_32/ToastSwiftUI.swiftsourceinfo -emit-objc-header-path /Users/admin/builder/spi-builder-workspace/.derivedData/Build/Intermediates.noindex/ToastSwiftUI.build/Debug-watchos/ToastSwiftUI-t.build/Objects-normal/arm64_32/ToastSwiftUI-Swift.h -serialize-diagnostics-path /Users/admin/builder/spi-builder-workspace/.derivedData/Build/Intermediates.noindex/ToastSwiftUI.build/Debug-watchos/ToastSwiftUI-t.build/Objects-normal/arm64_32/ToastSwiftUI-primary-emit-module.dia -emit-dependencies-path /Users/admin/builder/spi-builder-workspace/.derivedData/Build/Intermediates.noindex/ToastSwiftUI.build/Debug-watchos/ToastSwiftUI-t.build/Objects-normal/arm64_32/ToastSwiftUI-primary-emit-module.d -parse-as-library -o /Users/admin/builder/spi-builder-workspace/.derivedData/Build/Intermediates.noindex/ToastSwiftUI.build/Debug-watchos/ToastSwiftUI-t.build/Objects-normal/arm64_32/ToastSwiftUI.swiftmodule -emit-abi-descriptor-path /Users/admin/builder/spi-builder-workspace/.derivedData/Build/Intermediates.noindex/ToastSwiftUI.build/Debug-watchos/ToastSwiftUI-t.build/Objects-normal/arm64_32/ToastSwiftUI.abi.json
SwiftCompile normal arm64_32 (in target 'ToastSwiftUI' from project 'ToastSwiftUI')
cd /Users/admin/builder/spi-builder-workspace/.swiftpm/xcode
SwiftCompile normal arm64_32 Compiling\ ToastPosition.swift /Users/admin/builder/spi-builder-workspace/Sources/ToastSwiftUI/Models/ToastPosition.swift (in target 'ToastSwiftUI' from project 'ToastSwiftUI')
SwiftCompile normal arm64_32 /Users/admin/builder/spi-builder-workspace/Sources/ToastSwiftUI/Models/ToastPosition.swift (in target 'ToastSwiftUI' from project 'ToastSwiftUI')
cd /Users/admin/builder/spi-builder-workspace/.swiftpm/xcode
builtin-SwiftPerFileCompile ToastPosition.swift
SwiftCompile normal arm64_32 Compiling\ ToastItem.swift /Users/admin/builder/spi-builder-workspace/Sources/ToastSwiftUI/Models/ToastItem.swift (in target 'ToastSwiftUI' from project 'ToastSwiftUI')
SwiftCompile normal arm64_32 /Users/admin/builder/spi-builder-workspace/Sources/ToastSwiftUI/Models/ToastItem.swift (in target 'ToastSwiftUI' from project 'ToastSwiftUI')
cd /Users/admin/builder/spi-builder-workspace/.swiftpm/xcode
builtin-SwiftPerFileCompile ToastItem.swift
SwiftExplicitDependencyGeneratePcm arm64 /Users/admin/builder/spi-builder-workspace/.derivedData/SDKExplicitPrecompiledModules/SwiftUI-E6XJI4PF1Q2HPTXKL91GWARU6.pcm
SwiftEmitModule normal arm64 Emitting\ module\ for\ ToastSwiftUI (in target 'ToastSwiftUI' from project 'ToastSwiftUI')
/Users/admin/builder/spi-builder-workspace/Sources/ToastSwiftUI/PassThroughWindow.swift:12:57: error: 'UIEvent' is unavailable in watchOS
10 | internal class PassThroughWindow: UIWindow {
11 |
12 | override func hitTest(_ point: CGPoint, with event: UIEvent?) -> UIView? {
| `- error: 'UIEvent' is unavailable in watchOS
13 | guard let hitView = super.hitTest(point, with: event) else { return nil }
14 | guard let rootView = rootViewController?.view else { return nil }
/Applications/Xcode-27.0.0-Release.Candidate.app/Contents/Developer/Platforms/WatchOS.platform/Developer/SDKs/WatchOS27.0.sdk/System/Library/Frameworks/UIKit.framework/Headers/UIEvent.h:62:12: note: 'UIEvent' has been explicitly marked unavailable here
60 |
61 | UIKIT_EXTERN API_AVAILABLE(ios(2.0)) API_UNAVAILABLE(watchos) NS_SWIFT_UI_ACTOR
62 | @interface UIEvent : NSObject
| `- note: 'UIEvent' has been explicitly marked unavailable here
63 |
64 | @property(nonatomic,readonly) UIEventType type API_AVAILABLE(ios(3.0));
/Users/admin/builder/spi-builder-workspace/Sources/ToastSwiftUI/PassThroughWindow.swift:12:70: error: 'UIView' is unavailable in watchOS
10 | internal class PassThroughWindow: UIWindow {
11 |
12 | override func hitTest(_ point: CGPoint, with event: UIEvent?) -> UIView? {
| `- error: 'UIView' is unavailable in watchOS
13 | guard let hitView = super.hitTest(point, with: event) else { return nil }
14 | guard let rootView = rootViewController?.view else { return nil }
/Applications/Xcode-27.0.0-Release.Candidate.app/Contents/Developer/Platforms/WatchOS.platform/Developer/SDKs/WatchOS27.0.sdk/System/Library/Frameworks/UIKit.framework/Headers/UIView.h:152:12: note: 'UIView' has been explicitly marked unavailable here
150 |
151 | UIKIT_EXTERN API_AVAILABLE(ios(2.0)) API_UNAVAILABLE(watchos) NS_SWIFT_UI_ACTOR
152 | @interface UIView : UIResponder <NSCoding, UIAppearance, UIAppearanceContainer, UIDynamicItem, UITraitEnvironment, UICoordinateSpace, UIFocusItem, UIFocusItemContainer, CALayerDelegate>
| `- note: 'UIView' has been explicitly marked unavailable here
153 |
154 | @property(class, nonatomic, readonly) Class layerClass; // default is [CALayer class]. Used when creating the underlying layer for the view.
SwiftCompile normal arm64 (in target 'ToastSwiftUI' from project 'ToastSwiftUI')
cd /Users/admin/builder/spi-builder-workspace/.swiftpm/xcode
SwiftCompile normal arm64 Compiling\ ToastView.swift /Users/admin/builder/spi-builder-workspace/Sources/ToastSwiftUI/ToastView.swift (in target 'ToastSwiftUI' from project 'ToastSwiftUI')
SwiftCompile normal arm64 /Users/admin/builder/spi-builder-workspace/Sources/ToastSwiftUI/ToastView.swift (in target 'ToastSwiftUI' from project 'ToastSwiftUI')
cd /Users/admin/builder/spi-builder-workspace/.swiftpm/xcode
builtin-SwiftPerFileCompile ToastView.swift
PruneExplicitPrecompiledModules /Users/admin/builder/spi-builder-workspace/.derivedData/Build/Intermediates.noindex/SwiftExplicitPrecompiledModules
PruneExplicitPrecompiledModules /Users/admin/builder/spi-builder-workspace/.derivedData/SDKExplicitPrecompiledModules
PruneExplicitPrecompiledModules /Users/admin/builder/spi-builder-workspace/.derivedData/Build/Intermediates.noindex/ExplicitPrecompiledModules
2026-09-23 14:00:56.181 xcodebuild[627:3875] [MT] IDERunDestination: Supported platforms for the buildables in the current scheme is empty.
** BUILD FAILED **
The following build commands failed:
SwiftEmitModule normal arm64_32 Emitting\ module\ for\ ToastSwiftUI (in target 'ToastSwiftUI' from project 'ToastSwiftUI')
SwiftCompile normal arm64_32 (in target 'ToastSwiftUI' from project 'ToastSwiftUI')
Building workspace ToastSwiftUI with scheme ToastSwiftUI
(3 failures)
Command line invocation:
/Applications/Xcode-27.0.0-Release.Candidate.app/Contents/Developer/usr/bin/xcodebuild -IDEClonedSourcePackagesDirPathOverride=/Users/admin/builder/spi-builder-workspace/.dependencies -resolvePackageDependencies
Resolve Package Graph
Resolved source packages:
ToastSwiftUI: /Users/admin/builder/spi-builder-workspace
resolved source packages: ToastSwiftUI
2026-09-23 14:01:02.787 xcodebuild[800:4611] [MT] IDERunDestination: Supported platforms for the buildables in the current scheme is empty.
{
"dependencies" : [
],
"manifest_display_name" : "ToastSwiftUI",
"name" : "ToastSwiftUI",
"path" : "/Users/admin/builder/spi-builder-workspace",
"platforms" : [
{
"name" : "ios",
"version" : "18.0"
}
],
"products" : [
{
"name" : "ToastSwiftUI",
"targets" : [
"ToastSwiftUI"
],
"type" : {
"library" : [
"automatic"
]
}
}
],
"targets" : [
{
"c99name" : "ToastSwiftUI",
"module_type" : "SwiftTarget",
"name" : "ToastSwiftUI",
"path" : "Sources/ToastSwiftUI",
"product_memberships" : [
"ToastSwiftUI"
],
"sources" : [
"Models/ToastItem.swift",
"Models/ToastPosition.swift",
"Models/ToastTime.swift",
"PassThroughWindow.swift",
"RootView.swift",
"Toast.swift",
"ToastGroup.swift",
"ToastView.swift"
],
"type" : "library"
}
],
"tools_version" : "6.2"
}
{
"workspace" : {
"name" : "ToastSwiftUI",
"schemes" : [
"ToastSwiftUI"
]
}
}
2026-09-23 14:01:03.956 xcodebuild[808:4679] [MT] IDERunDestination: Supported platforms for the buildables in the current scheme is empty.
Running build ...
env DEVELOPER_DIR=/Applications/Xcode-27.0.0-Release.Candidate.app xcrun xcodebuild -IDEClonedSourcePackagesDirPathOverride=$PWD/.dependencies -skipMacroValidation -skipPackagePluginValidation -derivedDataPath $PWD/.derivedData build -scheme ToastSwiftUI -destination generic/platform=watchOS
Command line invocation:
/Applications/Xcode-27.0.0-Release.Candidate.app/Contents/Developer/usr/bin/xcodebuild -IDEClonedSourcePackagesDirPathOverride=/Users/admin/builder/spi-builder-workspace/.dependencies -skipMacroValidation -skipPackagePluginValidation -derivedDataPath /Users/admin/builder/spi-builder-workspace/.derivedData build -scheme ToastSwiftUI -destination generic/platform=watchOS
Resolve Package Graph
Resolved source packages:
ToastSwiftUI: /Users/admin/builder/spi-builder-workspace
ComputePackagePrebuildTargetDependencyGraph
Prepare packages
CreateBuildRequest
SendProjectDescription
CreateBuildOperation
ComputeTargetDependencyGraph
note: Building targets in dependency order
note: Target dependency graph (2 targets)
Target 'ToastSwiftUI-product' in project 'ToastSwiftUI'
➜ Explicit dependency on target 'ToastSwiftUI' in project 'ToastSwiftUI'
Target 'ToastSwiftUI' in project 'ToastSwiftUI' (no dependencies)
GatherProvisioningInputs
CreateBuildDescription
ClangStatCache /Applications/Xcode-27.0.0-Release.Candidate.app/Contents/Developer/Toolchains/XcodeDefault.xctoolchain/usr/bin/clang-stat-cache /Applications/Xcode-27.0.0-Release.Candidate.app/Contents/Developer/Platforms/WatchOS.platform/Developer/SDKs/WatchOS27.0.sdk /Users/admin/builder/spi-builder-workspace/.derivedData/SDKStatCaches.noindex/watchos27.0-24R360-e829b21a6f8c9b70876ba0858053c04477534ef55a1706bf4c1112bbb242f0a2.sdkstatcache
cd /Users/admin/builder/spi-builder-workspace/.swiftpm/xcode
/Applications/Xcode-27.0.0-Release.Candidate.app/Contents/Developer/Toolchains/XcodeDefault.xctoolchain/usr/bin/clang-stat-cache /Applications/Xcode-27.0.0-Release.Candidate.app/Contents/Developer/Platforms/WatchOS.platform/Developer/SDKs/WatchOS27.0.sdk -o /Users/admin/builder/spi-builder-workspace/.derivedData/SDKStatCaches.noindex/watchos27.0-24R360-e829b21a6f8c9b70876ba0858053c04477534ef55a1706bf4c1112bbb242f0a2.sdkstatcache
SwiftDriver ToastSwiftUI normal arm64 com.apple.xcode.tools.swift.compiler (in target 'ToastSwiftUI' from project 'ToastSwiftUI')
cd /Users/admin/builder/spi-builder-workspace/.swiftpm/xcode
builtin-SwiftDriver -- /Applications/Xcode-27.0.0-Release.Candidate.app/Contents/Developer/Toolchains/XcodeDefault.xctoolchain/usr/bin/swiftc -parse-as-library -module-name ToastSwiftUI -Onone @/Users/admin/builder/spi-builder-workspace/.derivedData/Build/Intermediates.noindex/ToastSwiftUI.build/Debug-watchos/ToastSwiftUI-t.build/Objects-normal/arm64/ToastSwiftUI.SwiftFileList -DSWIFT_PACKAGE -DDEBUG -DSWIFT_MODULE_RESOURCE_BUNDLE_UNAVAILABLE -DXcode -plugin-path /Applications/Xcode-27.0.0-Release.Candidate.app/Contents/Developer/Toolchains/XcodeDefault.xctoolchain/usr/lib/swift/host/plugins/testing -enable-experimental-feature DebugDescriptionMacro -sdk /Applications/Xcode-27.0.0-Release.Candidate.app/Contents/Developer/Platforms/WatchOS.platform/Developer/SDKs/WatchOS27.0.sdk -target arm64-apple-watchos11.0 -g -module-cache-path /Users/admin/builder/spi-builder-workspace/.derivedData/ModuleCache.noindex -Xfrontend -serialize-debugging-options -enable-testing -index-store-path /Users/admin/builder/spi-builder-workspace/.derivedData/Index.noindex/DataStore -Xcc -D_LIBCPP_HARDENING_MODE\=_LIBCPP_HARDENING_MODE_DEBUG -swift-version 6 -I /Users/admin/builder/spi-builder-workspace/.derivedData/Build/Products/Debug-watchos -Isystem /Applications/Xcode-27.0.0-Release.Candidate.app/Contents/Developer/Platforms/WatchOS.platform/Developer/usr/lib -F /Users/admin/builder/spi-builder-workspace/.derivedData/Build/Products/Debug-watchos -F /Applications/Xcode-27.0.0-Release.Candidate.app/Contents/Developer/Platforms/WatchOS.platform/Developer/Library/Frameworks -F /Applications/Xcode-27.0.0-Release.Candidate.app/Contents/Developer/Platforms/WatchOS.platform/Developer/SDKs/WatchOS27.0.sdk/Developer/Library/Frameworks -c -j10 -enable-batch-mode -incremental -Xcc -ivfsstatcache -Xcc /Users/admin/builder/spi-builder-workspace/.derivedData/SDKStatCaches.noindex/watchos27.0-24R360-e829b21a6f8c9b70876ba0858053c04477534ef55a1706bf4c1112bbb242f0a2.sdkstatcache -output-file-map /Users/admin/builder/spi-builder-workspace/.derivedData/Build/Intermediates.noindex/ToastSwiftUI.build/Debug-watchos/ToastSwiftUI-t.build/Objects-normal/arm64/ToastSwiftUI-OutputFileMap.json -save-temps -no-color-diagnostics -explicit-module-build -module-cache-path /Users/admin/builder/spi-builder-workspace/.derivedData/Build/Intermediates.noindex/SwiftExplicitPrecompiledModules -clang-scanner-module-cache-path /Users/admin/builder/spi-builder-workspace/.derivedData/ModuleCache.noindex -sdk-module-cache-path /Users/admin/builder/spi-builder-workspace/.derivedData/SDKExplicitPrecompiledModules -emit-dependencies -emit-module -emit-module-path /Users/admin/builder/spi-builder-workspace/.derivedData/Build/Intermediates.noindex/ToastSwiftUI.build/Debug-watchos/ToastSwiftUI-t.build/Objects-normal/arm64/ToastSwiftUI.swiftmodule -serialize-diagnostics -dependency-scan-serialize-diagnostics-path /Users/admin/builder/spi-builder-workspace/.derivedData/Build/Intermediates.noindex/ToastSwiftUI.build/Debug-watchos/ToastSwiftUI-t.build/Objects-normal/arm64/ToastSwiftUI-dependency-scan.dia -validate-clang-modules-once -clang-build-session-file /Users/admin/builder/spi-builder-workspace/.derivedData/ModuleCache.noindex/Session.modulevalidation -Xcc -fmodules-prune-interval\=86400 -Xcc -fmodules-prune-after\=345600 -package-name spi_builder_workspace -emit-const-values -const-gather-protocols-list /Users/admin/builder/spi-builder-workspace/.derivedData/Build/Intermediates.noindex/ToastSwiftUI.build/Debug-watchos/ToastSwiftUI-t.build/Objects-normal/arm64/ToastSwiftUI_const_extract_protocols.json -Xcc -I/Users/admin/builder/spi-builder-workspace/.derivedData/Build/Products/Debug-watchos/include -Xcc -I/Users/admin/builder/spi-builder-workspace/.derivedData/Build/Intermediates.noindex/ToastSwiftUI.build/Debug-watchos/ToastSwiftUI-t.build/DerivedSources-normal/arm64 -Xcc -I/Users/admin/builder/spi-builder-workspace/.derivedData/Build/Intermediates.noindex/ToastSwiftUI.build/Debug-watchos/ToastSwiftUI-t.build/DerivedSources/arm64 -Xcc -I/Users/admin/builder/spi-builder-workspace/.derivedData/Build/Intermediates.noindex/ToastSwiftUI.build/Debug-watchos/ToastSwiftUI-t.build/DerivedSources -Xcc -DSWIFT_PACKAGE -Xcc -DDEBUG\=1 -emit-objc-header -emit-objc-header-path /Users/admin/builder/spi-builder-workspace/.derivedData/Build/Intermediates.noindex/ToastSwiftUI.build/Debug-watchos/ToastSwiftUI-t.build/Objects-normal/arm64/ToastSwiftUI-Swift.h -working-directory /Users/admin/builder/spi-builder-workspace/.swiftpm/xcode -experimental-emit-module-separately -disable-cmo
SwiftDriver ToastSwiftUI normal arm64_32 com.apple.xcode.tools.swift.compiler (in target 'ToastSwiftUI' from project 'ToastSwiftUI')
cd /Users/admin/builder/spi-builder-workspace/.swiftpm/xcode
builtin-SwiftDriver -- /Applications/Xcode-27.0.0-Release.Candidate.app/Contents/Developer/Toolchains/XcodeDefault.xctoolchain/usr/bin/swiftc -parse-as-library -module-name ToastSwiftUI -Onone @/Users/admin/builder/spi-builder-workspace/.derivedData/Build/Intermediates.noindex/ToastSwiftUI.build/Debug-watchos/ToastSwiftUI-t.build/Objects-normal/arm64_32/ToastSwiftUI.SwiftFileList -DSWIFT_PACKAGE -DDEBUG -DSWIFT_MODULE_RESOURCE_BUNDLE_UNAVAILABLE -DXcode -plugin-path /Applications/Xcode-27.0.0-Release.Candidate.app/Contents/Developer/Toolchains/XcodeDefault.xctoolchain/usr/lib/swift/host/plugins/testing -enable-experimental-feature DebugDescriptionMacro -sdk /Applications/Xcode-27.0.0-Release.Candidate.app/Contents/Developer/Platforms/WatchOS.platform/Developer/SDKs/WatchOS27.0.sdk -target arm64_32-apple-watchos11.0 -g -module-cache-path /Users/admin/builder/spi-builder-workspace/.derivedData/ModuleCache.noindex -Xfrontend -serialize-debugging-options -enable-testing -index-store-path /Users/admin/builder/spi-builder-workspace/.derivedData/Index.noindex/DataStore -Xcc -D_LIBCPP_HARDENING_MODE\=_LIBCPP_HARDENING_MODE_DEBUG -swift-version 6 -I /Users/admin/builder/spi-builder-workspace/.derivedData/Build/Products/Debug-watchos -Isystem /Applications/Xcode-27.0.0-Release.Candidate.app/Contents/Developer/Platforms/WatchOS.platform/Developer/usr/lib -F /Users/admin/builder/spi-builder-workspace/.derivedData/Build/Products/Debug-watchos -F /Applications/Xcode-27.0.0-Release.Candidate.app/Contents/Developer/Platforms/WatchOS.platform/Developer/Library/Frameworks -F /Applications/Xcode-27.0.0-Release.Candidate.app/Contents/Developer/Platforms/WatchOS.platform/Developer/SDKs/WatchOS27.0.sdk/Developer/Library/Frameworks -c -j10 -enable-batch-mode -incremental -Xcc -ivfsstatcache -Xcc /Users/admin/builder/spi-builder-workspace/.derivedData/SDKStatCaches.noindex/watchos27.0-24R360-e829b21a6f8c9b70876ba0858053c04477534ef55a1706bf4c1112bbb242f0a2.sdkstatcache -output-file-map /Users/admin/builder/spi-builder-workspace/.derivedData/Build/Intermediates.noindex/ToastSwiftUI.build/Debug-watchos/ToastSwiftUI-t.build/Objects-normal/arm64_32/ToastSwiftUI-OutputFileMap.json -save-temps -no-color-diagnostics -explicit-module-build -module-cache-path /Users/admin/builder/spi-builder-workspace/.derivedData/Build/Intermediates.noindex/SwiftExplicitPrecompiledModules -clang-scanner-module-cache-path /Users/admin/builder/spi-builder-workspace/.derivedData/ModuleCache.noindex -sdk-module-cache-path /Users/admin/builder/spi-builder-workspace/.derivedData/SDKExplicitPrecompiledModules -emit-dependencies -emit-module -emit-module-path /Users/admin/builder/spi-builder-workspace/.derivedData/Build/Intermediates.noindex/ToastSwiftUI.build/Debug-watchos/ToastSwiftUI-t.build/Objects-normal/arm64_32/ToastSwiftUI.swiftmodule -serialize-diagnostics -dependency-scan-serialize-diagnostics-path /Users/admin/builder/spi-builder-workspace/.derivedData/Build/Intermediates.noindex/ToastSwiftUI.build/Debug-watchos/ToastSwiftUI-t.build/Objects-normal/arm64_32/ToastSwiftUI-dependency-scan.dia -validate-clang-modules-once -clang-build-session-file /Users/admin/builder/spi-builder-workspace/.derivedData/ModuleCache.noindex/Session.modulevalidation -Xcc -fmodules-prune-interval\=86400 -Xcc -fmodules-prune-after\=345600 -package-name spi_builder_workspace -emit-const-values -const-gather-protocols-list /Users/admin/builder/spi-builder-workspace/.derivedData/Build/Intermediates.noindex/ToastSwiftUI.build/Debug-watchos/ToastSwiftUI-t.build/Objects-normal/arm64_32/ToastSwiftUI_const_extract_protocols.json -Xcc -I/Users/admin/builder/spi-builder-workspace/.derivedData/Build/Products/Debug-watchos/include -Xcc -I/Users/admin/builder/spi-builder-workspace/.derivedData/Build/Intermediates.noindex/ToastSwiftUI.build/Debug-watchos/ToastSwiftUI-t.build/DerivedSources-normal/arm64_32 -Xcc -I/Users/admin/builder/spi-builder-workspace/.derivedData/Build/Intermediates.noindex/ToastSwiftUI.build/Debug-watchos/ToastSwiftUI-t.build/DerivedSources/arm64_32 -Xcc -I/Users/admin/builder/spi-builder-workspace/.derivedData/Build/Intermediates.noindex/ToastSwiftUI.build/Debug-watchos/ToastSwiftUI-t.build/DerivedSources -Xcc -DSWIFT_PACKAGE -Xcc -DDEBUG\=1 -emit-objc-header -emit-objc-header-path /Users/admin/builder/spi-builder-workspace/.derivedData/Build/Intermediates.noindex/ToastSwiftUI.build/Debug-watchos/ToastSwiftUI-t.build/Objects-normal/arm64_32/ToastSwiftUI-Swift.h -working-directory /Users/admin/builder/spi-builder-workspace/.swiftpm/xcode -experimental-emit-module-separately -disable-cmo
SwiftEmitModule normal arm64_32 Emitting\ module\ for\ ToastSwiftUI (in target 'ToastSwiftUI' from project 'ToastSwiftUI')
/Users/admin/builder/spi-builder-workspace/Sources/ToastSwiftUI/PassThroughWindow.swift:12:57: error: 'UIEvent' is unavailable in watchOS
10 | internal class PassThroughWindow: UIWindow {
11 |
12 | override func hitTest(_ point: CGPoint, with event: UIEvent?) -> UIView? {
| `- error: 'UIEvent' is unavailable in watchOS
13 | guard let hitView = super.hitTest(point, with: event) else { return nil }
14 | guard let rootView = rootViewController?.view else { return nil }
/Applications/Xcode-27.0.0-Release.Candidate.app/Contents/Developer/Platforms/WatchOS.platform/Developer/SDKs/WatchOS27.0.sdk/System/Library/Frameworks/UIKit.framework/Headers/UIEvent.h:62:12: note: 'UIEvent' has been explicitly marked unavailable here
60 |
61 | UIKIT_EXTERN API_AVAILABLE(ios(2.0)) API_UNAVAILABLE(watchos) NS_SWIFT_UI_ACTOR
62 | @interface UIEvent : NSObject
| `- note: 'UIEvent' has been explicitly marked unavailable here
63 |
64 | @property(nonatomic,readonly) UIEventType type API_AVAILABLE(ios(3.0));
/Users/admin/builder/spi-builder-workspace/Sources/ToastSwiftUI/PassThroughWindow.swift:12:70: error: 'UIView' is unavailable in watchOS
10 | internal class PassThroughWindow: UIWindow {
11 |
12 | override func hitTest(_ point: CGPoint, with event: UIEvent?) -> UIView? {
| `- error: 'UIView' is unavailable in watchOS
13 | guard let hitView = super.hitTest(point, with: event) else { return nil }
14 | guard let rootView = rootViewController?.view else { return nil }
/Applications/Xcode-27.0.0-Release.Candidate.app/Contents/Developer/Platforms/WatchOS.platform/Developer/SDKs/WatchOS27.0.sdk/System/Library/Frameworks/UIKit.framework/Headers/UIView.h:152:12: note: 'UIView' has been explicitly marked unavailable here
150 |
151 | UIKIT_EXTERN API_AVAILABLE(ios(2.0)) API_UNAVAILABLE(watchos) NS_SWIFT_UI_ACTOR
152 | @interface UIView : UIResponder <NSCoding, UIAppearance, UIAppearanceContainer, UIDynamicItem, UITraitEnvironment, UICoordinateSpace, UIFocusItem, UIFocusItemContainer, CALayerDelegate>
| `- note: 'UIView' has been explicitly marked unavailable here
153 |
154 | @property(class, nonatomic, readonly) Class layerClass; // default is [CALayer class]. Used when creating the underlying layer for the view.
/Users/admin/builder/spi-builder-workspace/Sources/ToastSwiftUI/PassThroughWindow.swift:10:35: error: 'UIWindow' is unavailable in watchOS
8 | import UIKit
9 |
10 | internal class PassThroughWindow: UIWindow {
| `- error: 'UIWindow' is unavailable in watchOS
11 |
12 | override func hitTest(_ point: CGPoint, with event: UIEvent?) -> UIView? {
/Applications/Xcode-27.0.0-Release.Candidate.app/Contents/Developer/Platforms/WatchOS.platform/Developer/SDKs/WatchOS27.0.sdk/System/Library/Frameworks/UIKit.framework/Headers/UIWindow.h:22:12: note: 'UIWindow' has been explicitly marked unavailable here
20 |
21 | UIKIT_EXTERN API_AVAILABLE(ios(2.0)) API_UNAVAILABLE(watchos) NS_SWIFT_UI_ACTOR
22 | @interface UIWindow : UIView
| `- note: 'UIWindow' has been explicitly marked unavailable here
23 |
24 | // instantiate a UIWindow already associated with a given UIWindowScene instance, with matching frame & interface orientations.
/Users/admin/builder/spi-builder-workspace/Sources/ToastSwiftUI/RootView.swift:14:39: error: 'UIWindow' is unavailable in watchOS
12 | // MARK: - Properties
13 | @ViewBuilder public var content: Content
14 | @State private var overlayWindow: UIWindow?
| `- error: 'UIWindow' is unavailable in watchOS
15 |
16 | // MARK: - Init
/Applications/Xcode-27.0.0-Release.Candidate.app/Contents/Developer/Platforms/WatchOS.platform/Developer/SDKs/WatchOS27.0.sdk/System/Library/Frameworks/UIKit.framework/Headers/UIWindow.h:22:12: note: 'UIWindow' has been explicitly marked unavailable here
20 |
21 | UIKIT_EXTERN API_AVAILABLE(ios(2.0)) API_UNAVAILABLE(watchos) NS_SWIFT_UI_ACTOR
22 | @interface UIWindow : UIView
| `- note: 'UIWindow' has been explicitly marked unavailable here
23 |
24 | // instantiate a UIWindow already associated with a given UIWindowScene instance, with matching frame & interface orientations.
macro expansion @State:2:24: error: 'UIWindow' is unavailable in watchOS
`- /Users/admin/builder/spi-builder-workspace/Sources/ToastSwiftUI/RootView.swift:14:48: note: expanded code originates here
12 | // MARK: - Properties
13 | @ViewBuilder public var content: Content
14 | @State private var overlayWindow: UIWindow?
| `- note: in expansion of macro 'State' on property 'overlayWindow' here
+--- macro expansion @State -----------------------------------------
| 1 | private var __overlayWindow = SwiftUICore.State._makeStorage(({
| 2 | let value: UIWindow? = nil
| | `- error: 'UIWindow' is unavailable in watchOS
| 3 | return value
| 4 | }))
+--------------------------------------------------------------------
15 |
16 | // MARK: - Init
/Applications/Xcode-27.0.0-Release.Candidate.app/Contents/Developer/Platforms/WatchOS.platform/Developer/SDKs/WatchOS27.0.sdk/System/Library/Frameworks/UIKit.framework/Headers/UIWindow.h:22:12: note: 'UIWindow' has been explicitly marked unavailable here
20 |
21 | UIKIT_EXTERN API_AVAILABLE(ios(2.0)) API_UNAVAILABLE(watchos) NS_SWIFT_UI_ACTOR
22 | @interface UIWindow : UIView
| `- note: 'UIWindow' has been explicitly marked unavailable here
23 |
24 | // instantiate a UIWindow already associated with a given UIWindowScene instance, with matching frame & interface orientations.
macro expansion @State:8:27: error: 'UIWindow' is unavailable in watchOS
`- /Users/admin/builder/spi-builder-workspace/Sources/ToastSwiftUI/RootView.swift:14:48: note: expanded code originates here
12 | // MARK: - Properties
13 | @ViewBuilder public var content: Content
14 | @State private var overlayWindow: UIWindow?
| `- note: in expansion of macro 'State' on property 'overlayWindow' here
+--- macro expansion @State -----------------------------------------
| 6 | @SwiftUICore._StatePropertyWrapperStorage(initialValue: "JHMxMlRvYXN0U3dpZnRVSThSb290Vmlld1YxM292ZXJsYXlXaW5kb3czM183ODRCRjE2NTg3OTU5MTlERUM1RDBFODJBMkZDNEY3MExMNVN0YXRlZk1wXzIwX2luaXRpYWxTdG9yZWRWYWx1ZV9mTXVf")
| 7 | private var _overlayWindow: SwiftUICore.State<_>! = SwiftUICore._stateNil(of: {
| 8 | SwiftUICore.State<UIWindow?>(initialValue: nil)
| | `- error: 'UIWindow' is unavailable in watchOS
| 9 | })
|10 |
+--------------------------------------------------------------------
15 |
16 | // MARK: - Init
/Applications/Xcode-27.0.0-Release.Candidate.app/Contents/Developer/Platforms/WatchOS.platform/Developer/SDKs/WatchOS27.0.sdk/System/Library/Frameworks/UIKit.framework/Headers/UIWindow.h:22:12: note: 'UIWindow' has been explicitly marked unavailable here
20 |
21 | UIKIT_EXTERN API_AVAILABLE(ios(2.0)) API_UNAVAILABLE(watchos) NS_SWIFT_UI_ACTOR
22 | @interface UIWindow : UIView
| `- note: 'UIWindow' has been explicitly marked unavailable here
23 |
24 | // instantiate a UIWindow already associated with a given UIWindowScene instance, with matching frame & interface orientations.
macro expansion @State:12:48: error: 'UIWindow' is unavailable in watchOS
`- /Users/admin/builder/spi-builder-workspace/Sources/ToastSwiftUI/RootView.swift:14:48: note: expanded code originates here
12 | // MARK: - Properties
13 | @ViewBuilder public var content: Content
14 | @State private var overlayWindow: UIWindow?
| `- note: in expansion of macro 'State' on property 'overlayWindow' here
+--- macro expansion @State -----------------------------------------
|10 |
|11 | @SwiftUICore._StateProjectedValue
|12 | private var $overlayWindow = SwiftUICore.State<UIWindow?>(initialValue: nil).projectedValue
| | `- error: 'UIWindow' is unavailable in watchOS
|13 |
|14 | @SwiftUICore._StateInitialStoredValue("U3dpZnRVSUNvcmUuU3RhdGUuX21ha2VTdG9yYWdlKGluaXRpYWxWYWx1ZTogeyBsZXQgeDogVUlXaW5kb3c/ID0gbmlsCnJldHVybiB4IH0oKSk=")
+--------------------------------------------------------------------
15 |
16 | // MARK: - Init
/Applications/Xcode-27.0.0-Release.Candidate.app/Contents/Developer/Platforms/WatchOS.platform/Developer/SDKs/WatchOS27.0.sdk/System/Library/Frameworks/UIKit.framework/Headers/UIWindow.h:22:12: note: 'UIWindow' has been explicitly marked unavailable here
20 |
21 | UIKIT_EXTERN API_AVAILABLE(ios(2.0)) API_UNAVAILABLE(watchos) NS_SWIFT_UI_ACTOR
22 | @interface UIWindow : UIView
| `- note: 'UIWindow' has been explicitly marked unavailable here
23 |
24 | // instantiate a UIWindow already associated with a given UIWindowScene instance, with matching frame & interface orientations.
SwiftCompile normal arm64_32 (in target 'ToastSwiftUI' from project 'ToastSwiftUI')
cd /Users/admin/builder/spi-builder-workspace/.swiftpm/xcode
macro expansion @State:16:20: error: 'UIWindow' is unavailable in watchOS
`- /Users/admin/builder/spi-builder-workspace/Sources/ToastSwiftUI/RootView.swift:14:48: note: expanded code originates here
12 | // MARK: - Properties
13 | @ViewBuilder public var content: Content
14 | @State private var overlayWindow: UIWindow?
| `- note: in expansion of macro 'State' on property 'overlayWindow' here
+--- macro expansion @State -----------------------------------------
|14 | @SwiftUICore._StateInitialStoredValue("U3dpZnRVSUNvcmUuU3RhdGUuX21ha2VTdG9yYWdlKGluaXRpYWxWYWx1ZTogeyBsZXQgeDogVUlXaW5kb3c/ID0gbmlsCnJldHVybiB4IH0oKSk=")
|15 | private static var $s12ToastSwiftUI8RootViewV13overlayWindow33_784BF1658795919DEC5D0E82A2FC4F70LL5StatefMp_20_initialStoredValue_fMu_ = (SwiftUICore.State._makeStorage(initialValue: {
|16 | let x: UIWindow? = nil
| | `- error: 'UIWindow' is unavailable in watchOS
|17 | return x
|18 | }()))
+--------------------------------------------------------------------
15 |
16 | // MARK: - Init
/Applications/Xcode-27.0.0-Release.Candidate.app/Contents/Developer/Platforms/WatchOS.platform/Developer/SDKs/WatchOS27.0.sdk/System/Library/Frameworks/UIKit.framework/Headers/UIWindow.h:22:12: note: 'UIWindow' has been explicitly marked unavailable here
20 |
21 | UIKIT_EXTERN API_AVAILABLE(ios(2.0)) API_UNAVAILABLE(watchos) NS_SWIFT_UI_ACTOR
22 | @interface UIWindow : UIView
| `- note: 'UIWindow' has been explicitly marked unavailable here
23 |
24 | // instantiate a UIWindow already associated with a given UIWindowScene instance, with matching frame & interface orientations.
Failed frontend command:
/Applications/Xcode-27.0.0-Release.Candidate.app/Contents/Developer/Toolchains/XcodeDefault.xctoolchain/usr/bin/swift-frontend -frontend -emit-module -experimental-skip-non-inlinable-function-bodies-without-types /Users/admin/builder/spi-builder-workspace/Sources/ToastSwiftUI/Models/ToastItem.swift /Users/admin/builder/spi-builder-workspace/Sources/ToastSwiftUI/Models/ToastPosition.swift /Users/admin/builder/spi-builder-workspace/Sources/ToastSwiftUI/Models/ToastTime.swift /Users/admin/builder/spi-builder-workspace/Sources/ToastSwiftUI/PassThroughWindow.swift /Users/admin/builder/spi-builder-workspace/Sources/ToastSwiftUI/RootView.swift /Users/admin/builder/spi-builder-workspace/Sources/ToastSwiftUI/Toast.swift /Users/admin/builder/spi-builder-workspace/Sources/ToastSwiftUI/ToastGroup.swift /Users/admin/builder/spi-builder-workspace/Sources/ToastSwiftUI/ToastView.swift -target arm64_32-apple-watchos11.0 -disable-cross-import-overlay-search -load-resolved-plugin /Applications/Xcode-27.0.0-Release.Candidate.app/Contents/Developer/Platforms/WatchOS.platform/Developer/usr/lib/swift/host/plugins/libFoundationMacros.dylib\#/Applications/Xcode-27.0.0-Release.Candidate.app/Contents/Developer/Platforms/WatchOS.platform/Developer/usr/bin/swift-plugin-server\#FoundationMacros -load-resolved-plugin /Applications/Xcode-27.0.0-Release.Candidate.app/Contents/Developer/Platforms/WatchOS.platform/Developer/usr/lib/swift/host/plugins/libObservationMacros.dylib\#/Applications/Xcode-27.0.0-Release.Candidate.app/Contents/Developer/Platforms/WatchOS.platform/Developer/usr/bin/swift-plugin-server\#ObservationMacros -load-resolved-plugin /Applications/Xcode-27.0.0-Release.Candidate.app/Contents/Developer/Platforms/WatchOS.platform/Developer/usr/lib/swift/host/plugins/libPreviewsMacros.dylib\#/Applications/Xcode-27.0.0-Release.Candidate.app/Contents/Developer/Platforms/WatchOS.platform/Developer/usr/bin/swift-plugin-server\#PreviewsMacros -load-resolved-plugin /Applications/Xcode-27.0.0-Release.Candidate.app/Contents/Developer/Platforms/WatchOS.platform/Developer/usr/lib/swift/host/plugins/libSwiftMacros.dylib\#/Applications/Xcode-27.0.0-Release.Candidate.app/Contents/Developer/Platforms/WatchOS.platform/Developer/usr/bin/swift-plugin-server\#SwiftMacros -load-resolved-plugin /Applications/Xcode-27.0.0-Release.Candidate.app/Contents/Developer/Platforms/WatchOS.platform/Developer/usr/lib/swift/host/plugins/libSwiftUIMacros.dylib\#/Applications/Xcode-27.0.0-Release.Candidate.app/Contents/Developer/Platforms/WatchOS.platform/Developer/usr/bin/swift-plugin-server\#SwiftUIMacros -disable-implicit-swift-modules -Xcc -fno-implicit-modules -Xcc -fno-implicit-module-maps -explicit-swift-module-map-file /Users/admin/builder/spi-builder-workspace/.derivedData/Build/Intermediates.noindex/ToastSwiftUI.build/Debug-watchos/ToastSwiftUI-t.build/Objects-normal/arm64_32/ToastSwiftUI-dependencies-1.json -enable-objc-interop -sdk /Applications/Xcode-27.0.0-Release.Candidate.app/Contents/Developer/Platforms/WatchOS.platform/Developer/SDKs/WatchOS27.0.sdk -I /Users/admin/builder/spi-builder-workspace/.derivedData/Build/Products/Debug-watchos -Isystem /Applications/Xcode-27.0.0-Release.Candidate.app/Contents/Developer/Platforms/WatchOS.platform/Developer/usr/lib -F /Users/admin/builder/spi-builder-workspace/.derivedData/Build/Products/Debug-watchos -F /Applications/Xcode-27.0.0-Release.Candidate.app/Contents/Developer/Platforms/WatchOS.platform/Developer/Library/Frameworks -F /Applications/Xcode-27.0.0-Release.Candidate.app/Contents/Developer/Platforms/WatchOS.platform/Developer/SDKs/WatchOS27.0.sdk/Developer/Library/Frameworks -module-cache-path /Users/admin/builder/spi-builder-workspace/.derivedData/Build/Intermediates.noindex/SwiftExplicitPrecompiledModules -no-color-diagnostics -Xcc -fno-color-diagnostics -enable-testing -g -debug-info-format\=dwarf -dwarf-version\=5 -swift-version 6 -Onone -D SWIFT_PACKAGE -D DEBUG -D SWIFT_MODULE_RESOURCE_BUNDLE_UNAVAILABLE -D Xcode -serialize-debugging-options -enable-experimental-feature DebugDescriptionMacro -empty-abi-descriptor -validate-clang-modules-once -clang-build-session-file /Users/admin/builder/spi-builder-workspace/.derivedData/ModuleCache.noindex/Session.modulevalidation -Xcc -working-directory -Xcc /Users/admin/builder/spi-builder-workspace/.swiftpm/xcode -enable-anonymous-context-mangled-names -file-compilation-dir /Users/admin/builder/spi-builder-workspace/.swiftpm/xcode -Xcc -D_LIBCPP_HARDENING_MODE\=_LIBCPP_HARDENING_MODE_DEBUG -Xcc -ivfsstatcache -Xcc /Users/admin/builder/spi-builder-workspace/.derivedData/SDKStatCaches.noindex/watchos27.0-24R360-e829b21a6f8c9b70876ba0858053c04477534ef55a1706bf4c1112bbb242f0a2.sdkstatcache -Xcc -fmodules-prune-interval\=86400 -Xcc -fmodules-prune-after\=345600 -Xcc -I/Users/admin/builder/spi-builder-workspace/.derivedData/Build/Products/Debug-watchos/include -Xcc -I/Users/admin/builder/spi-builder-workspace/.derivedData/Build/Intermediates.noindex/ToastSwiftUI.build/Debug-watchos/ToastSwiftUI-t.build/DerivedSources-normal/arm64_32 -Xcc -I/Users/admin/builder/spi-builder-workspace/.derivedData/Build/Intermediates.noindex/ToastSwiftUI.build/Debug-watchos/ToastSwiftUI-t.build/DerivedSources/arm64_32 -Xcc -I/Users/admin/builder/spi-builder-workspace/.derivedData/Build/Intermediates.noindex/ToastSwiftUI.build/Debug-watchos/ToastSwiftUI-t.build/DerivedSources -Xcc -DSWIFT_PACKAGE -Xcc -DDEBUG\=1 -no-auto-bridging-header-chaining -module-name ToastSwiftUI -package-name spi_builder_workspace -const-gather-protocols-file /Users/admin/builder/spi-builder-workspace/.derivedData/Build/Intermediates.noindex/ToastSwiftUI.build/Debug-watchos/ToastSwiftUI-t.build/Objects-normal/arm64_32/ToastSwiftUI_const_extract_protocols.json -disable-clang-spi -clang-target arm64_32-apple-watchos27.0 -target-sdk-version 27.0 -target-sdk-name watchos27.0 -in-process-plugin-server-path /Applications/Xcode-27.0.0-Release.Candidate.app/Contents/Developer/Toolchains/XcodeDefault.xctoolchain/usr/lib/swift/host/libSwiftInProcPluginServer.dylib -emit-module-doc-path /Users/admin/builder/spi-builder-workspace/.derivedData/Build/Intermediates.noindex/ToastSwiftUI.build/Debug-watchos/ToastSwiftUI-t.build/Objects-normal/arm64_32/ToastSwiftUI.swiftdoc -emit-module-source-info-path /Users/admin/builder/spi-builder-workspace/.derivedData/Build/Intermediates.noindex/ToastSwiftUI.build/Debug-watchos/ToastSwiftUI-t.build/Objects-normal/arm64_32/ToastSwiftUI.swiftsourceinfo -emit-objc-header-path /Users/admin/builder/spi-builder-workspace/.derivedData/Build/Intermediates.noindex/ToastSwiftUI.build/Debug-watchos/ToastSwiftUI-t.build/Objects-normal/arm64_32/ToastSwiftUI-Swift.h -serialize-diagnostics-path /Users/admin/builder/spi-builder-workspace/.derivedData/Build/Intermediates.noindex/ToastSwiftUI.build/Debug-watchos/ToastSwiftUI-t.build/Objects-normal/arm64_32/ToastSwiftUI-primary-emit-module.dia -emit-dependencies-path /Users/admin/builder/spi-builder-workspace/.derivedData/Build/Intermediates.noindex/ToastSwiftUI.build/Debug-watchos/ToastSwiftUI-t.build/Objects-normal/arm64_32/ToastSwiftUI-primary-emit-module.d -parse-as-library -o /Users/admin/builder/spi-builder-workspace/.derivedData/Build/Intermediates.noindex/ToastSwiftUI.build/Debug-watchos/ToastSwiftUI-t.build/Objects-normal/arm64_32/ToastSwiftUI.swiftmodule -emit-abi-descriptor-path /Users/admin/builder/spi-builder-workspace/.derivedData/Build/Intermediates.noindex/ToastSwiftUI.build/Debug-watchos/ToastSwiftUI-t.build/Objects-normal/arm64_32/ToastSwiftUI.abi.json
SwiftCompile normal arm64_32 Compiling\ ToastPosition.swift /Users/admin/builder/spi-builder-workspace/Sources/ToastSwiftUI/Models/ToastPosition.swift (in target 'ToastSwiftUI' from project 'ToastSwiftUI')
SwiftCompile normal arm64_32 /Users/admin/builder/spi-builder-workspace/Sources/ToastSwiftUI/Models/ToastPosition.swift (in target 'ToastSwiftUI' from project 'ToastSwiftUI')
cd /Users/admin/builder/spi-builder-workspace/.swiftpm/xcode
builtin-SwiftPerFileCompile ToastPosition.swift
SwiftCompile normal arm64_32 Compiling\ PassThroughWindow.swift /Users/admin/builder/spi-builder-workspace/Sources/ToastSwiftUI/PassThroughWindow.swift (in target 'ToastSwiftUI' from project 'ToastSwiftUI')
/Users/admin/builder/spi-builder-workspace/Sources/ToastSwiftUI/PassThroughWindow.swift:12:57: error: 'UIEvent' is unavailable in watchOS
10 | internal class PassThroughWindow: UIWindow {
11 |
12 | override func hitTest(_ point: CGPoint, with event: UIEvent?) -> UIView? {
| `- error: 'UIEvent' is unavailable in watchOS
13 | guard let hitView = super.hitTest(point, with: event) else { return nil }
14 | guard let rootView = rootViewController?.view else { return nil }
/Applications/Xcode-27.0.0-Release.Candidate.app/Contents/Developer/Platforms/WatchOS.platform/Developer/SDKs/WatchOS27.0.sdk/System/Library/Frameworks/UIKit.framework/Headers/UIEvent.h:62:12: note: 'UIEvent' has been explicitly marked unavailable here
60 |
61 | UIKIT_EXTERN API_AVAILABLE(ios(2.0)) API_UNAVAILABLE(watchos) NS_SWIFT_UI_ACTOR
62 | @interface UIEvent : NSObject
| `- note: 'UIEvent' has been explicitly marked unavailable here
63 |
64 | @property(nonatomic,readonly) UIEventType type API_AVAILABLE(ios(3.0));
/Users/admin/builder/spi-builder-workspace/Sources/ToastSwiftUI/PassThroughWindow.swift:12:70: error: 'UIView' is unavailable in watchOS
10 | internal class PassThroughWindow: UIWindow {
11 |
12 | override func hitTest(_ point: CGPoint, with event: UIEvent?) -> UIView? {
| `- error: 'UIView' is unavailable in watchOS
13 | guard let hitView = super.hitTest(point, with: event) else { return nil }
14 | guard let rootView = rootViewController?.view else { return nil }
/Applications/Xcode-27.0.0-Release.Candidate.app/Contents/Developer/Platforms/WatchOS.platform/Developer/SDKs/WatchOS27.0.sdk/System/Library/Frameworks/UIKit.framework/Headers/UIView.h:152:12: note: 'UIView' has been explicitly marked unavailable here
150 |
151 | UIKIT_EXTERN API_AVAILABLE(ios(2.0)) API_UNAVAILABLE(watchos) NS_SWIFT_UI_ACTOR
152 | @interface UIView : UIResponder <NSCoding, UIAppearance, UIAppearanceContainer, UIDynamicItem, UITraitEnvironment, UICoordinateSpace, UIFocusItem, UIFocusItemContainer, CALayerDelegate>
| `- note: 'UIView' has been explicitly marked unavailable here
153 |
154 | @property(class, nonatomic, readonly) Class layerClass; // default is [CALayer class]. Used when creating the underlying layer for the view.
SwiftCompile normal arm64_32 /Users/admin/builder/spi-builder-workspace/Sources/ToastSwiftUI/PassThroughWindow.swift (in target 'ToastSwiftUI' from project 'ToastSwiftUI')
cd /Users/admin/builder/spi-builder-workspace/.swiftpm/xcode
builtin-SwiftPerFileCompile PassThroughWindow.swift
SwiftCompile normal arm64_32 Compiling\ ToastItem.swift /Users/admin/builder/spi-builder-workspace/Sources/ToastSwiftUI/Models/ToastItem.swift (in target 'ToastSwiftUI' from project 'ToastSwiftUI')
SwiftCompile normal arm64_32 /Users/admin/builder/spi-builder-workspace/Sources/ToastSwiftUI/Models/ToastItem.swift (in target 'ToastSwiftUI' from project 'ToastSwiftUI')
cd /Users/admin/builder/spi-builder-workspace/.swiftpm/xcode
builtin-SwiftPerFileCompile ToastItem.swift
SwiftCompile normal arm64_32 Compiling\ RootView.swift /Users/admin/builder/spi-builder-workspace/Sources/ToastSwiftUI/RootView.swift (in target 'ToastSwiftUI' from project 'ToastSwiftUI')
/Users/admin/builder/spi-builder-workspace/Sources/ToastSwiftUI/RootView.swift:14:39: error: 'UIWindow' is unavailable in watchOS
12 | // MARK: - Properties
13 | @ViewBuilder public var content: Content
14 | @State private var overlayWindow: UIWindow?
| `- error: 'UIWindow' is unavailable in watchOS
15 |
16 | // MARK: - Init
/Applications/Xcode-27.0.0-Release.Candidate.app/Contents/Developer/Platforms/WatchOS.platform/Developer/SDKs/WatchOS27.0.sdk/System/Library/Frameworks/UIKit.framework/Headers/UIWindow.h:22:12: note: 'UIWindow' has been explicitly marked unavailable here
20 |
21 | UIKIT_EXTERN API_AVAILABLE(ios(2.0)) API_UNAVAILABLE(watchos) NS_SWIFT_UI_ACTOR
22 | @interface UIWindow : UIView
| `- note: 'UIWindow' has been explicitly marked unavailable here
23 |
24 | // instantiate a UIWindow already associated with a given UIWindowScene instance, with matching frame & interface orientations.
macro expansion @State:2:24: error: 'UIWindow' is unavailable in watchOS
`- /Users/admin/builder/spi-builder-workspace/Sources/ToastSwiftUI/RootView.swift:14:48: note: expanded code originates here
12 | // MARK: - Properties
13 | @ViewBuilder public var content: Content
14 | @State private var overlayWindow: UIWindow?
| `- note: in expansion of macro 'State' on property 'overlayWindow' here
+--- macro expansion @State -----------------------------------------
| 1 | private var __overlayWindow = SwiftUICore.State._makeStorage(({
| 2 | let value: UIWindow? = nil
| | `- error: 'UIWindow' is unavailable in watchOS
| 3 | return value
| 4 | }))
+--------------------------------------------------------------------
15 |
16 | // MARK: - Init
/Applications/Xcode-27.0.0-Release.Candidate.app/Contents/Developer/Platforms/WatchOS.platform/Developer/SDKs/WatchOS27.0.sdk/System/Library/Frameworks/UIKit.framework/Headers/UIWindow.h:22:12: note: 'UIWindow' has been explicitly marked unavailable here
20 |
21 | UIKIT_EXTERN API_AVAILABLE(ios(2.0)) API_UNAVAILABLE(watchos) NS_SWIFT_UI_ACTOR
22 | @interface UIWindow : UIView
| `- note: 'UIWindow' has been explicitly marked unavailable here
23 |
24 | // instantiate a UIWindow already associated with a given UIWindowScene instance, with matching frame & interface orientations.
macro expansion @State:8:27: error: 'UIWindow' is unavailable in watchOS
`- /Users/admin/builder/spi-builder-workspace/Sources/ToastSwiftUI/RootView.swift:14:48: note: expanded code originates here
12 | // MARK: - Properties
13 | @ViewBuilder public var content: Content
14 | @State private var overlayWindow: UIWindow?
| `- note: in expansion of macro 'State' on property 'overlayWindow' here
+--- macro expansion @State -----------------------------------------
| 6 | @SwiftUICore._StatePropertyWrapperStorage(initialValue: "JHMxMlRvYXN0U3dpZnRVSThSb290Vmlld1YxM292ZXJsYXlXaW5kb3czM183ODRCRjE2NTg3OTU5MTlERUM1RDBFODJBMkZDNEY3MExMNVN0YXRlZk1wXzIwX2luaXRpYWxTdG9yZWRWYWx1ZV9mTXVf")
| 7 | private var _overlayWindow: SwiftUICore.State<_>! = SwiftUICore._stateNil(of: {
| 8 | SwiftUICore.State<UIWindow?>(initialValue: nil)
| | `- error: 'UIWindow' is unavailable in watchOS
| 9 | })
|10 |
+--------------------------------------------------------------------
15 |
16 | // MARK: - Init
/Applications/Xcode-27.0.0-Release.Candidate.app/Contents/Developer/Platforms/WatchOS.platform/Developer/SDKs/WatchOS27.0.sdk/System/Library/Frameworks/UIKit.framework/Headers/UIWindow.h:22:12: note: 'UIWindow' has been explicitly marked unavailable here
20 |
21 | UIKIT_EXTERN API_AVAILABLE(ios(2.0)) API_UNAVAILABLE(watchos) NS_SWIFT_UI_ACTOR
22 | @interface UIWindow : UIView
| `- note: 'UIWindow' has been explicitly marked unavailable here
23 |
24 | // instantiate a UIWindow already associated with a given UIWindowScene instance, with matching frame & interface orientations.
macro expansion @State:12:48: error: 'UIWindow' is unavailable in watchOS
`- /Users/admin/builder/spi-builder-workspace/Sources/ToastSwiftUI/RootView.swift:14:48: note: expanded code originates here
12 | // MARK: - Properties
13 | @ViewBuilder public var content: Content
14 | @State private var overlayWindow: UIWindow?
| `- note: in expansion of macro 'State' on property 'overlayWindow' here
+--- macro expansion @State -----------------------------------------
|10 |
|11 | @SwiftUICore._StateProjectedValue
|12 | private var $overlayWindow = SwiftUICore.State<UIWindow?>(initialValue: nil).projectedValue
| | `- error: 'UIWindow' is unavailable in watchOS
|13 |
|14 | @SwiftUICore._StateInitialStoredValue("U3dpZnRVSUNvcmUuU3RhdGUuX21ha2VTdG9yYWdlKGluaXRpYWxWYWx1ZTogeyBsZXQgeDogVUlXaW5kb3c/ID0gbmlsCnJldHVybiB4IH0oKSk=")
+--------------------------------------------------------------------
15 |
16 | // MARK: - Init
/Applications/Xcode-27.0.0-Release.Candidate.app/Contents/Developer/Platforms/WatchOS.platform/Developer/SDKs/WatchOS27.0.sdk/System/Library/Frameworks/UIKit.framework/Headers/UIWindow.h:22:12: note: 'UIWindow' has been explicitly marked unavailable here
20 |
21 | UIKIT_EXTERN API_AVAILABLE(ios(2.0)) API_UNAVAILABLE(watchos) NS_SWIFT_UI_ACTOR
22 | @interface UIWindow : UIView
| `- note: 'UIWindow' has been explicitly marked unavailable here
23 |
24 | // instantiate a UIWindow already associated with a given UIWindowScene instance, with matching frame & interface orientations.
macro expansion @State:16:20: error: 'UIWindow' is unavailable in watchOS
`- /Users/admin/builder/spi-builder-workspace/Sources/ToastSwiftUI/RootView.swift:14:48: note: expanded code originates here
12 | // MARK: - Properties
13 | @ViewBuilder public var content: Content
14 | @State private var overlayWindow: UIWindow?
| `- note: in expansion of macro 'State' on property 'overlayWindow' here
+--- macro expansion @State -----------------------------------------
|14 | @SwiftUICore._StateInitialStoredValue("U3dpZnRVSUNvcmUuU3RhdGUuX21ha2VTdG9yYWdlKGluaXRpYWxWYWx1ZTogeyBsZXQgeDogVUlXaW5kb3c/ID0gbmlsCnJldHVybiB4IH0oKSk=")
|15 | private static var $s12ToastSwiftUI8RootViewV13overlayWindow33_784BF1658795919DEC5D0E82A2FC4F70LL5StatefMp_20_initialStoredValue_fMu_ = (SwiftUICore.State._makeStorage(initialValue: {
|16 | let x: UIWindow? = nil
| | `- error: 'UIWindow' is unavailable in watchOS
|17 | return x
|18 | }()))
+--------------------------------------------------------------------
15 |
16 | // MARK: - Init
/Applications/Xcode-27.0.0-Release.Candidate.app/Contents/Developer/Platforms/WatchOS.platform/Developer/SDKs/WatchOS27.0.sdk/System/Library/Frameworks/UIKit.framework/Headers/UIWindow.h:22:12: note: 'UIWindow' has been explicitly marked unavailable here
20 |
21 | UIKIT_EXTERN API_AVAILABLE(ios(2.0)) API_UNAVAILABLE(watchos) NS_SWIFT_UI_ACTOR
22 | @interface UIWindow : UIView
| `- note: 'UIWindow' has been explicitly marked unavailable here
23 |
24 | // instantiate a UIWindow already associated with a given UIWindowScene instance, with matching frame & interface orientations.
macro expansion @_StateInitialStoredValue:4:24: error: 'UIWindow' is unavailable in watchOS
`- /Users/admin/builder/spi-builder-workspace/Sources/ToastSwiftUI/RootView.swift:14:48: note: expanded code originates here
12 | // MARK: - Properties
13 | @ViewBuilder public var content: Content
14 | @State private var overlayWindow: UIWindow?
| `- note: in expansion of macro 'State' on property 'overlayWindow' here
+--- macro expansion @State -----------------------------------------
|12 | private var $overlayWindow = SwiftUICore.State<UIWindow?>(initialValue: nil).projectedValue
|13 |
|14 | @SwiftUICore._StateInitialStoredValue("U3dpZnRVSUNvcmUuU3RhdGUuX21ha2VTdG9yYWdlKGluaXRpYWxWYWx1ZTogeyBsZXQgeDogVUlXaW5kb3c/ID0gbmlsCnJldHVybiB4IH0oKSk=")
| | `- note: in expansion of macro '_StateInitialStoredValue' on static property '$s12ToastSwiftUI8RootViewV13overlayWindow33_784BF1658795919DEC5D0E82A2FC4F70LL5StatefMp_20_initialStoredValue_fMu_' here
|15 | private static var $s12ToastSwiftUI8RootViewV13overlayWindow33_784BF1658795919DEC5D0E82A2FC4F70LL5StatefMp_20_initialStoredValue_fMu_ = (SwiftUICore.State._makeStorage(initialValue: {
|16 | let x: UIWindow? = nil
|17 | return x
|18 | }()))
| +--- macro expansion @_StateInitialStoredValue ------------------
| |2 | get {
| |3 | SwiftUICore.State._makeStorage(initialValue: {
| |4 | let x: UIWindow? = nil
| | | `- error: 'UIWindow' is unavailable in watchOS
| |5 | return x
| |6 | }())
| +----------------------------------------------------------------
+--------------------------------------------------------------------
15 |
16 | // MARK: - Init
/Applications/Xcode-27.0.0-Release.Candidate.app/Contents/Developer/Platforms/WatchOS.platform/Developer/SDKs/WatchOS27.0.sdk/System/Library/Frameworks/UIKit.framework/Headers/UIWindow.h:22:12: note: 'UIWindow' has been explicitly marked unavailable here
20 |
21 | UIKIT_EXTERN API_AVAILABLE(ios(2.0)) API_UNAVAILABLE(watchos) NS_SWIFT_UI_ACTOR
22 | @interface UIWindow : UIView
| `- note: 'UIWindow' has been explicitly marked unavailable here
23 |
24 | // instantiate a UIWindow already associated with a given UIWindowScene instance, with matching frame & interface orientations.
SwiftCompile normal arm64_32 /Users/admin/builder/spi-builder-workspace/Sources/ToastSwiftUI/RootView.swift (in target 'ToastSwiftUI' from project 'ToastSwiftUI')
cd /Users/admin/builder/spi-builder-workspace/.swiftpm/xcode
builtin-SwiftPerFileCompile RootView.swift
/Users/admin/builder/spi-builder-workspace/Sources/ToastSwiftUI/RootView.swift:31:80: error: 'UIWindowScene' is unavailable in watchOS
29 | // MARK: - Private Methods
30 | private func setupOverlayWindow() {
31 | guard let windowScene = UIApplication.shared.connectedScenes.first as? UIWindowScene,
| `- error: 'UIWindowScene' is unavailable in watchOS
32 | self.overlayWindow == nil else {
33 | return
/Applications/Xcode-27.0.0-Release.Candidate.app/Contents/Developer/Platforms/WatchOS.platform/Developer/SDKs/WatchOS27.0.sdk/System/Library/Frameworks/UIKit.framework/Headers/UIWindowScene.h:22:12: note: 'UIWindowScene' has been explicitly marked unavailable here
20 |
21 | UIKIT_EXTERN API_AVAILABLE(ios(13.0)) API_UNAVAILABLE(watchos) NS_SWIFT_UI_ACTOR
22 | @interface UIWindowScene : UIScene
| `- note: 'UIWindowScene' has been explicitly marked unavailable here
23 |
24 | #pragma mark Geometry
SwiftCompile normal arm64_32 Compiling\ ToastTime.swift /Users/admin/builder/spi-builder-workspace/Sources/ToastSwiftUI/Models/ToastTime.swift (in target 'ToastSwiftUI' from project 'ToastSwiftUI')
SwiftCompile normal arm64_32 /Users/admin/builder/spi-builder-workspace/Sources/ToastSwiftUI/Models/ToastTime.swift (in target 'ToastSwiftUI' from project 'ToastSwiftUI')
cd /Users/admin/builder/spi-builder-workspace/.swiftpm/xcode
builtin-SwiftPerFileCompile ToastTime.swift
SwiftCompile normal arm64_32 Compiling\ Toast.swift /Users/admin/builder/spi-builder-workspace/Sources/ToastSwiftUI/Toast.swift (in target 'ToastSwiftUI' from project 'ToastSwiftUI')
SwiftCompile normal arm64_32 /Users/admin/builder/spi-builder-workspace/Sources/ToastSwiftUI/Toast.swift (in target 'ToastSwiftUI' from project 'ToastSwiftUI')
cd /Users/admin/builder/spi-builder-workspace/.swiftpm/xcode
builtin-SwiftPerFileCompile Toast.swift
SwiftCompile normal arm64_32 Compiling\ ToastView.swift /Users/admin/builder/spi-builder-workspace/Sources/ToastSwiftUI/ToastView.swift (in target 'ToastSwiftUI' from project 'ToastSwiftUI')
SwiftCompile normal arm64_32 /Users/admin/builder/spi-builder-workspace/Sources/ToastSwiftUI/ToastView.swift (in target 'ToastSwiftUI' from project 'ToastSwiftUI')
cd /Users/admin/builder/spi-builder-workspace/.swiftpm/xcode
builtin-SwiftPerFileCompile ToastView.swift
SwiftCompile normal arm64_32 Compiling\ ToastGroup.swift /Users/admin/builder/spi-builder-workspace/Sources/ToastSwiftUI/ToastGroup.swift (in target 'ToastSwiftUI' from project 'ToastSwiftUI')
SwiftCompile normal arm64_32 /Users/admin/builder/spi-builder-workspace/Sources/ToastSwiftUI/ToastGroup.swift (in target 'ToastSwiftUI' from project 'ToastSwiftUI')
cd /Users/admin/builder/spi-builder-workspace/.swiftpm/xcode
builtin-SwiftPerFileCompile ToastGroup.swift
SwiftEmitModule normal arm64 Emitting\ module\ for\ ToastSwiftUI (in target 'ToastSwiftUI' from project 'ToastSwiftUI')
/Users/admin/builder/spi-builder-workspace/Sources/ToastSwiftUI/PassThroughWindow.swift:12:57: error: 'UIEvent' is unavailable in watchOS
10 | internal class PassThroughWindow: UIWindow {
11 |
12 | override func hitTest(_ point: CGPoint, with event: UIEvent?) -> UIView? {
| `- error: 'UIEvent' is unavailable in watchOS
13 | guard let hitView = super.hitTest(point, with: event) else { return nil }
14 | guard let rootView = rootViewController?.view else { return nil }
/Applications/Xcode-27.0.0-Release.Candidate.app/Contents/Developer/Platforms/WatchOS.platform/Developer/SDKs/WatchOS27.0.sdk/System/Library/Frameworks/UIKit.framework/Headers/UIEvent.h:62:12: note: 'UIEvent' has been explicitly marked unavailable here
60 |
61 | UIKIT_EXTERN API_AVAILABLE(ios(2.0)) API_UNAVAILABLE(watchos) NS_SWIFT_UI_ACTOR
62 | @interface UIEvent : NSObject
| `- note: 'UIEvent' has been explicitly marked unavailable here
63 |
64 | @property(nonatomic,readonly) UIEventType type API_AVAILABLE(ios(3.0));
/Users/admin/builder/spi-builder-workspace/Sources/ToastSwiftUI/PassThroughWindow.swift:12:70: error: 'UIView' is unavailable in watchOS
10 | internal class PassThroughWindow: UIWindow {
11 |
12 | override func hitTest(_ point: CGPoint, with event: UIEvent?) -> UIView? {
| `- error: 'UIView' is unavailable in watchOS
13 | guard let hitView = super.hitTest(point, with: event) else { return nil }
14 | guard let rootView = rootViewController?.view else { return nil }
/Applications/Xcode-27.0.0-Release.Candidate.app/Contents/Developer/Platforms/WatchOS.platform/Developer/SDKs/WatchOS27.0.sdk/System/Library/Frameworks/UIKit.framework/Headers/UIView.h:152:12: note: 'UIView' has been explicitly marked unavailable here
150 |
151 | UIKIT_EXTERN API_AVAILABLE(ios(2.0)) API_UNAVAILABLE(watchos) NS_SWIFT_UI_ACTOR
152 | @interface UIView : UIResponder <NSCoding, UIAppearance, UIAppearanceContainer, UIDynamicItem, UITraitEnvironment, UICoordinateSpace, UIFocusItem, UIFocusItemContainer, CALayerDelegate>
| `- note: 'UIView' has been explicitly marked unavailable here
153 |
154 | @property(class, nonatomic, readonly) Class layerClass; // default is [CALayer class]. Used when creating the underlying layer for the view.
/Users/admin/builder/spi-builder-workspace/Sources/ToastSwiftUI/PassThroughWindow.swift:10:35: error: 'UIWindow' is unavailable in watchOS
8 | import UIKit
9 |
10 | internal class PassThroughWindow: UIWindow {
| `- error: 'UIWindow' is unavailable in watchOS
11 |
12 | override func hitTest(_ point: CGPoint, with event: UIEvent?) -> UIView? {
/Applications/Xcode-27.0.0-Release.Candidate.app/Contents/Developer/Platforms/WatchOS.platform/Developer/SDKs/WatchOS27.0.sdk/System/Library/Frameworks/UIKit.framework/Headers/UIWindow.h:22:12: note: 'UIWindow' has been explicitly marked unavailable here
20 |
21 | UIKIT_EXTERN API_AVAILABLE(ios(2.0)) API_UNAVAILABLE(watchos) NS_SWIFT_UI_ACTOR
22 | @interface UIWindow : UIView
| `- note: 'UIWindow' has been explicitly marked unavailable here
23 |
24 | // instantiate a UIWindow already associated with a given UIWindowScene instance, with matching frame & interface orientations.
/Users/admin/builder/spi-builder-workspace/Sources/ToastSwiftUI/RootView.swift:14:39: error: 'UIWindow' is unavailable in watchOS
12 | // MARK: - Properties
13 | @ViewBuilder public var content: Content
14 | @State private var overlayWindow: UIWindow?
| `- error: 'UIWindow' is unavailable in watchOS
15 |
16 | // MARK: - Init
/Applications/Xcode-27.0.0-Release.Candidate.app/Contents/Developer/Platforms/WatchOS.platform/Developer/SDKs/WatchOS27.0.sdk/System/Library/Frameworks/UIKit.framework/Headers/UIWindow.h:22:12: note: 'UIWindow' has been explicitly marked unavailable here
20 |
21 | UIKIT_EXTERN API_AVAILABLE(ios(2.0)) API_UNAVAILABLE(watchos) NS_SWIFT_UI_ACTOR
22 | @interface UIWindow : UIView
| `- note: 'UIWindow' has been explicitly marked unavailable here
23 |
24 | // instantiate a UIWindow already associated with a given UIWindowScene instance, with matching frame & interface orientations.
macro expansion @State:2:24: error: 'UIWindow' is unavailable in watchOS
`- /Users/admin/builder/spi-builder-workspace/Sources/ToastSwiftUI/RootView.swift:14:48: note: expanded code originates here
12 | // MARK: - Properties
13 | @ViewBuilder public var content: Content
14 | @State private var overlayWindow: UIWindow?
| `- note: in expansion of macro 'State' on property 'overlayWindow' here
+--- macro expansion @State -----------------------------------------
| 1 | private var __overlayWindow = SwiftUICore.State._makeStorage(({
| 2 | let value: UIWindow? = nil
| | `- error: 'UIWindow' is unavailable in watchOS
| 3 | return value
| 4 | }))
+--------------------------------------------------------------------
15 |
16 | // MARK: - Init
/Applications/Xcode-27.0.0-Release.Candidate.app/Contents/Developer/Platforms/WatchOS.platform/Developer/SDKs/WatchOS27.0.sdk/System/Library/Frameworks/UIKit.framework/Headers/UIWindow.h:22:12: note: 'UIWindow' has been explicitly marked unavailable here
20 |
21 | UIKIT_EXTERN API_AVAILABLE(ios(2.0)) API_UNAVAILABLE(watchos) NS_SWIFT_UI_ACTOR
22 | @interface UIWindow : UIView
| `- note: 'UIWindow' has been explicitly marked unavailable here
23 |
24 | // instantiate a UIWindow already associated with a given UIWindowScene instance, with matching frame & interface orientations.
macro expansion @State:8:27: error: 'UIWindow' is unavailable in watchOS
`- /Users/admin/builder/spi-builder-workspace/Sources/ToastSwiftUI/RootView.swift:14:48: note: expanded code originates here
12 | // MARK: - Properties
13 | @ViewBuilder public var content: Content
14 | @State private var overlayWindow: UIWindow?
| `- note: in expansion of macro 'State' on property 'overlayWindow' here
+--- macro expansion @State -----------------------------------------
| 6 | @SwiftUICore._StatePropertyWrapperStorage(initialValue: "JHMxMlRvYXN0U3dpZnRVSThSb290Vmlld1YxM292ZXJsYXlXaW5kb3czM183ODRCRjE2NTg3OTU5MTlERUM1RDBFODJBMkZDNEY3MExMNVN0YXRlZk1wXzIwX2luaXRpYWxTdG9yZWRWYWx1ZV9mTXVf")
| 7 | private var _overlayWindow: SwiftUICore.State<_>! = SwiftUICore._stateNil(of: {
| 8 | SwiftUICore.State<UIWindow?>(initialValue: nil)
| | `- error: 'UIWindow' is unavailable in watchOS
| 9 | })
|10 |
+--------------------------------------------------------------------
15 |
16 | // MARK: - Init
/Applications/Xcode-27.0.0-Release.Candidate.app/Contents/Developer/Platforms/WatchOS.platform/Developer/SDKs/WatchOS27.0.sdk/System/Library/Frameworks/UIKit.framework/Headers/UIWindow.h:22:12: note: 'UIWindow' has been explicitly marked unavailable here
20 |
21 | UIKIT_EXTERN API_AVAILABLE(ios(2.0)) API_UNAVAILABLE(watchos) NS_SWIFT_UI_ACTOR
22 | @interface UIWindow : UIView
| `- note: 'UIWindow' has been explicitly marked unavailable here
23 |
24 | // instantiate a UIWindow already associated with a given UIWindowScene instance, with matching frame & interface orientations.
macro expansion @State:12:48: error: 'UIWindow' is unavailable in watchOS
`- /Users/admin/builder/spi-builder-workspace/Sources/ToastSwiftUI/RootView.swift:14:48: note: expanded code originates here
12 | // MARK: - Properties
13 | @ViewBuilder public var content: Content
14 | @State private var overlayWindow: UIWindow?
| `- note: in expansion of macro 'State' on property 'overlayWindow' here
+--- macro expansion @State -----------------------------------------
|10 |
|11 | @SwiftUICore._StateProjectedValue
|12 | private var $overlayWindow = SwiftUICore.State<UIWindow?>(initialValue: nil).projectedValue
| | `- error: 'UIWindow' is unavailable in watchOS
|13 |
|14 | @SwiftUICore._StateInitialStoredValue("U3dpZnRVSUNvcmUuU3RhdGUuX21ha2VTdG9yYWdlKGluaXRpYWxWYWx1ZTogeyBsZXQgeDogVUlXaW5kb3c/ID0gbmlsCnJldHVybiB4IH0oKSk=")
+--------------------------------------------------------------------
15 |
16 | // MARK: - Init
/Applications/Xcode-27.0.0-Release.Candidate.app/Contents/Developer/Platforms/WatchOS.platform/Developer/SDKs/WatchOS27.0.sdk/System/Library/Frameworks/UIKit.framework/Headers/UIWindow.h:22:12: note: 'UIWindow' has been explicitly marked unavailable here
20 |
21 | UIKIT_EXTERN API_AVAILABLE(ios(2.0)) API_UNAVAILABLE(watchos) NS_SWIFT_UI_ACTOR
22 | @interface UIWindow : UIView
| `- note: 'UIWindow' has been explicitly marked unavailable here
23 |
24 | // instantiate a UIWindow already associated with a given UIWindowScene instance, with matching frame & interface orientations.
macro expansion @State:16:20: error: 'UIWindow' is unavailable in watchOS
`- /Users/admin/builder/spi-builder-workspace/Sources/ToastSwiftUI/RootView.swift:14:48: note: expanded code originates here
12 | // MARK: - Properties
13 | @ViewBuilder public var content: Content
14 | @State private var overlayWindow: UIWindow?
| `- note: in expansion of macro 'State' on property 'overlayWindow' here
+--- macro expansion @State -----------------------------------------
|14 | @SwiftUICore._StateInitialStoredValue("U3dpZnRVSUNvcmUuU3RhdGUuX21ha2VTdG9yYWdlKGluaXRpYWxWYWx1ZTogeyBsZXQgeDogVUlXaW5kb3c/ID0gbmlsCnJldHVybiB4IH0oKSk=")
|15 | private static var $s12ToastSwiftUI8RootViewV13overlayWindow33_784BF1658795919DEC5D0E82A2FC4F70LL5StatefMp_20_initialStoredValue_fMu_ = (SwiftUICore.State._makeStorage(initialValue: {
|16 | let x: UIWindow? = nil
| | `- error: 'UIWindow' is unavailable in watchOS
|17 | return x
|18 | }()))
+--------------------------------------------------------------------
15 |
16 | // MARK: - Init
/Applications/Xcode-27.0.0-Release.Candidate.app/Contents/Developer/Platforms/WatchOS.platform/Developer/SDKs/WatchOS27.0.sdk/System/Library/Frameworks/UIKit.framework/Headers/UIWindow.h:22:12: note: 'UIWindow' has been explicitly marked unavailable here
20 |
21 | UIKIT_EXTERN API_AVAILABLE(ios(2.0)) API_UNAVAILABLE(watchos) NS_SWIFT_UI_ACTOR
22 | @interface UIWindow : UIView
| `- note: 'UIWindow' has been explicitly marked unavailable here
23 |
24 | // instantiate a UIWindow already associated with a given UIWindowScene instance, with matching frame & interface orientations.
Failed frontend command:
/Applications/Xcode-27.0.0-Release.Candidate.app/Contents/Developer/Toolchains/XcodeDefault.xctoolchain/usr/bin/swift-frontend -frontend -emit-module -experimental-skip-non-inlinable-function-bodies-without-types /Users/admin/builder/spi-builder-workspace/Sources/ToastSwiftUI/Models/ToastItem.swift /Users/admin/builder/spi-builder-workspace/Sources/ToastSwiftUI/Models/ToastPosition.swift /Users/admin/builder/spi-builder-workspace/Sources/ToastSwiftUI/Models/ToastTime.swift /Users/admin/builder/spi-builder-workspace/Sources/ToastSwiftUI/PassThroughWindow.swift /Users/admin/builder/spi-builder-workspace/Sources/ToastSwiftUI/RootView.swift /Users/admin/builder/spi-builder-workspace/Sources/ToastSwiftUI/Toast.swift /Users/admin/builder/spi-builder-workspace/Sources/ToastSwiftUI/ToastGroup.swift /Users/admin/builder/spi-builder-workspace/Sources/ToastSwiftUI/ToastView.swift -target arm64-apple-watchos11.0 -disable-cross-import-overlay-search -load-resolved-plugin /Applications/Xcode-27.0.0-Release.Candidate.app/Contents/Developer/Platforms/WatchOS.platform/Developer/usr/lib/swift/host/plugins/libFoundationMacros.dylib\#/Applications/Xcode-27.0.0-Release.Candidate.app/Contents/Developer/Platforms/WatchOS.platform/Developer/usr/bin/swift-plugin-server\#FoundationMacros -load-resolved-plugin /Applications/Xcode-27.0.0-Release.Candidate.app/Contents/Developer/Platforms/WatchOS.platform/Developer/usr/lib/swift/host/plugins/libObservationMacros.dylib\#/Applications/Xcode-27.0.0-Release.Candidate.app/Contents/Developer/Platforms/WatchOS.platform/Developer/usr/bin/swift-plugin-server\#ObservationMacros -load-resolved-plugin /Applications/Xcode-27.0.0-Release.Candidate.app/Contents/Developer/Platforms/WatchOS.platform/Developer/usr/lib/swift/host/plugins/libPreviewsMacros.dylib\#/Applications/Xcode-27.0.0-Release.Candidate.app/Contents/Developer/Platforms/WatchOS.platform/Developer/usr/bin/swift-plugin-server\#PreviewsMacros -load-resolved-plugin /Applications/Xcode-27.0.0-Release.Candidate.app/Contents/Developer/Platforms/WatchOS.platform/Developer/usr/lib/swift/host/plugins/libSwiftMacros.dylib\#/Applications/Xcode-27.0.0-Release.Candidate.app/Contents/Developer/Platforms/WatchOS.platform/Developer/usr/bin/swift-plugin-server\#SwiftMacros -load-resolved-plugin /Applications/Xcode-27.0.0-Release.Candidate.app/Contents/Developer/Platforms/WatchOS.platform/Developer/usr/lib/swift/host/plugins/libSwiftUIMacros.dylib\#/Applications/Xcode-27.0.0-Release.Candidate.app/Contents/Developer/Platforms/WatchOS.platform/Developer/usr/bin/swift-plugin-server\#SwiftUIMacros -disable-implicit-swift-modules -Xcc -fno-implicit-modules -Xcc -fno-implicit-module-maps -explicit-swift-module-map-file /Users/admin/builder/spi-builder-workspace/.derivedData/Build/Intermediates.noindex/ToastSwiftUI.build/Debug-watchos/ToastSwiftUI-t.build/Objects-normal/arm64/ToastSwiftUI-dependencies-2.json -Xllvm -aarch64-use-tbi -enable-objc-interop -stack-check -sdk /Applications/Xcode-27.0.0-Release.Candidate.app/Contents/Developer/Platforms/WatchOS.platform/Developer/SDKs/WatchOS27.0.sdk -I /Users/admin/builder/spi-builder-workspace/.derivedData/Build/Products/Debug-watchos -Isystem /Applications/Xcode-27.0.0-Release.Candidate.app/Contents/Developer/Platforms/WatchOS.platform/Developer/usr/lib -F /Users/admin/builder/spi-builder-workspace/.derivedData/Build/Products/Debug-watchos -F /Applications/Xcode-27.0.0-Release.Candidate.app/Contents/Developer/Platforms/WatchOS.platform/Developer/Library/Frameworks -F /Applications/Xcode-27.0.0-Release.Candidate.app/Contents/Developer/Platforms/WatchOS.platform/Developer/SDKs/WatchOS27.0.sdk/Developer/Library/Frameworks -module-cache-path /Users/admin/builder/spi-builder-workspace/.derivedData/Build/Intermediates.noindex/SwiftExplicitPrecompiledModules -no-color-diagnostics -Xcc -fno-color-diagnostics -enable-testing -g -debug-info-format\=dwarf -dwarf-version\=5 -swift-version 6 -Onone -D SWIFT_PACKAGE -D DEBUG -D SWIFT_MODULE_RESOURCE_BUNDLE_UNAVAILABLE -D Xcode -serialize-debugging-options -enable-experimental-feature DebugDescriptionMacro -empty-abi-descriptor -validate-clang-modules-once -clang-build-session-file /Users/admin/builder/spi-builder-workspace/.derivedData/ModuleCache.noindex/Session.modulevalidation -Xcc -working-directory -Xcc /Users/admin/builder/spi-builder-workspace/.swiftpm/xcode -enable-anonymous-context-mangled-names -file-compilation-dir /Users/admin/builder/spi-builder-workspace/.swiftpm/xcode -Xcc -D_LIBCPP_HARDENING_MODE\=_LIBCPP_HARDENING_MODE_DEBUG -Xcc -ivfsstatcache -Xcc /Users/admin/builder/spi-builder-workspace/.derivedData/SDKStatCaches.noindex/watchos27.0-24R360-e829b21a6f8c9b70876ba0858053c04477534ef55a1706bf4c1112bbb242f0a2.sdkstatcache -Xcc -fmodules-prune-interval\=86400 -Xcc -fmodules-prune-after\=345600 -Xcc -I/Users/admin/builder/spi-builder-workspace/.derivedData/Build/Products/Debug-watchos/include -Xcc -I/Users/admin/builder/spi-builder-workspace/.derivedData/Build/Intermediates.noindex/ToastSwiftUI.build/Debug-watchos/ToastSwiftUI-t.build/DerivedSources-normal/arm64 -Xcc -I/Users/admin/builder/spi-builder-workspace/.derivedData/Build/Intermediates.noindex/ToastSwiftUI.build/Debug-watchos/ToastSwiftUI-t.build/DerivedSources/arm64 -Xcc -I/Users/admin/builder/spi-builder-workspace/.derivedData/Build/Intermediates.noindex/ToastSwiftUI.build/Debug-watchos/ToastSwiftUI-t.build/DerivedSources -Xcc -DSWIFT_PACKAGE -Xcc -DDEBUG\=1 -no-auto-bridging-header-chaining -module-name ToastSwiftUI -package-name spi_builder_workspace -const-gather-protocols-file /Users/admin/builder/spi-builder-workspace/.derivedData/Build/Intermediates.noindex/ToastSwiftUI.build/Debug-watchos/ToastSwiftUI-t.build/Objects-normal/arm64/ToastSwiftUI_const_extract_protocols.json -disable-clang-spi -clang-target arm64-apple-watchos27.0 -target-sdk-version 27.0 -target-sdk-name watchos27.0 -in-process-plugin-server-path /Applications/Xcode-27.0.0-Release.Candidate.app/Contents/Developer/Toolchains/XcodeDefault.xctoolchain/usr/lib/swift/host/libSwiftInProcPluginServer.dylib -emit-module-doc-path /Users/admin/builder/spi-builder-workspace/.derivedData/Build/Intermediates.noindex/ToastSwiftUI.build/Debug-watchos/ToastSwiftUI-t.build/Objects-normal/arm64/ToastSwiftUI.swiftdoc -emit-module-source-info-path /Users/admin/builder/spi-builder-workspace/.derivedData/Build/Intermediates.noindex/ToastSwiftUI.build/Debug-watchos/ToastSwiftUI-t.build/Objects-normal/arm64/ToastSwiftUI.swiftsourceinfo -emit-objc-header-path /Users/admin/builder/spi-builder-workspace/.derivedData/Build/Intermediates.noindex/ToastSwiftUI.build/Debug-watchos/ToastSwiftUI-t.build/Objects-normal/arm64/ToastSwiftUI-Swift.h -serialize-diagnostics-path /Users/admin/builder/spi-builder-workspace/.derivedData/Build/Intermediates.noindex/ToastSwiftUI.build/Debug-watchos/ToastSwiftUI-t.build/Objects-normal/arm64/ToastSwiftUI-primary-emit-module.dia -emit-dependencies-path /Users/admin/builder/spi-builder-workspace/.derivedData/Build/Intermediates.noindex/ToastSwiftUI.build/Debug-watchos/ToastSwiftUI-t.build/Objects-normal/arm64/ToastSwiftUI-primary-emit-module.d -parse-as-library -o /Users/admin/builder/spi-builder-workspace/.derivedData/Build/Intermediates.noindex/ToastSwiftUI.build/Debug-watchos/ToastSwiftUI-t.build/Objects-normal/arm64/ToastSwiftUI.swiftmodule -emit-abi-descriptor-path /Users/admin/builder/spi-builder-workspace/.derivedData/Build/Intermediates.noindex/ToastSwiftUI.build/Debug-watchos/ToastSwiftUI-t.build/Objects-normal/arm64/ToastSwiftUI.abi.json
SwiftCompile normal arm64 (in target 'ToastSwiftUI' from project 'ToastSwiftUI')
cd /Users/admin/builder/spi-builder-workspace/.swiftpm/xcode
SwiftCompile normal arm64 Compiling\ RootView.swift /Users/admin/builder/spi-builder-workspace/Sources/ToastSwiftUI/RootView.swift (in target 'ToastSwiftUI' from project 'ToastSwiftUI')
SwiftCompile normal arm64 /Users/admin/builder/spi-builder-workspace/Sources/ToastSwiftUI/RootView.swift (in target 'ToastSwiftUI' from project 'ToastSwiftUI')
cd /Users/admin/builder/spi-builder-workspace/.swiftpm/xcode
builtin-SwiftPerFileCompile RootView.swift
PruneExplicitPrecompiledModules /Users/admin/builder/spi-builder-workspace/.derivedData/Build/Intermediates.noindex/ExplicitPrecompiledModules
PruneExplicitPrecompiledModules /Users/admin/builder/spi-builder-workspace/.derivedData/Build/Intermediates.noindex/SwiftExplicitPrecompiledModules
PruneExplicitPrecompiledModules /Users/admin/builder/spi-builder-workspace/.derivedData/SDKExplicitPrecompiledModules
2026-09-23 14:01:04.883 xcodebuild[809:4704] [MT] IDERunDestination: Supported platforms for the buildables in the current scheme is empty.
** BUILD FAILED **
The following build commands failed:
SwiftCompile normal arm64_32 (in target 'ToastSwiftUI' from project 'ToastSwiftUI')
SwiftEmitModule normal arm64_32 Emitting\ module\ for\ ToastSwiftUI (in target 'ToastSwiftUI' from project 'ToastSwiftUI')
SwiftEmitModule normal arm64 Emitting\ module\ for\ ToastSwiftUI (in target 'ToastSwiftUI' from project 'ToastSwiftUI')
SwiftCompile normal arm64 (in target 'ToastSwiftUI' from project 'ToastSwiftUI')
Building workspace ToastSwiftUI with scheme ToastSwiftUI
(5 failures)
BUILD FAILURE 6.4 watchOS