The Swift Package Index logo.Swift Package Index

Build Information

Failed to build Squirrel3, reference 1.1.0 (0a9050), with Swift 6.4 for Wasm on 19 Sep 2026 13:29:19 UTC.

Build Command

bash -c docker run --pull=always --rm -v "checkouts-54344843-0":/host -w "$PWD" -e JAVA_HOME="/root/.sdkman/candidates/java/current" -e SPI_BUILD="1" -e SPI_PROCESSING="1" registry.gitlab.com/saguaro1/spi-images:wasm-6.4-latest swift build --swift-sdk swift-6.4.x-DEVELOPMENT-SNAPSHOT-2026-09-04-a_wasm 2>&1

Build Log

========================================
RunAll
========================================
Builder version: 5.1.0
Interrupt handler set up.
========================================
Checkout
========================================
Clone URL: https://github.com/heckj/Squirrel3.git
Reference: 1.1.0
Initialized empty Git repository in /host/spi-builder-workspace/.git/
hint: Using 'master' as the name for the initial branch. This default branch name
hint: is subject to change. To configure the initial branch name to use in all
hint: of your new repositories, which will suppress this warning, call:
hint:
hint: 	git config --global init.defaultBranch <name>
hint:
hint: Names commonly chosen instead of 'master' are 'main', 'trunk' and
hint: 'development'. The just-created branch can be renamed via this command:
hint:
hint: 	git branch -m <name>
From https://github.com/heckj/Squirrel3
 * tag               1.1.0      -> FETCH_HEAD
HEAD is now at 0a90500 adding seedable protocol to Squirrel3, and making the seed constant for easier retrieval and re-creation (#1)
Cloned https://github.com/heckj/Squirrel3.git
Revision (git rev-parse @):
0a90500365e1c6959fd2e9614ab4687817627404
SUCCESS checkout https://github.com/heckj/Squirrel3.git at 1.1.0
========================================
Build
========================================
Selected platform:         wasm
Swift version:             6.4
Building package at path:  $PWD
https://github.com/heckj/Squirrel3.git
Running build ...
bash -c docker run --pull=always --rm -v "checkouts-54344843-0":/host -w "$PWD" -e JAVA_HOME="/root/.sdkman/candidates/java/current" -e SPI_BUILD="1" -e SPI_PROCESSING="1" registry.gitlab.com/saguaro1/spi-images:wasm-6.4-latest swift build --swift-sdk swift-6.4.x-DEVELOPMENT-SNAPSHOT-2026-09-04-a_wasm 2>&1
wasm-6.4-latest: Pulling from saguaro1/spi-images
Digest: sha256:4328fdb43c680d205c1d6761b1e3267aa38277eefdda9ddfb17b6a0f1a77857a
Status: Image is up to date for registry.gitlab.com/saguaro1/spi-images:wasm-6.4-latest
Building for debugging...
[Planning deferred tasks]
In file included from /host/spi-builder-workspace/Sources/CSquirrel/squirrel.c:8:
/host/spi-builder-workspace/Sources/CSquirrel/include/squirrel.h:13:1: error: unknown type name 'uint64_t'
   13 | uint64_t Squirrel3( uint64_t position );
      | ^
/host/spi-builder-workspace/Sources/CSquirrel/include/squirrel.h:13:21: error: unknown type name 'uint64_t'
   13 | uint64_t Squirrel3( uint64_t position );
      |                     ^
/host/spi-builder-workspace/Sources/CSquirrel/squirrel.c:11:1: error: unknown type name 'uint64_t'
   11 | uint64_t Squirrel3( uint64_t position ) {
      | ^
/host/spi-builder-workspace/Sources/CSquirrel/squirrel.c:11:21: error: unknown type name 'uint64_t'
   11 | uint64_t Squirrel3( uint64_t position ) {
      |                     ^
/host/spi-builder-workspace/Sources/CSquirrel/squirrel.c:12:11: error: unknown type name 'uint64_t'
   12 |     const uint64_t BIT_NOISE1 = 0xB5297A4DB5297A4D;
      |           ^
/host/spi-builder-workspace/Sources/CSquirrel/squirrel.c:13:11: error: unknown type name 'uint64_t'
   13 |     const uint64_t BIT_NOISE2 = 0x68E31DA468E31DA4;
      |           ^
/host/spi-builder-workspace/Sources/CSquirrel/squirrel.c:14:11: error: unknown type name 'uint64_t'
   14 |     const uint64_t BIT_NOISE3 = 0x1B56C4E91B56C4E9;
      |           ^
/host/spi-builder-workspace/Sources/CSquirrel/squirrel.c:16:5: error: use of undeclared identifier 'uint64_t'
   16 |     uint64_t mangled = position;
      |     ^~~~~~~~
/host/spi-builder-workspace/Sources/CSquirrel/squirrel.c:17:5: error: use of undeclared identifier 'mangled'
   17 |     mangled *= BIT_NOISE1;
      |     ^~~~~~~
/host/spi-builder-workspace/Sources/CSquirrel/squirrel.c:18:5: error: use of undeclared identifier 'mangled'
   18 |     mangled ^= (mangled >> 8);
      |     ^~~~~~~
/host/spi-builder-workspace/Sources/CSquirrel/squirrel.c:18:17: error: use of undeclared identifier 'mangled'
   18 |     mangled ^= (mangled >> 8);
      |                 ^~~~~~~
/host/spi-builder-workspace/Sources/CSquirrel/squirrel.c:19:5: error: use of undeclared identifier 'mangled'
   19 |     mangled += BIT_NOISE2;
      |     ^~~~~~~
/host/spi-builder-workspace/Sources/CSquirrel/squirrel.c:20:5: error: use of undeclared identifier 'mangled'
   20 |     mangled ^= (mangled << 8);
      |     ^~~~~~~
/host/spi-builder-workspace/Sources/CSquirrel/squirrel.c:20:17: error: use of undeclared identifier 'mangled'
   20 |     mangled ^= (mangled << 8);
      |                 ^~~~~~~
/host/spi-builder-workspace/Sources/CSquirrel/squirrel.c:21:5: error: use of undeclared identifier 'mangled'
   21 |     mangled *= BIT_NOISE3;
      |     ^~~~~~~
/host/spi-builder-workspace/Sources/CSquirrel/squirrel.c:22:5: error: use of undeclared identifier 'mangled'
   22 |     mangled ^= (mangled >> 8);
      |     ^~~~~~~
/host/spi-builder-workspace/Sources/CSquirrel/squirrel.c:22:17: error: use of undeclared identifier 'mangled'
   22 |     mangled ^= (mangled >> 8);
      |                 ^~~~~~~
/host/spi-builder-workspace/Sources/CSquirrel/squirrel.c:23:12: error: use of undeclared identifier 'mangled'
   23 |     return mangled;
      |            ^~~~~~~
18 errors generated.
error: CompileC /host/spi-builder-workspace/.build/out/Intermediates.noindex/Squirrel3.build/Debug-webassembly-wasm32/CSquirrel-t.build/Objects-normal/wasm32/squirrel.o /host/spi-builder-workspace/Sources/CSquirrel/squirrel.c normal wasm32 c com.apple.compilers.llvm.clang.1_0.compiler failed with a nonzero exit code. Command line:     cd /host

    Using response file: /host/spi-builder-workspace/.build/out/Intermediates.noindex/Squirrel3.build/Debug-webassembly-wasm32/CSquirrel-t.build/Objects-normal/wasm32/9f65232cb83f8421e3a495a5062eba382369c975104ee97bafc405ab795bfc5e-common-args.resp

    /usr/bin/clang -x c -target wasm32-unknown-wasip1 -fmessage-length\=0 -fdiagnostics-show-note-include-stack -fmacro-backtrace-limit\=0 -fcolor-diagnostics -Wno-trigraphs -Wno-missing-field-initializers -Wno-missing-prototypes -Wno-return-type -Wno-missing-braces -Wparentheses -Wswitch -Wno-unused-function -Wno-unused-label -Wno-unused-parameter -Wno-unused-variable -Wunused-value -Wno-empty-body -Wno-uninitialized -Wno-unknown-pragmas -Wno-shadow -Wno-four-char-constants -Wno-conversion -Wno-constant-conversion -Wno-int-conversion -Wno-bool-conversion -Wno-enum-conversion -Wno-float-conversion -Wno-non-literal-null-conversion -Wno-objc-literal-conversion -Wno-shorten-64-to-32 -Wpointer-sign -Wno-newline-eof -Wno-implicit-fallthrough -fstrict-aliasing -Wdeprecated-declarations -Wno-sign-conversion -Wno-infinite-recursion -Wno-comma -Wno-block-capture-autoreleasing -Wno-strict-prototypes -Wno-semicolon-before-method-body --sysroot /root/.swiftpm/swift-sdks/swift-6.4.x-DEVELOPMENT-SNAPSHOT-2026-09-04-a_wasm.artifactbundle/swift-6.4.x-DEVELOPMENT-SNAPSHOT-2026-09-04-a_wasm/wasm32-unknown-wasip1/WASI.sdk @/host/spi-builder-workspace/.build/out/Intermediates.noindex/Squirrel3.build/Debug-webassembly-wasm32/CSquirrel-t.build/Objects-normal/wasm32/9f65232cb83f8421e3a495a5062eba382369c975104ee97bafc405ab795bfc5e-common-args.resp -MMD -MT dependencies -MF /host/spi-builder-workspace/.build/out/Intermediates.noindex/Squirrel3.build/Debug-webassembly-wasm32/CSquirrel-t.build/Objects-normal/wasm32/squirrel.d --serialize-diagnostics /host/spi-builder-workspace/.build/out/Intermediates.noindex/Squirrel3.build/Debug-webassembly-wasm32/CSquirrel-t.build/Objects-normal/wasm32/squirrel.dia -c /host/spi-builder-workspace/Sources/CSquirrel/squirrel.c -o /host/spi-builder-workspace/.build/out/Intermediates.noindex/Squirrel3.build/Debug-webassembly-wasm32/CSquirrel-t.build/Objects-normal/wasm32/squirrel.o
error: Build failed
BUILD FAILURE 6.4 wasm