Build Information
Failed to build SlackKit, reference 4.8.0 (3823ae), with Swift 6.4 for macOS (Xcode) using Xcode 27.0 on 18 Sep 2026 20:29:49 UTC.
Build Command
env DEVELOPER_DIR=/Applications/Xcode-27.0.0-Release.Candidate.app xcrun xcodebuild -IDEClonedSourcePackagesDirPathOverride=$PWD/.dependencies -skipMacroValidation -skipPackagePluginValidation -derivedDataPath $PWD/.derivedData build -scheme SlackKit-Package -destination platform=macOS,arch=arm64Build Log
WriteAuxiliaryFile /Users/admin/builder/spi-builder-workspace/.derivedData/Build/Intermediates.noindex/HTTP.build/Debug/HTTP-t.build/Objects-normal/arm64/HTTP_const_extract_protocols.json (in target 'HTTP' from project 'HTTP')
cd /Users/admin/builder/spi-builder-workspace/.dependencies/checkouts/http
write-file /Users/admin/builder/spi-builder-workspace/.derivedData/Build/Intermediates.noindex/HTTP.build/Debug/HTTP-t.build/Objects-normal/arm64/HTTP_const_extract_protocols.json
WriteAuxiliaryFile /Users/admin/builder/spi-builder-workspace/.derivedData/Build/Intermediates.noindex/HTTP.build/Debug/HTTP-t.build/Objects-normal/arm64/HTTP.SwiftFileList (in target 'HTTP' from project 'HTTP')
cd /Users/admin/builder/spi-builder-workspace/.dependencies/checkouts/http
write-file /Users/admin/builder/spi-builder-workspace/.derivedData/Build/Intermediates.noindex/HTTP.build/Debug/HTTP-t.build/Objects-normal/arm64/HTTP.SwiftFileList
WriteAuxiliaryFile /Users/admin/builder/spi-builder-workspace/.derivedData/Build/Intermediates.noindex/HTTP.build/Debug/HTTP-t.build/Objects-normal/arm64/HTTP.SwiftConstValuesFileList (in target 'HTTP' from project 'HTTP')
cd /Users/admin/builder/spi-builder-workspace/.dependencies/checkouts/http
write-file /Users/admin/builder/spi-builder-workspace/.derivedData/Build/Intermediates.noindex/HTTP.build/Debug/HTTP-t.build/Objects-normal/arm64/HTTP.SwiftConstValuesFileList
WriteAuxiliaryFile /Users/admin/builder/spi-builder-workspace/.derivedData/Build/Intermediates.noindex/HTTP.build/Debug/HTTP-t.build/Objects-normal/arm64/HTTP-OutputFileMap.json (in target 'HTTP' from project 'HTTP')
cd /Users/admin/builder/spi-builder-workspace/.dependencies/checkouts/http
write-file /Users/admin/builder/spi-builder-workspace/.derivedData/Build/Intermediates.noindex/HTTP.build/Debug/HTTP-t.build/Objects-normal/arm64/HTTP-OutputFileMap.json
WriteAuxiliaryFile /Users/admin/builder/spi-builder-workspace/.derivedData/Build/Intermediates.noindex/HTTP.build/Debug/HTTP-t.build/Objects-normal/arm64/HTTP.LinkFileList (in target 'HTTP' from project 'HTTP')
cd /Users/admin/builder/spi-builder-workspace/.dependencies/checkouts/http
write-file /Users/admin/builder/spi-builder-workspace/.derivedData/Build/Intermediates.noindex/HTTP.build/Debug/HTTP-t.build/Objects-normal/arm64/HTTP.LinkFileList
Copy /Users/admin/builder/spi-builder-workspace/.derivedData/Build/Intermediates.noindex/GeneratedModuleMaps/NIO.modulemap /Users/admin/builder/spi-builder-workspace/.derivedData/Build/Intermediates.noindex/swift-nio.build/Debug/NIO-t.build/NIO.modulemap (in target 'NIO' from project 'swift-nio')
cd /Users/admin/builder/spi-builder-workspace/.dependencies/checkouts/swift-nio
builtin-copy -exclude .DS_Store -exclude CVS -exclude .svn -exclude .git -exclude .hg -resolve-src-symlinks /Users/admin/builder/spi-builder-workspace/.derivedData/Build/Intermediates.noindex/swift-nio.build/Debug/NIO-t.build/NIO.modulemap /Users/admin/builder/spi-builder-workspace/.derivedData/Build/Intermediates.noindex/GeneratedModuleMaps
WriteAuxiliaryFile /Users/admin/builder/spi-builder-workspace/.derivedData/Build/Intermediates.noindex/HTTP.build/Debug/HTTP-t.build/HTTP.DependencyStaticMetadataFileList (in target 'HTTP' from project 'HTTP')
cd /Users/admin/builder/spi-builder-workspace/.dependencies/checkouts/http
write-file /Users/admin/builder/spi-builder-workspace/.derivedData/Build/Intermediates.noindex/HTTP.build/Debug/HTTP-t.build/HTTP.DependencyStaticMetadataFileList
WriteAuxiliaryFile /Users/admin/builder/spi-builder-workspace/.derivedData/Build/Intermediates.noindex/HTTP.build/Debug/HTTP-t.build/HTTP.DependencyMetadataFileList (in target 'HTTP' from project 'HTTP')
cd /Users/admin/builder/spi-builder-workspace/.dependencies/checkouts/http
write-file /Users/admin/builder/spi-builder-workspace/.derivedData/Build/Intermediates.noindex/HTTP.build/Debug/HTTP-t.build/HTTP.DependencyMetadataFileList
Copy /Users/admin/builder/spi-builder-workspace/.derivedData/Build/Intermediates.noindex/GeneratedModuleMaps/HTTP.modulemap /Users/admin/builder/spi-builder-workspace/.derivedData/Build/Intermediates.noindex/HTTP.build/Debug/HTTP-t.build/HTTP.modulemap (in target 'HTTP' from project 'HTTP')
cd /Users/admin/builder/spi-builder-workspace/.dependencies/checkouts/http
builtin-copy -exclude .DS_Store -exclude CVS -exclude .svn -exclude .git -exclude .hg -resolve-src-symlinks /Users/admin/builder/spi-builder-workspace/.derivedData/Build/Intermediates.noindex/HTTP.build/Debug/HTTP-t.build/HTTP.modulemap /Users/admin/builder/spi-builder-workspace/.derivedData/Build/Intermediates.noindex/GeneratedModuleMaps
WriteAuxiliaryFile /Users/admin/builder/spi-builder-workspace/.derivedData/Build/Intermediates.noindex/Core.build/Debug/Debugging-t.build/Objects-normal/arm64/Debugging.SwiftConstValuesFileList (in target 'Debugging' from project 'Core')
cd /Users/admin/builder/spi-builder-workspace/.dependencies/checkouts/core
write-file /Users/admin/builder/spi-builder-workspace/.derivedData/Build/Intermediates.noindex/Core.build/Debug/Debugging-t.build/Objects-normal/arm64/Debugging.SwiftConstValuesFileList
WriteAuxiliaryFile /Users/admin/builder/spi-builder-workspace/.derivedData/Build/Intermediates.noindex/Core.build/Debug/Debugging-t.build/Objects-normal/arm64/Debugging_const_extract_protocols.json (in target 'Debugging' from project 'Core')
cd /Users/admin/builder/spi-builder-workspace/.dependencies/checkouts/core
write-file /Users/admin/builder/spi-builder-workspace/.derivedData/Build/Intermediates.noindex/Core.build/Debug/Debugging-t.build/Objects-normal/arm64/Debugging_const_extract_protocols.json
WriteAuxiliaryFile /Users/admin/builder/spi-builder-workspace/.derivedData/Build/Intermediates.noindex/Core.build/Debug/Debugging-t.build/Objects-normal/arm64/Debugging.SwiftFileList (in target 'Debugging' from project 'Core')
cd /Users/admin/builder/spi-builder-workspace/.dependencies/checkouts/core
write-file /Users/admin/builder/spi-builder-workspace/.derivedData/Build/Intermediates.noindex/Core.build/Debug/Debugging-t.build/Objects-normal/arm64/Debugging.SwiftFileList
WriteAuxiliaryFile /Users/admin/builder/spi-builder-workspace/.derivedData/Build/Intermediates.noindex/Core.build/Debug/Debugging-t.build/Objects-normal/arm64/Debugging.LinkFileList (in target 'Debugging' from project 'Core')
cd /Users/admin/builder/spi-builder-workspace/.dependencies/checkouts/core
write-file /Users/admin/builder/spi-builder-workspace/.derivedData/Build/Intermediates.noindex/Core.build/Debug/Debugging-t.build/Objects-normal/arm64/Debugging.LinkFileList
WriteAuxiliaryFile /Users/admin/builder/spi-builder-workspace/.derivedData/Build/Intermediates.noindex/Core.build/Debug/Debugging-t.build/Objects-normal/arm64/Debugging-OutputFileMap.json (in target 'Debugging' from project 'Core')
cd /Users/admin/builder/spi-builder-workspace/.dependencies/checkouts/core
write-file /Users/admin/builder/spi-builder-workspace/.derivedData/Build/Intermediates.noindex/Core.build/Debug/Debugging-t.build/Objects-normal/arm64/Debugging-OutputFileMap.json
WriteAuxiliaryFile /Users/admin/builder/spi-builder-workspace/.derivedData/Build/Intermediates.noindex/Core.build/Debug/Debugging-t.build/Debugging.modulemap (in target 'Debugging' from project 'Core')
cd /Users/admin/builder/spi-builder-workspace/.dependencies/checkouts/core
write-file /Users/admin/builder/spi-builder-workspace/.derivedData/Build/Intermediates.noindex/Core.build/Debug/Debugging-t.build/Debugging.modulemap
WriteAuxiliaryFile /Users/admin/builder/spi-builder-workspace/.derivedData/Build/Intermediates.noindex/Core.build/Debug/Debugging-t.build/Debugging.DependencyStaticMetadataFileList (in target 'Debugging' from project 'Core')
cd /Users/admin/builder/spi-builder-workspace/.dependencies/checkouts/core
write-file /Users/admin/builder/spi-builder-workspace/.derivedData/Build/Intermediates.noindex/Core.build/Debug/Debugging-t.build/Debugging.DependencyStaticMetadataFileList
WriteAuxiliaryFile /Users/admin/builder/spi-builder-workspace/.derivedData/Build/Intermediates.noindex/Core.build/Debug/Debugging-t.build/Debugging.DependencyMetadataFileList (in target 'Debugging' from project 'Core')
cd /Users/admin/builder/spi-builder-workspace/.dependencies/checkouts/core
write-file /Users/admin/builder/spi-builder-workspace/.derivedData/Build/Intermediates.noindex/Core.build/Debug/Debugging-t.build/Debugging.DependencyMetadataFileList
WriteAuxiliaryFile /Users/admin/builder/spi-builder-workspace/.derivedData/Build/Intermediates.noindex/Crypto.build/Debug/Crypto-t.build/Crypto.DependencyStaticMetadataFileList (in target 'Crypto' from project 'Crypto')
cd /Users/admin/builder/spi-builder-workspace/.dependencies/checkouts/crypto
write-file /Users/admin/builder/spi-builder-workspace/.derivedData/Build/Intermediates.noindex/Crypto.build/Debug/Crypto-t.build/Crypto.DependencyStaticMetadataFileList
WriteAuxiliaryFile /Users/admin/builder/spi-builder-workspace/.derivedData/Build/Intermediates.noindex/Crypto.build/Debug/Crypto-t.build/Crypto.DependencyMetadataFileList (in target 'Crypto' from project 'Crypto')
cd /Users/admin/builder/spi-builder-workspace/.dependencies/checkouts/crypto
write-file /Users/admin/builder/spi-builder-workspace/.derivedData/Build/Intermediates.noindex/Crypto.build/Debug/Crypto-t.build/Crypto.DependencyMetadataFileList
WriteAuxiliaryFile /Users/admin/builder/spi-builder-workspace/.derivedData/Build/Intermediates.noindex/Crypto.build/Debug/Crypto-t.build/Crypto.modulemap (in target 'Crypto' from project 'Crypto')
cd /Users/admin/builder/spi-builder-workspace/.dependencies/checkouts/crypto
write-file /Users/admin/builder/spi-builder-workspace/.derivedData/Build/Intermediates.noindex/Crypto.build/Debug/Crypto-t.build/Crypto.modulemap
WriteAuxiliaryFile /Users/admin/builder/spi-builder-workspace/.derivedData/Build/Intermediates.noindex/Crypto.build/Debug/Crypto-t.build/Objects-normal/arm64/Crypto.SwiftFileList (in target 'Crypto' from project 'Crypto')
cd /Users/admin/builder/spi-builder-workspace/.dependencies/checkouts/crypto
write-file /Users/admin/builder/spi-builder-workspace/.derivedData/Build/Intermediates.noindex/Crypto.build/Debug/Crypto-t.build/Objects-normal/arm64/Crypto.SwiftFileList
WriteAuxiliaryFile /Users/admin/builder/spi-builder-workspace/.derivedData/Build/Intermediates.noindex/Crypto.build/Debug/Crypto-t.build/Objects-normal/arm64/Crypto.SwiftConstValuesFileList (in target 'Crypto' from project 'Crypto')
cd /Users/admin/builder/spi-builder-workspace/.dependencies/checkouts/crypto
write-file /Users/admin/builder/spi-builder-workspace/.derivedData/Build/Intermediates.noindex/Crypto.build/Debug/Crypto-t.build/Objects-normal/arm64/Crypto.SwiftConstValuesFileList
WriteAuxiliaryFile /Users/admin/builder/spi-builder-workspace/.derivedData/Build/Intermediates.noindex/Crypto.build/Debug/Crypto-t.build/Objects-normal/arm64/Crypto_const_extract_protocols.json (in target 'Crypto' from project 'Crypto')
cd /Users/admin/builder/spi-builder-workspace/.dependencies/checkouts/crypto
write-file /Users/admin/builder/spi-builder-workspace/.derivedData/Build/Intermediates.noindex/Crypto.build/Debug/Crypto-t.build/Objects-normal/arm64/Crypto_const_extract_protocols.json
WriteAuxiliaryFile /Users/admin/builder/spi-builder-workspace/.derivedData/Build/Intermediates.noindex/Crypto.build/Debug/Crypto-t.build/Objects-normal/arm64/Crypto-OutputFileMap.json (in target 'Crypto' from project 'Crypto')
cd /Users/admin/builder/spi-builder-workspace/.dependencies/checkouts/crypto
write-file /Users/admin/builder/spi-builder-workspace/.derivedData/Build/Intermediates.noindex/Crypto.build/Debug/Crypto-t.build/Objects-normal/arm64/Crypto-OutputFileMap.json
WriteAuxiliaryFile /Users/admin/builder/spi-builder-workspace/.derivedData/Build/Intermediates.noindex/Crypto.build/Debug/Crypto-t.build/Objects-normal/arm64/Crypto.LinkFileList (in target 'Crypto' from project 'Crypto')
cd /Users/admin/builder/spi-builder-workspace/.dependencies/checkouts/crypto
write-file /Users/admin/builder/spi-builder-workspace/.derivedData/Build/Intermediates.noindex/Crypto.build/Debug/Crypto-t.build/Objects-normal/arm64/Crypto.LinkFileList
Copy /Users/admin/builder/spi-builder-workspace/.derivedData/Build/Intermediates.noindex/GeneratedModuleMaps/Debugging.modulemap /Users/admin/builder/spi-builder-workspace/.derivedData/Build/Intermediates.noindex/Core.build/Debug/Debugging-t.build/Debugging.modulemap (in target 'Debugging' from project 'Core')
cd /Users/admin/builder/spi-builder-workspace/.dependencies/checkouts/core
builtin-copy -exclude .DS_Store -exclude CVS -exclude .svn -exclude .git -exclude .hg -resolve-src-symlinks /Users/admin/builder/spi-builder-workspace/.derivedData/Build/Intermediates.noindex/Core.build/Debug/Debugging-t.build/Debugging.modulemap /Users/admin/builder/spi-builder-workspace/.derivedData/Build/Intermediates.noindex/GeneratedModuleMaps
Copy /Users/admin/builder/spi-builder-workspace/.derivedData/Build/Intermediates.noindex/GeneratedModuleMaps/Crypto.modulemap /Users/admin/builder/spi-builder-workspace/.derivedData/Build/Intermediates.noindex/Crypto.build/Debug/Crypto-t.build/Crypto.modulemap (in target 'Crypto' from project 'Crypto')
cd /Users/admin/builder/spi-builder-workspace/.dependencies/checkouts/crypto
builtin-copy -exclude .DS_Store -exclude CVS -exclude .svn -exclude .git -exclude .hg -resolve-src-symlinks /Users/admin/builder/spi-builder-workspace/.derivedData/Build/Intermediates.noindex/Crypto.build/Debug/Crypto-t.build/Crypto.modulemap /Users/admin/builder/spi-builder-workspace/.derivedData/Build/Intermediates.noindex/GeneratedModuleMaps
WriteAuxiliaryFile /Users/admin/builder/spi-builder-workspace/.derivedData/Build/Intermediates.noindex/Core.build/Debug/Core-t.build/Objects-normal/arm64/Core_const_extract_protocols.json (in target 'Core' from project 'Core')
cd /Users/admin/builder/spi-builder-workspace/.dependencies/checkouts/core
write-file /Users/admin/builder/spi-builder-workspace/.derivedData/Build/Intermediates.noindex/Core.build/Debug/Core-t.build/Objects-normal/arm64/Core_const_extract_protocols.json
WriteAuxiliaryFile /Users/admin/builder/spi-builder-workspace/.derivedData/Build/Intermediates.noindex/Core.build/Debug/Core-t.build/Objects-normal/arm64/Core.SwiftConstValuesFileList (in target 'Core' from project 'Core')
cd /Users/admin/builder/spi-builder-workspace/.dependencies/checkouts/core
write-file /Users/admin/builder/spi-builder-workspace/.derivedData/Build/Intermediates.noindex/Core.build/Debug/Core-t.build/Objects-normal/arm64/Core.SwiftConstValuesFileList
WriteAuxiliaryFile /Users/admin/builder/spi-builder-workspace/.derivedData/Build/Intermediates.noindex/Core.build/Debug/Core-t.build/Objects-normal/arm64/Core.SwiftFileList (in target 'Core' from project 'Core')
cd /Users/admin/builder/spi-builder-workspace/.dependencies/checkouts/core
write-file /Users/admin/builder/spi-builder-workspace/.derivedData/Build/Intermediates.noindex/Core.build/Debug/Core-t.build/Objects-normal/arm64/Core.SwiftFileList
WriteAuxiliaryFile /Users/admin/builder/spi-builder-workspace/.derivedData/Build/Intermediates.noindex/Core.build/Debug/Core-t.build/Objects-normal/arm64/Core.LinkFileList (in target 'Core' from project 'Core')
cd /Users/admin/builder/spi-builder-workspace/.dependencies/checkouts/core
write-file /Users/admin/builder/spi-builder-workspace/.derivedData/Build/Intermediates.noindex/Core.build/Debug/Core-t.build/Objects-normal/arm64/Core.LinkFileList
WriteAuxiliaryFile /Users/admin/builder/spi-builder-workspace/.derivedData/Build/Intermediates.noindex/Core.build/Debug/Core-t.build/Objects-normal/arm64/Core-OutputFileMap.json (in target 'Core' from project 'Core')
cd /Users/admin/builder/spi-builder-workspace/.dependencies/checkouts/core
write-file /Users/admin/builder/spi-builder-workspace/.derivedData/Build/Intermediates.noindex/Core.build/Debug/Core-t.build/Objects-normal/arm64/Core-OutputFileMap.json
WriteAuxiliaryFile /Users/admin/builder/spi-builder-workspace/.derivedData/Build/Intermediates.noindex/Core.build/Debug/Core-t.build/Core.modulemap (in target 'Core' from project 'Core')
cd /Users/admin/builder/spi-builder-workspace/.dependencies/checkouts/core
write-file /Users/admin/builder/spi-builder-workspace/.derivedData/Build/Intermediates.noindex/Core.build/Debug/Core-t.build/Core.modulemap
WriteAuxiliaryFile /Users/admin/builder/spi-builder-workspace/.derivedData/Build/Intermediates.noindex/Core.build/Debug/Core-t.build/Core.DependencyStaticMetadataFileList (in target 'Core' from project 'Core')
cd /Users/admin/builder/spi-builder-workspace/.dependencies/checkouts/core
write-file /Users/admin/builder/spi-builder-workspace/.derivedData/Build/Intermediates.noindex/Core.build/Debug/Core-t.build/Core.DependencyStaticMetadataFileList
WriteAuxiliaryFile /Users/admin/builder/spi-builder-workspace/.derivedData/Build/Intermediates.noindex/Core.build/Debug/Core-t.build/Core.DependencyMetadataFileList (in target 'Core' from project 'Core')
cd /Users/admin/builder/spi-builder-workspace/.dependencies/checkouts/core
write-file /Users/admin/builder/spi-builder-workspace/.derivedData/Build/Intermediates.noindex/Core.build/Debug/Core-t.build/Core.DependencyMetadataFileList
WriteAuxiliaryFile /Users/admin/builder/spi-builder-workspace/.derivedData/Build/Intermediates.noindex/Core.build/Debug/COperatingSystem-t.build/Objects-normal/arm64/COperatingSystem.SwiftFileList (in target 'COperatingSystem' from project 'Core')
cd /Users/admin/builder/spi-builder-workspace/.dependencies/checkouts/core
write-file /Users/admin/builder/spi-builder-workspace/.derivedData/Build/Intermediates.noindex/Core.build/Debug/COperatingSystem-t.build/Objects-normal/arm64/COperatingSystem.SwiftFileList
WriteAuxiliaryFile /Users/admin/builder/spi-builder-workspace/.derivedData/Build/Intermediates.noindex/Core.build/Debug/COperatingSystem-t.build/Objects-normal/arm64/COperatingSystem.SwiftConstValuesFileList (in target 'COperatingSystem' from project 'Core')
cd /Users/admin/builder/spi-builder-workspace/.dependencies/checkouts/core
write-file /Users/admin/builder/spi-builder-workspace/.derivedData/Build/Intermediates.noindex/Core.build/Debug/COperatingSystem-t.build/Objects-normal/arm64/COperatingSystem.SwiftConstValuesFileList
WriteAuxiliaryFile /Users/admin/builder/spi-builder-workspace/.derivedData/Build/Intermediates.noindex/Core.build/Debug/COperatingSystem-t.build/Objects-normal/arm64/COperatingSystem_const_extract_protocols.json (in target 'COperatingSystem' from project 'Core')
cd /Users/admin/builder/spi-builder-workspace/.dependencies/checkouts/core
write-file /Users/admin/builder/spi-builder-workspace/.derivedData/Build/Intermediates.noindex/Core.build/Debug/COperatingSystem-t.build/Objects-normal/arm64/COperatingSystem_const_extract_protocols.json
WriteAuxiliaryFile /Users/admin/builder/spi-builder-workspace/.derivedData/Build/Intermediates.noindex/Core.build/Debug/COperatingSystem-t.build/Objects-normal/arm64/COperatingSystem.LinkFileList (in target 'COperatingSystem' from project 'Core')
cd /Users/admin/builder/spi-builder-workspace/.dependencies/checkouts/core
write-file /Users/admin/builder/spi-builder-workspace/.derivedData/Build/Intermediates.noindex/Core.build/Debug/COperatingSystem-t.build/Objects-normal/arm64/COperatingSystem.LinkFileList
WriteAuxiliaryFile /Users/admin/builder/spi-builder-workspace/.derivedData/Build/Intermediates.noindex/Core.build/Debug/COperatingSystem-t.build/Objects-normal/arm64/COperatingSystem-OutputFileMap.json (in target 'COperatingSystem' from project 'Core')
cd /Users/admin/builder/spi-builder-workspace/.dependencies/checkouts/core
write-file /Users/admin/builder/spi-builder-workspace/.derivedData/Build/Intermediates.noindex/Core.build/Debug/COperatingSystem-t.build/Objects-normal/arm64/COperatingSystem-OutputFileMap.json
WriteAuxiliaryFile /Users/admin/builder/spi-builder-workspace/.derivedData/Build/Intermediates.noindex/Core.build/Debug/COperatingSystem-t.build/COperatingSystem.modulemap (in target 'COperatingSystem' from project 'Core')
cd /Users/admin/builder/spi-builder-workspace/.dependencies/checkouts/core
write-file /Users/admin/builder/spi-builder-workspace/.derivedData/Build/Intermediates.noindex/Core.build/Debug/COperatingSystem-t.build/COperatingSystem.modulemap
WriteAuxiliaryFile /Users/admin/builder/spi-builder-workspace/.derivedData/Build/Intermediates.noindex/Core.build/Debug/COperatingSystem-t.build/COperatingSystem.DependencyStaticMetadataFileList (in target 'COperatingSystem' from project 'Core')
cd /Users/admin/builder/spi-builder-workspace/.dependencies/checkouts/core
write-file /Users/admin/builder/spi-builder-workspace/.derivedData/Build/Intermediates.noindex/Core.build/Debug/COperatingSystem-t.build/COperatingSystem.DependencyStaticMetadataFileList
WriteAuxiliaryFile /Users/admin/builder/spi-builder-workspace/.derivedData/Build/Intermediates.noindex/Core.build/Debug/COperatingSystem-t.build/COperatingSystem.DependencyMetadataFileList (in target 'COperatingSystem' from project 'Core')
cd /Users/admin/builder/spi-builder-workspace/.dependencies/checkouts/core
write-file /Users/admin/builder/spi-builder-workspace/.derivedData/Build/Intermediates.noindex/Core.build/Debug/COperatingSystem-t.build/COperatingSystem.DependencyMetadataFileList
Copy /Users/admin/builder/spi-builder-workspace/.derivedData/Build/Intermediates.noindex/GeneratedModuleMaps/Core.modulemap /Users/admin/builder/spi-builder-workspace/.derivedData/Build/Intermediates.noindex/Core.build/Debug/Core-t.build/Core.modulemap (in target 'Core' from project 'Core')
cd /Users/admin/builder/spi-builder-workspace/.dependencies/checkouts/core
builtin-copy -exclude .DS_Store -exclude CVS -exclude .svn -exclude .git -exclude .hg -resolve-src-symlinks /Users/admin/builder/spi-builder-workspace/.derivedData/Build/Intermediates.noindex/Core.build/Debug/Core-t.build/Core.modulemap /Users/admin/builder/spi-builder-workspace/.derivedData/Build/Intermediates.noindex/GeneratedModuleMaps
Copy /Users/admin/builder/spi-builder-workspace/.derivedData/Build/Intermediates.noindex/GeneratedModuleMaps/COperatingSystem.modulemap /Users/admin/builder/spi-builder-workspace/.derivedData/Build/Intermediates.noindex/Core.build/Debug/COperatingSystem-t.build/COperatingSystem.modulemap (in target 'COperatingSystem' from project 'Core')
cd /Users/admin/builder/spi-builder-workspace/.dependencies/checkouts/core
builtin-copy -exclude .DS_Store -exclude CVS -exclude .svn -exclude .git -exclude .hg -resolve-src-symlinks /Users/admin/builder/spi-builder-workspace/.derivedData/Build/Intermediates.noindex/Core.build/Debug/COperatingSystem-t.build/COperatingSystem.modulemap /Users/admin/builder/spi-builder-workspace/.derivedData/Build/Intermediates.noindex/GeneratedModuleMaps
WriteAuxiliaryFile /Users/admin/builder/spi-builder-workspace/.derivedData/Build/Intermediates.noindex/swift-nio.build/Debug/CNIOHTTPParser-t.build/CNIOHTTPParser.modulemap (in target 'CNIOHTTPParser' from project 'swift-nio')
cd /Users/admin/builder/spi-builder-workspace/.dependencies/checkouts/swift-nio
write-file /Users/admin/builder/spi-builder-workspace/.derivedData/Build/Intermediates.noindex/swift-nio.build/Debug/CNIOHTTPParser-t.build/CNIOHTTPParser.modulemap
WriteAuxiliaryFile /Users/admin/builder/spi-builder-workspace/.derivedData/Build/Intermediates.noindex/swift-nio.build/Debug/CNIOHTTPParser-t.build/CNIOHTTPParser.DependencyStaticMetadataFileList (in target 'CNIOHTTPParser' from project 'swift-nio')
cd /Users/admin/builder/spi-builder-workspace/.dependencies/checkouts/swift-nio
write-file /Users/admin/builder/spi-builder-workspace/.derivedData/Build/Intermediates.noindex/swift-nio.build/Debug/CNIOHTTPParser-t.build/CNIOHTTPParser.DependencyStaticMetadataFileList
WriteAuxiliaryFile /Users/admin/builder/spi-builder-workspace/.derivedData/Build/Intermediates.noindex/swift-nio.build/Debug/CNIOHTTPParser-t.build/CNIOHTTPParser.DependencyMetadataFileList (in target 'CNIOHTTPParser' from project 'swift-nio')
cd /Users/admin/builder/spi-builder-workspace/.dependencies/checkouts/swift-nio
write-file /Users/admin/builder/spi-builder-workspace/.derivedData/Build/Intermediates.noindex/swift-nio.build/Debug/CNIOHTTPParser-t.build/CNIOHTTPParser.DependencyMetadataFileList
WriteAuxiliaryFile /Users/admin/builder/spi-builder-workspace/.derivedData/Build/Intermediates.noindex/swift-nio.build/Debug/CNIOHTTPParser-t.build/Objects-normal/arm64/CNIOHTTPParser.LinkFileList (in target 'CNIOHTTPParser' from project 'swift-nio')
cd /Users/admin/builder/spi-builder-workspace/.dependencies/checkouts/swift-nio
write-file /Users/admin/builder/spi-builder-workspace/.derivedData/Build/Intermediates.noindex/swift-nio.build/Debug/CNIOHTTPParser-t.build/Objects-normal/arm64/CNIOHTTPParser.LinkFileList
WriteAuxiliaryFile /Users/admin/builder/spi-builder-workspace/.derivedData/Build/Intermediates.noindex/swift-nio.build/Debug/CNIOHTTPParser-t.build/Objects-normal/arm64/7187679823f38a2a940e0043cdf9d637-common-args.resp (in target 'CNIOHTTPParser' from project 'swift-nio')
cd /Users/admin/builder/spi-builder-workspace/.dependencies/checkouts/swift-nio
write-file /Users/admin/builder/spi-builder-workspace/.derivedData/Build/Intermediates.noindex/swift-nio.build/Debug/CNIOHTTPParser-t.build/Objects-normal/arm64/7187679823f38a2a940e0043cdf9d637-common-args.resp
-fmodules -gmodules '-fmodules-cache-path=/Users/admin/builder/spi-builder-workspace/.derivedData/ModuleCache.noindex' '-fmodule-name=CNIOHTTPParser' -fpascal-strings -O0 -DSWIFT_PACKAGE '-DDEBUG=1' -g -fprofile-instr-generate -fcoverage-mapping -I/Users/admin/builder/spi-builder-workspace/.derivedData/Build/Products/Debug/include -I/Users/admin/builder/spi-builder-workspace/.dependencies/checkouts/swift-nio/Sources/CNIOHTTPParser/include -I/Users/admin/builder/spi-builder-workspace/.derivedData/Build/Intermediates.noindex/swift-nio.build/Debug/CNIOHTTPParser-t.build/DerivedSources-normal/arm64 -I/Users/admin/builder/spi-builder-workspace/.derivedData/Build/Intermediates.noindex/swift-nio.build/Debug/CNIOHTTPParser-t.build/DerivedSources/arm64 -I/Users/admin/builder/spi-builder-workspace/.derivedData/Build/Intermediates.noindex/swift-nio.build/Debug/CNIOHTTPParser-t.build/DerivedSources -F/Users/admin/builder/spi-builder-workspace/.derivedData/Build/Products/Debug -iframework /Applications/Xcode-27.0.0-Release.Candidate.app/Contents/Developer/Platforms/MacOSX.platform/Developer/Library/Frameworks '-fmodule-map-file=/Users/admin/builder/spi-builder-workspace/.dependencies/checkouts/swift-nio-zlib-support/module.modulemap' -DXcode
WriteAuxiliaryFile /Users/admin/builder/spi-builder-workspace/.derivedData/Build/Intermediates.noindex/swift-nio.build/Debug/CNIODarwin-t.build/CNIODarwin.modulemap (in target 'CNIODarwin' from project 'swift-nio')
cd /Users/admin/builder/spi-builder-workspace/.dependencies/checkouts/swift-nio
write-file /Users/admin/builder/spi-builder-workspace/.derivedData/Build/Intermediates.noindex/swift-nio.build/Debug/CNIODarwin-t.build/CNIODarwin.modulemap
WriteAuxiliaryFile /Users/admin/builder/spi-builder-workspace/.derivedData/Build/Intermediates.noindex/swift-nio.build/Debug/CNIODarwin-t.build/Objects-normal/arm64/7187679823f38a2a940e0043cdf9d637-common-args.resp (in target 'CNIODarwin' from project 'swift-nio')
cd /Users/admin/builder/spi-builder-workspace/.dependencies/checkouts/swift-nio
write-file /Users/admin/builder/spi-builder-workspace/.derivedData/Build/Intermediates.noindex/swift-nio.build/Debug/CNIODarwin-t.build/Objects-normal/arm64/7187679823f38a2a940e0043cdf9d637-common-args.resp
-fmodules -gmodules '-fmodules-cache-path=/Users/admin/builder/spi-builder-workspace/.derivedData/ModuleCache.noindex' '-fmodule-name=CNIODarwin' -fpascal-strings -O0 -DSWIFT_PACKAGE '-DDEBUG=1' -g -fprofile-instr-generate -fcoverage-mapping -I/Users/admin/builder/spi-builder-workspace/.derivedData/Build/Products/Debug/include -I/Users/admin/builder/spi-builder-workspace/.dependencies/checkouts/swift-nio/Sources/CNIODarwin/include -I/Users/admin/builder/spi-builder-workspace/.derivedData/Build/Intermediates.noindex/swift-nio.build/Debug/CNIODarwin-t.build/DerivedSources-normal/arm64 -I/Users/admin/builder/spi-builder-workspace/.derivedData/Build/Intermediates.noindex/swift-nio.build/Debug/CNIODarwin-t.build/DerivedSources/arm64 -I/Users/admin/builder/spi-builder-workspace/.derivedData/Build/Intermediates.noindex/swift-nio.build/Debug/CNIODarwin-t.build/DerivedSources -F/Users/admin/builder/spi-builder-workspace/.derivedData/Build/Products/Debug -iframework /Applications/Xcode-27.0.0-Release.Candidate.app/Contents/Developer/Platforms/MacOSX.platform/Developer/Library/Frameworks '-fmodule-map-file=/Users/admin/builder/spi-builder-workspace/.dependencies/checkouts/swift-nio-zlib-support/module.modulemap' -DXcode
WriteAuxiliaryFile /Users/admin/builder/spi-builder-workspace/.derivedData/Build/Intermediates.noindex/swift-nio.build/Debug/CNIODarwin-t.build/Objects-normal/arm64/CNIODarwin.LinkFileList (in target 'CNIODarwin' from project 'swift-nio')
cd /Users/admin/builder/spi-builder-workspace/.dependencies/checkouts/swift-nio
write-file /Users/admin/builder/spi-builder-workspace/.derivedData/Build/Intermediates.noindex/swift-nio.build/Debug/CNIODarwin-t.build/Objects-normal/arm64/CNIODarwin.LinkFileList
WriteAuxiliaryFile /Users/admin/builder/spi-builder-workspace/.derivedData/Build/Intermediates.noindex/swift-nio.build/Debug/CNIODarwin-t.build/CNIODarwin.DependencyStaticMetadataFileList (in target 'CNIODarwin' from project 'swift-nio')
cd /Users/admin/builder/spi-builder-workspace/.dependencies/checkouts/swift-nio
write-file /Users/admin/builder/spi-builder-workspace/.derivedData/Build/Intermediates.noindex/swift-nio.build/Debug/CNIODarwin-t.build/CNIODarwin.DependencyStaticMetadataFileList
WriteAuxiliaryFile /Users/admin/builder/spi-builder-workspace/.derivedData/Build/Intermediates.noindex/swift-nio.build/Debug/CNIODarwin-t.build/CNIODarwin.DependencyMetadataFileList (in target 'CNIODarwin' from project 'swift-nio')
cd /Users/admin/builder/spi-builder-workspace/.dependencies/checkouts/swift-nio
write-file /Users/admin/builder/spi-builder-workspace/.derivedData/Build/Intermediates.noindex/swift-nio.build/Debug/CNIODarwin-t.build/CNIODarwin.DependencyMetadataFileList
Copy /Users/admin/builder/spi-builder-workspace/.derivedData/Build/Intermediates.noindex/GeneratedModuleMaps/CNIOHTTPParser.modulemap /Users/admin/builder/spi-builder-workspace/.derivedData/Build/Intermediates.noindex/swift-nio.build/Debug/CNIOHTTPParser-t.build/CNIOHTTPParser.modulemap (in target 'CNIOHTTPParser' from project 'swift-nio')
cd /Users/admin/builder/spi-builder-workspace/.dependencies/checkouts/swift-nio
builtin-copy -exclude .DS_Store -exclude CVS -exclude .svn -exclude .git -exclude .hg -resolve-src-symlinks /Users/admin/builder/spi-builder-workspace/.derivedData/Build/Intermediates.noindex/swift-nio.build/Debug/CNIOHTTPParser-t.build/CNIOHTTPParser.modulemap /Users/admin/builder/spi-builder-workspace/.derivedData/Build/Intermediates.noindex/GeneratedModuleMaps
WriteAuxiliaryFile /Users/admin/builder/spi-builder-workspace/.derivedData/Build/Intermediates.noindex/swift-nio.build/Debug/CNIOAtomics-t.build/CNIOAtomics.modulemap (in target 'CNIOAtomics' from project 'swift-nio')
cd /Users/admin/builder/spi-builder-workspace/.dependencies/checkouts/swift-nio
write-file /Users/admin/builder/spi-builder-workspace/.derivedData/Build/Intermediates.noindex/swift-nio.build/Debug/CNIOAtomics-t.build/CNIOAtomics.modulemap
WriteAuxiliaryFile /Users/admin/builder/spi-builder-workspace/.derivedData/Build/Intermediates.noindex/swift-nio.build/Debug/CNIOAtomics-t.build/CNIOAtomics.DependencyStaticMetadataFileList (in target 'CNIOAtomics' from project 'swift-nio')
cd /Users/admin/builder/spi-builder-workspace/.dependencies/checkouts/swift-nio
write-file /Users/admin/builder/spi-builder-workspace/.derivedData/Build/Intermediates.noindex/swift-nio.build/Debug/CNIOAtomics-t.build/CNIOAtomics.DependencyStaticMetadataFileList
WriteAuxiliaryFile /Users/admin/builder/spi-builder-workspace/.derivedData/Build/Intermediates.noindex/swift-nio.build/Debug/CNIOAtomics-t.build/CNIOAtomics.DependencyMetadataFileList (in target 'CNIOAtomics' from project 'swift-nio')
cd /Users/admin/builder/spi-builder-workspace/.dependencies/checkouts/swift-nio
write-file /Users/admin/builder/spi-builder-workspace/.derivedData/Build/Intermediates.noindex/swift-nio.build/Debug/CNIOAtomics-t.build/CNIOAtomics.DependencyMetadataFileList
WriteAuxiliaryFile /Users/admin/builder/spi-builder-workspace/.derivedData/Build/Intermediates.noindex/swift-nio.build/Debug/CNIOAtomics-t.build/Objects-normal/arm64/7187679823f38a2a940e0043cdf9d637-common-args.resp (in target 'CNIOAtomics' from project 'swift-nio')
cd /Users/admin/builder/spi-builder-workspace/.dependencies/checkouts/swift-nio
write-file /Users/admin/builder/spi-builder-workspace/.derivedData/Build/Intermediates.noindex/swift-nio.build/Debug/CNIOAtomics-t.build/Objects-normal/arm64/7187679823f38a2a940e0043cdf9d637-common-args.resp
-fmodules -gmodules '-fmodules-cache-path=/Users/admin/builder/spi-builder-workspace/.derivedData/ModuleCache.noindex' '-fmodule-name=CNIOAtomics' -fpascal-strings -O0 -DSWIFT_PACKAGE '-DDEBUG=1' -g -fprofile-instr-generate -fcoverage-mapping -I/Users/admin/builder/spi-builder-workspace/.derivedData/Build/Products/Debug/include -I/Users/admin/builder/spi-builder-workspace/.dependencies/checkouts/swift-nio/Sources/CNIOAtomics/include -I/Users/admin/builder/spi-builder-workspace/.derivedData/Build/Intermediates.noindex/swift-nio.build/Debug/CNIOAtomics-t.build/DerivedSources-normal/arm64 -I/Users/admin/builder/spi-builder-workspace/.derivedData/Build/Intermediates.noindex/swift-nio.build/Debug/CNIOAtomics-t.build/DerivedSources/arm64 -I/Users/admin/builder/spi-builder-workspace/.derivedData/Build/Intermediates.noindex/swift-nio.build/Debug/CNIOAtomics-t.build/DerivedSources -F/Users/admin/builder/spi-builder-workspace/.derivedData/Build/Products/Debug -iframework /Applications/Xcode-27.0.0-Release.Candidate.app/Contents/Developer/Platforms/MacOSX.platform/Developer/Library/Frameworks '-fmodule-map-file=/Users/admin/builder/spi-builder-workspace/.dependencies/checkouts/swift-nio-zlib-support/module.modulemap' -DXcode
WriteAuxiliaryFile /Users/admin/builder/spi-builder-workspace/.derivedData/Build/Intermediates.noindex/swift-nio.build/Debug/CNIOAtomics-t.build/Objects-normal/arm64/CNIOAtomics.LinkFileList (in target 'CNIOAtomics' from project 'swift-nio')
cd /Users/admin/builder/spi-builder-workspace/.dependencies/checkouts/swift-nio
write-file /Users/admin/builder/spi-builder-workspace/.derivedData/Build/Intermediates.noindex/swift-nio.build/Debug/CNIOAtomics-t.build/Objects-normal/arm64/CNIOAtomics.LinkFileList
Copy /Users/admin/builder/spi-builder-workspace/.derivedData/Build/Intermediates.noindex/GeneratedModuleMaps/CNIODarwin.modulemap /Users/admin/builder/spi-builder-workspace/.derivedData/Build/Intermediates.noindex/swift-nio.build/Debug/CNIODarwin-t.build/CNIODarwin.modulemap (in target 'CNIODarwin' from project 'swift-nio')
cd /Users/admin/builder/spi-builder-workspace/.dependencies/checkouts/swift-nio
builtin-copy -exclude .DS_Store -exclude CVS -exclude .svn -exclude .git -exclude .hg -resolve-src-symlinks /Users/admin/builder/spi-builder-workspace/.derivedData/Build/Intermediates.noindex/swift-nio.build/Debug/CNIODarwin-t.build/CNIODarwin.modulemap /Users/admin/builder/spi-builder-workspace/.derivedData/Build/Intermediates.noindex/GeneratedModuleMaps
Copy /Users/admin/builder/spi-builder-workspace/.derivedData/Build/Intermediates.noindex/GeneratedModuleMaps/CNIOAtomics.modulemap /Users/admin/builder/spi-builder-workspace/.derivedData/Build/Intermediates.noindex/swift-nio.build/Debug/CNIOAtomics-t.build/CNIOAtomics.modulemap (in target 'CNIOAtomics' from project 'swift-nio')
cd /Users/admin/builder/spi-builder-workspace/.dependencies/checkouts/swift-nio
builtin-copy -exclude .DS_Store -exclude CVS -exclude .svn -exclude .git -exclude .hg -resolve-src-symlinks /Users/admin/builder/spi-builder-workspace/.derivedData/Build/Intermediates.noindex/swift-nio.build/Debug/CNIOAtomics-t.build/CNIOAtomics.modulemap /Users/admin/builder/spi-builder-workspace/.derivedData/Build/Intermediates.noindex/GeneratedModuleMaps
WriteAuxiliaryFile /Users/admin/builder/spi-builder-workspace/.derivedData/Build/Intermediates.noindex/Crypto.build/Debug/CCryptoOpenSSL-t.build/Objects-normal/arm64/CCryptoOpenSSL.LinkFileList (in target 'CCryptoOpenSSL' from project 'Crypto')
cd /Users/admin/builder/spi-builder-workspace/.dependencies/checkouts/crypto
write-file /Users/admin/builder/spi-builder-workspace/.derivedData/Build/Intermediates.noindex/Crypto.build/Debug/CCryptoOpenSSL-t.build/Objects-normal/arm64/CCryptoOpenSSL.LinkFileList
WriteAuxiliaryFile /Users/admin/builder/spi-builder-workspace/.derivedData/Build/Intermediates.noindex/Crypto.build/Debug/CCryptoOpenSSL-t.build/CCryptoOpenSSL.modulemap (in target 'CCryptoOpenSSL' from project 'Crypto')
cd /Users/admin/builder/spi-builder-workspace/.dependencies/checkouts/crypto
write-file /Users/admin/builder/spi-builder-workspace/.derivedData/Build/Intermediates.noindex/Crypto.build/Debug/CCryptoOpenSSL-t.build/CCryptoOpenSSL.modulemap
WriteAuxiliaryFile /Users/admin/builder/spi-builder-workspace/.derivedData/Build/Intermediates.noindex/Crypto.build/Debug/CCryptoOpenSSL-t.build/Objects-normal/arm64/7187679823f38a2a940e0043cdf9d637-common-args.resp (in target 'CCryptoOpenSSL' from project 'Crypto')
cd /Users/admin/builder/spi-builder-workspace/.dependencies/checkouts/crypto
write-file /Users/admin/builder/spi-builder-workspace/.derivedData/Build/Intermediates.noindex/Crypto.build/Debug/CCryptoOpenSSL-t.build/Objects-normal/arm64/7187679823f38a2a940e0043cdf9d637-common-args.resp
-fmodules -gmodules '-fmodules-cache-path=/Users/admin/builder/spi-builder-workspace/.derivedData/ModuleCache.noindex' '-fmodule-name=CCryptoOpenSSL' -fpascal-strings -O0 -DSWIFT_PACKAGE '-DDEBUG=1' -g -fprofile-instr-generate -fcoverage-mapping -I/Users/admin/builder/spi-builder-workspace/.derivedData/Build/Products/Debug/include -I/Users/admin/builder/spi-builder-workspace/.dependencies/checkouts/crypto/Sources/CCryptoOpenSSL/include -I/Users/admin/builder/spi-builder-workspace/.derivedData/Build/Intermediates.noindex/Crypto.build/Debug/CCryptoOpenSSL-t.build/DerivedSources-normal/arm64 -I/Users/admin/builder/spi-builder-workspace/.derivedData/Build/Intermediates.noindex/Crypto.build/Debug/CCryptoOpenSSL-t.build/DerivedSources/arm64 -I/Users/admin/builder/spi-builder-workspace/.derivedData/Build/Intermediates.noindex/Crypto.build/Debug/CCryptoOpenSSL-t.build/DerivedSources -F/Users/admin/builder/spi-builder-workspace/.derivedData/Build/Products/Debug -iframework /Applications/Xcode-27.0.0-Release.Candidate.app/Contents/Developer/Platforms/MacOSX.platform/Developer/Library/Frameworks '-fmodule-map-file=/Users/admin/builder/spi-builder-workspace/.dependencies/checkouts/swift-nio-ssl-support/module.modulemap' -DXcode
WriteAuxiliaryFile /Users/admin/builder/spi-builder-workspace/.derivedData/Build/Intermediates.noindex/Crypto.build/Debug/CCryptoOpenSSL-t.build/CCryptoOpenSSL.DependencyStaticMetadataFileList (in target 'CCryptoOpenSSL' from project 'Crypto')
cd /Users/admin/builder/spi-builder-workspace/.dependencies/checkouts/crypto
write-file /Users/admin/builder/spi-builder-workspace/.derivedData/Build/Intermediates.noindex/Crypto.build/Debug/CCryptoOpenSSL-t.build/CCryptoOpenSSL.DependencyStaticMetadataFileList
WriteAuxiliaryFile /Users/admin/builder/spi-builder-workspace/.derivedData/Build/Intermediates.noindex/Crypto.build/Debug/CCryptoOpenSSL-t.build/CCryptoOpenSSL.DependencyMetadataFileList (in target 'CCryptoOpenSSL' from project 'Crypto')
cd /Users/admin/builder/spi-builder-workspace/.dependencies/checkouts/crypto
write-file /Users/admin/builder/spi-builder-workspace/.derivedData/Build/Intermediates.noindex/Crypto.build/Debug/CCryptoOpenSSL-t.build/CCryptoOpenSSL.DependencyMetadataFileList
WriteAuxiliaryFile /Users/admin/builder/spi-builder-workspace/.derivedData/Build/Intermediates.noindex/Crypto.build/Debug/CBcrypt-t.build/Objects-normal/arm64/CBcrypt.LinkFileList (in target 'CBcrypt' from project 'Crypto')
cd /Users/admin/builder/spi-builder-workspace/.dependencies/checkouts/crypto
write-file /Users/admin/builder/spi-builder-workspace/.derivedData/Build/Intermediates.noindex/Crypto.build/Debug/CBcrypt-t.build/Objects-normal/arm64/CBcrypt.LinkFileList
WriteAuxiliaryFile /Users/admin/builder/spi-builder-workspace/.derivedData/Build/Intermediates.noindex/Crypto.build/Debug/CBcrypt-t.build/Objects-normal/arm64/7187679823f38a2a940e0043cdf9d637-common-args.resp (in target 'CBcrypt' from project 'Crypto')
cd /Users/admin/builder/spi-builder-workspace/.dependencies/checkouts/crypto
write-file /Users/admin/builder/spi-builder-workspace/.derivedData/Build/Intermediates.noindex/Crypto.build/Debug/CBcrypt-t.build/Objects-normal/arm64/7187679823f38a2a940e0043cdf9d637-common-args.resp
-fmodules -gmodules '-fmodules-cache-path=/Users/admin/builder/spi-builder-workspace/.derivedData/ModuleCache.noindex' '-fmodule-name=CBcrypt' -fpascal-strings -O0 -DSWIFT_PACKAGE '-DDEBUG=1' -g -fprofile-instr-generate -fcoverage-mapping -I/Users/admin/builder/spi-builder-workspace/.derivedData/Build/Products/Debug/include -I/Users/admin/builder/spi-builder-workspace/.dependencies/checkouts/crypto/Sources/CBcrypt/include -I/Users/admin/builder/spi-builder-workspace/.derivedData/Build/Intermediates.noindex/Crypto.build/Debug/CBcrypt-t.build/DerivedSources-normal/arm64 -I/Users/admin/builder/spi-builder-workspace/.derivedData/Build/Intermediates.noindex/Crypto.build/Debug/CBcrypt-t.build/DerivedSources/arm64 -I/Users/admin/builder/spi-builder-workspace/.derivedData/Build/Intermediates.noindex/Crypto.build/Debug/CBcrypt-t.build/DerivedSources -F/Users/admin/builder/spi-builder-workspace/.derivedData/Build/Products/Debug -iframework /Applications/Xcode-27.0.0-Release.Candidate.app/Contents/Developer/Platforms/MacOSX.platform/Developer/Library/Frameworks '-fmodule-map-file=/Users/admin/builder/spi-builder-workspace/.dependencies/checkouts/swift-nio-ssl-support/module.modulemap' -DXcode
WriteAuxiliaryFile /Users/admin/builder/spi-builder-workspace/.derivedData/Build/Intermediates.noindex/Crypto.build/Debug/CBcrypt-t.build/CBcrypt.DependencyStaticMetadataFileList (in target 'CBcrypt' from project 'Crypto')
cd /Users/admin/builder/spi-builder-workspace/.dependencies/checkouts/crypto
write-file /Users/admin/builder/spi-builder-workspace/.derivedData/Build/Intermediates.noindex/Crypto.build/Debug/CBcrypt-t.build/CBcrypt.DependencyStaticMetadataFileList
WriteAuxiliaryFile /Users/admin/builder/spi-builder-workspace/.derivedData/Build/Intermediates.noindex/Crypto.build/Debug/CBcrypt-t.build/CBcrypt.DependencyMetadataFileList (in target 'CBcrypt' from project 'Crypto')
cd /Users/admin/builder/spi-builder-workspace/.dependencies/checkouts/crypto
write-file /Users/admin/builder/spi-builder-workspace/.derivedData/Build/Intermediates.noindex/Crypto.build/Debug/CBcrypt-t.build/CBcrypt.DependencyMetadataFileList
WriteAuxiliaryFile /Users/admin/builder/spi-builder-workspace/.derivedData/Build/Intermediates.noindex/Crypto.build/Debug/CBase32-t.build/CBase32.DependencyStaticMetadataFileList (in target 'CBase32' from project 'Crypto')
cd /Users/admin/builder/spi-builder-workspace/.dependencies/checkouts/crypto
write-file /Users/admin/builder/spi-builder-workspace/.derivedData/Build/Intermediates.noindex/Crypto.build/Debug/CBase32-t.build/CBase32.DependencyStaticMetadataFileList
WriteAuxiliaryFile /Users/admin/builder/spi-builder-workspace/.derivedData/Build/Intermediates.noindex/Crypto.build/Debug/CBase32-t.build/CBase32.DependencyMetadataFileList (in target 'CBase32' from project 'Crypto')
cd /Users/admin/builder/spi-builder-workspace/.dependencies/checkouts/crypto
write-file /Users/admin/builder/spi-builder-workspace/.derivedData/Build/Intermediates.noindex/Crypto.build/Debug/CBase32-t.build/CBase32.DependencyMetadataFileList
WriteAuxiliaryFile /Users/admin/builder/spi-builder-workspace/.derivedData/Build/Intermediates.noindex/Crypto.build/Debug/CBase32-t.build/Objects-normal/arm64/7187679823f38a2a940e0043cdf9d637-common-args.resp (in target 'CBase32' from project 'Crypto')
cd /Users/admin/builder/spi-builder-workspace/.dependencies/checkouts/crypto
write-file /Users/admin/builder/spi-builder-workspace/.derivedData/Build/Intermediates.noindex/Crypto.build/Debug/CBase32-t.build/Objects-normal/arm64/7187679823f38a2a940e0043cdf9d637-common-args.resp
-fmodules -gmodules '-fmodules-cache-path=/Users/admin/builder/spi-builder-workspace/.derivedData/ModuleCache.noindex' '-fmodule-name=CBase32' -fpascal-strings -O0 -DSWIFT_PACKAGE '-DDEBUG=1' -g -fprofile-instr-generate -fcoverage-mapping -I/Users/admin/builder/spi-builder-workspace/.derivedData/Build/Products/Debug/include -I/Users/admin/builder/spi-builder-workspace/.dependencies/checkouts/crypto/Sources/CBase32/include -I/Users/admin/builder/spi-builder-workspace/.derivedData/Build/Intermediates.noindex/Crypto.build/Debug/CBase32-t.build/DerivedSources-normal/arm64 -I/Users/admin/builder/spi-builder-workspace/.derivedData/Build/Intermediates.noindex/Crypto.build/Debug/CBase32-t.build/DerivedSources/arm64 -I/Users/admin/builder/spi-builder-workspace/.derivedData/Build/Intermediates.noindex/Crypto.build/Debug/CBase32-t.build/DerivedSources -F/Users/admin/builder/spi-builder-workspace/.derivedData/Build/Products/Debug -iframework /Applications/Xcode-27.0.0-Release.Candidate.app/Contents/Developer/Platforms/MacOSX.platform/Developer/Library/Frameworks '-fmodule-map-file=/Users/admin/builder/spi-builder-workspace/.dependencies/checkouts/swift-nio-ssl-support/module.modulemap' -DXcode
WriteAuxiliaryFile /Users/admin/builder/spi-builder-workspace/.derivedData/Build/Intermediates.noindex/Crypto.build/Debug/CBase32-t.build/Objects-normal/arm64/CBase32.LinkFileList (in target 'CBase32' from project 'Crypto')
cd /Users/admin/builder/spi-builder-workspace/.dependencies/checkouts/crypto
write-file /Users/admin/builder/spi-builder-workspace/.derivedData/Build/Intermediates.noindex/Crypto.build/Debug/CBase32-t.build/Objects-normal/arm64/CBase32.LinkFileList
Copy /Users/admin/builder/spi-builder-workspace/.derivedData/Build/Intermediates.noindex/GeneratedModuleMaps/CCryptoOpenSSL.modulemap /Users/admin/builder/spi-builder-workspace/.derivedData/Build/Intermediates.noindex/Crypto.build/Debug/CCryptoOpenSSL-t.build/CCryptoOpenSSL.modulemap (in target 'CCryptoOpenSSL' from project 'Crypto')
cd /Users/admin/builder/spi-builder-workspace/.dependencies/checkouts/crypto
builtin-copy -exclude .DS_Store -exclude CVS -exclude .svn -exclude .git -exclude .hg -resolve-src-symlinks /Users/admin/builder/spi-builder-workspace/.derivedData/Build/Intermediates.noindex/Crypto.build/Debug/CCryptoOpenSSL-t.build/CCryptoOpenSSL.modulemap /Users/admin/builder/spi-builder-workspace/.derivedData/Build/Intermediates.noindex/GeneratedModuleMaps
WriteAuxiliaryFile /Users/admin/builder/spi-builder-workspace/.derivedData/Build/Intermediates.noindex/Core.build/Debug/Bits-t.build/Bits.modulemap (in target 'Bits' from project 'Core')
cd /Users/admin/builder/spi-builder-workspace/.dependencies/checkouts/core
write-file /Users/admin/builder/spi-builder-workspace/.derivedData/Build/Intermediates.noindex/Core.build/Debug/Bits-t.build/Bits.modulemap
WriteAuxiliaryFile /Users/admin/builder/spi-builder-workspace/.derivedData/Build/Intermediates.noindex/Core.build/Debug/Bits-t.build/Objects-normal/arm64/Bits.SwiftFileList (in target 'Bits' from project 'Core')
cd /Users/admin/builder/spi-builder-workspace/.dependencies/checkouts/core
write-file /Users/admin/builder/spi-builder-workspace/.derivedData/Build/Intermediates.noindex/Core.build/Debug/Bits-t.build/Objects-normal/arm64/Bits.SwiftFileList
WriteAuxiliaryFile /Users/admin/builder/spi-builder-workspace/.derivedData/Build/Intermediates.noindex/Core.build/Debug/Bits-t.build/Objects-normal/arm64/Bits.SwiftConstValuesFileList (in target 'Bits' from project 'Core')
cd /Users/admin/builder/spi-builder-workspace/.dependencies/checkouts/core
write-file /Users/admin/builder/spi-builder-workspace/.derivedData/Build/Intermediates.noindex/Core.build/Debug/Bits-t.build/Objects-normal/arm64/Bits.SwiftConstValuesFileList
WriteAuxiliaryFile /Users/admin/builder/spi-builder-workspace/.derivedData/Build/Intermediates.noindex/Core.build/Debug/Bits-t.build/Objects-normal/arm64/Bits.LinkFileList (in target 'Bits' from project 'Core')
cd /Users/admin/builder/spi-builder-workspace/.dependencies/checkouts/core
write-file /Users/admin/builder/spi-builder-workspace/.derivedData/Build/Intermediates.noindex/Core.build/Debug/Bits-t.build/Objects-normal/arm64/Bits.LinkFileList
WriteAuxiliaryFile /Users/admin/builder/spi-builder-workspace/.derivedData/Build/Intermediates.noindex/Core.build/Debug/Bits-t.build/Objects-normal/arm64/Bits-OutputFileMap.json (in target 'Bits' from project 'Core')
cd /Users/admin/builder/spi-builder-workspace/.dependencies/checkouts/core
write-file /Users/admin/builder/spi-builder-workspace/.derivedData/Build/Intermediates.noindex/Core.build/Debug/Bits-t.build/Objects-normal/arm64/Bits-OutputFileMap.json
WriteAuxiliaryFile /Users/admin/builder/spi-builder-workspace/.derivedData/Build/Intermediates.noindex/Core.build/Debug/Bits-t.build/Bits.DependencyStaticMetadataFileList (in target 'Bits' from project 'Core')
cd /Users/admin/builder/spi-builder-workspace/.dependencies/checkouts/core
write-file /Users/admin/builder/spi-builder-workspace/.derivedData/Build/Intermediates.noindex/Core.build/Debug/Bits-t.build/Bits.DependencyStaticMetadataFileList
WriteAuxiliaryFile /Users/admin/builder/spi-builder-workspace/.derivedData/Build/Intermediates.noindex/Core.build/Debug/Bits-t.build/Bits.DependencyMetadataFileList (in target 'Bits' from project 'Core')
cd /Users/admin/builder/spi-builder-workspace/.dependencies/checkouts/core
write-file /Users/admin/builder/spi-builder-workspace/.derivedData/Build/Intermediates.noindex/Core.build/Debug/Bits-t.build/Bits.DependencyMetadataFileList
WriteAuxiliaryFile /Users/admin/builder/spi-builder-workspace/.derivedData/Build/Intermediates.noindex/Core.build/Debug/Bits-t.build/Objects-normal/arm64/Bits_const_extract_protocols.json (in target 'Bits' from project 'Core')
cd /Users/admin/builder/spi-builder-workspace/.dependencies/checkouts/core
write-file /Users/admin/builder/spi-builder-workspace/.derivedData/Build/Intermediates.noindex/Core.build/Debug/Bits-t.build/Objects-normal/arm64/Bits_const_extract_protocols.json
WriteAuxiliaryFile /Users/admin/builder/spi-builder-workspace/.derivedData/Build/Intermediates.noindex/Core.build/Debug/Async-t.build/Objects-normal/arm64/Async_const_extract_protocols.json (in target 'Async' from project 'Core')
cd /Users/admin/builder/spi-builder-workspace/.dependencies/checkouts/core
write-file /Users/admin/builder/spi-builder-workspace/.derivedData/Build/Intermediates.noindex/Core.build/Debug/Async-t.build/Objects-normal/arm64/Async_const_extract_protocols.json
WriteAuxiliaryFile /Users/admin/builder/spi-builder-workspace/.derivedData/Build/Intermediates.noindex/Core.build/Debug/Async-t.build/Objects-normal/arm64/Async.SwiftFileList (in target 'Async' from project 'Core')
cd /Users/admin/builder/spi-builder-workspace/.dependencies/checkouts/core
write-file /Users/admin/builder/spi-builder-workspace/.derivedData/Build/Intermediates.noindex/Core.build/Debug/Async-t.build/Objects-normal/arm64/Async.SwiftFileList
Copy /Users/admin/builder/spi-builder-workspace/.derivedData/Build/Intermediates.noindex/GeneratedModuleMaps/Bits.modulemap /Users/admin/builder/spi-builder-workspace/.derivedData/Build/Intermediates.noindex/Core.build/Debug/Bits-t.build/Bits.modulemap (in target 'Bits' from project 'Core')
cd /Users/admin/builder/spi-builder-workspace/.dependencies/checkouts/core
builtin-copy -exclude .DS_Store -exclude CVS -exclude .svn -exclude .git -exclude .hg -resolve-src-symlinks /Users/admin/builder/spi-builder-workspace/.derivedData/Build/Intermediates.noindex/Core.build/Debug/Bits-t.build/Bits.modulemap /Users/admin/builder/spi-builder-workspace/.derivedData/Build/Intermediates.noindex/GeneratedModuleMaps
WriteAuxiliaryFile /Users/admin/builder/spi-builder-workspace/.derivedData/Build/Intermediates.noindex/Core.build/Debug/Async-t.build/Objects-normal/arm64/Async.SwiftConstValuesFileList (in target 'Async' from project 'Core')
cd /Users/admin/builder/spi-builder-workspace/.dependencies/checkouts/core
write-file /Users/admin/builder/spi-builder-workspace/.derivedData/Build/Intermediates.noindex/Core.build/Debug/Async-t.build/Objects-normal/arm64/Async.SwiftConstValuesFileList
WriteAuxiliaryFile /Users/admin/builder/spi-builder-workspace/.derivedData/Build/Intermediates.noindex/Core.build/Debug/Async-t.build/Objects-normal/arm64/Async.LinkFileList (in target 'Async' from project 'Core')
cd /Users/admin/builder/spi-builder-workspace/.dependencies/checkouts/core
write-file /Users/admin/builder/spi-builder-workspace/.derivedData/Build/Intermediates.noindex/Core.build/Debug/Async-t.build/Objects-normal/arm64/Async.LinkFileList
WriteAuxiliaryFile /Users/admin/builder/spi-builder-workspace/.derivedData/Build/Intermediates.noindex/Core.build/Debug/Async-t.build/Objects-normal/arm64/Async-OutputFileMap.json (in target 'Async' from project 'Core')
cd /Users/admin/builder/spi-builder-workspace/.dependencies/checkouts/core
write-file /Users/admin/builder/spi-builder-workspace/.derivedData/Build/Intermediates.noindex/Core.build/Debug/Async-t.build/Objects-normal/arm64/Async-OutputFileMap.json
WriteAuxiliaryFile /Users/admin/builder/spi-builder-workspace/.derivedData/Build/Intermediates.noindex/Core.build/Debug/Async-t.build/Async.modulemap (in target 'Async' from project 'Core')
cd /Users/admin/builder/spi-builder-workspace/.dependencies/checkouts/core
write-file /Users/admin/builder/spi-builder-workspace/.derivedData/Build/Intermediates.noindex/Core.build/Debug/Async-t.build/Async.modulemap
WriteAuxiliaryFile /Users/admin/builder/spi-builder-workspace/.derivedData/Build/Intermediates.noindex/Core.build/Debug/Async-t.build/Async.DependencyStaticMetadataFileList (in target 'Async' from project 'Core')
cd /Users/admin/builder/spi-builder-workspace/.dependencies/checkouts/core
write-file /Users/admin/builder/spi-builder-workspace/.derivedData/Build/Intermediates.noindex/Core.build/Debug/Async-t.build/Async.DependencyStaticMetadataFileList
WriteAuxiliaryFile /Users/admin/builder/spi-builder-workspace/.derivedData/Build/Intermediates.noindex/Core.build/Debug/Async-t.build/Async.DependencyMetadataFileList (in target 'Async' from project 'Core')
cd /Users/admin/builder/spi-builder-workspace/.dependencies/checkouts/core
write-file /Users/admin/builder/spi-builder-workspace/.derivedData/Build/Intermediates.noindex/Core.build/Debug/Async-t.build/Async.DependencyMetadataFileList
Copy /Users/admin/builder/spi-builder-workspace/.derivedData/Build/Intermediates.noindex/GeneratedModuleMaps/Async.modulemap /Users/admin/builder/spi-builder-workspace/.derivedData/Build/Intermediates.noindex/Core.build/Debug/Async-t.build/Async.modulemap (in target 'Async' from project 'Core')
cd /Users/admin/builder/spi-builder-workspace/.dependencies/checkouts/core
builtin-copy -exclude .DS_Store -exclude CVS -exclude .svn -exclude .git -exclude .hg -resolve-src-symlinks /Users/admin/builder/spi-builder-workspace/.derivedData/Build/Intermediates.noindex/Core.build/Debug/Async-t.build/Async.modulemap /Users/admin/builder/spi-builder-workspace/.derivedData/Build/Intermediates.noindex/GeneratedModuleMaps
ProcessInfoPlistFile /Users/admin/builder/spi-builder-workspace/.derivedData/Build/Products/Debug/Starscream_Starscream.bundle/Contents/Info.plist /Users/admin/builder/spi-builder-workspace/.derivedData/Build/Intermediates.noindex/Starscream.build/Debug/Starscream_Starscream-b.build/empty-Starscream_Starscream.plist (in target 'Starscream_Starscream' from project 'Starscream')
cd /Users/admin/builder/spi-builder-workspace/.dependencies/checkouts/Starscream
builtin-infoPlistUtility /Users/admin/builder/spi-builder-workspace/.derivedData/Build/Intermediates.noindex/Starscream.build/Debug/Starscream_Starscream-b.build/empty-Starscream_Starscream.plist -producttype com.apple.product-type.bundle -expandbuildsettings -platform macosx -o /Users/admin/builder/spi-builder-workspace/.derivedData/Build/Products/Debug/Starscream_Starscream.bundle/Contents/Info.plist
CpResource /Users/admin/builder/spi-builder-workspace/.derivedData/Build/Products/Debug/Starscream_Starscream.bundle/Contents/Resources/PrivacyInfo.xcprivacy /Users/admin/builder/spi-builder-workspace/.dependencies/checkouts/Starscream/Sources/PrivacyInfo.xcprivacy (in target 'Starscream_Starscream' from project 'Starscream')
cd /Users/admin/builder/spi-builder-workspace/.dependencies/checkouts/Starscream
builtin-copy -exclude .DS_Store -exclude CVS -exclude .svn -exclude .git -exclude .hg -resolve-src-symlinks /Users/admin/builder/spi-builder-workspace/.dependencies/checkouts/Starscream/Sources/PrivacyInfo.xcprivacy /Users/admin/builder/spi-builder-workspace/.derivedData/Build/Products/Debug/Starscream_Starscream.bundle/Contents/Resources
RegisterExecutionPolicyException /Users/admin/builder/spi-builder-workspace/.derivedData/Build/Products/Debug/Starscream_Starscream.bundle (in target 'Starscream_Starscream' from project 'Starscream')
cd /Users/admin/builder/spi-builder-workspace/.dependencies/checkouts/Starscream
builtin-RegisterExecutionPolicyException /Users/admin/builder/spi-builder-workspace/.derivedData/Build/Products/Debug/Starscream_Starscream.bundle
Touch /Users/admin/builder/spi-builder-workspace/.derivedData/Build/Products/Debug/Starscream_Starscream.bundle (in target 'Starscream_Starscream' from project 'Starscream')
cd /Users/admin/builder/spi-builder-workspace/.dependencies/checkouts/Starscream
/usr/bin/touch -c /Users/admin/builder/spi-builder-workspace/.derivedData/Build/Products/Debug/Starscream_Starscream.bundle
ScanDependencies /Users/admin/builder/spi-builder-workspace/.derivedData/Build/Intermediates.noindex/swift-nio.build/Debug/CNIOZlib-t.build/Objects-normal/arm64/empty.o /Users/admin/builder/spi-builder-workspace/.dependencies/checkouts/swift-nio/Sources/CNIOZlib/empty.c normal arm64 c com.apple.compilers.llvm.clang.1_0.compiler (in target 'CNIOZlib' from project 'swift-nio')
cd /Users/admin/builder/spi-builder-workspace/.swiftpm/xcode
Using response file: /Users/admin/builder/spi-builder-workspace/.derivedData/Build/Intermediates.noindex/swift-nio.build/Debug/CNIOZlib-t.build/Objects-normal/arm64/7187679823f38a2a940e0043cdf9d637-common-args.resp
builtin-ScanDependencies -o /Users/admin/builder/spi-builder-workspace/.derivedData/Build/Intermediates.noindex/swift-nio.build/Debug/CNIOZlib-t.build/Objects-normal/arm64/empty.o.scan -- /Applications/Xcode-27.0.0-Release.Candidate.app/Contents/Developer/Toolchains/XcodeDefault.xctoolchain/usr/bin/clang -x c -ivfsstatcache /Users/admin/builder/spi-builder-workspace/.derivedData/SDKStatCaches.noindex/macosx27.0-26A425-e829b21a6f8c9b70876ba0858053c0446a22442a12e9d48fe1a705f55a1adfc4.sdkstatcache -target arm64-apple-macos12.0 -fmessage-length\=0 -fdiagnostics-show-note-include-stack -fmacro-backtrace-limit\=0 -fno-color-diagnostics -fmodules-prune-interval\=86400 -fmodules-prune-after\=345600 -fbuild-session-file\=/Users/admin/builder/spi-builder-workspace/.derivedData/ModuleCache.noindex/Session.modulevalidation -fmodules-validate-once-per-build-session -Wnon-modular-include-in-framework-module -Werror\=non-modular-include-in-framework-module -Wno-trigraphs -Wno-missing-field-initializers -Wno-missing-prototypes -Wno-return-type -Wno-missing-braces -Wparentheses -Wswitch -Wno-unused-function -Wno-unused-label -Wno-unused-parameter -Wno-unused-variable -Wunused-value -Wno-empty-body -Wno-uninitialized -Wno-unknown-pragmas -w -Wno-shadow -Wno-four-char-constants -Wno-conversion -Wno-constant-conversion -Wno-int-conversion -Wno-bool-conversion -Wno-enum-conversion -Wno-float-conversion -Wno-non-literal-null-conversion -Wno-objc-literal-conversion -Wshorten-64-to-32 -Wpointer-sign -Wno-newline-eof -Wno-implicit-fallthrough -isysroot /Applications/Xcode-27.0.0-Release.Candidate.app/Contents/Developer/Platforms/MacOSX.platform/Developer/SDKs/MacOSX27.0.sdk -fstrict-aliasing -Wdeprecated-declarations -Wno-sign-conversion -Wno-infinite-recursion -Wno-comma -Wno-block-capture-autoreleasing -Wno-strict-prototypes -Wno-semicolon-before-method-body -index-store-path /Users/admin/builder/spi-builder-workspace/.derivedData/Index.noindex/DataStore @/Users/admin/builder/spi-builder-workspace/.derivedData/Build/Intermediates.noindex/swift-nio.build/Debug/CNIOZlib-t.build/Objects-normal/arm64/7187679823f38a2a940e0043cdf9d637-common-args.resp -MMD -MT dependencies -MF /Users/admin/builder/spi-builder-workspace/.derivedData/Build/Intermediates.noindex/swift-nio.build/Debug/CNIOZlib-t.build/Objects-normal/arm64/empty.d --serialize-diagnostics /Users/admin/builder/spi-builder-workspace/.derivedData/Build/Intermediates.noindex/swift-nio.build/Debug/CNIOZlib-t.build/Objects-normal/arm64/empty.dia -c /Users/admin/builder/spi-builder-workspace/.dependencies/checkouts/swift-nio/Sources/CNIOZlib/empty.c -o /Users/admin/builder/spi-builder-workspace/.derivedData/Build/Intermediates.noindex/swift-nio.build/Debug/CNIOZlib-t.build/Objects-normal/arm64/empty.o -index-unit-output-path /swift-nio.build/Debug/CNIOZlib-t.build/Objects-normal/arm64/empty.o
ScanDependencies /Users/admin/builder/spi-builder-workspace/.derivedData/Build/Intermediates.noindex/swift-nio.build/Debug/CNIOSHA1-t.build/Objects-normal/arm64/c_nio_sha1.o /Users/admin/builder/spi-builder-workspace/.dependencies/checkouts/swift-nio/Sources/CNIOSHA1/c_nio_sha1.c normal arm64 c com.apple.compilers.llvm.clang.1_0.compiler (in target 'CNIOSHA1' from project 'swift-nio')
cd /Users/admin/builder/spi-builder-workspace/.swiftpm/xcode
Using response file: /Users/admin/builder/spi-builder-workspace/.derivedData/Build/Intermediates.noindex/swift-nio.build/Debug/CNIOSHA1-t.build/Objects-normal/arm64/7187679823f38a2a940e0043cdf9d637-common-args.resp
builtin-ScanDependencies -o /Users/admin/builder/spi-builder-workspace/.derivedData/Build/Intermediates.noindex/swift-nio.build/Debug/CNIOSHA1-t.build/Objects-normal/arm64/c_nio_sha1.o.scan -- /Applications/Xcode-27.0.0-Release.Candidate.app/Contents/Developer/Toolchains/XcodeDefault.xctoolchain/usr/bin/clang -x c -ivfsstatcache /Users/admin/builder/spi-builder-workspace/.derivedData/SDKStatCaches.noindex/macosx27.0-26A425-e829b21a6f8c9b70876ba0858053c0446a22442a12e9d48fe1a705f55a1adfc4.sdkstatcache -target arm64-apple-macos12.0 -fmessage-length\=0 -fdiagnostics-show-note-include-stack -fmacro-backtrace-limit\=0 -fno-color-diagnostics -fmodules-prune-interval\=86400 -fmodules-prune-after\=345600 -fbuild-session-file\=/Users/admin/builder/spi-builder-workspace/.derivedData/ModuleCache.noindex/Session.modulevalidation -fmodules-validate-once-per-build-session -Wnon-modular-include-in-framework-module -Werror\=non-modular-include-in-framework-module -Wno-trigraphs -Wno-missing-field-initializers -Wno-missing-prototypes -Wno-return-type -Wno-missing-braces -Wparentheses -Wswitch -Wno-unused-function -Wno-unused-label -Wno-unused-parameter -Wno-unused-variable -Wunused-value -Wno-empty-body -Wno-uninitialized -Wno-unknown-pragmas -w -Wno-shadow -Wno-four-char-constants -Wno-conversion -Wno-constant-conversion -Wno-int-conversion -Wno-bool-conversion -Wno-enum-conversion -Wno-float-conversion -Wno-non-literal-null-conversion -Wno-objc-literal-conversion -Wshorten-64-to-32 -Wpointer-sign -Wno-newline-eof -Wno-implicit-fallthrough -isysroot /Applications/Xcode-27.0.0-Release.Candidate.app/Contents/Developer/Platforms/MacOSX.platform/Developer/SDKs/MacOSX27.0.sdk -fstrict-aliasing -Wdeprecated-declarations -Wno-sign-conversion -Wno-infinite-recursion -Wno-comma -Wno-block-capture-autoreleasing -Wno-strict-prototypes -Wno-semicolon-before-method-body -index-store-path /Users/admin/builder/spi-builder-workspace/.derivedData/Index.noindex/DataStore @/Users/admin/builder/spi-builder-workspace/.derivedData/Build/Intermediates.noindex/swift-nio.build/Debug/CNIOSHA1-t.build/Objects-normal/arm64/7187679823f38a2a940e0043cdf9d637-common-args.resp -MMD -MT dependencies -MF /Users/admin/builder/spi-builder-workspace/.derivedData/Build/Intermediates.noindex/swift-nio.build/Debug/CNIOSHA1-t.build/Objects-normal/arm64/c_nio_sha1.d --serialize-diagnostics /Users/admin/builder/spi-builder-workspace/.derivedData/Build/Intermediates.noindex/swift-nio.build/Debug/CNIOSHA1-t.build/Objects-normal/arm64/c_nio_sha1.dia -c /Users/admin/builder/spi-builder-workspace/.dependencies/checkouts/swift-nio/Sources/CNIOSHA1/c_nio_sha1.c -o /Users/admin/builder/spi-builder-workspace/.derivedData/Build/Intermediates.noindex/swift-nio.build/Debug/CNIOSHA1-t.build/Objects-normal/arm64/c_nio_sha1.o -index-unit-output-path /swift-nio.build/Debug/CNIOSHA1-t.build/Objects-normal/arm64/c_nio_sha1.o
ScanDependencies /Users/admin/builder/spi-builder-workspace/.derivedData/Build/Intermediates.noindex/swift-nio-ssl.build/Debug/CNIOOpenSSL-t.build/Objects-normal/arm64/shims.o /Users/admin/builder/spi-builder-workspace/.dependencies/checkouts/swift-nio-ssl/Sources/CNIOOpenSSL/shims.c normal arm64 c com.apple.compilers.llvm.clang.1_0.compiler (in target 'CNIOOpenSSL' from project 'swift-nio-ssl')
cd /Users/admin/builder/spi-builder-workspace/.swiftpm/xcode
Using response file: /Users/admin/builder/spi-builder-workspace/.derivedData/Build/Intermediates.noindex/swift-nio-ssl.build/Debug/CNIOOpenSSL-t.build/Objects-normal/arm64/7187679823f38a2a940e0043cdf9d637-common-args.resp
builtin-ScanDependencies -o /Users/admin/builder/spi-builder-workspace/.derivedData/Build/Intermediates.noindex/swift-nio-ssl.build/Debug/CNIOOpenSSL-t.build/Objects-normal/arm64/shims.o.scan -- /Applications/Xcode-27.0.0-Release.Candidate.app/Contents/Developer/Toolchains/XcodeDefault.xctoolchain/usr/bin/clang -x c -ivfsstatcache /Users/admin/builder/spi-builder-workspace/.derivedData/SDKStatCaches.noindex/macosx27.0-26A425-e829b21a6f8c9b70876ba0858053c0446a22442a12e9d48fe1a705f55a1adfc4.sdkstatcache -target arm64-apple-macos12.0 -fmessage-length\=0 -fdiagnostics-show-note-include-stack -fmacro-backtrace-limit\=0 -fno-color-diagnostics -fmodules-prune-interval\=86400 -fmodules-prune-after\=345600 -fbuild-session-file\=/Users/admin/builder/spi-builder-workspace/.derivedData/ModuleCache.noindex/Session.modulevalidation -fmodules-validate-once-per-build-session -Wnon-modular-include-in-framework-module -Werror\=non-modular-include-in-framework-module -Wno-trigraphs -Wno-missing-field-initializers -Wno-missing-prototypes -Wno-return-type -Wno-missing-braces -Wparentheses -Wswitch -Wno-unused-function -Wno-unused-label -Wno-unused-parameter -Wno-unused-variable -Wunused-value -Wno-empty-body -Wno-uninitialized -Wno-unknown-pragmas -w -Wno-shadow -Wno-four-char-constants -Wno-conversion -Wno-constant-conversion -Wno-int-conversion -Wno-bool-conversion -Wno-enum-conversion -Wno-float-conversion -Wno-non-literal-null-conversion -Wno-objc-literal-conversion -Wshorten-64-to-32 -Wpointer-sign -Wno-newline-eof -Wno-implicit-fallthrough -isysroot /Applications/Xcode-27.0.0-Release.Candidate.app/Contents/Developer/Platforms/MacOSX.platform/Developer/SDKs/MacOSX27.0.sdk -fstrict-aliasing -Wdeprecated-declarations -Wno-sign-conversion -Wno-infinite-recursion -Wno-comma -Wno-block-capture-autoreleasing -Wno-strict-prototypes -Wno-semicolon-before-method-body -index-store-path /Users/admin/builder/spi-builder-workspace/.derivedData/Index.noindex/DataStore @/Users/admin/builder/spi-builder-workspace/.derivedData/Build/Intermediates.noindex/swift-nio-ssl.build/Debug/CNIOOpenSSL-t.build/Objects-normal/arm64/7187679823f38a2a940e0043cdf9d637-common-args.resp -MMD -MT dependencies -MF /Users/admin/builder/spi-builder-workspace/.derivedData/Build/Intermediates.noindex/swift-nio-ssl.build/Debug/CNIOOpenSSL-t.build/Objects-normal/arm64/shims.d --serialize-diagnostics /Users/admin/builder/spi-builder-workspace/.derivedData/Build/Intermediates.noindex/swift-nio-ssl.build/Debug/CNIOOpenSSL-t.build/Objects-normal/arm64/shims.dia -c /Users/admin/builder/spi-builder-workspace/.dependencies/checkouts/swift-nio-ssl/Sources/CNIOOpenSSL/shims.c -o /Users/admin/builder/spi-builder-workspace/.derivedData/Build/Intermediates.noindex/swift-nio-ssl.build/Debug/CNIOOpenSSL-t.build/Objects-normal/arm64/shims.o -index-unit-output-path /swift-nio-ssl.build/Debug/CNIOOpenSSL-t.build/Objects-normal/arm64/shims.o
/Users/admin/builder/spi-builder-workspace/.dependencies/checkouts/swift-nio-ssl/Sources/CNIOOpenSSL/include/c_nio_openssl.h:17:10: error: 'openssl/conf.h' file not found (in target 'CNIOOpenSSL' from project 'swift-nio-ssl')
/Users/admin/builder/spi-builder-workspace/.dependencies/checkouts/swift-nio-ssl/Sources/CNIOOpenSSL/shims.c:16:10: note: in file included from /Users/admin/builder/spi-builder-workspace/.dependencies/checkouts/swift-nio-ssl/Sources/CNIOOpenSSL/shims.c:16:
ScanDependencies /Users/admin/builder/spi-builder-workspace/.derivedData/Build/Intermediates.noindex/swift-nio-ssl.build/Debug/CNIOOpenSSL-t.build/Objects-normal/arm64/helpers.o /Users/admin/builder/spi-builder-workspace/.dependencies/checkouts/swift-nio-ssl/Sources/CNIOOpenSSL/helpers.c normal arm64 c com.apple.compilers.llvm.clang.1_0.compiler (in target 'CNIOOpenSSL' from project 'swift-nio-ssl')
cd /Users/admin/builder/spi-builder-workspace/.swiftpm/xcode
Using response file: /Users/admin/builder/spi-builder-workspace/.derivedData/Build/Intermediates.noindex/swift-nio-ssl.build/Debug/CNIOOpenSSL-t.build/Objects-normal/arm64/7187679823f38a2a940e0043cdf9d637-common-args.resp
builtin-ScanDependencies -o /Users/admin/builder/spi-builder-workspace/.derivedData/Build/Intermediates.noindex/swift-nio-ssl.build/Debug/CNIOOpenSSL-t.build/Objects-normal/arm64/helpers.o.scan -- /Applications/Xcode-27.0.0-Release.Candidate.app/Contents/Developer/Toolchains/XcodeDefault.xctoolchain/usr/bin/clang -x c -ivfsstatcache /Users/admin/builder/spi-builder-workspace/.derivedData/SDKStatCaches.noindex/macosx27.0-26A425-e829b21a6f8c9b70876ba0858053c0446a22442a12e9d48fe1a705f55a1adfc4.sdkstatcache -target arm64-apple-macos12.0 -fmessage-length\=0 -fdiagnostics-show-note-include-stack -fmacro-backtrace-limit\=0 -fno-color-diagnostics -fmodules-prune-interval\=86400 -fmodules-prune-after\=345600 -fbuild-session-file\=/Users/admin/builder/spi-builder-workspace/.derivedData/ModuleCache.noindex/Session.modulevalidation -fmodules-validate-once-per-build-session -Wnon-modular-include-in-framework-module -Werror\=non-modular-include-in-framework-module -Wno-trigraphs -Wno-missing-field-initializers -Wno-missing-prototypes -Wno-return-type -Wno-missing-braces -Wparentheses -Wswitch -Wno-unused-function -Wno-unused-label -Wno-unused-parameter -Wno-unused-variable -Wunused-value -Wno-empty-body -Wno-uninitialized -Wno-unknown-pragmas -w -Wno-shadow -Wno-four-char-constants -Wno-conversion -Wno-constant-conversion -Wno-int-conversion -Wno-bool-conversion -Wno-enum-conversion -Wno-float-conversion -Wno-non-literal-null-conversion -Wno-objc-literal-conversion -Wshorten-64-to-32 -Wpointer-sign -Wno-newline-eof -Wno-implicit-fallthrough -isysroot /Applications/Xcode-27.0.0-Release.Candidate.app/Contents/Developer/Platforms/MacOSX.platform/Developer/SDKs/MacOSX27.0.sdk -fstrict-aliasing -Wdeprecated-declarations -Wno-sign-conversion -Wno-infinite-recursion -Wno-comma -Wno-block-capture-autoreleasing -Wno-strict-prototypes -Wno-semicolon-before-method-body -index-store-path /Users/admin/builder/spi-builder-workspace/.derivedData/Index.noindex/DataStore @/Users/admin/builder/spi-builder-workspace/.derivedData/Build/Intermediates.noindex/swift-nio-ssl.build/Debug/CNIOOpenSSL-t.build/Objects-normal/arm64/7187679823f38a2a940e0043cdf9d637-common-args.resp -MMD -MT dependencies -MF /Users/admin/builder/spi-builder-workspace/.derivedData/Build/Intermediates.noindex/swift-nio-ssl.build/Debug/CNIOOpenSSL-t.build/Objects-normal/arm64/helpers.d --serialize-diagnostics /Users/admin/builder/spi-builder-workspace/.derivedData/Build/Intermediates.noindex/swift-nio-ssl.build/Debug/CNIOOpenSSL-t.build/Objects-normal/arm64/helpers.dia -c /Users/admin/builder/spi-builder-workspace/.dependencies/checkouts/swift-nio-ssl/Sources/CNIOOpenSSL/helpers.c -o /Users/admin/builder/spi-builder-workspace/.derivedData/Build/Intermediates.noindex/swift-nio-ssl.build/Debug/CNIOOpenSSL-t.build/Objects-normal/arm64/helpers.o -index-unit-output-path /swift-nio-ssl.build/Debug/CNIOOpenSSL-t.build/Objects-normal/arm64/helpers.o
/Users/admin/builder/spi-builder-workspace/.dependencies/checkouts/swift-nio-ssl/Sources/CNIOOpenSSL/include/c_nio_openssl.h:17:10: error: 'openssl/conf.h' file not found (in target 'CNIOOpenSSL' from project 'swift-nio-ssl')
/Users/admin/builder/spi-builder-workspace/.dependencies/checkouts/swift-nio-ssl/Sources/CNIOOpenSSL/helpers.c:14:10: note: in file included from /Users/admin/builder/spi-builder-workspace/.dependencies/checkouts/swift-nio-ssl/Sources/CNIOOpenSSL/helpers.c:14:
ScanDependencies /Users/admin/builder/spi-builder-workspace/.derivedData/Build/Intermediates.noindex/swift-nio.build/Debug/CNIODarwin-t.build/Objects-normal/arm64/shim.o /Users/admin/builder/spi-builder-workspace/.dependencies/checkouts/swift-nio/Sources/CNIODarwin/shim.c normal arm64 c com.apple.compilers.llvm.clang.1_0.compiler (in target 'CNIODarwin' from project 'swift-nio')
cd /Users/admin/builder/spi-builder-workspace/.swiftpm/xcode
Using response file: /Users/admin/builder/spi-builder-workspace/.derivedData/Build/Intermediates.noindex/swift-nio.build/Debug/CNIODarwin-t.build/Objects-normal/arm64/7187679823f38a2a940e0043cdf9d637-common-args.resp
builtin-ScanDependencies -o /Users/admin/builder/spi-builder-workspace/.derivedData/Build/Intermediates.noindex/swift-nio.build/Debug/CNIODarwin-t.build/Objects-normal/arm64/shim.o.scan -- /Applications/Xcode-27.0.0-Release.Candidate.app/Contents/Developer/Toolchains/XcodeDefault.xctoolchain/usr/bin/clang -x c -ivfsstatcache /Users/admin/builder/spi-builder-workspace/.derivedData/SDKStatCaches.noindex/macosx27.0-26A425-e829b21a6f8c9b70876ba0858053c0446a22442a12e9d48fe1a705f55a1adfc4.sdkstatcache -target arm64-apple-macos12.0 -fmessage-length\=0 -fdiagnostics-show-note-include-stack -fmacro-backtrace-limit\=0 -fno-color-diagnostics -fmodules-prune-interval\=86400 -fmodules-prune-after\=345600 -fbuild-session-file\=/Users/admin/builder/spi-builder-workspace/.derivedData/ModuleCache.noindex/Session.modulevalidation -fmodules-validate-once-per-build-session -Wnon-modular-include-in-framework-module -Werror\=non-modular-include-in-framework-module -Wno-trigraphs -Wno-missing-field-initializers -Wno-missing-prototypes -Wno-return-type -Wno-missing-braces -Wparentheses -Wswitch -Wno-unused-function -Wno-unused-label -Wno-unused-parameter -Wno-unused-variable -Wunused-value -Wno-empty-body -Wno-uninitialized -Wno-unknown-pragmas -w -Wno-shadow -Wno-four-char-constants -Wno-conversion -Wno-constant-conversion -Wno-int-conversion -Wno-bool-conversion -Wno-enum-conversion -Wno-float-conversion -Wno-non-literal-null-conversion -Wno-objc-literal-conversion -Wshorten-64-to-32 -Wpointer-sign -Wno-newline-eof -Wno-implicit-fallthrough -isysroot /Applications/Xcode-27.0.0-Release.Candidate.app/Contents/Developer/Platforms/MacOSX.platform/Developer/SDKs/MacOSX27.0.sdk -fstrict-aliasing -Wdeprecated-declarations -Wno-sign-conversion -Wno-infinite-recursion -Wno-comma -Wno-block-capture-autoreleasing -Wno-strict-prototypes -Wno-semicolon-before-method-body -index-store-path /Users/admin/builder/spi-builder-workspace/.derivedData/Index.noindex/DataStore @/Users/admin/builder/spi-builder-workspace/.derivedData/Build/Intermediates.noindex/swift-nio.build/Debug/CNIODarwin-t.build/Objects-normal/arm64/7187679823f38a2a940e0043cdf9d637-common-args.resp -MMD -MT dependencies -MF /Users/admin/builder/spi-builder-workspace/.derivedData/Build/Intermediates.noindex/swift-nio.build/Debug/CNIODarwin-t.build/Objects-normal/arm64/shim.d --serialize-diagnostics /Users/admin/builder/spi-builder-workspace/.derivedData/Build/Intermediates.noindex/swift-nio.build/Debug/CNIODarwin-t.build/Objects-normal/arm64/shim.dia -c /Users/admin/builder/spi-builder-workspace/.dependencies/checkouts/swift-nio/Sources/CNIODarwin/shim.c -o /Users/admin/builder/spi-builder-workspace/.derivedData/Build/Intermediates.noindex/swift-nio.build/Debug/CNIODarwin-t.build/Objects-normal/arm64/shim.o -index-unit-output-path /swift-nio.build/Debug/CNIODarwin-t.build/Objects-normal/arm64/shim.o
ScanDependencies /Users/admin/builder/spi-builder-workspace/.derivedData/Build/Intermediates.noindex/swift-nio.build/Debug/CNIOLinux-t.build/Objects-normal/arm64/shim.o /Users/admin/builder/spi-builder-workspace/.dependencies/checkouts/swift-nio/Sources/CNIOLinux/shim.c normal arm64 c com.apple.compilers.llvm.clang.1_0.compiler (in target 'CNIOLinux' from project 'swift-nio')
cd /Users/admin/builder/spi-builder-workspace/.swiftpm/xcode
Using response file: /Users/admin/builder/spi-builder-workspace/.derivedData/Build/Intermediates.noindex/swift-nio.build/Debug/CNIOLinux-t.build/Objects-normal/arm64/7187679823f38a2a940e0043cdf9d637-common-args.resp
builtin-ScanDependencies -o /Users/admin/builder/spi-builder-workspace/.derivedData/Build/Intermediates.noindex/swift-nio.build/Debug/CNIOLinux-t.build/Objects-normal/arm64/shim.o.scan -- /Applications/Xcode-27.0.0-Release.Candidate.app/Contents/Developer/Toolchains/XcodeDefault.xctoolchain/usr/bin/clang -x c -ivfsstatcache /Users/admin/builder/spi-builder-workspace/.derivedData/SDKStatCaches.noindex/macosx27.0-26A425-e829b21a6f8c9b70876ba0858053c0446a22442a12e9d48fe1a705f55a1adfc4.sdkstatcache -target arm64-apple-macos12.0 -fmessage-length\=0 -fdiagnostics-show-note-include-stack -fmacro-backtrace-limit\=0 -fno-color-diagnostics -fmodules-prune-interval\=86400 -fmodules-prune-after\=345600 -fbuild-session-file\=/Users/admin/builder/spi-builder-workspace/.derivedData/ModuleCache.noindex/Session.modulevalidation -fmodules-validate-once-per-build-session -Wnon-modular-include-in-framework-module -Werror\=non-modular-include-in-framework-module -Wno-trigraphs -Wno-missing-field-initializers -Wno-missing-prototypes -Wno-return-type -Wno-missing-braces -Wparentheses -Wswitch -Wno-unused-function -Wno-unused-label -Wno-unused-parameter -Wno-unused-variable -Wunused-value -Wno-empty-body -Wno-uninitialized -Wno-unknown-pragmas -w -Wno-shadow -Wno-four-char-constants -Wno-conversion -Wno-constant-conversion -Wno-int-conversion -Wno-bool-conversion -Wno-enum-conversion -Wno-float-conversion -Wno-non-literal-null-conversion -Wno-objc-literal-conversion -Wshorten-64-to-32 -Wpointer-sign -Wno-newline-eof -Wno-implicit-fallthrough -isysroot /Applications/Xcode-27.0.0-Release.Candidate.app/Contents/Developer/Platforms/MacOSX.platform/Developer/SDKs/MacOSX27.0.sdk -fstrict-aliasing -Wdeprecated-declarations -Wno-sign-conversion -Wno-infinite-recursion -Wno-comma -Wno-block-capture-autoreleasing -Wno-strict-prototypes -Wno-semicolon-before-method-body -index-store-path /Users/admin/builder/spi-builder-workspace/.derivedData/Index.noindex/DataStore @/Users/admin/builder/spi-builder-workspace/.derivedData/Build/Intermediates.noindex/swift-nio.build/Debug/CNIOLinux-t.build/Objects-normal/arm64/7187679823f38a2a940e0043cdf9d637-common-args.resp -MMD -MT dependencies -MF /Users/admin/builder/spi-builder-workspace/.derivedData/Build/Intermediates.noindex/swift-nio.build/Debug/CNIOLinux-t.build/Objects-normal/arm64/shim.d --serialize-diagnostics /Users/admin/builder/spi-builder-workspace/.derivedData/Build/Intermediates.noindex/swift-nio.build/Debug/CNIOLinux-t.build/Objects-normal/arm64/shim.dia -c /Users/admin/builder/spi-builder-workspace/.dependencies/checkouts/swift-nio/Sources/CNIOLinux/shim.c -o /Users/admin/builder/spi-builder-workspace/.derivedData/Build/Intermediates.noindex/swift-nio.build/Debug/CNIOLinux-t.build/Objects-normal/arm64/shim.o -index-unit-output-path /swift-nio.build/Debug/CNIOLinux-t.build/Objects-normal/arm64/shim.o
ScanDependencies /Users/admin/builder/spi-builder-workspace/.derivedData/Build/Intermediates.noindex/Crypto.build/Debug/CCryptoOpenSSL-t.build/Objects-normal/arm64/shim.o /Users/admin/builder/spi-builder-workspace/.dependencies/checkouts/crypto/Sources/CCryptoOpenSSL/shim.c normal arm64 c com.apple.compilers.llvm.clang.1_0.compiler (in target 'CCryptoOpenSSL' from project 'Crypto')
cd /Users/admin/builder/spi-builder-workspace/.swiftpm/xcode
Using response file: /Users/admin/builder/spi-builder-workspace/.derivedData/Build/Intermediates.noindex/Crypto.build/Debug/CCryptoOpenSSL-t.build/Objects-normal/arm64/7187679823f38a2a940e0043cdf9d637-common-args.resp
builtin-ScanDependencies -o /Users/admin/builder/spi-builder-workspace/.derivedData/Build/Intermediates.noindex/Crypto.build/Debug/CCryptoOpenSSL-t.build/Objects-normal/arm64/shim.o.scan -- /Applications/Xcode-27.0.0-Release.Candidate.app/Contents/Developer/Toolchains/XcodeDefault.xctoolchain/usr/bin/clang -x c -ivfsstatcache /Users/admin/builder/spi-builder-workspace/.derivedData/SDKStatCaches.noindex/macosx27.0-26A425-e829b21a6f8c9b70876ba0858053c0446a22442a12e9d48fe1a705f55a1adfc4.sdkstatcache -target arm64-apple-macos12.0 -fmessage-length\=0 -fdiagnostics-show-note-include-stack -fmacro-backtrace-limit\=0 -fno-color-diagnostics -fmodules-prune-interval\=86400 -fmodules-prune-after\=345600 -fbuild-session-file\=/Users/admin/builder/spi-builder-workspace/.derivedData/ModuleCache.noindex/Session.modulevalidation -fmodules-validate-once-per-build-session -Wnon-modular-include-in-framework-module -Werror\=non-modular-include-in-framework-module -Wno-trigraphs -Wno-missing-field-initializers -Wno-missing-prototypes -Wno-return-type -Wno-missing-braces -Wparentheses -Wswitch -Wno-unused-function -Wno-unused-label -Wno-unused-parameter -Wno-unused-variable -Wunused-value -Wno-empty-body -Wno-uninitialized -Wno-unknown-pragmas -w -Wno-shadow -Wno-four-char-constants -Wno-conversion -Wno-constant-conversion -Wno-int-conversion -Wno-bool-conversion -Wno-enum-conversion -Wno-float-conversion -Wno-non-literal-null-conversion -Wno-objc-literal-conversion -Wshorten-64-to-32 -Wpointer-sign -Wno-newline-eof -Wno-implicit-fallthrough -isysroot /Applications/Xcode-27.0.0-Release.Candidate.app/Contents/Developer/Platforms/MacOSX.platform/Developer/SDKs/MacOSX27.0.sdk -fstrict-aliasing -Wdeprecated-declarations -Wno-sign-conversion -Wno-infinite-recursion -Wno-comma -Wno-block-capture-autoreleasing -Wno-strict-prototypes -Wno-semicolon-before-method-body -index-store-path /Users/admin/builder/spi-builder-workspace/.derivedData/Index.noindex/DataStore @/Users/admin/builder/spi-builder-workspace/.derivedData/Build/Intermediates.noindex/Crypto.build/Debug/CCryptoOpenSSL-t.build/Objects-normal/arm64/7187679823f38a2a940e0043cdf9d637-common-args.resp -MMD -MT dependencies -MF /Users/admin/builder/spi-builder-workspace/.derivedData/Build/Intermediates.noindex/Crypto.build/Debug/CCryptoOpenSSL-t.build/Objects-normal/arm64/shim.d --serialize-diagnostics /Users/admin/builder/spi-builder-workspace/.derivedData/Build/Intermediates.noindex/Crypto.build/Debug/CCryptoOpenSSL-t.build/Objects-normal/arm64/shim.dia -c /Users/admin/builder/spi-builder-workspace/.dependencies/checkouts/crypto/Sources/CCryptoOpenSSL/shim.c -o /Users/admin/builder/spi-builder-workspace/.derivedData/Build/Intermediates.noindex/Crypto.build/Debug/CCryptoOpenSSL-t.build/Objects-normal/arm64/shim.o -index-unit-output-path /Crypto.build/Debug/CCryptoOpenSSL-t.build/Objects-normal/arm64/shim.o
/Users/admin/builder/spi-builder-workspace/.dependencies/checkouts/crypto/Sources/CCryptoOpenSSL/include/c_crypto_openssl.h:4:10: error: 'openssl/conf.h' file not found (in target 'CCryptoOpenSSL' from project 'Crypto')
/Users/admin/builder/spi-builder-workspace/.dependencies/checkouts/crypto/Sources/CCryptoOpenSSL/shim.c:1:10: note: in file included from /Users/admin/builder/spi-builder-workspace/.dependencies/checkouts/crypto/Sources/CCryptoOpenSSL/shim.c:1:
ScanDependencies /Users/admin/builder/spi-builder-workspace/.derivedData/Build/Intermediates.noindex/swift-nio.build/Debug/CNIOAtomics-t.build/Objects-normal/arm64/c-atomics.o /Users/admin/builder/spi-builder-workspace/.dependencies/checkouts/swift-nio/Sources/CNIOAtomics/src/c-atomics.c normal arm64 c com.apple.compilers.llvm.clang.1_0.compiler (in target 'CNIOAtomics' from project 'swift-nio')
cd /Users/admin/builder/spi-builder-workspace/.swiftpm/xcode
Using response file: /Users/admin/builder/spi-builder-workspace/.derivedData/Build/Intermediates.noindex/swift-nio.build/Debug/CNIOAtomics-t.build/Objects-normal/arm64/7187679823f38a2a940e0043cdf9d637-common-args.resp
builtin-ScanDependencies -o /Users/admin/builder/spi-builder-workspace/.derivedData/Build/Intermediates.noindex/swift-nio.build/Debug/CNIOAtomics-t.build/Objects-normal/arm64/c-atomics.o.scan -- /Applications/Xcode-27.0.0-Release.Candidate.app/Contents/Developer/Toolchains/XcodeDefault.xctoolchain/usr/bin/clang -x c -ivfsstatcache /Users/admin/builder/spi-builder-workspace/.derivedData/SDKStatCaches.noindex/macosx27.0-26A425-e829b21a6f8c9b70876ba0858053c0446a22442a12e9d48fe1a705f55a1adfc4.sdkstatcache -target arm64-apple-macos12.0 -fmessage-length\=0 -fdiagnostics-show-note-include-stack -fmacro-backtrace-limit\=0 -fno-color-diagnostics -fmodules-prune-interval\=86400 -fmodules-prune-after\=345600 -fbuild-session-file\=/Users/admin/builder/spi-builder-workspace/.derivedData/ModuleCache.noindex/Session.modulevalidation -fmodules-validate-once-per-build-session -Wnon-modular-include-in-framework-module -Werror\=non-modular-include-in-framework-module -Wno-trigraphs -Wno-missing-field-initializers -Wno-missing-prototypes -Wno-return-type -Wno-missing-braces -Wparentheses -Wswitch -Wno-unused-function -Wno-unused-label -Wno-unused-parameter -Wno-unused-variable -Wunused-value -Wno-empty-body -Wno-uninitialized -Wno-unknown-pragmas -w -Wno-shadow -Wno-four-char-constants -Wno-conversion -Wno-constant-conversion -Wno-int-conversion -Wno-bool-conversion -Wno-enum-conversion -Wno-float-conversion -Wno-non-literal-null-conversion -Wno-objc-literal-conversion -Wshorten-64-to-32 -Wpointer-sign -Wno-newline-eof -Wno-implicit-fallthrough -isysroot /Applications/Xcode-27.0.0-Release.Candidate.app/Contents/Developer/Platforms/MacOSX.platform/Developer/SDKs/MacOSX27.0.sdk -fstrict-aliasing -Wdeprecated-declarations -Wno-sign-conversion -Wno-infinite-recursion -Wno-comma -Wno-block-capture-autoreleasing -Wno-strict-prototypes -Wno-semicolon-before-method-body -index-store-path /Users/admin/builder/spi-builder-workspace/.derivedData/Index.noindex/DataStore @/Users/admin/builder/spi-builder-workspace/.derivedData/Build/Intermediates.noindex/swift-nio.build/Debug/CNIOAtomics-t.build/Objects-normal/arm64/7187679823f38a2a940e0043cdf9d637-common-args.resp -MMD -MT dependencies -MF /Users/admin/builder/spi-builder-workspace/.derivedData/Build/Intermediates.noindex/swift-nio.build/Debug/CNIOAtomics-t.build/Objects-normal/arm64/c-atomics.d --serialize-diagnostics /Users/admin/builder/spi-builder-workspace/.derivedData/Build/Intermediates.noindex/swift-nio.build/Debug/CNIOAtomics-t.build/Objects-normal/arm64/c-atomics.dia -c /Users/admin/builder/spi-builder-workspace/.dependencies/checkouts/swift-nio/Sources/CNIOAtomics/src/c-atomics.c -o /Users/admin/builder/spi-builder-workspace/.derivedData/Build/Intermediates.noindex/swift-nio.build/Debug/CNIOAtomics-t.build/Objects-normal/arm64/c-atomics.o -index-unit-output-path /swift-nio.build/Debug/CNIOAtomics-t.build/Objects-normal/arm64/c-atomics.o
ScanDependencies /Users/admin/builder/spi-builder-workspace/.derivedData/Build/Intermediates.noindex/swift-nio.build/Debug/CNIOHTTPParser-t.build/Objects-normal/arm64/c_nio_http_parser.o /Users/admin/builder/spi-builder-workspace/.dependencies/checkouts/swift-nio/Sources/CNIOHTTPParser/c_nio_http_parser.c normal arm64 c com.apple.compilers.llvm.clang.1_0.compiler (in target 'CNIOHTTPParser' from project 'swift-nio')
cd /Users/admin/builder/spi-builder-workspace/.swiftpm/xcode
Using response file: /Users/admin/builder/spi-builder-workspace/.derivedData/Build/Intermediates.noindex/swift-nio.build/Debug/CNIOHTTPParser-t.build/Objects-normal/arm64/7187679823f38a2a940e0043cdf9d637-common-args.resp
builtin-ScanDependencies -o /Users/admin/builder/spi-builder-workspace/.derivedData/Build/Intermediates.noindex/swift-nio.build/Debug/CNIOHTTPParser-t.build/Objects-normal/arm64/c_nio_http_parser.o.scan -- /Applications/Xcode-27.0.0-Release.Candidate.app/Contents/Developer/Toolchains/XcodeDefault.xctoolchain/usr/bin/clang -x c -ivfsstatcache /Users/admin/builder/spi-builder-workspace/.derivedData/SDKStatCaches.noindex/macosx27.0-26A425-e829b21a6f8c9b70876ba0858053c0446a22442a12e9d48fe1a705f55a1adfc4.sdkstatcache -target arm64-apple-macos12.0 -fmessage-length\=0 -fdiagnostics-show-note-include-stack -fmacro-backtrace-limit\=0 -fno-color-diagnostics -fmodules-prune-interval\=86400 -fmodules-prune-after\=345600 -fbuild-session-file\=/Users/admin/builder/spi-builder-workspace/.derivedData/ModuleCache.noindex/Session.modulevalidation -fmodules-validate-once-per-build-session -Wnon-modular-include-in-framework-module -Werror\=non-modular-include-in-framework-module -Wno-trigraphs -Wno-missing-field-initializers -Wno-missing-prototypes -Wno-return-type -Wno-missing-braces -Wparentheses -Wswitch -Wno-unused-function -Wno-unused-label -Wno-unused-parameter -Wno-unused-variable -Wunused-value -Wno-empty-body -Wno-uninitialized -Wno-unknown-pragmas -w -Wno-shadow -Wno-four-char-constants -Wno-conversion -Wno-constant-conversion -Wno-int-conversion -Wno-bool-conversion -Wno-enum-conversion -Wno-float-conversion -Wno-non-literal-null-conversion -Wno-objc-literal-conversion -Wshorten-64-to-32 -Wpointer-sign -Wno-newline-eof -Wno-implicit-fallthrough -isysroot /Applications/Xcode-27.0.0-Release.Candidate.app/Contents/Developer/Platforms/MacOSX.platform/Developer/SDKs/MacOSX27.0.sdk -fstrict-aliasing -Wdeprecated-declarations -Wno-sign-conversion -Wno-infinite-recursion -Wno-comma -Wno-block-capture-autoreleasing -Wno-strict-prototypes -Wno-semicolon-before-method-body -index-store-path /Users/admin/builder/spi-builder-workspace/.derivedData/Index.noindex/DataStore @/Users/admin/builder/spi-builder-workspace/.derivedData/Build/Intermediates.noindex/swift-nio.build/Debug/CNIOHTTPParser-t.build/Objects-normal/arm64/7187679823f38a2a940e0043cdf9d637-common-args.resp -MMD -MT dependencies -MF /Users/admin/builder/spi-builder-workspace/.derivedData/Build/Intermediates.noindex/swift-nio.build/Debug/CNIOHTTPParser-t.build/Objects-normal/arm64/c_nio_http_parser.d --serialize-diagnostics /Users/admin/builder/spi-builder-workspace/.derivedData/Build/Intermediates.noindex/swift-nio.build/Debug/CNIOHTTPParser-t.build/Objects-normal/arm64/c_nio_http_parser.dia -c /Users/admin/builder/spi-builder-workspace/.dependencies/checkouts/swift-nio/Sources/CNIOHTTPParser/c_nio_http_parser.c -o /Users/admin/builder/spi-builder-workspace/.derivedData/Build/Intermediates.noindex/swift-nio.build/Debug/CNIOHTTPParser-t.build/Objects-normal/arm64/c_nio_http_parser.o -index-unit-output-path /swift-nio.build/Debug/CNIOHTTPParser-t.build/Objects-normal/arm64/c_nio_http_parser.o
ScanDependencies /Users/admin/builder/spi-builder-workspace/.derivedData/Build/Intermediates.noindex/swift-nio.build/Debug/CNIOLinux-t.build/Objects-normal/arm64/ifaddrs-android.o /Users/admin/builder/spi-builder-workspace/.dependencies/checkouts/swift-nio/Sources/CNIOLinux/ifaddrs-android.c normal arm64 c com.apple.compilers.llvm.clang.1_0.compiler (in target 'CNIOLinux' from project 'swift-nio')
cd /Users/admin/builder/spi-builder-workspace/.swiftpm/xcode
Using response file: /Users/admin/builder/spi-builder-workspace/.derivedData/Build/Intermediates.noindex/swift-nio.build/Debug/CNIOLinux-t.build/Objects-normal/arm64/7187679823f38a2a940e0043cdf9d637-common-args.resp
builtin-ScanDependencies -o /Users/admin/builder/spi-builder-workspace/.derivedData/Build/Intermediates.noindex/swift-nio.build/Debug/CNIOLinux-t.build/Objects-normal/arm64/ifaddrs-android.o.scan -- /Applications/Xcode-27.0.0-Release.Candidate.app/Contents/Developer/Toolchains/XcodeDefault.xctoolchain/usr/bin/clang -x c -ivfsstatcache /Users/admin/builder/spi-builder-workspace/.derivedData/SDKStatCaches.noindex/macosx27.0-26A425-e829b21a6f8c9b70876ba0858053c0446a22442a12e9d48fe1a705f55a1adfc4.sdkstatcache -target arm64-apple-macos12.0 -fmessage-length\=0 -fdiagnostics-show-note-include-stack -fmacro-backtrace-limit\=0 -fno-color-diagnostics -fmodules-prune-interval\=86400 -fmodules-prune-after\=345600 -fbuild-session-file\=/Users/admin/builder/spi-builder-workspace/.derivedData/ModuleCache.noindex/Session.modulevalidation -fmodules-validate-once-per-build-session -Wnon-modular-include-in-framework-module -Werror\=non-modular-include-in-framework-module -Wno-trigraphs -Wno-missing-field-initializers -Wno-missing-prototypes -Wno-return-type -Wno-missing-braces -Wparentheses -Wswitch -Wno-unused-function -Wno-unused-label -Wno-unused-parameter -Wno-unused-variable -Wunused-value -Wno-empty-body -Wno-uninitialized -Wno-unknown-pragmas -w -Wno-shadow -Wno-four-char-constants -Wno-conversion -Wno-constant-conversion -Wno-int-conversion -Wno-bool-conversion -Wno-enum-conversion -Wno-float-conversion -Wno-non-literal-null-conversion -Wno-objc-literal-conversion -Wshorten-64-to-32 -Wpointer-sign -Wno-newline-eof -Wno-implicit-fallthrough -isysroot /Applications/Xcode-27.0.0-Release.Candidate.app/Contents/Developer/Platforms/MacOSX.platform/Developer/SDKs/MacOSX27.0.sdk -fstrict-aliasing -Wdeprecated-declarations -Wno-sign-conversion -Wno-infinite-recursion -Wno-comma -Wno-block-capture-autoreleasing -Wno-strict-prototypes -Wno-semicolon-before-method-body -index-store-path /Users/admin/builder/spi-builder-workspace/.derivedData/Index.noindex/DataStore @/Users/admin/builder/spi-builder-workspace/.derivedData/Build/Intermediates.noindex/swift-nio.build/Debug/CNIOLinux-t.build/Objects-normal/arm64/7187679823f38a2a940e0043cdf9d637-common-args.resp -MMD -MT dependencies -MF /Users/admin/builder/spi-builder-workspace/.derivedData/Build/Intermediates.noindex/swift-nio.build/Debug/CNIOLinux-t.build/Objects-normal/arm64/ifaddrs-android.d --serialize-diagnostics /Users/admin/builder/spi-builder-workspace/.derivedData/Build/Intermediates.noindex/swift-nio.build/Debug/CNIOLinux-t.build/Objects-normal/arm64/ifaddrs-android.dia -c /Users/admin/builder/spi-builder-workspace/.dependencies/checkouts/swift-nio/Sources/CNIOLinux/ifaddrs-android.c -o /Users/admin/builder/spi-builder-workspace/.derivedData/Build/Intermediates.noindex/swift-nio.build/Debug/CNIOLinux-t.build/Objects-normal/arm64/ifaddrs-android.o -index-unit-output-path /swift-nio.build/Debug/CNIOLinux-t.build/Objects-normal/arm64/ifaddrs-android.o
SwiftDriver Swifter normal arm64 com.apple.xcode.tools.swift.compiler (in target 'Swifter' from project 'Swifter')
cd /Users/admin/builder/spi-builder-workspace/.swiftpm/xcode
builtin-SwiftDriver -- /Applications/Xcode-27.0.0-Release.Candidate.app/Contents/Developer/Toolchains/XcodeDefault.xctoolchain/usr/bin/swiftc -parse-as-library -module-name Swifter -Onone @/Users/admin/builder/spi-builder-workspace/.derivedData/Build/Intermediates.noindex/Swifter.build/Debug/Swifter-t.build/Objects-normal/arm64/Swifter.SwiftFileList -DSWIFT_PACKAGE -DDEBUG -DSWIFT_MODULE_RESOURCE_BUNDLE_UNAVAILABLE -DXcode -plugin-path /Applications/Xcode-27.0.0-Release.Candidate.app/Contents/Developer/Toolchains/XcodeDefault.xctoolchain/usr/lib/swift/host/plugins/testing -enable-experimental-feature DebugDescriptionMacro -sdk /Applications/Xcode-27.0.0-Release.Candidate.app/Contents/Developer/Platforms/MacOSX.platform/Developer/SDKs/MacOSX27.0.sdk -target arm64-apple-macos12.0 -g -module-cache-path /Users/admin/builder/spi-builder-workspace/.derivedData/ModuleCache.noindex -Xfrontend -serialize-debugging-options -profile-coverage-mapping -profile-generate -enable-testing -suppress-warnings -index-store-path /Users/admin/builder/spi-builder-workspace/.derivedData/Index.noindex/DataStore -Xcc -D_LIBCPP_HARDENING_MODE\=_LIBCPP_HARDENING_MODE_DEBUG -swift-version 5 -I /Users/admin/builder/spi-builder-workspace/.derivedData/Build/Products/Debug -Isystem /Applications/Xcode-27.0.0-Release.Candidate.app/Contents/Developer/Platforms/MacOSX.platform/Developer/usr/lib -F /Users/admin/builder/spi-builder-workspace/.derivedData/Build/Products/Debug -F /Applications/Xcode-27.0.0-Release.Candidate.app/Contents/Developer/Platforms/MacOSX.platform/Developer/Library/Frameworks -c -j10 -enable-batch-mode -incremental -Xcc -ivfsstatcache -Xcc /Users/admin/builder/spi-builder-workspace/.derivedData/SDKStatCaches.noindex/macosx27.0-26A425-e829b21a6f8c9b70876ba0858053c0446a22442a12e9d48fe1a705f55a1adfc4.sdkstatcache -output-file-map /Users/admin/builder/spi-builder-workspace/.derivedData/Build/Intermediates.noindex/Swifter.build/Debug/Swifter-t.build/Objects-normal/arm64/Swifter-OutputFileMap.json -save-temps -no-color-diagnostics -explicit-module-build -module-cache-path /Users/admin/builder/spi-builder-workspace/.derivedData/Build/Intermediates.noindex/SwiftExplicitPrecompiledModules -clang-scanner-module-cache-path /Users/admin/builder/spi-builder-workspace/.derivedData/ModuleCache.noindex -sdk-module-cache-path /Users/admin/builder/spi-builder-workspace/.derivedData/SDKExplicitPrecompiledModules -emit-dependencies -emit-module -emit-module-path /Users/admin/builder/spi-builder-workspace/.derivedData/Build/Intermediates.noindex/Swifter.build/Debug/Swifter-t.build/Objects-normal/arm64/Swifter.swiftmodule -serialize-diagnostics -dependency-scan-serialize-diagnostics-path /Users/admin/builder/spi-builder-workspace/.derivedData/Build/Intermediates.noindex/Swifter.build/Debug/Swifter-t.build/Objects-normal/arm64/Swifter-dependency-scan.dia -validate-clang-modules-once -clang-build-session-file /Users/admin/builder/spi-builder-workspace/.derivedData/ModuleCache.noindex/Session.modulevalidation -Xcc -fmodules-prune-interval\=86400 -Xcc -fmodules-prune-after\=345600 -emit-const-values -const-gather-protocols-list /Users/admin/builder/spi-builder-workspace/.derivedData/Build/Intermediates.noindex/Swifter.build/Debug/Swifter-t.build/Objects-normal/arm64/Swifter_const_extract_protocols.json -Xcc -I/Users/admin/builder/spi-builder-workspace/.derivedData/Build/Products/Debug/include -Xcc -I/Users/admin/builder/spi-builder-workspace/.derivedData/Build/Intermediates.noindex/Swifter.build/Debug/Swifter-t.build/DerivedSources-normal/arm64 -Xcc -I/Users/admin/builder/spi-builder-workspace/.derivedData/Build/Intermediates.noindex/Swifter.build/Debug/Swifter-t.build/DerivedSources/arm64 -Xcc -I/Users/admin/builder/spi-builder-workspace/.derivedData/Build/Intermediates.noindex/Swifter.build/Debug/Swifter-t.build/DerivedSources -Xcc -DSWIFT_PACKAGE -Xcc -DDEBUG\=1 -emit-objc-header -emit-objc-header-path /Users/admin/builder/spi-builder-workspace/.derivedData/Build/Intermediates.noindex/Swifter.build/Debug/Swifter-t.build/Objects-normal/arm64/Swifter-Swift.h -working-directory /Users/admin/builder/spi-builder-workspace/.swiftpm/xcode -experimental-emit-module-separately -disable-cmo
SwiftDriver Starscream normal arm64 com.apple.xcode.tools.swift.compiler (in target 'Starscream' from project 'Starscream')
cd /Users/admin/builder/spi-builder-workspace/.swiftpm/xcode
builtin-SwiftDriver -- /Applications/Xcode-27.0.0-Release.Candidate.app/Contents/Developer/Toolchains/XcodeDefault.xctoolchain/usr/bin/swiftc -parse-as-library -module-name Starscream -Onone @/Users/admin/builder/spi-builder-workspace/.derivedData/Build/Intermediates.noindex/Starscream.build/Debug/Starscream-t.build/Objects-normal/arm64/Starscream.SwiftFileList -DSWIFT_PACKAGE -DDEBUG -DSWIFT_MODULE_RESOURCE_BUNDLE_AVAILABLE -DXcode -plugin-path /Applications/Xcode-27.0.0-Release.Candidate.app/Contents/Developer/Toolchains/XcodeDefault.xctoolchain/usr/lib/swift/host/plugins/testing -enable-experimental-feature DebugDescriptionMacro -sdk /Applications/Xcode-27.0.0-Release.Candidate.app/Contents/Developer/Platforms/MacOSX.platform/Developer/SDKs/MacOSX27.0.sdk -target arm64-apple-macos12.0 -g -module-cache-path /Users/admin/builder/spi-builder-workspace/.derivedData/ModuleCache.noindex -Xfrontend -serialize-debugging-options -profile-coverage-mapping -profile-generate -enable-testing -suppress-warnings -index-store-path /Users/admin/builder/spi-builder-workspace/.derivedData/Index.noindex/DataStore -Xcc -D_LIBCPP_HARDENING_MODE\=_LIBCPP_HARDENING_MODE_DEBUG -swift-version 5 -I /Users/admin/builder/spi-builder-workspace/.derivedData/Build/Products/Debug -Isystem /Applications/Xcode-27.0.0-Release.Candidate.app/Contents/Developer/Platforms/MacOSX.platform/Developer/usr/lib -F /Users/admin/builder/spi-builder-workspace/.derivedData/Build/Products/Debug -F /Applications/Xcode-27.0.0-Release.Candidate.app/Contents/Developer/Platforms/MacOSX.platform/Developer/Library/Frameworks -c -j10 -enable-batch-mode -incremental -Xcc -ivfsstatcache -Xcc /Users/admin/builder/spi-builder-workspace/.derivedData/SDKStatCaches.noindex/macosx27.0-26A425-e829b21a6f8c9b70876ba0858053c0446a22442a12e9d48fe1a705f55a1adfc4.sdkstatcache -output-file-map /Users/admin/builder/spi-builder-workspace/.derivedData/Build/Intermediates.noindex/Starscream.build/Debug/Starscream-t.build/Objects-normal/arm64/Starscream-OutputFileMap.json -save-temps -no-color-diagnostics -explicit-module-build -module-cache-path /Users/admin/builder/spi-builder-workspace/.derivedData/Build/Intermediates.noindex/SwiftExplicitPrecompiledModules -clang-scanner-module-cache-path /Users/admin/builder/spi-builder-workspace/.derivedData/ModuleCache.noindex -sdk-module-cache-path /Users/admin/builder/spi-builder-workspace/.derivedData/SDKExplicitPrecompiledModules -emit-dependencies -emit-module -emit-module-path /Users/admin/builder/spi-builder-workspace/.derivedData/Build/Intermediates.noindex/Starscream.build/Debug/Starscream-t.build/Objects-normal/arm64/Starscream.swiftmodule -serialize-diagnostics -dependency-scan-serialize-diagnostics-path /Users/admin/builder/spi-builder-workspace/.derivedData/Build/Intermediates.noindex/Starscream.build/Debug/Starscream-t.build/Objects-normal/arm64/Starscream-dependency-scan.dia -validate-clang-modules-once -clang-build-session-file /Users/admin/builder/spi-builder-workspace/.derivedData/ModuleCache.noindex/Session.modulevalidation -Xcc -fmodules-prune-interval\=86400 -Xcc -fmodules-prune-after\=345600 -emit-const-values -const-gather-protocols-list /Users/admin/builder/spi-builder-workspace/.derivedData/Build/Intermediates.noindex/Starscream.build/Debug/Starscream-t.build/Objects-normal/arm64/Starscream_const_extract_protocols.json -Xcc -I/Users/admin/builder/spi-builder-workspace/.derivedData/Build/Products/Debug/include -Xcc -I/Users/admin/builder/spi-builder-workspace/.derivedData/Build/Intermediates.noindex/Starscream.build/Debug/Starscream-t.build/DerivedSources-normal/arm64 -Xcc -I/Users/admin/builder/spi-builder-workspace/.derivedData/Build/Intermediates.noindex/Starscream.build/Debug/Starscream-t.build/DerivedSources/arm64 -Xcc -I/Users/admin/builder/spi-builder-workspace/.derivedData/Build/Intermediates.noindex/Starscream.build/Debug/Starscream-t.build/DerivedSources -Xcc -DSWIFT_PACKAGE -Xcc -DDEBUG\=1 -emit-objc-header -emit-objc-header-path /Users/admin/builder/spi-builder-workspace/.derivedData/Build/Intermediates.noindex/Starscream.build/Debug/Starscream-t.build/Objects-normal/arm64/Starscream-Swift.h -working-directory /Users/admin/builder/spi-builder-workspace/.swiftpm/xcode -experimental-emit-module-separately -disable-cmo
SwiftDriver SKCore normal arm64 com.apple.xcode.tools.swift.compiler (in target 'SKCore' from project 'SlackKit')
cd /Users/admin/builder/spi-builder-workspace/.swiftpm/xcode
builtin-SwiftDriver -- /Applications/Xcode-27.0.0-Release.Candidate.app/Contents/Developer/Toolchains/XcodeDefault.xctoolchain/usr/bin/swiftc -parse-as-library -module-name SKCore -Onone @/Users/admin/builder/spi-builder-workspace/.derivedData/Build/Intermediates.noindex/SlackKit.build/Debug/SKCore-t.build/Objects-normal/arm64/SKCore.SwiftFileList -DSWIFT_PACKAGE -DDEBUG -DSWIFT_MODULE_RESOURCE_BUNDLE_UNAVAILABLE -DXcode -plugin-path /Applications/Xcode-27.0.0-Release.Candidate.app/Contents/Developer/Toolchains/XcodeDefault.xctoolchain/usr/lib/swift/host/plugins/testing -enable-experimental-feature DebugDescriptionMacro -sdk /Applications/Xcode-27.0.0-Release.Candidate.app/Contents/Developer/Platforms/MacOSX.platform/Developer/SDKs/MacOSX27.0.sdk -target arm64-apple-macos12.0 -g -module-cache-path /Users/admin/builder/spi-builder-workspace/.derivedData/ModuleCache.noindex -Xfrontend -serialize-debugging-options -profile-coverage-mapping -profile-generate -enable-testing -index-store-path /Users/admin/builder/spi-builder-workspace/.derivedData/Index.noindex/DataStore -Xcc -D_LIBCPP_HARDENING_MODE\=_LIBCPP_HARDENING_MODE_DEBUG -swift-version 5 -I /Users/admin/builder/spi-builder-workspace/.derivedData/Build/Products/Debug -Isystem /Applications/Xcode-27.0.0-Release.Candidate.app/Contents/Developer/Platforms/MacOSX.platform/Developer/usr/lib -F /Users/admin/builder/spi-builder-workspace/.derivedData/Build/Products/Debug -F /Applications/Xcode-27.0.0-Release.Candidate.app/Contents/Developer/Platforms/MacOSX.platform/Developer/Library/Frameworks -c -j10 -enable-batch-mode -incremental -Xcc -ivfsstatcache -Xcc /Users/admin/builder/spi-builder-workspace/.derivedData/SDKStatCaches.noindex/macosx27.0-26A425-e829b21a6f8c9b70876ba0858053c0446a22442a12e9d48fe1a705f55a1adfc4.sdkstatcache -output-file-map /Users/admin/builder/spi-builder-workspace/.derivedData/Build/Intermediates.noindex/SlackKit.build/Debug/SKCore-t.build/Objects-normal/arm64/SKCore-OutputFileMap.json -save-temps -no-color-diagnostics -explicit-module-build -module-cache-path /Users/admin/builder/spi-builder-workspace/.derivedData/Build/Intermediates.noindex/SwiftExplicitPrecompiledModules -clang-scanner-module-cache-path /Users/admin/builder/spi-builder-workspace/.derivedData/ModuleCache.noindex -sdk-module-cache-path /Users/admin/builder/spi-builder-workspace/.derivedData/SDKExplicitPrecompiledModules -emit-dependencies -emit-module -emit-module-path /Users/admin/builder/spi-builder-workspace/.derivedData/Build/Intermediates.noindex/SlackKit.build/Debug/SKCore-t.build/Objects-normal/arm64/SKCore.swiftmodule -serialize-diagnostics -dependency-scan-serialize-diagnostics-path /Users/admin/builder/spi-builder-workspace/.derivedData/Build/Intermediates.noindex/SlackKit.build/Debug/SKCore-t.build/Objects-normal/arm64/SKCore-dependency-scan.dia -validate-clang-modules-once -clang-build-session-file /Users/admin/builder/spi-builder-workspace/.derivedData/ModuleCache.noindex/Session.modulevalidation -Xcc -fmodules-prune-interval\=86400 -Xcc -fmodules-prune-after\=345600 -emit-const-values -const-gather-protocols-list /Users/admin/builder/spi-builder-workspace/.derivedData/Build/Intermediates.noindex/SlackKit.build/Debug/SKCore-t.build/Objects-normal/arm64/SKCore_const_extract_protocols.json -Xcc -I/Users/admin/builder/spi-builder-workspace/.derivedData/Build/Products/Debug/include -Xcc -I/Users/admin/builder/spi-builder-workspace/.derivedData/Build/Intermediates.noindex/SlackKit.build/Debug/SKCore-t.build/DerivedSources-normal/arm64 -Xcc -I/Users/admin/builder/spi-builder-workspace/.derivedData/Build/Intermediates.noindex/SlackKit.build/Debug/SKCore-t.build/DerivedSources/arm64 -Xcc -I/Users/admin/builder/spi-builder-workspace/.derivedData/Build/Intermediates.noindex/SlackKit.build/Debug/SKCore-t.build/DerivedSources -Xcc -DSWIFT_PACKAGE -Xcc -DDEBUG\=1 -emit-objc-header -emit-objc-header-path /Users/admin/builder/spi-builder-workspace/.derivedData/Build/Intermediates.noindex/SlackKit.build/Debug/SKCore-t.build/Objects-normal/arm64/SKCore-Swift.h -working-directory /Users/admin/builder/spi-builder-workspace/.swiftpm/xcode -experimental-emit-module-separately -disable-cmo
PruneExplicitPrecompiledModules /Users/admin/builder/spi-builder-workspace/.derivedData/SDKExplicitPrecompiledModules
PruneExplicitPrecompiledModules /Users/admin/builder/spi-builder-workspace/.derivedData/Build/Intermediates.noindex/ExplicitPrecompiledModules
PruneExplicitPrecompiledModules /Users/admin/builder/spi-builder-workspace/.derivedData/Build/Intermediates.noindex/SwiftExplicitPrecompiledModules
2026-09-18 16:29:37.290 xcodebuild[1060:6119] [MT] IDERunDestination: Supported platforms for the buildables in the current scheme is empty.
--- xcodebuild: WARNING: Using the first of multiple matching destinations:
{ platform:macOS, arch:arm64, id:f28759a26cb5b26d06615ba6a63c4187cb37bb88, name:My Mac }
{ platform:macOS, arch:arm64, variant:Mac Catalyst, id:f28759a26cb5b26d06615ba6a63c4187cb37bb88, name:My Mac }
{ platform:macOS, arch:arm64, variant:DriverKit, id:f28759a26cb5b26d06615ba6a63c4187cb37bb88, name:My Mac }
{ platform:macOS, arch:arm64, variant:Designed for [iPad,iPhone], id:f28759a26cb5b26d06615ba6a63c4187cb37bb88, name:My Mac }
** BUILD FAILED **
The following build commands failed:
ScanDependencies /Users/admin/builder/spi-builder-workspace/.derivedData/Build/Intermediates.noindex/swift-nio-ssl.build/Debug/CNIOOpenSSL-t.build/Objects-normal/arm64/shims.o /Users/admin/builder/spi-builder-workspace/.dependencies/checkouts/swift-nio-ssl/Sources/CNIOOpenSSL/shims.c normal arm64 c com.apple.compilers.llvm.clang.1_0.compiler (in target 'CNIOOpenSSL' from project 'swift-nio-ssl')
ScanDependencies /Users/admin/builder/spi-builder-workspace/.derivedData/Build/Intermediates.noindex/swift-nio-ssl.build/Debug/CNIOOpenSSL-t.build/Objects-normal/arm64/helpers.o /Users/admin/builder/spi-builder-workspace/.dependencies/checkouts/swift-nio-ssl/Sources/CNIOOpenSSL/helpers.c normal arm64 c com.apple.compilers.llvm.clang.1_0.compiler (in target 'CNIOOpenSSL' from project 'swift-nio-ssl')
ScanDependencies /Users/admin/builder/spi-builder-workspace/.derivedData/Build/Intermediates.noindex/Crypto.build/Debug/CCryptoOpenSSL-t.build/Objects-normal/arm64/shim.o /Users/admin/builder/spi-builder-workspace/.dependencies/checkouts/crypto/Sources/CCryptoOpenSSL/shim.c normal arm64 c com.apple.compilers.llvm.clang.1_0.compiler (in target 'CCryptoOpenSSL' from project 'Crypto')
Building workspace SlackKit with scheme SlackKit-Package
(4 failures)
Command line invocation:
/Applications/Xcode-27.0.0-Release.Candidate.app/Contents/Developer/usr/bin/xcodebuild -IDEClonedSourcePackagesDirPathOverride=/Users/admin/builder/spi-builder-workspace/.dependencies -resolvePackageDependencies
Resolve Package Graph
ignoring declared target(s) 'swift-nio-ssl-support' in the system packageignoring declared target(s) 'swift-nio-zlib-support' in the system packagecouldn't find pc file for zlibyou may be able to install openssl using your system-packager:
brew install libressl
Resolved source packages:
WebSocket: https://github.com/vapor/websocket @ 1.1.2
Starscream: https://github.com/daltoniam/Starscream @ 4.0.8
Core: https://github.com/vapor/core.git @ 3.10.1
HTTP: https://github.com/vapor/http.git @ 3.4.0
swift-nio: https://github.com/apple/swift-nio.git @ 1.14.4
swift-nio-zlib-support: https://github.com/apple/swift-nio-zlib-support.git @ 1.0.0
swift-nio-ssl-support: https://github.com/apple/swift-nio-ssl-support.git @ 1.0.0
SlackKit: /Users/admin/builder/spi-builder-workspace
Crypto: https://github.com/vapor/crypto.git @ 3.4.1
swift-nio-ssl: https://github.com/apple/swift-nio-ssl.git @ 1.4.0
Swifter: https://github.com/httpswift/swifter.git @ 1.5.0
resolved source packages: WebSocket, Starscream, Core, HTTP, swift-nio, swift-nio-zlib-support, swift-nio-ssl-support, SlackKit, Crypto, swift-nio-ssl, Swifter
2026-09-18 16:29:44.825 xcodebuild[1165:6871] [MT] IDERunDestination: Supported platforms for the buildables in the current scheme is empty.
{
"dependencies" : [
{
"identity" : "swifter",
"requirement" : {
"range" : [
{
"lower_bound" : "1.5.0",
"upper_bound" : "1.6.0"
}
]
},
"type" : "sourceControl",
"url" : "https://github.com/httpswift/swifter.git"
},
{
"identity" : "websocket",
"requirement" : {
"range" : [
{
"lower_bound" : "1.1.2",
"upper_bound" : "1.2.0"
}
]
},
"type" : "sourceControl",
"url" : "https://github.com/vapor/websocket"
},
{
"identity" : "starscream",
"requirement" : {
"range" : [
{
"lower_bound" : "4.0.4",
"upper_bound" : "4.1.0"
}
]
},
"type" : "sourceControl",
"url" : "https://github.com/daltoniam/Starscream"
}
],
"manifest_display_name" : "SlackKit",
"name" : "SlackKit",
"path" : "/Users/admin/builder/spi-builder-workspace",
"platforms" : [
{
"name" : "macos",
"version" : "10.10"
},
{
"name" : "ios",
"version" : "10.0"
},
{
"name" : "tvos",
"version" : "10.0"
}
],
"products" : [
{
"name" : "SlackKit",
"targets" : [
"SlackKit"
],
"type" : {
"library" : [
"automatic"
]
}
},
{
"name" : "SKClient",
"targets" : [
"SKClient"
],
"type" : {
"library" : [
"automatic"
]
}
},
{
"name" : "SKCore",
"targets" : [
"SKCore"
],
"type" : {
"library" : [
"automatic"
]
}
},
{
"name" : "SKRTMAPI",
"targets" : [
"SKRTMAPI"
],
"type" : {
"library" : [
"automatic"
]
}
},
{
"name" : "SKServer",
"targets" : [
"SKServer"
],
"type" : {
"library" : [
"automatic"
]
}
},
{
"name" : "SKWebAPI",
"targets" : [
"SKWebAPI"
],
"type" : {
"library" : [
"automatic"
]
}
}
],
"swift_languages_versions" : [
"5"
],
"targets" : [
{
"c99name" : "SlackKitTests",
"module_type" : "SwiftTarget",
"name" : "SlackKitTests",
"path" : "SlackKitTests",
"resources" : [
{
"path" : "/Users/admin/builder/spi-builder-workspace/SlackKitTests/Resources",
"rule" : {
"copy" : {
}
}
}
],
"sources" : [
"SKClient/SKClientTests.swift",
"SKCore/SKCoreTests.swift",
"XCTestManifests.swift"
],
"target_dependencies" : [
"SlackKit",
"SKCore",
"SKClient",
"SKRTMAPI",
"SKServer"
],
"type" : "test"
},
{
"c99name" : "SlackKit",
"module_type" : "SwiftTarget",
"name" : "SlackKit",
"path" : "SlackKit/Sources",
"product_memberships" : [
"SlackKit"
],
"sources" : [
"ClientConnection.swift",
"SlackKit.swift"
],
"target_dependencies" : [
"SKCore",
"SKClient",
"SKRTMAPI",
"SKServer"
],
"type" : "library"
},
{
"c99name" : "SKWebAPI",
"module_type" : "SwiftTarget",
"name" : "SKWebAPI",
"path" : "SKWebAPI/Sources",
"product_memberships" : [
"SlackKit",
"SKRTMAPI",
"SKServer",
"SKWebAPI"
],
"sources" : [
"Endpoint.swift",
"NetworkInterface.swift",
"WebAPI.swift"
],
"target_dependencies" : [
"SKCore"
],
"type" : "library"
},
{
"c99name" : "SKServer",
"module_type" : "SwiftTarget",
"name" : "SKServer",
"path" : "SKServer/Sources",
"product_dependencies" : [
"Swifter"
],
"product_memberships" : [
"SlackKit",
"SKServer"
],
"sources" : [
"Conformers/SwifterServer.swift",
"Middleware/MessageActionMiddleware.swift",
"Middleware/OAuthMiddleware.swift",
"Middleware/RedirectMiddleware.swift",
"Middleware/ResponseMiddleware.swift",
"Model/AuthorizeResponse.swift",
"Model/IncomingWebhook.swift",
"Model/MessageActionRequest.swift",
"Model/MessageActionRoute.swift",
"Model/OAuthResponse.swift",
"Model/RequestRoute.swift",
"Model/SKResponse.swift",
"Model/WebhookRequest.swift",
"SKServer.swift",
"SlackKitResponder.swift",
"Titan/Titan/Titan.swift",
"Titan/Titan404/Titan404.swift",
"Titan/TitanCORS/TitanCORS.swift",
"Titan/TitanCore/TitanCore.swift",
"Titan/TitanCore/TitanError.swift",
"Titan/TitanCore/TitanHeader.swift",
"Titan/TitanCore/TitanLogs.swift",
"Titan/TitanCore/TitanMethod.swift",
"Titan/TitanCore/TitanRequest.swift",
"Titan/TitanCore/TitanResponse.swift",
"Titan/TitanErrorHandling/TitanErrorHandling.swift",
"Titan/TitanFormURLEncodedBodyParser/TitanFormURLEncodedBodyParser.swift",
"Titan/TitanHealthz/TitanHealthz.swift",
"Titan/TitanJSON/TitanJSONRequestBody.swift",
"Titan/TitanJSON/TitanJSONResponseBody.swift",
"Titan/TitanQueryString/TitanQueryString.swift",
"Titan/TitanRouter/InitializerOverloads.swift",
"Titan/TitanRouter/PathParameterSupport.swift",
"Titan/TitanRouter/TitanParameterizedRoutes.swift",
"Titan/TitanRouter/TitanRoutesByMethod.swift",
"Titan/TitanRouter/TitanRoutingExtension.swift"
],
"target_dependencies" : [
"SKCore",
"SKWebAPI"
],
"type" : "library"
},
{
"c99name" : "SKRTMAPI",
"module_type" : "SwiftTarget",
"name" : "SKRTMAPI",
"path" : "SKRTMAPI/Sources",
"product_dependencies" : [
"Starscream",
"WebSocket"
],
"product_memberships" : [
"SlackKit",
"SKRTMAPI"
],
"sources" : [
"Conformers/StarscreamRTM.swift",
"Conformers/VaporEngineRTM.swift",
"SKRTMAPI.swift"
],
"target_dependencies" : [
"SKCore",
"SKWebAPI"
],
"type" : "library"
},
{
"c99name" : "SKCore",
"module_type" : "SwiftTarget",
"name" : "SKCore",
"path" : "SKCore/Sources",
"product_memberships" : [
"SlackKit",
"SKClient",
"SKCore",
"SKRTMAPI",
"SKServer",
"SKWebAPI"
],
"sources" : [
"Action.swift",
"Attachment.swift",
"AttachmentField.swift",
"BlockComposition.swift",
"BlockElement.swift",
"BlockLayout.swift",
"Bot.swift",
"Channel.swift",
"Comment.swift",
"CustomProfile.swift",
"CustomProfileField.swift",
"DoNotDisturbStatus.swift",
"Edited.swift",
"Event.swift",
"Extensions.swift",
"File.swift",
"History.swift",
"Item.swift",
"Message.swift",
"OAuthConfig.swift",
"RTMOptions.swift",
"Reaction.swift",
"Reply.swift",
"Scope.swift",
"SlackError.swift",
"Team.swift",
"TeamIcon.swift",
"Topic.swift",
"User.swift",
"UserGroup.swift"
],
"type" : "library"
},
{
"c99name" : "SKClient",
"module_type" : "SwiftTarget",
"name" : "SKClient",
"path" : "SKClient/Sources",
"product_memberships" : [
"SlackKit",
"SKClient"
],
"sources" : [
"Client.swift"
],
"target_dependencies" : [
"SKCore"
],
"type" : "library"
}
],
"tools_version" : "5.3"
}
{
"workspace" : {
"name" : "SlackKit",
"schemes" : [
"SKClient",
"SKCore",
"SKRTMAPI",
"SKServer",
"SKWebAPI",
"SlackKit",
"SlackKit-Package"
]
}
}
2026-09-18 16:29:46.270 xcodebuild[1180:6950] [MT] IDERunDestination: Supported platforms for the buildables in the current scheme is empty.
Running build ...
env DEVELOPER_DIR=/Applications/Xcode-27.0.0-Release.Candidate.app xcrun xcodebuild -IDEClonedSourcePackagesDirPathOverride=$PWD/.dependencies -skipMacroValidation -skipPackagePluginValidation -derivedDataPath $PWD/.derivedData build -scheme SlackKit-Package -destination platform=macOS,arch=arm64
Command line invocation:
/Applications/Xcode-27.0.0-Release.Candidate.app/Contents/Developer/usr/bin/xcodebuild -IDEClonedSourcePackagesDirPathOverride=/Users/admin/builder/spi-builder-workspace/.dependencies -skipMacroValidation -skipPackagePluginValidation -derivedDataPath /Users/admin/builder/spi-builder-workspace/.derivedData build -scheme SlackKit-Package -destination platform=macOS,arch=arm64
Resolve Package Graph
ignoring declared target(s) 'swift-nio-ssl-support' in the system packageignoring declared target(s) 'swift-nio-zlib-support' in the system packagecouldn't find pc file for zlibyou may be able to install openssl using your system-packager:
brew install libressl
Resolved source packages:
Swifter: https://github.com/httpswift/swifter.git @ 1.5.0
HTTP: https://github.com/vapor/http.git @ 3.4.0
swift-nio-zlib-support: https://github.com/apple/swift-nio-zlib-support.git @ 1.0.0
WebSocket: https://github.com/vapor/websocket @ 1.1.2
Core: https://github.com/vapor/core.git @ 3.10.1
swift-nio: https://github.com/apple/swift-nio.git @ 1.14.4
Crypto: https://github.com/vapor/crypto.git @ 3.4.1
swift-nio-ssl-support: https://github.com/apple/swift-nio-ssl-support.git @ 1.0.0
Starscream: https://github.com/daltoniam/Starscream @ 4.0.8
swift-nio-ssl: https://github.com/apple/swift-nio-ssl.git @ 1.4.0
SlackKit: /Users/admin/builder/spi-builder-workspace
ComputePackagePrebuildTargetDependencyGraph
Prepare packages
CreateBuildRequest
SendProjectDescription
CreateBuildOperation
ComputeTargetDependencyGraph
note: Building targets in dependency order
note: Target dependency graph (61 targets)
Target 'SKWebAPI-product' in project 'SlackKit'
➜ Explicit dependency on target 'SKWebAPI' in project 'SlackKit'
➜ Explicit dependency on target 'SKCore' in project 'SlackKit'
Target 'SKServer-product' in project 'SlackKit'
➜ Explicit dependency on target 'SKServer' in project 'SlackKit'
➜ Explicit dependency on target 'SKCore' in project 'SlackKit'
➜ Explicit dependency on target 'SKWebAPI' in project 'SlackKit'
➜ Explicit dependency on target 'Swifter-product' in project 'Swifter'
Target 'SKRTMAPI-product' in project 'SlackKit'
➜ Explicit dependency on target 'SKRTMAPI' in project 'SlackKit'
➜ Explicit dependency on target 'SKCore' in project 'SlackKit'
➜ Explicit dependency on target 'SKWebAPI' in project 'SlackKit'
➜ Explicit dependency on target 'Starscream-product' in project 'Starscream'
➜ Explicit dependency on target 'WebSocket-product' in project 'WebSocket'
Target 'SKCore-product' in project 'SlackKit'
➜ Explicit dependency on target 'SKCore' in project 'SlackKit'
Target 'SKClient-product' in project 'SlackKit'
➜ Explicit dependency on target 'SKClient' in project 'SlackKit'
➜ Explicit dependency on target 'SKCore' in project 'SlackKit'
Target 'SlackKit-product' in project 'SlackKit'
➜ Explicit dependency on target 'SlackKit' in project 'SlackKit'
➜ Explicit dependency on target 'SKCore' in project 'SlackKit'
➜ Explicit dependency on target 'SKClient' in project 'SlackKit'
➜ Explicit dependency on target 'SKWebAPI' in project 'SlackKit'
➜ Explicit dependency on target 'SKRTMAPI' in project 'SlackKit'
➜ Explicit dependency on target 'SKServer' in project 'SlackKit'
➜ Explicit dependency on target 'Starscream-product' in project 'Starscream'
➜ Explicit dependency on target 'WebSocket-product' in project 'WebSocket'
➜ Explicit dependency on target 'Swifter-product' in project 'Swifter'
Target 'SlackKit' in project 'SlackKit'
➜ Explicit dependency on target 'SKCore' in project 'SlackKit'
➜ Explicit dependency on target 'SKClient' in project 'SlackKit'
➜ Explicit dependency on target 'SKWebAPI' in project 'SlackKit'
➜ Explicit dependency on target 'SKRTMAPI' in project 'SlackKit'
➜ Explicit dependency on target 'SKServer' in project 'SlackKit'
➜ Explicit dependency on target 'Starscream-product' in project 'Starscream'
➜ Explicit dependency on target 'WebSocket-product' in project 'WebSocket'
➜ Explicit dependency on target 'Swifter-product' in project 'Swifter'
Target 'SKServer' in project 'SlackKit'
➜ Explicit dependency on target 'SKCore' in project 'SlackKit'
➜ Explicit dependency on target 'SKWebAPI' in project 'SlackKit'
➜ Explicit dependency on target 'Swifter-product' in project 'Swifter'
Target 'Swifter-product' in project 'Swifter'
➜ Explicit dependency on target 'Swifter' in project 'Swifter'
Target 'Swifter' in project 'Swifter' (no dependencies)
Target 'SKRTMAPI' in project 'SlackKit'
➜ Explicit dependency on target 'SKCore' in project 'SlackKit'
➜ Explicit dependency on target 'SKWebAPI' in project 'SlackKit'
➜ Explicit dependency on target 'Starscream-product' in project 'Starscream'
➜ Explicit dependency on target 'WebSocket-product' in project 'WebSocket'
Target 'WebSocket-product' in project 'WebSocket'
➜ Explicit dependency on target 'WebSocket' in project 'WebSocket'
➜ Explicit dependency on target 'Core-product' in project 'Core'
➜ Explicit dependency on target 'Crypto-product' in project 'Crypto'
➜ Explicit dependency on target 'HTTP-product' in project 'HTTP'
➜ Explicit dependency on target 'NIO-product' in project 'swift-nio'
➜ Explicit dependency on target 'NIOWebSocket-product' in project 'swift-nio'
Target 'WebSocket' in project 'WebSocket'
➜ Explicit dependency on target 'Core-product' in project 'Core'
➜ Explicit dependency on target 'Crypto-product' in project 'Crypto'
➜ Explicit dependency on target 'HTTP-product' in project 'HTTP'
➜ Explicit dependency on target 'NIO-product' in project 'swift-nio'
➜ Explicit dependency on target 'NIOWebSocket-product' in project 'swift-nio'
Target 'NIOWebSocket-product' in project 'swift-nio'
➜ Explicit dependency on target 'NIOWebSocket' in project 'swift-nio'
➜ Explicit dependency on target 'CNIOLinux' in project 'swift-nio'
➜ Explicit dependency on target 'CNIODarwin' in project 'swift-nio'
➜ Explicit dependency on target 'CNIOAtomics' in project 'swift-nio'
➜ Explicit dependency on target 'NIOConcurrencyHelpers' in project 'swift-nio'
➜ Explicit dependency on target 'NIOPriorityQueue' in project 'swift-nio'
➜ Explicit dependency on target 'CNIOSHA1' in project 'swift-nio'
➜ Explicit dependency on target 'NIO' in project 'swift-nio'
➜ Explicit dependency on target 'CNIOHTTPParser' in project 'swift-nio'
➜ Explicit dependency on target 'CNIOZlib' in project 'swift-nio'
➜ Explicit dependency on target 'NIOHTTP1' in project 'swift-nio'
Target 'NIOWebSocket' in project 'swift-nio'
➜ Explicit dependency on target 'swift-nio-zlib-support' in project 'swift-nio-zlib-support'
➜ Explicit dependency on target 'CNIOLinux' in project 'swift-nio'
➜ Explicit dependency on target 'CNIODarwin' in project 'swift-nio'
➜ Explicit dependency on target 'CNIOAtomics' in project 'swift-nio'
➜ Explicit dependency on target 'NIOConcurrencyHelpers' in project 'swift-nio'
➜ Explicit dependency on target 'NIOPriorityQueue' in project 'swift-nio'
➜ Explicit dependency on target 'CNIOSHA1' in project 'swift-nio'
➜ Explicit dependency on target 'NIO' in project 'swift-nio'
➜ Explicit dependency on target 'CNIOHTTPParser' in project 'swift-nio'
➜ Explicit dependency on target 'CNIOZlib' in project 'swift-nio'
➜ Explicit dependency on target 'NIOHTTP1' in project 'swift-nio'
Target 'HTTP-product' in project 'HTTP'
➜ Explicit dependency on target 'HTTP' in project 'HTTP'
➜ Explicit dependency on target 'Async-product' in project 'Core'
➜ Explicit dependency on target 'Bits-product' in project 'Core'
➜ Explicit dependency on target 'Core-product' in project 'Core'
➜ Explicit dependency on target 'Debugging-product' in project 'Core'
➜ Explicit dependency on target 'NIO-product' in project 'swift-nio'
➜ Explicit dependency on target 'NIOOpenSSL-product' in project 'swift-nio-ssl'
➜ Explicit dependency on target 'NIOHTTP1-product' in project 'swift-nio'
Target 'HTTP' in project 'HTTP'
➜ Explicit dependency on target 'Async-product' in project 'Core'
➜ Explicit dependency on target 'Bits-product' in project 'Core'
➜ Explicit dependency on target 'Core-product' in project 'Core'
➜ Explicit dependency on target 'Debugging-product' in project 'Core'
➜ Explicit dependency on target 'NIO-product' in project 'swift-nio'
➜ Explicit dependency on target 'NIOOpenSSL-product' in project 'swift-nio-ssl'
➜ Explicit dependency on target 'NIOHTTP1-product' in project 'swift-nio'
Target 'NIOHTTP1-product' in project 'swift-nio'
➜ Explicit dependency on target 'NIOHTTP1' in project 'swift-nio'
➜ Explicit dependency on target 'CNIOLinux' in project 'swift-nio'
➜ Explicit dependency on target 'CNIODarwin' in project 'swift-nio'
➜ Explicit dependency on target 'CNIOAtomics' in project 'swift-nio'
➜ Explicit dependency on target 'NIOConcurrencyHelpers' in project 'swift-nio'
➜ Explicit dependency on target 'NIOPriorityQueue' in project 'swift-nio'
➜ Explicit dependency on target 'CNIOSHA1' in project 'swift-nio'
➜ Explicit dependency on target 'NIO' in project 'swift-nio'
➜ Explicit dependency on target 'CNIOHTTPParser' in project 'swift-nio'
➜ Explicit dependency on target 'CNIOZlib' in project 'swift-nio'
Target 'NIOHTTP1' in project 'swift-nio'
➜ Explicit dependency on target 'swift-nio-zlib-support' in project 'swift-nio-zlib-support'
➜ Explicit dependency on target 'CNIOLinux' in project 'swift-nio'
➜ Explicit dependency on target 'CNIODarwin' in project 'swift-nio'
➜ Explicit dependency on target 'CNIOAtomics' in project 'swift-nio'
➜ Explicit dependency on target 'NIOConcurrencyHelpers' in project 'swift-nio'
➜ Explicit dependency on target 'NIOPriorityQueue' in project 'swift-nio'
➜ Explicit dependency on target 'CNIOSHA1' in project 'swift-nio'
➜ Explicit dependency on target 'NIO' in project 'swift-nio'
➜ Explicit dependency on target 'CNIOHTTPParser' in project 'swift-nio'
➜ Explicit dependency on target 'CNIOZlib' in project 'swift-nio'
Target 'CNIOZlib' in project 'swift-nio'
➜ Explicit dependency on target 'swift-nio-zlib-support' in project 'swift-nio-zlib-support'
Target 'CNIOHTTPParser' in project 'swift-nio'
➜ Explicit dependency on target 'swift-nio-zlib-support' in project 'swift-nio-zlib-support'
Target 'NIOOpenSSL-product' in project 'swift-nio-ssl'
➜ Explicit dependency on target 'NIOOpenSSL' in project 'swift-nio-ssl'
➜ Explicit dependency on target 'CNIOOpenSSL' in project 'swift-nio-ssl'
➜ Explicit dependency on target 'NIO-product' in project 'swift-nio'
➜ Explicit dependency on target 'NIOConcurrencyHelpers-product' in project 'swift-nio'
➜ Explicit dependency on target 'NIOTLS-product' in project 'swift-nio'
Target 'NIOOpenSSL' in project 'swift-nio-ssl'
➜ Explicit dependency on target 'swift-nio-ssl-support' in project 'swift-nio-ssl-support'
➜ Explicit dependency on target 'CNIOOpenSSL' in project 'swift-nio-ssl'
➜ Explicit dependency on target 'NIO-product' in project 'swift-nio'
➜ Explicit dependency on target 'NIOConcurrencyHelpers-product' in project 'swift-nio'
➜ Explicit dependency on target 'NIOTLS-product' in project 'swift-nio'
Target 'NIOTLS-product' in project 'swift-nio'
➜ Explicit dependency on target 'NIOTLS' in project 'swift-nio'
➜ Explicit dependency on target 'CNIOLinux' in project 'swift-nio'
➜ Explicit dependency on target 'CNIODarwin' in project 'swift-nio'
➜ Explicit dependency on target 'CNIOAtomics' in project 'swift-nio'
➜ Explicit dependency on target 'NIOConcurrencyHelpers' in project 'swift-nio'
➜ Explicit dependency on target 'NIOPriorityQueue' in project 'swift-nio'
➜ Explicit dependency on target 'CNIOSHA1' in project 'swift-nio'
➜ Explicit dependency on target 'NIO' in project 'swift-nio'
Target 'NIOTLS' in project 'swift-nio'
➜ Explicit dependency on target 'swift-nio-zlib-support' in project 'swift-nio-zlib-support'
➜ Explicit dependency on target 'CNIOLinux' in project 'swift-nio'
➜ Explicit dependency on target 'CNIODarwin' in project 'swift-nio'
➜ Explicit dependency on target 'CNIOAtomics' in project 'swift-nio'
➜ Explicit dependency on target 'NIOConcurrencyHelpers' in project 'swift-nio'
➜ Explicit dependency on target 'NIOPriorityQueue' in project 'swift-nio'
➜ Explicit dependency on target 'CNIOSHA1' in project 'swift-nio'
➜ Explicit dependency on target 'NIO' in project 'swift-nio'
Target 'NIOConcurrencyHelpers-product' in project 'swift-nio'
➜ Explicit dependency on target 'NIOConcurrencyHelpers' in project 'swift-nio'
➜ Explicit dependency on target 'CNIOAtomics' in project 'swift-nio'
Target 'CNIOOpenSSL' in project 'swift-nio-ssl'
➜ Explicit dependency on target 'swift-nio-ssl-support' in project 'swift-nio-ssl-support'
Target 'Crypto-product' in project 'Crypto'
➜ Explicit dependency on target 'Crypto' in project 'Crypto'
➜ Explicit dependency on target 'CBase32' in project 'Crypto'
➜ Explicit dependency on target 'CBcrypt' in project 'Crypto'
➜ Explicit dependency on target 'CCryptoOpenSSL' in project 'Crypto'
➜ Explicit dependency on target 'Random' in project 'Crypto'
➜ Explicit dependency on target 'Bits-product' in project 'Core'
➜ Explicit dependency on target 'Async-product' in project 'Core'
➜ Explicit dependency on target 'Core-product' in project 'Core'
➜ Explicit dependency on target 'COperatingSystem-product' in project 'Core'
➜ Explicit dependency on target 'Debugging-product' in project 'Core'
Target 'Crypto' in project 'Crypto'
➜ Explicit dependency on target 'swift-nio-ssl-support' in project 'swift-nio-ssl-support'
➜ Explicit dependency on target 'CBase32' in project 'Crypto'
➜ Explicit dependency on target 'CBcrypt' in project 'Crypto'
➜ Explicit dependency on target 'CCryptoOpenSSL' in project 'Crypto'
➜ Explicit dependency on target 'Random' in project 'Crypto'
➜ Explicit dependency on target 'Bits-product' in project 'Core'
➜ Explicit dependency on target 'Async-product' in project 'Core'
➜ Explicit dependency on target 'Core-product' in project 'Core'
➜ Explicit dependency on target 'COperatingSystem-product' in project 'Core'
➜ Explicit dependency on target 'Debugging-product' in project 'Core'
Target 'Debugging-product' in project 'Core'
➜ Explicit dependency on target 'Debugging' in project 'Core'
Target 'COperatingSystem-product' in project 'Core'
➜ Explicit dependency on target 'COperatingSystem' in project 'Core'
Target 'Async-product' in project 'Core'
➜ Explicit dependency on target 'Async' in project 'Core'
➜ Explicit dependency on target 'NIO-product' in project 'swift-nio'
Target 'Random' in project 'Crypto'
➜ Explicit dependency on target 'swift-nio-ssl-support' in project 'swift-nio-ssl-support'
➜ Explicit dependency on target 'Bits-product' in project 'Core'
Target 'Bits-product' in project 'Core'
➜ Explicit dependency on target 'Bits' in project 'Core'
➜ Explicit dependency on target 'Debugging' in project 'Core'
➜ Explicit dependency on target 'NIO-product' in project 'swift-nio'
Target 'CCryptoOpenSSL' in project 'Crypto'
➜ Explicit dependency on target 'swift-nio-ssl-support' in project 'swift-nio-ssl-support'
Target 'CBcrypt' in project 'Crypto'
➜ Explicit dependency on target 'swift-nio-ssl-support' in project 'swift-nio-ssl-support'
Target 'CBase32' in project 'Crypto'
➜ Explicit dependency on target 'swift-nio-ssl-support' in project 'swift-nio-ssl-support'
Target 'swift-nio-ssl-support' in project 'swift-nio-ssl-support' (no dependencies)
Target 'Core-product' in project 'Core'
➜ Explicit dependency on target 'Core' in project 'Core'
➜ Explicit dependency on target 'Async' in project 'Core'
➜ Explicit dependency on target 'Debugging' in project 'Core'
➜ Explicit dependency on target 'Bits' in project 'Core'
➜ Explicit dependency on target 'COperatingSystem' in project 'Core'
➜ Explicit dependency on target 'NIO-product' in project 'swift-nio'
➜ Explicit dependency on target 'NIOFoundationCompat-product' in project 'swift-nio'
Target 'Core' in project 'Core'
➜ Explicit dependency on target 'Async' in project 'Core'
➜ Explicit dependency on target 'Debugging' in project 'Core'
➜ Explicit dependency on target 'Bits' in project 'Core'
➜ Explicit dependency on target 'COperatingSystem' in project 'Core'
➜ Explicit dependency on target 'NIO-product' in project 'swift-nio'
➜ Explicit dependency on target 'NIOFoundationCompat-product' in project 'swift-nio'
Target 'NIOFoundationCompat-product' in project 'swift-nio'
➜ Explicit dependency on target 'NIOFoundationCompat' in project 'swift-nio'
➜ Explicit dependency on target 'CNIOLinux' in project 'swift-nio'
➜ Explicit dependency on target 'CNIODarwin' in project 'swift-nio'
➜ Explicit dependency on target 'CNIOAtomics' in project 'swift-nio'
➜ Explicit dependency on target 'NIOConcurrencyHelpers' in project 'swift-nio'
➜ Explicit dependency on target 'NIOPriorityQueue' in project 'swift-nio'
➜ Explicit dependency on target 'CNIOSHA1' in project 'swift-nio'
➜ Explicit dependency on target 'NIO' in project 'swift-nio'
Target 'NIOFoundationCompat' in project 'swift-nio'
➜ Explicit dependency on target 'swift-nio-zlib-support' in project 'swift-nio-zlib-support'
➜ Explicit dependency on target 'CNIOLinux' in project 'swift-nio'
➜ Explicit dependency on target 'CNIODarwin' in project 'swift-nio'
➜ Explicit dependency on target 'CNIOAtomics' in project 'swift-nio'
➜ Explicit dependency on target 'NIOConcurrencyHelpers' in project 'swift-nio'
➜ Explicit dependency on target 'NIOPriorityQueue' in project 'swift-nio'
➜ Explicit dependency on target 'CNIOSHA1' in project 'swift-nio'
➜ Explicit dependency on target 'NIO' in project 'swift-nio'
Target 'COperatingSystem' in project 'Core' (no dependencies)
Target 'Bits' in project 'Core'
➜ Explicit dependency on target 'Debugging' in project 'Core'
➜ Explicit dependency on target 'NIO-product' in project 'swift-nio'
Target 'Debugging' in project 'Core' (no dependencies)
Target 'Async' in project 'Core'
➜ Explicit dependency on target 'NIO-product' in project 'swift-nio'
Target 'NIO-product' in project 'swift-nio'
➜ Explicit dependency on target 'NIO' in project 'swift-nio'
➜ Explicit dependency on target 'CNIOLinux' in project 'swift-nio'
➜ Explicit dependency on target 'CNIODarwin' in project 'swift-nio'
➜ Explicit dependency on target 'CNIOAtomics' in project 'swift-nio'
➜ Explicit dependency on target 'NIOConcurrencyHelpers' in project 'swift-nio'
➜ Explicit dependency on target 'NIOPriorityQueue' in project 'swift-nio'
➜ Explicit dependency on target 'CNIOSHA1' in project 'swift-nio'
Target 'NIO' in project 'swift-nio'
➜ Explicit dependency on target 'swift-nio-zlib-support' in project 'swift-nio-zlib-support'
➜ Explicit dependency on target 'CNIOLinux' in project 'swift-nio'
➜ Explicit dependency on target 'CNIODarwin' in project 'swift-nio'
➜ Explicit dependency on target 'CNIOAtomics' in project 'swift-nio'
➜ Explicit dependency on target 'NIOConcurrencyHelpers' in project 'swift-nio'
➜ Explicit dependency on target 'NIOPriorityQueue' in project 'swift-nio'
➜ Explicit dependency on target 'CNIOSHA1' in project 'swift-nio'
Target 'CNIOSHA1' in project 'swift-nio'
➜ Explicit dependency on target 'swift-nio-zlib-support' in project 'swift-nio-zlib-support'
Target 'NIOPriorityQueue' in project 'swift-nio'
➜ Explicit dependency on target 'swift-nio-zlib-support' in project 'swift-nio-zlib-support'
Target 'NIOConcurrencyHelpers' in project 'swift-nio'
➜ Explicit dependency on target 'swift-nio-zlib-support' in project 'swift-nio-zlib-support'
➜ Explicit dependency on target 'CNIOAtomics' in project 'swift-nio'
Target 'CNIOAtomics' in project 'swift-nio'
➜ Explicit dependency on target 'swift-nio-zlib-support' in project 'swift-nio-zlib-support'
Target 'CNIODarwin' in project 'swift-nio'
➜ Explicit dependency on target 'swift-nio-zlib-support' in project 'swift-nio-zlib-support'
Target 'CNIOLinux' in project 'swift-nio'
➜ Explicit dependency on target 'swift-nio-zlib-support' in project 'swift-nio-zlib-support'
Target 'swift-nio-zlib-support' in project 'swift-nio-zlib-support' (no dependencies)
Target 'Starscream-product' in project 'Starscream'
➜ Explicit dependency on target 'Starscream' in project 'Starscream'
➜ Explicit dependency on target 'Starscream_Starscream' in project 'Starscream'
Target 'Starscream' in project 'Starscream'
➜ Explicit dependency on target 'Starscream_Starscream' in project 'Starscream'
Target 'Starscream_Starscream' in project 'Starscream' (no dependencies)
Target 'SKWebAPI' in project 'SlackKit'
➜ Explicit dependency on target 'SKCore' in project 'SlackKit'
Target 'SKClient' in project 'SlackKit'
➜ Explicit dependency on target 'SKCore' in project 'SlackKit'
Target 'SKCore' in project 'SlackKit' (no dependencies)
GatherProvisioningInputs
CreateBuildDescription
ClangStatCache /Applications/Xcode-27.0.0-Release.Candidate.app/Contents/Developer/Toolchains/XcodeDefault.xctoolchain/usr/bin/clang-stat-cache /Applications/Xcode-27.0.0-Release.Candidate.app/Contents/Developer/Platforms/MacOSX.platform/Developer/SDKs/MacOSX27.0.sdk /Users/admin/builder/spi-builder-workspace/.derivedData/SDKStatCaches.noindex/macosx27.0-26A425-e829b21a6f8c9b70876ba0858053c0446a22442a12e9d48fe1a705f55a1adfc4.sdkstatcache
cd /Users/admin/builder/spi-builder-workspace/.swiftpm/xcode
/Applications/Xcode-27.0.0-Release.Candidate.app/Contents/Developer/Toolchains/XcodeDefault.xctoolchain/usr/bin/clang-stat-cache /Applications/Xcode-27.0.0-Release.Candidate.app/Contents/Developer/Platforms/MacOSX.platform/Developer/SDKs/MacOSX27.0.sdk -o /Users/admin/builder/spi-builder-workspace/.derivedData/SDKStatCaches.noindex/macosx27.0-26A425-e829b21a6f8c9b70876ba0858053c0446a22442a12e9d48fe1a705f55a1adfc4.sdkstatcache
ScanDependencies /Users/admin/builder/spi-builder-workspace/.derivedData/Build/Intermediates.noindex/swift-nio-ssl.build/Debug/CNIOOpenSSL-t.build/Objects-normal/arm64/helpers.o /Users/admin/builder/spi-builder-workspace/.dependencies/checkouts/swift-nio-ssl/Sources/CNIOOpenSSL/helpers.c normal arm64 c com.apple.compilers.llvm.clang.1_0.compiler (in target 'CNIOOpenSSL' from project 'swift-nio-ssl')
cd /Users/admin/builder/spi-builder-workspace/.swiftpm/xcode
Using response file: /Users/admin/builder/spi-builder-workspace/.derivedData/Build/Intermediates.noindex/swift-nio-ssl.build/Debug/CNIOOpenSSL-t.build/Objects-normal/arm64/7187679823f38a2a940e0043cdf9d637-common-args.resp
builtin-ScanDependencies -o /Users/admin/builder/spi-builder-workspace/.derivedData/Build/Intermediates.noindex/swift-nio-ssl.build/Debug/CNIOOpenSSL-t.build/Objects-normal/arm64/helpers.o.scan -- /Applications/Xcode-27.0.0-Release.Candidate.app/Contents/Developer/Toolchains/XcodeDefault.xctoolchain/usr/bin/clang -x c -ivfsstatcache /Users/admin/builder/spi-builder-workspace/.derivedData/SDKStatCaches.noindex/macosx27.0-26A425-e829b21a6f8c9b70876ba0858053c0446a22442a12e9d48fe1a705f55a1adfc4.sdkstatcache -target arm64-apple-macos12.0 -fmessage-length\=0 -fdiagnostics-show-note-include-stack -fmacro-backtrace-limit\=0 -fno-color-diagnostics -fmodules-prune-interval\=86400 -fmodules-prune-after\=345600 -fbuild-session-file\=/Users/admin/builder/spi-builder-workspace/.derivedData/ModuleCache.noindex/Session.modulevalidation -fmodules-validate-once-per-build-session -Wnon-modular-include-in-framework-module -Werror\=non-modular-include-in-framework-module -Wno-trigraphs -Wno-missing-field-initializers -Wno-missing-prototypes -Wno-return-type -Wno-missing-braces -Wparentheses -Wswitch -Wno-unused-function -Wno-unused-label -Wno-unused-parameter -Wno-unused-variable -Wunused-value -Wno-empty-body -Wno-uninitialized -Wno-unknown-pragmas -w -Wno-shadow -Wno-four-char-constants -Wno-conversion -Wno-constant-conversion -Wno-int-conversion -Wno-bool-conversion -Wno-enum-conversion -Wno-float-conversion -Wno-non-literal-null-conversion -Wno-objc-literal-conversion -Wshorten-64-to-32 -Wpointer-sign -Wno-newline-eof -Wno-implicit-fallthrough -isysroot /Applications/Xcode-27.0.0-Release.Candidate.app/Contents/Developer/Platforms/MacOSX.platform/Developer/SDKs/MacOSX27.0.sdk -fstrict-aliasing -Wdeprecated-declarations -Wno-sign-conversion -Wno-infinite-recursion -Wno-comma -Wno-block-capture-autoreleasing -Wno-strict-prototypes -Wno-semicolon-before-method-body -index-store-path /Users/admin/builder/spi-builder-workspace/.derivedData/Index.noindex/DataStore @/Users/admin/builder/spi-builder-workspace/.derivedData/Build/Intermediates.noindex/swift-nio-ssl.build/Debug/CNIOOpenSSL-t.build/Objects-normal/arm64/7187679823f38a2a940e0043cdf9d637-common-args.resp -MMD -MT dependencies -MF /Users/admin/builder/spi-builder-workspace/.derivedData/Build/Intermediates.noindex/swift-nio-ssl.build/Debug/CNIOOpenSSL-t.build/Objects-normal/arm64/helpers.d --serialize-diagnostics /Users/admin/builder/spi-builder-workspace/.derivedData/Build/Intermediates.noindex/swift-nio-ssl.build/Debug/CNIOOpenSSL-t.build/Objects-normal/arm64/helpers.dia -c /Users/admin/builder/spi-builder-workspace/.dependencies/checkouts/swift-nio-ssl/Sources/CNIOOpenSSL/helpers.c -o /Users/admin/builder/spi-builder-workspace/.derivedData/Build/Intermediates.noindex/swift-nio-ssl.build/Debug/CNIOOpenSSL-t.build/Objects-normal/arm64/helpers.o -index-unit-output-path /swift-nio-ssl.build/Debug/CNIOOpenSSL-t.build/Objects-normal/arm64/helpers.o
/Users/admin/builder/spi-builder-workspace/.dependencies/checkouts/swift-nio-ssl/Sources/CNIOOpenSSL/include/c_nio_openssl.h:17:10: error: 'openssl/conf.h' file not found (in target 'CNIOOpenSSL' from project 'swift-nio-ssl')
/Users/admin/builder/spi-builder-workspace/.dependencies/checkouts/swift-nio-ssl/Sources/CNIOOpenSSL/helpers.c:14:10: note: in file included from /Users/admin/builder/spi-builder-workspace/.dependencies/checkouts/swift-nio-ssl/Sources/CNIOOpenSSL/helpers.c:14:
ScanDependencies /Users/admin/builder/spi-builder-workspace/.derivedData/Build/Intermediates.noindex/swift-nio.build/Debug/CNIOSHA1-t.build/Objects-normal/arm64/c_nio_sha1.o /Users/admin/builder/spi-builder-workspace/.dependencies/checkouts/swift-nio/Sources/CNIOSHA1/c_nio_sha1.c normal arm64 c com.apple.compilers.llvm.clang.1_0.compiler (in target 'CNIOSHA1' from project 'swift-nio')
cd /Users/admin/builder/spi-builder-workspace/.swiftpm/xcode
Using response file: /Users/admin/builder/spi-builder-workspace/.derivedData/Build/Intermediates.noindex/swift-nio.build/Debug/CNIOSHA1-t.build/Objects-normal/arm64/7187679823f38a2a940e0043cdf9d637-common-args.resp
builtin-ScanDependencies -o /Users/admin/builder/spi-builder-workspace/.derivedData/Build/Intermediates.noindex/swift-nio.build/Debug/CNIOSHA1-t.build/Objects-normal/arm64/c_nio_sha1.o.scan -- /Applications/Xcode-27.0.0-Release.Candidate.app/Contents/Developer/Toolchains/XcodeDefault.xctoolchain/usr/bin/clang -x c -ivfsstatcache /Users/admin/builder/spi-builder-workspace/.derivedData/SDKStatCaches.noindex/macosx27.0-26A425-e829b21a6f8c9b70876ba0858053c0446a22442a12e9d48fe1a705f55a1adfc4.sdkstatcache -target arm64-apple-macos12.0 -fmessage-length\=0 -fdiagnostics-show-note-include-stack -fmacro-backtrace-limit\=0 -fno-color-diagnostics -fmodules-prune-interval\=86400 -fmodules-prune-after\=345600 -fbuild-session-file\=/Users/admin/builder/spi-builder-workspace/.derivedData/ModuleCache.noindex/Session.modulevalidation -fmodules-validate-once-per-build-session -Wnon-modular-include-in-framework-module -Werror\=non-modular-include-in-framework-module -Wno-trigraphs -Wno-missing-field-initializers -Wno-missing-prototypes -Wno-return-type -Wno-missing-braces -Wparentheses -Wswitch -Wno-unused-function -Wno-unused-label -Wno-unused-parameter -Wno-unused-variable -Wunused-value -Wno-empty-body -Wno-uninitialized -Wno-unknown-pragmas -w -Wno-shadow -Wno-four-char-constants -Wno-conversion -Wno-constant-conversion -Wno-int-conversion -Wno-bool-conversion -Wno-enum-conversion -Wno-float-conversion -Wno-non-literal-null-conversion -Wno-objc-literal-conversion -Wshorten-64-to-32 -Wpointer-sign -Wno-newline-eof -Wno-implicit-fallthrough -isysroot /Applications/Xcode-27.0.0-Release.Candidate.app/Contents/Developer/Platforms/MacOSX.platform/Developer/SDKs/MacOSX27.0.sdk -fstrict-aliasing -Wdeprecated-declarations -Wno-sign-conversion -Wno-infinite-recursion -Wno-comma -Wno-block-capture-autoreleasing -Wno-strict-prototypes -Wno-semicolon-before-method-body -index-store-path /Users/admin/builder/spi-builder-workspace/.derivedData/Index.noindex/DataStore @/Users/admin/builder/spi-builder-workspace/.derivedData/Build/Intermediates.noindex/swift-nio.build/Debug/CNIOSHA1-t.build/Objects-normal/arm64/7187679823f38a2a940e0043cdf9d637-common-args.resp -MMD -MT dependencies -MF /Users/admin/builder/spi-builder-workspace/.derivedData/Build/Intermediates.noindex/swift-nio.build/Debug/CNIOSHA1-t.build/Objects-normal/arm64/c_nio_sha1.d --serialize-diagnostics /Users/admin/builder/spi-builder-workspace/.derivedData/Build/Intermediates.noindex/swift-nio.build/Debug/CNIOSHA1-t.build/Objects-normal/arm64/c_nio_sha1.dia -c /Users/admin/builder/spi-builder-workspace/.dependencies/checkouts/swift-nio/Sources/CNIOSHA1/c_nio_sha1.c -o /Users/admin/builder/spi-builder-workspace/.derivedData/Build/Intermediates.noindex/swift-nio.build/Debug/CNIOSHA1-t.build/Objects-normal/arm64/c_nio_sha1.o -index-unit-output-path /swift-nio.build/Debug/CNIOSHA1-t.build/Objects-normal/arm64/c_nio_sha1.o
ScanDependencies /Users/admin/builder/spi-builder-workspace/.derivedData/Build/Intermediates.noindex/swift-nio.build/Debug/CNIODarwin-t.build/Objects-normal/arm64/shim.o /Users/admin/builder/spi-builder-workspace/.dependencies/checkouts/swift-nio/Sources/CNIODarwin/shim.c normal arm64 c com.apple.compilers.llvm.clang.1_0.compiler (in target 'CNIODarwin' from project 'swift-nio')
cd /Users/admin/builder/spi-builder-workspace/.swiftpm/xcode
Using response file: /Users/admin/builder/spi-builder-workspace/.derivedData/Build/Intermediates.noindex/swift-nio.build/Debug/CNIODarwin-t.build/Objects-normal/arm64/7187679823f38a2a940e0043cdf9d637-common-args.resp
builtin-ScanDependencies -o /Users/admin/builder/spi-builder-workspace/.derivedData/Build/Intermediates.noindex/swift-nio.build/Debug/CNIODarwin-t.build/Objects-normal/arm64/shim.o.scan -- /Applications/Xcode-27.0.0-Release.Candidate.app/Contents/Developer/Toolchains/XcodeDefault.xctoolchain/usr/bin/clang -x c -ivfsstatcache /Users/admin/builder/spi-builder-workspace/.derivedData/SDKStatCaches.noindex/macosx27.0-26A425-e829b21a6f8c9b70876ba0858053c0446a22442a12e9d48fe1a705f55a1adfc4.sdkstatcache -target arm64-apple-macos12.0 -fmessage-length\=0 -fdiagnostics-show-note-include-stack -fmacro-backtrace-limit\=0 -fno-color-diagnostics -fmodules-prune-interval\=86400 -fmodules-prune-after\=345600 -fbuild-session-file\=/Users/admin/builder/spi-builder-workspace/.derivedData/ModuleCache.noindex/Session.modulevalidation -fmodules-validate-once-per-build-session -Wnon-modular-include-in-framework-module -Werror\=non-modular-include-in-framework-module -Wno-trigraphs -Wno-missing-field-initializers -Wno-missing-prototypes -Wno-return-type -Wno-missing-braces -Wparentheses -Wswitch -Wno-unused-function -Wno-unused-label -Wno-unused-parameter -Wno-unused-variable -Wunused-value -Wno-empty-body -Wno-uninitialized -Wno-unknown-pragmas -w -Wno-shadow -Wno-four-char-constants -Wno-conversion -Wno-constant-conversion -Wno-int-conversion -Wno-bool-conversion -Wno-enum-conversion -Wno-float-conversion -Wno-non-literal-null-conversion -Wno-objc-literal-conversion -Wshorten-64-to-32 -Wpointer-sign -Wno-newline-eof -Wno-implicit-fallthrough -isysroot /Applications/Xcode-27.0.0-Release.Candidate.app/Contents/Developer/Platforms/MacOSX.platform/Developer/SDKs/MacOSX27.0.sdk -fstrict-aliasing -Wdeprecated-declarations -Wno-sign-conversion -Wno-infinite-recursion -Wno-comma -Wno-block-capture-autoreleasing -Wno-strict-prototypes -Wno-semicolon-before-method-body -index-store-path /Users/admin/builder/spi-builder-workspace/.derivedData/Index.noindex/DataStore @/Users/admin/builder/spi-builder-workspace/.derivedData/Build/Intermediates.noindex/swift-nio.build/Debug/CNIODarwin-t.build/Objects-normal/arm64/7187679823f38a2a940e0043cdf9d637-common-args.resp -MMD -MT dependencies -MF /Users/admin/builder/spi-builder-workspace/.derivedData/Build/Intermediates.noindex/swift-nio.build/Debug/CNIODarwin-t.build/Objects-normal/arm64/shim.d --serialize-diagnostics /Users/admin/builder/spi-builder-workspace/.derivedData/Build/Intermediates.noindex/swift-nio.build/Debug/CNIODarwin-t.build/Objects-normal/arm64/shim.dia -c /Users/admin/builder/spi-builder-workspace/.dependencies/checkouts/swift-nio/Sources/CNIODarwin/shim.c -o /Users/admin/builder/spi-builder-workspace/.derivedData/Build/Intermediates.noindex/swift-nio.build/Debug/CNIODarwin-t.build/Objects-normal/arm64/shim.o -index-unit-output-path /swift-nio.build/Debug/CNIODarwin-t.build/Objects-normal/arm64/shim.o
ScanDependencies /Users/admin/builder/spi-builder-workspace/.derivedData/Build/Intermediates.noindex/swift-nio.build/Debug/CNIOHTTPParser-t.build/Objects-normal/arm64/c_nio_http_parser.o /Users/admin/builder/spi-builder-workspace/.dependencies/checkouts/swift-nio/Sources/CNIOHTTPParser/c_nio_http_parser.c normal arm64 c com.apple.compilers.llvm.clang.1_0.compiler (in target 'CNIOHTTPParser' from project 'swift-nio')
cd /Users/admin/builder/spi-builder-workspace/.swiftpm/xcode
Using response file: /Users/admin/builder/spi-builder-workspace/.derivedData/Build/Intermediates.noindex/swift-nio.build/Debug/CNIOHTTPParser-t.build/Objects-normal/arm64/7187679823f38a2a940e0043cdf9d637-common-args.resp
builtin-ScanDependencies -o /Users/admin/builder/spi-builder-workspace/.derivedData/Build/Intermediates.noindex/swift-nio.build/Debug/CNIOHTTPParser-t.build/Objects-normal/arm64/c_nio_http_parser.o.scan -- /Applications/Xcode-27.0.0-Release.Candidate.app/Contents/Developer/Toolchains/XcodeDefault.xctoolchain/usr/bin/clang -x c -ivfsstatcache /Users/admin/builder/spi-builder-workspace/.derivedData/SDKStatCaches.noindex/macosx27.0-26A425-e829b21a6f8c9b70876ba0858053c0446a22442a12e9d48fe1a705f55a1adfc4.sdkstatcache -target arm64-apple-macos12.0 -fmessage-length\=0 -fdiagnostics-show-note-include-stack -fmacro-backtrace-limit\=0 -fno-color-diagnostics -fmodules-prune-interval\=86400 -fmodules-prune-after\=345600 -fbuild-session-file\=/Users/admin/builder/spi-builder-workspace/.derivedData/ModuleCache.noindex/Session.modulevalidation -fmodules-validate-once-per-build-session -Wnon-modular-include-in-framework-module -Werror\=non-modular-include-in-framework-module -Wno-trigraphs -Wno-missing-field-initializers -Wno-missing-prototypes -Wno-return-type -Wno-missing-braces -Wparentheses -Wswitch -Wno-unused-function -Wno-unused-label -Wno-unused-parameter -Wno-unused-variable -Wunused-value -Wno-empty-body -Wno-uninitialized -Wno-unknown-pragmas -w -Wno-shadow -Wno-four-char-constants -Wno-conversion -Wno-constant-conversion -Wno-int-conversion -Wno-bool-conversion -Wno-enum-conversion -Wno-float-conversion -Wno-non-literal-null-conversion -Wno-objc-literal-conversion -Wshorten-64-to-32 -Wpointer-sign -Wno-newline-eof -Wno-implicit-fallthrough -isysroot /Applications/Xcode-27.0.0-Release.Candidate.app/Contents/Developer/Platforms/MacOSX.platform/Developer/SDKs/MacOSX27.0.sdk -fstrict-aliasing -Wdeprecated-declarations -Wno-sign-conversion -Wno-infinite-recursion -Wno-comma -Wno-block-capture-autoreleasing -Wno-strict-prototypes -Wno-semicolon-before-method-body -index-store-path /Users/admin/builder/spi-builder-workspace/.derivedData/Index.noindex/DataStore @/Users/admin/builder/spi-builder-workspace/.derivedData/Build/Intermediates.noindex/swift-nio.build/Debug/CNIOHTTPParser-t.build/Objects-normal/arm64/7187679823f38a2a940e0043cdf9d637-common-args.resp -MMD -MT dependencies -MF /Users/admin/builder/spi-builder-workspace/.derivedData/Build/Intermediates.noindex/swift-nio.build/Debug/CNIOHTTPParser-t.build/Objects-normal/arm64/c_nio_http_parser.d --serialize-diagnostics /Users/admin/builder/spi-builder-workspace/.derivedData/Build/Intermediates.noindex/swift-nio.build/Debug/CNIOHTTPParser-t.build/Objects-normal/arm64/c_nio_http_parser.dia -c /Users/admin/builder/spi-builder-workspace/.dependencies/checkouts/swift-nio/Sources/CNIOHTTPParser/c_nio_http_parser.c -o /Users/admin/builder/spi-builder-workspace/.derivedData/Build/Intermediates.noindex/swift-nio.build/Debug/CNIOHTTPParser-t.build/Objects-normal/arm64/c_nio_http_parser.o -index-unit-output-path /swift-nio.build/Debug/CNIOHTTPParser-t.build/Objects-normal/arm64/c_nio_http_parser.o
ScanDependencies /Users/admin/builder/spi-builder-workspace/.derivedData/Build/Intermediates.noindex/swift-nio-ssl.build/Debug/CNIOOpenSSL-t.build/Objects-normal/arm64/shims.o /Users/admin/builder/spi-builder-workspace/.dependencies/checkouts/swift-nio-ssl/Sources/CNIOOpenSSL/shims.c normal arm64 c com.apple.compilers.llvm.clang.1_0.compiler (in target 'CNIOOpenSSL' from project 'swift-nio-ssl')
cd /Users/admin/builder/spi-builder-workspace/.swiftpm/xcode
Using response file: /Users/admin/builder/spi-builder-workspace/.derivedData/Build/Intermediates.noindex/swift-nio-ssl.build/Debug/CNIOOpenSSL-t.build/Objects-normal/arm64/7187679823f38a2a940e0043cdf9d637-common-args.resp
builtin-ScanDependencies -o /Users/admin/builder/spi-builder-workspace/.derivedData/Build/Intermediates.noindex/swift-nio-ssl.build/Debug/CNIOOpenSSL-t.build/Objects-normal/arm64/shims.o.scan -- /Applications/Xcode-27.0.0-Release.Candidate.app/Contents/Developer/Toolchains/XcodeDefault.xctoolchain/usr/bin/clang -x c -ivfsstatcache /Users/admin/builder/spi-builder-workspace/.derivedData/SDKStatCaches.noindex/macosx27.0-26A425-e829b21a6f8c9b70876ba0858053c0446a22442a12e9d48fe1a705f55a1adfc4.sdkstatcache -target arm64-apple-macos12.0 -fmessage-length\=0 -fdiagnostics-show-note-include-stack -fmacro-backtrace-limit\=0 -fno-color-diagnostics -fmodules-prune-interval\=86400 -fmodules-prune-after\=345600 -fbuild-session-file\=/Users/admin/builder/spi-builder-workspace/.derivedData/ModuleCache.noindex/Session.modulevalidation -fmodules-validate-once-per-build-session -Wnon-modular-include-in-framework-module -Werror\=non-modular-include-in-framework-module -Wno-trigraphs -Wno-missing-field-initializers -Wno-missing-prototypes -Wno-return-type -Wno-missing-braces -Wparentheses -Wswitch -Wno-unused-function -Wno-unused-label -Wno-unused-parameter -Wno-unused-variable -Wunused-value -Wno-empty-body -Wno-uninitialized -Wno-unknown-pragmas -w -Wno-shadow -Wno-four-char-constants -Wno-conversion -Wno-constant-conversion -Wno-int-conversion -Wno-bool-conversion -Wno-enum-conversion -Wno-float-conversion -Wno-non-literal-null-conversion -Wno-objc-literal-conversion -Wshorten-64-to-32 -Wpointer-sign -Wno-newline-eof -Wno-implicit-fallthrough -isysroot /Applications/Xcode-27.0.0-Release.Candidate.app/Contents/Developer/Platforms/MacOSX.platform/Developer/SDKs/MacOSX27.0.sdk -fstrict-aliasing -Wdeprecated-declarations -Wno-sign-conversion -Wno-infinite-recursion -Wno-comma -Wno-block-capture-autoreleasing -Wno-strict-prototypes -Wno-semicolon-before-method-body -index-store-path /Users/admin/builder/spi-builder-workspace/.derivedData/Index.noindex/DataStore @/Users/admin/builder/spi-builder-workspace/.derivedData/Build/Intermediates.noindex/swift-nio-ssl.build/Debug/CNIOOpenSSL-t.build/Objects-normal/arm64/7187679823f38a2a940e0043cdf9d637-common-args.resp -MMD -MT dependencies -MF /Users/admin/builder/spi-builder-workspace/.derivedData/Build/Intermediates.noindex/swift-nio-ssl.build/Debug/CNIOOpenSSL-t.build/Objects-normal/arm64/shims.d --serialize-diagnostics /Users/admin/builder/spi-builder-workspace/.derivedData/Build/Intermediates.noindex/swift-nio-ssl.build/Debug/CNIOOpenSSL-t.build/Objects-normal/arm64/shims.dia -c /Users/admin/builder/spi-builder-workspace/.dependencies/checkouts/swift-nio-ssl/Sources/CNIOOpenSSL/shims.c -o /Users/admin/builder/spi-builder-workspace/.derivedData/Build/Intermediates.noindex/swift-nio-ssl.build/Debug/CNIOOpenSSL-t.build/Objects-normal/arm64/shims.o -index-unit-output-path /swift-nio-ssl.build/Debug/CNIOOpenSSL-t.build/Objects-normal/arm64/shims.o
/Users/admin/builder/spi-builder-workspace/.dependencies/checkouts/swift-nio-ssl/Sources/CNIOOpenSSL/include/c_nio_openssl.h:17:10: error: 'openssl/conf.h' file not found (in target 'CNIOOpenSSL' from project 'swift-nio-ssl')
/Users/admin/builder/spi-builder-workspace/.dependencies/checkouts/swift-nio-ssl/Sources/CNIOOpenSSL/shims.c:16:10: note: in file included from /Users/admin/builder/spi-builder-workspace/.dependencies/checkouts/swift-nio-ssl/Sources/CNIOOpenSSL/shims.c:16:
ScanDependencies /Users/admin/builder/spi-builder-workspace/.derivedData/Build/Intermediates.noindex/swift-nio.build/Debug/CNIOAtomics-t.build/Objects-normal/arm64/c-atomics.o /Users/admin/builder/spi-builder-workspace/.dependencies/checkouts/swift-nio/Sources/CNIOAtomics/src/c-atomics.c normal arm64 c com.apple.compilers.llvm.clang.1_0.compiler (in target 'CNIOAtomics' from project 'swift-nio')
cd /Users/admin/builder/spi-builder-workspace/.swiftpm/xcode
Using response file: /Users/admin/builder/spi-builder-workspace/.derivedData/Build/Intermediates.noindex/swift-nio.build/Debug/CNIOAtomics-t.build/Objects-normal/arm64/7187679823f38a2a940e0043cdf9d637-common-args.resp
builtin-ScanDependencies -o /Users/admin/builder/spi-builder-workspace/.derivedData/Build/Intermediates.noindex/swift-nio.build/Debug/CNIOAtomics-t.build/Objects-normal/arm64/c-atomics.o.scan -- /Applications/Xcode-27.0.0-Release.Candidate.app/Contents/Developer/Toolchains/XcodeDefault.xctoolchain/usr/bin/clang -x c -ivfsstatcache /Users/admin/builder/spi-builder-workspace/.derivedData/SDKStatCaches.noindex/macosx27.0-26A425-e829b21a6f8c9b70876ba0858053c0446a22442a12e9d48fe1a705f55a1adfc4.sdkstatcache -target arm64-apple-macos12.0 -fmessage-length\=0 -fdiagnostics-show-note-include-stack -fmacro-backtrace-limit\=0 -fno-color-diagnostics -fmodules-prune-interval\=86400 -fmodules-prune-after\=345600 -fbuild-session-file\=/Users/admin/builder/spi-builder-workspace/.derivedData/ModuleCache.noindex/Session.modulevalidation -fmodules-validate-once-per-build-session -Wnon-modular-include-in-framework-module -Werror\=non-modular-include-in-framework-module -Wno-trigraphs -Wno-missing-field-initializers -Wno-missing-prototypes -Wno-return-type -Wno-missing-braces -Wparentheses -Wswitch -Wno-unused-function -Wno-unused-label -Wno-unused-parameter -Wno-unused-variable -Wunused-value -Wno-empty-body -Wno-uninitialized -Wno-unknown-pragmas -w -Wno-shadow -Wno-four-char-constants -Wno-conversion -Wno-constant-conversion -Wno-int-conversion -Wno-bool-conversion -Wno-enum-conversion -Wno-float-conversion -Wno-non-literal-null-conversion -Wno-objc-literal-conversion -Wshorten-64-to-32 -Wpointer-sign -Wno-newline-eof -Wno-implicit-fallthrough -isysroot /Applications/Xcode-27.0.0-Release.Candidate.app/Contents/Developer/Platforms/MacOSX.platform/Developer/SDKs/MacOSX27.0.sdk -fstrict-aliasing -Wdeprecated-declarations -Wno-sign-conversion -Wno-infinite-recursion -Wno-comma -Wno-block-capture-autoreleasing -Wno-strict-prototypes -Wno-semicolon-before-method-body -index-store-path /Users/admin/builder/spi-builder-workspace/.derivedData/Index.noindex/DataStore @/Users/admin/builder/spi-builder-workspace/.derivedData/Build/Intermediates.noindex/swift-nio.build/Debug/CNIOAtomics-t.build/Objects-normal/arm64/7187679823f38a2a940e0043cdf9d637-common-args.resp -MMD -MT dependencies -MF /Users/admin/builder/spi-builder-workspace/.derivedData/Build/Intermediates.noindex/swift-nio.build/Debug/CNIOAtomics-t.build/Objects-normal/arm64/c-atomics.d --serialize-diagnostics /Users/admin/builder/spi-builder-workspace/.derivedData/Build/Intermediates.noindex/swift-nio.build/Debug/CNIOAtomics-t.build/Objects-normal/arm64/c-atomics.dia -c /Users/admin/builder/spi-builder-workspace/.dependencies/checkouts/swift-nio/Sources/CNIOAtomics/src/c-atomics.c -o /Users/admin/builder/spi-builder-workspace/.derivedData/Build/Intermediates.noindex/swift-nio.build/Debug/CNIOAtomics-t.build/Objects-normal/arm64/c-atomics.o -index-unit-output-path /swift-nio.build/Debug/CNIOAtomics-t.build/Objects-normal/arm64/c-atomics.o
ScanDependencies /Users/admin/builder/spi-builder-workspace/.derivedData/Build/Intermediates.noindex/Crypto.build/Debug/CCryptoOpenSSL-t.build/Objects-normal/arm64/shim.o /Users/admin/builder/spi-builder-workspace/.dependencies/checkouts/crypto/Sources/CCryptoOpenSSL/shim.c normal arm64 c com.apple.compilers.llvm.clang.1_0.compiler (in target 'CCryptoOpenSSL' from project 'Crypto')
cd /Users/admin/builder/spi-builder-workspace/.swiftpm/xcode
Using response file: /Users/admin/builder/spi-builder-workspace/.derivedData/Build/Intermediates.noindex/Crypto.build/Debug/CCryptoOpenSSL-t.build/Objects-normal/arm64/7187679823f38a2a940e0043cdf9d637-common-args.resp
builtin-ScanDependencies -o /Users/admin/builder/spi-builder-workspace/.derivedData/Build/Intermediates.noindex/Crypto.build/Debug/CCryptoOpenSSL-t.build/Objects-normal/arm64/shim.o.scan -- /Applications/Xcode-27.0.0-Release.Candidate.app/Contents/Developer/Toolchains/XcodeDefault.xctoolchain/usr/bin/clang -x c -ivfsstatcache /Users/admin/builder/spi-builder-workspace/.derivedData/SDKStatCaches.noindex/macosx27.0-26A425-e829b21a6f8c9b70876ba0858053c0446a22442a12e9d48fe1a705f55a1adfc4.sdkstatcache -target arm64-apple-macos12.0 -fmessage-length\=0 -fdiagnostics-show-note-include-stack -fmacro-backtrace-limit\=0 -fno-color-diagnostics -fmodules-prune-interval\=86400 -fmodules-prune-after\=345600 -fbuild-session-file\=/Users/admin/builder/spi-builder-workspace/.derivedData/ModuleCache.noindex/Session.modulevalidation -fmodules-validate-once-per-build-session -Wnon-modular-include-in-framework-module -Werror\=non-modular-include-in-framework-module -Wno-trigraphs -Wno-missing-field-initializers -Wno-missing-prototypes -Wno-return-type -Wno-missing-braces -Wparentheses -Wswitch -Wno-unused-function -Wno-unused-label -Wno-unused-parameter -Wno-unused-variable -Wunused-value -Wno-empty-body -Wno-uninitialized -Wno-unknown-pragmas -w -Wno-shadow -Wno-four-char-constants -Wno-conversion -Wno-constant-conversion -Wno-int-conversion -Wno-bool-conversion -Wno-enum-conversion -Wno-float-conversion -Wno-non-literal-null-conversion -Wno-objc-literal-conversion -Wshorten-64-to-32 -Wpointer-sign -Wno-newline-eof -Wno-implicit-fallthrough -isysroot /Applications/Xcode-27.0.0-Release.Candidate.app/Contents/Developer/Platforms/MacOSX.platform/Developer/SDKs/MacOSX27.0.sdk -fstrict-aliasing -Wdeprecated-declarations -Wno-sign-conversion -Wno-infinite-recursion -Wno-comma -Wno-block-capture-autoreleasing -Wno-strict-prototypes -Wno-semicolon-before-method-body -index-store-path /Users/admin/builder/spi-builder-workspace/.derivedData/Index.noindex/DataStore @/Users/admin/builder/spi-builder-workspace/.derivedData/Build/Intermediates.noindex/Crypto.build/Debug/CCryptoOpenSSL-t.build/Objects-normal/arm64/7187679823f38a2a940e0043cdf9d637-common-args.resp -MMD -MT dependencies -MF /Users/admin/builder/spi-builder-workspace/.derivedData/Build/Intermediates.noindex/Crypto.build/Debug/CCryptoOpenSSL-t.build/Objects-normal/arm64/shim.d --serialize-diagnostics /Users/admin/builder/spi-builder-workspace/.derivedData/Build/Intermediates.noindex/Crypto.build/Debug/CCryptoOpenSSL-t.build/Objects-normal/arm64/shim.dia -c /Users/admin/builder/spi-builder-workspace/.dependencies/checkouts/crypto/Sources/CCryptoOpenSSL/shim.c -o /Users/admin/builder/spi-builder-workspace/.derivedData/Build/Intermediates.noindex/Crypto.build/Debug/CCryptoOpenSSL-t.build/Objects-normal/arm64/shim.o -index-unit-output-path /Crypto.build/Debug/CCryptoOpenSSL-t.build/Objects-normal/arm64/shim.o
/Users/admin/builder/spi-builder-workspace/.dependencies/checkouts/crypto/Sources/CCryptoOpenSSL/include/c_crypto_openssl.h:4:10: error: 'openssl/conf.h' file not found (in target 'CCryptoOpenSSL' from project 'Crypto')
/Users/admin/builder/spi-builder-workspace/.dependencies/checkouts/crypto/Sources/CCryptoOpenSSL/shim.c:1:10: note: in file included from /Users/admin/builder/spi-builder-workspace/.dependencies/checkouts/crypto/Sources/CCryptoOpenSSL/shim.c:1:
ScanDependencies /Users/admin/builder/spi-builder-workspace/.derivedData/Build/Intermediates.noindex/Crypto.build/Debug/CBcrypt-t.build/Objects-normal/arm64/blf.o /Users/admin/builder/spi-builder-workspace/.dependencies/checkouts/crypto/Sources/CBcrypt/blf.c normal arm64 c com.apple.compilers.llvm.clang.1_0.compiler (in target 'CBcrypt' from project 'Crypto')
cd /Users/admin/builder/spi-builder-workspace/.swiftpm/xcode
Using response file: /Users/admin/builder/spi-builder-workspace/.derivedData/Build/Intermediates.noindex/Crypto.build/Debug/CBcrypt-t.build/Objects-normal/arm64/7187679823f38a2a940e0043cdf9d637-common-args.resp
builtin-ScanDependencies -o /Users/admin/builder/spi-builder-workspace/.derivedData/Build/Intermediates.noindex/Crypto.build/Debug/CBcrypt-t.build/Objects-normal/arm64/blf.o.scan -- /Applications/Xcode-27.0.0-Release.Candidate.app/Contents/Developer/Toolchains/XcodeDefault.xctoolchain/usr/bin/clang -x c -ivfsstatcache /Users/admin/builder/spi-builder-workspace/.derivedData/SDKStatCaches.noindex/macosx27.0-26A425-e829b21a6f8c9b70876ba0858053c0446a22442a12e9d48fe1a705f55a1adfc4.sdkstatcache -target arm64-apple-macos12.0 -fmessage-length\=0 -fdiagnostics-show-note-include-stack -fmacro-backtrace-limit\=0 -fno-color-diagnostics -fmodules-prune-interval\=86400 -fmodules-prune-after\=345600 -fbuild-session-file\=/Users/admin/builder/spi-builder-workspace/.derivedData/ModuleCache.noindex/Session.modulevalidation -fmodules-validate-once-per-build-session -Wnon-modular-include-in-framework-module -Werror\=non-modular-include-in-framework-module -Wno-trigraphs -Wno-missing-field-initializers -Wno-missing-prototypes -Wno-return-type -Wno-missing-braces -Wparentheses -Wswitch -Wno-unused-function -Wno-unused-label -Wno-unused-parameter -Wno-unused-variable -Wunused-value -Wno-empty-body -Wno-uninitialized -Wno-unknown-pragmas -w -Wno-shadow -Wno-four-char-constants -Wno-conversion -Wno-constant-conversion -Wno-int-conversion -Wno-bool-conversion -Wno-enum-conversion -Wno-float-conversion -Wno-non-literal-null-conversion -Wno-objc-literal-conversion -Wshorten-64-to-32 -Wpointer-sign -Wno-newline-eof -Wno-implicit-fallthrough -isysroot /Applications/Xcode-27.0.0-Release.Candidate.app/Contents/Developer/Platforms/MacOSX.platform/Developer/SDKs/MacOSX27.0.sdk -fstrict-aliasing -Wdeprecated-declarations -Wno-sign-conversion -Wno-infinite-recursion -Wno-comma -Wno-block-capture-autoreleasing -Wno-strict-prototypes -Wno-semicolon-before-method-body -index-store-path /Users/admin/builder/spi-builder-workspace/.derivedData/Index.noindex/DataStore @/Users/admin/builder/spi-builder-workspace/.derivedData/Build/Intermediates.noindex/Crypto.build/Debug/CBcrypt-t.build/Objects-normal/arm64/7187679823f38a2a940e0043cdf9d637-common-args.resp -MMD -MT dependencies -MF /Users/admin/builder/spi-builder-workspace/.derivedData/Build/Intermediates.noindex/Crypto.build/Debug/CBcrypt-t.build/Objects-normal/arm64/blf.d --serialize-diagnostics /Users/admin/builder/spi-builder-workspace/.derivedData/Build/Intermediates.noindex/Crypto.build/Debug/CBcrypt-t.build/Objects-normal/arm64/blf.dia -c /Users/admin/builder/spi-builder-workspace/.dependencies/checkouts/crypto/Sources/CBcrypt/blf.c -o /Users/admin/builder/spi-builder-workspace/.derivedData/Build/Intermediates.noindex/Crypto.build/Debug/CBcrypt-t.build/Objects-normal/arm64/blf.o -index-unit-output-path /Crypto.build/Debug/CBcrypt-t.build/Objects-normal/arm64/blf.o
CompileC /Users/admin/builder/spi-builder-workspace/.derivedData/Build/Intermediates.noindex/swift-nio.build/Debug/CNIOZlib-t.build/Objects-normal/arm64/empty.o /Users/admin/builder/spi-builder-workspace/.dependencies/checkouts/swift-nio/Sources/CNIOZlib/empty.c normal arm64 c com.apple.compilers.llvm.clang.1_0.compiler (in target 'CNIOZlib' from project 'swift-nio')
cd /Users/admin/builder/spi-builder-workspace/.swiftpm/xcode
Using response file: /Users/admin/builder/spi-builder-workspace/.derivedData/Build/Intermediates.noindex/swift-nio.build/Debug/CNIOZlib-t.build/Objects-normal/arm64/7187679823f38a2a940e0043cdf9d637-common-args.resp
/Applications/Xcode-27.0.0-Release.Candidate.app/Contents/Developer/Toolchains/XcodeDefault.xctoolchain/usr/bin/clang -x c -ivfsstatcache /Users/admin/builder/spi-builder-workspace/.derivedData/SDKStatCaches.noindex/macosx27.0-26A425-e829b21a6f8c9b70876ba0858053c0446a22442a12e9d48fe1a705f55a1adfc4.sdkstatcache -target arm64-apple-macos12.0 -fmessage-length\=0 -fdiagnostics-show-note-include-stack -fmacro-backtrace-limit\=0 -fno-color-diagnostics -fmodules-prune-interval\=86400 -fmodules-prune-after\=345600 -fbuild-session-file\=/Users/admin/builder/spi-builder-workspace/.derivedData/ModuleCache.noindex/Session.modulevalidation -fmodules-validate-once-per-build-session -Wnon-modular-include-in-framework-module -Werror\=non-modular-include-in-framework-module -Wno-trigraphs -Wno-missing-field-initializers -Wno-missing-prototypes -Wno-return-type -Wno-missing-braces -Wparentheses -Wswitch -Wno-unused-function -Wno-unused-label -Wno-unused-parameter -Wno-unused-variable -Wunused-value -Wno-empty-body -Wno-uninitialized -Wno-unknown-pragmas -w -Wno-shadow -Wno-four-char-constants -Wno-conversion -Wno-constant-conversion -Wno-int-conversion -Wno-bool-conversion -Wno-enum-conversion -Wno-float-conversion -Wno-non-literal-null-conversion -Wno-objc-literal-conversion -Wshorten-64-to-32 -Wpointer-sign -Wno-newline-eof -Wno-implicit-fallthrough -isysroot /Applications/Xcode-27.0.0-Release.Candidate.app/Contents/Developer/Platforms/MacOSX.platform/Developer/SDKs/MacOSX27.0.sdk -fstrict-aliasing -Wdeprecated-declarations -Wno-sign-conversion -Wno-infinite-recursion -Wno-comma -Wno-block-capture-autoreleasing -Wno-strict-prototypes -Wno-semicolon-before-method-body -index-store-path /Users/admin/builder/spi-builder-workspace/.derivedData/Index.noindex/DataStore @/Users/admin/builder/spi-builder-workspace/.derivedData/Build/Intermediates.noindex/swift-nio.build/Debug/CNIOZlib-t.build/Objects-normal/arm64/7187679823f38a2a940e0043cdf9d637-common-args.resp -MMD -MT dependencies -MF /Users/admin/builder/spi-builder-workspace/.derivedData/Build/Intermediates.noindex/swift-nio.build/Debug/CNIOZlib-t.build/Objects-normal/arm64/empty.d --serialize-diagnostics /Users/admin/builder/spi-builder-workspace/.derivedData/Build/Intermediates.noindex/swift-nio.build/Debug/CNIOZlib-t.build/Objects-normal/arm64/empty.dia -c /Users/admin/builder/spi-builder-workspace/.dependencies/checkouts/swift-nio/Sources/CNIOZlib/empty.c -o /Users/admin/builder/spi-builder-workspace/.derivedData/Build/Intermediates.noindex/swift-nio.build/Debug/CNIOZlib-t.build/Objects-normal/arm64/empty.o -index-unit-output-path /swift-nio.build/Debug/CNIOZlib-t.build/Objects-normal/arm64/empty.o
Failed frontend command:
/Applications/Xcode-27.0.0-Release.Candidate.app/Contents/Developer/Toolchains/XcodeDefault.xctoolchain/usr/bin/clang -cc1 -Wundef-prefix\=TARGET_OS_ -fdiagnostics-show-note-include-stack -fmacro-backtrace-limit\=0 -w -ferror-limit 19 -serialize-diagnostic-file /Users/admin/builder/spi-builder-workspace/.derivedData/Build/Intermediates.noindex/swift-nio.build/Debug/CNIOZlib-t.build/Objects-normal/arm64/empty.dia -Wdeprecated-objc-isa-usage -Werror\=deprecated-objc-isa-usage -Werror\=implicit-function-declaration -Wnon-modular-include-in-framework-module -Werror\=non-modular-include-in-framework-module -Wno-trigraphs -Wno-missing-field-initializers -Wno-missing-prototypes -Wno-return-type -Wno-missing-braces -Wparentheses -Wswitch -Wno-unused-function -Wno-unused-label -Wno-unused-parameter -Wno-unused-variable -Wunused-value -Wno-empty-body -Wno-uninitialized -Wno-unknown-pragmas -Wno-shadow -Wno-four-char-constants -Wno-conversion -Wno-constant-conversion -Wno-int-conversion -Wno-bool-conversion -Wno-enum-conversion -Wno-float-conversion -Wno-non-literal-null-conversion -Wno-objc-literal-conversion -Wshorten-64-to-32 -Wpointer-sign -Wno-newline-eof -Wno-implicit-fallthrough -Wdeprecated-declarations -Wno-sign-conversion -Wno-infinite-recursion -Wno-comma -Wno-block-capture-autoreleasing -Wno-strict-prototypes -Wno-semicolon-before-method-body -Wno-elaborated-enum-base -Wno-error\=allocator-wrappers -index-store-path /Users/admin/builder/spi-builder-workspace/.derivedData/Index.noindex/DataStore -index-unit-output-path /swift-nio.build/Debug/CNIOZlib-t.build/Objects-normal/arm64/empty.o -fmodule-map-file\=/Users/admin/builder/spi-builder-workspace/.dependencies/checkouts/swift-nio-zlib-support/module.modulemap -o /Users/admin/builder/spi-builder-workspace/.derivedData/Build/Intermediates.noindex/swift-nio.build/Debug/CNIOZlib-t.build/Objects-normal/arm64/empty.o -disable-free -emit-obj -x c /Users/admin/builder/spi-builder-workspace/.dependencies/checkouts/swift-nio/Sources/CNIOZlib/empty.c -target-abi darwinpcs -target-cpu apple-m1 -target-feature +v8.5a -target-feature +aes -target-feature +altnzcv -target-feature +ccdp -target-feature +ccpp -target-feature +complxnum -target-feature +crc -target-feature +dotprod -target-feature +flagm -target-feature +fp-armv8 -target-feature +fp16fml -target-feature +fptoint -target-feature +fullfp16 -target-feature +jsconv -target-feature +lse -target-feature +neon -target-feature +pauth -target-feature +perfmon -target-feature +predres -target-feature +ras -target-feature +rcpc -target-feature +rdm -target-feature +sb -target-feature +sha2 -target-feature +sha3 -target-feature +specrestrict -target-feature +ssbs -triple arm64-apple-macosx12.0.0 -target-linker-version 1166.2 -target-sdk-version\=27.0 -fmodules-validate-system-headers -fno-modulemap-allow-subdirectory-search -isysroot /Applications/Xcode-27.0.0-Release.Candidate.app/Contents/Developer/Platforms/MacOSX.platform/Developer/SDKs/MacOSX27.0.sdk -resource-dir /Applications/Xcode-27.0.0-Release.Candidate.app/Contents/Developer/Toolchains/XcodeDefault.xctoolchain/usr/lib/clang/21 -fmodule-format\=obj -I /Users/admin/builder/spi-builder-workspace/.derivedData/Build/Products/Debug/include -I /Users/admin/builder/spi-builder-workspace/.dependencies/checkouts/swift-nio/Sources/CNIOZlib/include -I /Users/admin/builder/spi-builder-workspace/.derivedData/Build/Intermediates.noindex/swift-nio.build/Debug/CNIOZlib-t.build/DerivedSources-normal/arm64 -I /Users/admin/builder/spi-builder-workspace/.derivedData/Build/Intermediates.noindex/swift-nio.build/Debug/CNIOZlib-t.build/DerivedSources/arm64 -I /Users/admin/builder/spi-builder-workspace/.derivedData/Build/Intermediates.noindex/swift-nio.build/Debug/CNIOZlib-t.build/DerivedSources -F /Users/admin/builder/spi-builder-workspace/.derivedData/Build/Products/Debug -iframework /Applications/Xcode-27.0.0-Release.Candidate.app/Contents/Developer/Platforms/MacOSX.platform/Developer/Library/Frameworks -internal-isystem /Applications/Xcode-27.0.0-Release.Candidate.app/Contents/Developer/Platforms/MacOSX.platform/Developer/SDKs/MacOSX27.0.sdk/usr/local/include -internal-isystem /Applications/Xcode-27.0.0-Release.Candidate.app/Contents/Developer/Toolchains/XcodeDefault.xctoolchain/usr/lib/clang/21/include -internal-externc-isystem /Applications/Xcode-27.0.0-Release.Candidate.app/Contents/Developer/Platforms/MacOSX.platform/Developer/SDKs/MacOSX27.0.sdk/usr/include -internal-externc-isystem /Applications/Xcode-27.0.0-Release.Candidate.app/Contents/Developer/Toolchains/XcodeDefault.xctoolchain/usr/include -internal-iframework /Applications/Xcode-27.0.0-Release.Candidate.app/Contents/Developer/Platforms/MacOSX.platform/Developer/SDKs/MacOSX27.0.sdk/System/Library/Frameworks -internal-iframework /Applications/Xcode-27.0.0-Release.Candidate.app/Contents/Developer/Platforms/MacOSX.platform/Developer/SDKs/MacOSX27.0.sdk/System/Library/SubFrameworks -internal-iframework /Applications/Xcode-27.0.0-Release.Candidate.app/Contents/Developer/Platforms/MacOSX.platform/Developer/SDKs/MacOSX27.0.sdk/Library/Frameworks -ivfsstatcache /Users/admin/builder/spi-builder-workspace/.derivedData/SDKStatCaches.noindex/macosx27.0-26A425-e829b21a6f8c9b70876ba0858053c0446a22442a12e9d48fe1a705f55a1adfc4.sdkstatcache -std\=gnu17 -fskip-odr-check-in-gmf -fmodules -fmodule-name\=CNIOZlib -fno-implicit-modules -fmax-type-align\=16 -fpascal-strings -fstack-check -fvisibility-inlines-hidden-static-local-var -mdarwin-stkchk-strong-link -fno-odr-hash-protocols -pic-level 2 -fencode-extended-block-signature -stack-protector 1 -fgnuc-version\=4.2.1 -fblocks -fno-convergent-functions -ffp-contract\=on -fclang-abi-compat\=4.0 -fno-experimental-relative-c++-abi-vtables -fno-file-reproducible -clang-vendor-feature\=+disableNonDependentMemberExprInCurrentInstantiation -clang-vendor-feature\=+enableAggressiveVLAFolding -clang-vendor-feature\=+revert09abecef7bbf -clang-vendor-feature\=+thisNoAlignAttr -clang-vendor-feature\=+thisNoNullAttr -clang-vendor-feature\=+disableAtImportPrivateFrameworkInImplementationError -O0 -fno-assume-unique-vtables -fdebug-compilation-dir\=/Users/admin/builder/spi-builder-workspace/.swiftpm/xcode -fcoverage-compilation-dir\=/Users/admin/builder/spi-builder-workspace/.swiftpm/xcode -fcoverage-mapping -fcommon -fdwarf2-cfi-asm -fobjc-msgsend-selector-stubs -fregister-global-dtors-with-atexit -fno-strict-return -dwarf-version\=4 -debugger-tuning\=lldb -disable-llvm-verifier -dwarf-ext-refs -funwind-tables\=1 -fprofile-instrument\=clang -enable-tlsdesc -clear-ast-before-backend -discard-value-names -main-file-name empty.c -mframe-pointer\=non-leaf -debug-info-kind\=standalone -fno-loop-interchange -fdiagnostics-hotness-threshold\=0 -fdiagnostics-misexpect-tolerance\=0 -D DEBUG\=1 -D SWIFT_PACKAGE -D Xcode -fdefine-target-os-macros -MT dependencies -dependency-file /Users/admin/builder/spi-builder-workspace/.derivedData/Build/Intermediates.noindex/swift-nio.build/Debug/CNIOZlib-t.build/Objects-normal/arm64/empty.d -skip-unused-modulemap-deps -module-file-deps\=direct -fdepfile-entry\=/Applications/Xcode-27.0.0-Release.Candidate.app/Contents/Developer/Platforms/MacOSX.platform/Developer/SDKs/MacOSX27.0.sdk/SDKSettings.json
CompileC /Users/admin/builder/spi-builder-workspace/.derivedData/Build/Intermediates.noindex/swift-nio.build/Debug/CNIOLinux-t.build/Objects-normal/arm64/shim.o /Users/admin/builder/spi-builder-workspace/.dependencies/checkouts/swift-nio/Sources/CNIOLinux/shim.c normal arm64 c com.apple.compilers.llvm.clang.1_0.compiler (in target 'CNIOLinux' from project 'swift-nio')
cd /Users/admin/builder/spi-builder-workspace/.swiftpm/xcode
Using response file: /Users/admin/builder/spi-builder-workspace/.derivedData/Build/Intermediates.noindex/swift-nio.build/Debug/CNIOLinux-t.build/Objects-normal/arm64/7187679823f38a2a940e0043cdf9d637-common-args.resp
/Applications/Xcode-27.0.0-Release.Candidate.app/Contents/Developer/Toolchains/XcodeDefault.xctoolchain/usr/bin/clang -x c -ivfsstatcache /Users/admin/builder/spi-builder-workspace/.derivedData/SDKStatCaches.noindex/macosx27.0-26A425-e829b21a6f8c9b70876ba0858053c0446a22442a12e9d48fe1a705f55a1adfc4.sdkstatcache -target arm64-apple-macos12.0 -fmessage-length\=0 -fdiagnostics-show-note-include-stack -fmacro-backtrace-limit\=0 -fno-color-diagnostics -fmodules-prune-interval\=86400 -fmodules-prune-after\=345600 -fbuild-session-file\=/Users/admin/builder/spi-builder-workspace/.derivedData/ModuleCache.noindex/Session.modulevalidation -fmodules-validate-once-per-build-session -Wnon-modular-include-in-framework-module -Werror\=non-modular-include-in-framework-module -Wno-trigraphs -Wno-missing-field-initializers -Wno-missing-prototypes -Wno-return-type -Wno-missing-braces -Wparentheses -Wswitch -Wno-unused-function -Wno-unused-label -Wno-unused-parameter -Wno-unused-variable -Wunused-value -Wno-empty-body -Wno-uninitialized -Wno-unknown-pragmas -w -Wno-shadow -Wno-four-char-constants -Wno-conversion -Wno-constant-conversion -Wno-int-conversion -Wno-bool-conversion -Wno-enum-conversion -Wno-float-conversion -Wno-non-literal-null-conversion -Wno-objc-literal-conversion -Wshorten-64-to-32 -Wpointer-sign -Wno-newline-eof -Wno-implicit-fallthrough -isysroot /Applications/Xcode-27.0.0-Release.Candidate.app/Contents/Developer/Platforms/MacOSX.platform/Developer/SDKs/MacOSX27.0.sdk -fstrict-aliasing -Wdeprecated-declarations -Wno-sign-conversion -Wno-infinite-recursion -Wno-comma -Wno-block-capture-autoreleasing -Wno-strict-prototypes -Wno-semicolon-before-method-body -index-store-path /Users/admin/builder/spi-builder-workspace/.derivedData/Index.noindex/DataStore @/Users/admin/builder/spi-builder-workspace/.derivedData/Build/Intermediates.noindex/swift-nio.build/Debug/CNIOLinux-t.build/Objects-normal/arm64/7187679823f38a2a940e0043cdf9d637-common-args.resp -MMD -MT dependencies -MF /Users/admin/builder/spi-builder-workspace/.derivedData/Build/Intermediates.noindex/swift-nio.build/Debug/CNIOLinux-t.build/Objects-normal/arm64/shim.d --serialize-diagnostics /Users/admin/builder/spi-builder-workspace/.derivedData/Build/Intermediates.noindex/swift-nio.build/Debug/CNIOLinux-t.build/Objects-normal/arm64/shim.dia -c /Users/admin/builder/spi-builder-workspace/.dependencies/checkouts/swift-nio/Sources/CNIOLinux/shim.c -o /Users/admin/builder/spi-builder-workspace/.derivedData/Build/Intermediates.noindex/swift-nio.build/Debug/CNIOLinux-t.build/Objects-normal/arm64/shim.o -index-unit-output-path /swift-nio.build/Debug/CNIOLinux-t.build/Objects-normal/arm64/shim.o
Failed frontend command:
/Applications/Xcode-27.0.0-Release.Candidate.app/Contents/Developer/Toolchains/XcodeDefault.xctoolchain/usr/bin/clang -cc1 -Wundef-prefix\=TARGET_OS_ -fdiagnostics-show-note-include-stack -fmacro-backtrace-limit\=0 -w -ferror-limit 19 -serialize-diagnostic-file /Users/admin/builder/spi-builder-workspace/.derivedData/Build/Intermediates.noindex/swift-nio.build/Debug/CNIOLinux-t.build/Objects-normal/arm64/shim.dia -Wdeprecated-objc-isa-usage -Werror\=deprecated-objc-isa-usage -Werror\=implicit-function-declaration -Wnon-modular-include-in-framework-module -Werror\=non-modular-include-in-framework-module -Wno-trigraphs -Wno-missing-field-initializers -Wno-missing-prototypes -Wno-return-type -Wno-missing-braces -Wparentheses -Wswitch -Wno-unused-function -Wno-unused-label -Wno-unused-parameter -Wno-unused-variable -Wunused-value -Wno-empty-body -Wno-uninitialized -Wno-unknown-pragmas -Wno-shadow -Wno-four-char-constants -Wno-conversion -Wno-constant-conversion -Wno-int-conversion -Wno-bool-conversion -Wno-enum-conversion -Wno-float-conversion -Wno-non-literal-null-conversion -Wno-objc-literal-conversion -Wshorten-64-to-32 -Wpointer-sign -Wno-newline-eof -Wno-implicit-fallthrough -Wdeprecated-declarations -Wno-sign-conversion -Wno-infinite-recursion -Wno-comma -Wno-block-capture-autoreleasing -Wno-strict-prototypes -Wno-semicolon-before-method-body -Wno-elaborated-enum-base -Wno-error\=allocator-wrappers -index-store-path /Users/admin/builder/spi-builder-workspace/.derivedData/Index.noindex/DataStore -index-unit-output-path /swift-nio.build/Debug/CNIOLinux-t.build/Objects-normal/arm64/shim.o -fmodule-map-file\=/Users/admin/builder/spi-builder-workspace/.dependencies/checkouts/swift-nio-zlib-support/module.modulemap -o /Users/admin/builder/spi-builder-workspace/.derivedData/Build/Intermediates.noindex/swift-nio.build/Debug/CNIOLinux-t.build/Objects-normal/arm64/shim.o -disable-free -emit-obj -x c /Users/admin/builder/spi-builder-workspace/.dependencies/checkouts/swift-nio/Sources/CNIOLinux/shim.c -target-abi darwinpcs -target-cpu apple-m1 -target-feature +v8.5a -target-feature +aes -target-feature +altnzcv -target-feature +ccdp -target-feature +ccpp -target-feature +complxnum -target-feature +crc -target-feature +dotprod -target-feature +flagm -target-feature +fp-armv8 -target-feature +fp16fml -target-feature +fptoint -target-feature +fullfp16 -target-feature +jsconv -target-feature +lse -target-feature +neon -target-feature +pauth -target-feature +perfmon -target-feature +predres -target-feature +ras -target-feature +rcpc -target-feature +rdm -target-feature +sb -target-feature +sha2 -target-feature +sha3 -target-feature +specrestrict -target-feature +ssbs -triple arm64-apple-macosx12.0.0 -target-linker-version 1166.2 -target-sdk-version\=27.0 -fmodules-validate-system-headers -fno-modulemap-allow-subdirectory-search -isysroot /Applications/Xcode-27.0.0-Release.Candidate.app/Contents/Developer/Platforms/MacOSX.platform/Developer/SDKs/MacOSX27.0.sdk -resource-dir /Applications/Xcode-27.0.0-Release.Candidate.app/Contents/Developer/Toolchains/XcodeDefault.xctoolchain/usr/lib/clang/21 -fmodule-format\=obj -I /Users/admin/builder/spi-builder-workspace/.derivedData/Build/Products/Debug/include -I /Users/admin/builder/spi-builder-workspace/.dependencies/checkouts/swift-nio/Sources/CNIOLinux/include -I /Users/admin/builder/spi-builder-workspace/.derivedData/Build/Intermediates.noindex/swift-nio.build/Debug/CNIOLinux-t.build/DerivedSources-normal/arm64 -I /Users/admin/builder/spi-builder-workspace/.derivedData/Build/Intermediates.noindex/swift-nio.build/Debug/CNIOLinux-t.build/DerivedSources/arm64 -I /Users/admin/builder/spi-builder-workspace/.derivedData/Build/Intermediates.noindex/swift-nio.build/Debug/CNIOLinux-t.build/DerivedSources -F /Users/admin/builder/spi-builder-workspace/.derivedData/Build/Products/Debug -iframework /Applications/Xcode-27.0.0-Release.Candidate.app/Contents/Developer/Platforms/MacOSX.platform/Developer/Library/Frameworks -internal-isystem /Applications/Xcode-27.0.0-Release.Candidate.app/Contents/Developer/Platforms/MacOSX.platform/Developer/SDKs/MacOSX27.0.sdk/usr/local/include -internal-isystem /Applications/Xcode-27.0.0-Release.Candidate.app/Contents/Developer/Toolchains/XcodeDefault.xctoolchain/usr/lib/clang/21/include -internal-externc-isystem /Applications/Xcode-27.0.0-Release.Candidate.app/Contents/Developer/Platforms/MacOSX.platform/Developer/SDKs/MacOSX27.0.sdk/usr/include -internal-externc-isystem /Applications/Xcode-27.0.0-Release.Candidate.app/Contents/Developer/Toolchains/XcodeDefault.xctoolchain/usr/include -internal-iframework /Applications/Xcode-27.0.0-Release.Candidate.app/Contents/Developer/Platforms/MacOSX.platform/Developer/SDKs/MacOSX27.0.sdk/System/Library/Frameworks -internal-iframework /Applications/Xcode-27.0.0-Release.Candidate.app/Contents/Developer/Platforms/MacOSX.platform/Developer/SDKs/MacOSX27.0.sdk/System/Library/SubFrameworks -internal-iframework /Applications/Xcode-27.0.0-Release.Candidate.app/Contents/Developer/Platforms/MacOSX.platform/Developer/SDKs/MacOSX27.0.sdk/Library/Frameworks -ivfsstatcache /Users/admin/builder/spi-builder-workspace/.derivedData/SDKStatCaches.noindex/macosx27.0-26A425-e829b21a6f8c9b70876ba0858053c0446a22442a12e9d48fe1a705f55a1adfc4.sdkstatcache -std\=gnu17 -fskip-odr-check-in-gmf -fmodules -fmodule-name\=CNIOLinux -fno-implicit-modules -fmax-type-align\=16 -fpascal-strings -fstack-check -fvisibility-inlines-hidden-static-local-var -mdarwin-stkchk-strong-link -fno-odr-hash-protocols -pic-level 2 -fencode-extended-block-signature -stack-protector 1 -fgnuc-version\=4.2.1 -fblocks -fno-convergent-functions -ffp-contract\=on -fclang-abi-compat\=4.0 -fno-experimental-relative-c++-abi-vtables -fno-file-reproducible -clang-vendor-feature\=+disableNonDependentMemberExprInCurrentInstantiation -clang-vendor-feature\=+enableAggressiveVLAFolding -clang-vendor-feature\=+revert09abecef7bbf -clang-vendor-feature\=+thisNoAlignAttr -clang-vendor-feature\=+thisNoNullAttr -clang-vendor-feature\=+disableAtImportPrivateFrameworkInImplementationError -O0 -fno-assume-unique-vtables -fdebug-compilation-dir\=/Users/admin/builder/spi-builder-workspace/.swiftpm/xcode -fcoverage-compilation-dir\=/Users/admin/builder/spi-builder-workspace/.swiftpm/xcode -fcoverage-mapping -fcommon -fdwarf2-cfi-asm -fobjc-msgsend-selector-stubs -fregister-global-dtors-with-atexit -fno-strict-return -dwarf-version\=4 -debugger-tuning\=lldb -disable-llvm-verifier -dwarf-ext-refs -funwind-tables\=1 -fprofile-instrument\=clang -enable-tlsdesc -clear-ast-before-backend -discard-value-names -main-file-name shim.c -mframe-pointer\=non-leaf -debug-info-kind\=standalone -fno-loop-interchange -fdiagnostics-hotness-threshold\=0 -fdiagnostics-misexpect-tolerance\=0 -D DEBUG\=1 -D SWIFT_PACKAGE -D Xcode -fdefine-target-os-macros -MT dependencies -dependency-file /Users/admin/builder/spi-builder-workspace/.derivedData/Build/Intermediates.noindex/swift-nio.build/Debug/CNIOLinux-t.build/Objects-normal/arm64/shim.d -skip-unused-modulemap-deps -module-file-deps\=direct -fdepfile-entry\=/Applications/Xcode-27.0.0-Release.Candidate.app/Contents/Developer/Platforms/MacOSX.platform/Developer/SDKs/MacOSX27.0.sdk/SDKSettings.json
PruneExplicitPrecompiledModules /Users/admin/builder/spi-builder-workspace/.derivedData/SDKExplicitPrecompiledModules
PruneExplicitPrecompiledModules /Users/admin/builder/spi-builder-workspace/.derivedData/Build/Intermediates.noindex/ExplicitPrecompiledModules
PruneExplicitPrecompiledModules /Users/admin/builder/spi-builder-workspace/.derivedData/Build/Intermediates.noindex/SwiftExplicitPrecompiledModules
2026-09-18 16:29:47.453 xcodebuild[1188:6988] [MT] IDERunDestination: Supported platforms for the buildables in the current scheme is empty.
--- xcodebuild: WARNING: Using the first of multiple matching destinations:
{ platform:macOS, arch:arm64, id:f28759a26cb5b26d06615ba6a63c4187cb37bb88, name:My Mac }
{ platform:macOS, arch:arm64, variant:Mac Catalyst, id:f28759a26cb5b26d06615ba6a63c4187cb37bb88, name:My Mac }
{ platform:macOS, arch:arm64, variant:DriverKit, id:f28759a26cb5b26d06615ba6a63c4187cb37bb88, name:My Mac }
{ platform:macOS, arch:arm64, variant:Designed for [iPad,iPhone], id:f28759a26cb5b26d06615ba6a63c4187cb37bb88, name:My Mac }
** BUILD FAILED **
The following build commands failed:
ScanDependencies /Users/admin/builder/spi-builder-workspace/.derivedData/Build/Intermediates.noindex/swift-nio-ssl.build/Debug/CNIOOpenSSL-t.build/Objects-normal/arm64/helpers.o /Users/admin/builder/spi-builder-workspace/.dependencies/checkouts/swift-nio-ssl/Sources/CNIOOpenSSL/helpers.c normal arm64 c com.apple.compilers.llvm.clang.1_0.compiler (in target 'CNIOOpenSSL' from project 'swift-nio-ssl')
ScanDependencies /Users/admin/builder/spi-builder-workspace/.derivedData/Build/Intermediates.noindex/swift-nio-ssl.build/Debug/CNIOOpenSSL-t.build/Objects-normal/arm64/shims.o /Users/admin/builder/spi-builder-workspace/.dependencies/checkouts/swift-nio-ssl/Sources/CNIOOpenSSL/shims.c normal arm64 c com.apple.compilers.llvm.clang.1_0.compiler (in target 'CNIOOpenSSL' from project 'swift-nio-ssl')
ScanDependencies /Users/admin/builder/spi-builder-workspace/.derivedData/Build/Intermediates.noindex/Crypto.build/Debug/CCryptoOpenSSL-t.build/Objects-normal/arm64/shim.o /Users/admin/builder/spi-builder-workspace/.dependencies/checkouts/crypto/Sources/CCryptoOpenSSL/shim.c normal arm64 c com.apple.compilers.llvm.clang.1_0.compiler (in target 'CCryptoOpenSSL' from project 'Crypto')
Building workspace SlackKit with scheme SlackKit-Package
(4 failures)
BUILD FAILURE 6.4 macosXcodebuild