Build Information
Failed to build intune-ios-sdk, reference main (baadbc), with Swift 6.4 for watchOS using Xcode 27.0 on 22 Sep 2026 13:06:04 UTC.
Build Command
env DEVELOPER_DIR=/Applications/Xcode-27.0.0-Release.Candidate.app xcrun xcodebuild -IDEClonedSourcePackagesDirPathOverride=$PWD/.dependencies -skipMacroValidation -skipPackagePluginValidation -derivedDataPath $PWD/.derivedData build -scheme intune-ios-sdk-Package -destination generic/platform=watchOSBuild Log
========================================
RunAll
========================================
Builder version: 5.1.0
Interrupt handler set up.
========================================
Checkout
========================================
Clone URL: https://github.com/MFB-Technologies-Inc/intune-ios-sdk.git
Reference: main
Initialized empty Git repository in /Users/admin/builder/spi-builder-workspace/.git/
From https://github.com/MFB-Technologies-Inc/intune-ios-sdk
* branch main -> FETCH_HEAD
* [new branch] main -> origin/main
HEAD is now at baadbcb Merge pull request #26 from MFB-Technologies-Inc/feature/archive
Cloned https://github.com/MFB-Technologies-Inc/intune-ios-sdk.git
Revision (git rev-parse @):
baadbcb38721b9e1890cb55c6ffedfe124902dca
SUCCESS checkout https://github.com/MFB-Technologies-Inc/intune-ios-sdk.git at main
========================================
Build
========================================
Selected platform: watchOS
Swift version: 6.4
Building package at path: $PWD
https://github.com/MFB-Technologies-Inc/intune-ios-sdk.git
Command line invocation:
/Applications/Xcode-27.0.0-Release.Candidate.app/Contents/Developer/usr/bin/xcodebuild -IDEClonedSourcePackagesDirPathOverride=/Users/admin/builder/spi-builder-workspace/.dependencies -resolvePackageDependencies
Resolve Package Graph
Resolve Package Graph
Resolved source packages:
intune-ios-sdk: /Users/admin/builder/spi-builder-workspace
resolved source packages: intune-ios-sdk
2026-09-22 09:05:27.030 xcodebuild[529:3018] [MT] IDERunDestination: Supported platforms for the buildables in the current scheme is empty.
{
"dependencies" : [
],
"manifest_display_name" : "intune-ios-sdk",
"name" : "intune-ios-sdk",
"path" : "/Users/admin/builder/spi-builder-workspace",
"platforms" : [
{
"name" : "ios",
"version" : "16.0"
}
],
"products" : [
{
"name" : "IntuneMAMSwift",
"targets" : [
"IntuneMAMSwift"
],
"type" : {
"library" : [
"automatic"
]
}
},
{
"name" : "IntuneMAMSwiftStub",
"targets" : [
"IntuneMAMSwiftStub"
],
"type" : {
"library" : [
"automatic"
]
}
},
{
"name" : "IntuneMAMTelemetry",
"targets" : [
"IntuneMAMTelemetry"
],
"type" : {
"library" : [
"automatic"
]
}
}
],
"targets" : [
{
"c99name" : "IntuneMAMTelemetry",
"module_type" : "BinaryTarget",
"name" : "IntuneMAMTelemetry",
"path" : "remote/archive/IntuneMAMTelemetry.xcframework.zip",
"product_memberships" : [
"IntuneMAMTelemetry"
],
"sources" : [
],
"type" : "binary"
},
{
"c99name" : "IntuneMAMSwiftStub",
"module_type" : "BinaryTarget",
"name" : "IntuneMAMSwiftStub",
"path" : "remote/archive/IntuneMAMSwiftStub.xcframework.zip",
"product_memberships" : [
"IntuneMAMSwiftStub"
],
"sources" : [
],
"type" : "binary"
},
{
"c99name" : "IntuneMAMSwift",
"module_type" : "BinaryTarget",
"name" : "IntuneMAMSwift",
"path" : "remote/archive/IntuneMAMSwift.xcframework.zip",
"product_memberships" : [
"IntuneMAMSwift"
],
"sources" : [
],
"type" : "binary"
}
],
"tools_version" : "6.0"
}
{
"workspace" : {
"name" : "intune-ios-sdk",
"schemes" : [
"intune-ios-sdk-Package",
"IntuneMAMSwift",
"IntuneMAMSwiftStub",
"IntuneMAMTelemetry"
]
}
}
2026-09-22 09:05:58.638 xcodebuild[662:3871] [MT] IDERunDestination: Supported platforms for the buildables in the current scheme is empty.
Running build ...
env DEVELOPER_DIR=/Applications/Xcode-27.0.0-Release.Candidate.app xcrun xcodebuild -IDEClonedSourcePackagesDirPathOverride=$PWD/.dependencies -skipMacroValidation -skipPackagePluginValidation -derivedDataPath $PWD/.derivedData build -scheme intune-ios-sdk-Package -destination generic/platform=watchOS
Command line invocation:
/Applications/Xcode-27.0.0-Release.Candidate.app/Contents/Developer/usr/bin/xcodebuild -IDEClonedSourcePackagesDirPathOverride=/Users/admin/builder/spi-builder-workspace/.dependencies -skipMacroValidation -skipPackagePluginValidation -derivedDataPath /Users/admin/builder/spi-builder-workspace/.derivedData build -scheme intune-ios-sdk-Package -destination generic/platform=watchOS
Resolve Package Graph
Resolved source packages:
intune-ios-sdk: /Users/admin/builder/spi-builder-workspace
ComputePackagePrebuildTargetDependencyGraph
Prepare packages
CreateBuildRequest
SendProjectDescription
CreateBuildOperation
ComputeTargetDependencyGraph
note: Building targets in dependency order
note: Target dependency graph (3 targets)
Target 'IntuneMAMTelemetry-product' in project 'intune-ios-sdk' (no dependencies)
Target 'IntuneMAMSwiftStub-product' in project 'intune-ios-sdk' (no dependencies)
Target 'IntuneMAMSwift-product' in project 'intune-ios-sdk' (no dependencies)
GatherProvisioningInputs
CreateBuildDescription
ExecuteExternalTool /Applications/Xcode-27.0.0-Release.Candidate.app/Contents/Developer/Toolchains/XcodeDefault.xctoolchain/usr/bin/clang -v -E -dM -isysroot /Applications/Xcode-27.0.0-Release.Candidate.app/Contents/Developer/Platforms/WatchOS.platform/Developer/SDKs/WatchOS27.0.sdk -x c -c /dev/null
Build description signature: d1d2908a28043b95f671ea00e2fc5968
Build description path: /Users/admin/builder/spi-builder-workspace/.derivedData/Build/Intermediates.noindex/XCBuildData/d1d2908a28043b95f671ea00e2fc5968.xcbuilddata
/Users/admin/builder/spi-builder-workspace/.dependencies/artifacts/spi-builder-workspace/IntuneMAMTelemetry/IntuneMAMTelemetry.xcframework:1:1: error: While building for watchOS, no library for this platform was found in '/Users/admin/builder/spi-builder-workspace/.dependencies/artifacts/spi-builder-workspace/IntuneMAMTelemetry/IntuneMAMTelemetry.xcframework'. (in target 'IntuneMAMTelemetry-product' from project 'intune-ios-sdk')
/Users/admin/builder/spi-builder-workspace/.dependencies/artifacts/spi-builder-workspace/IntuneMAMSwiftStub/IntuneMAMSwiftStub.xcframework:1:1: error: While building for watchOS, no library for this platform was found in '/Users/admin/builder/spi-builder-workspace/.dependencies/artifacts/spi-builder-workspace/IntuneMAMSwiftStub/IntuneMAMSwiftStub.xcframework'. (in target 'IntuneMAMSwiftStub-product' from project 'intune-ios-sdk')
/Users/admin/builder/spi-builder-workspace/.dependencies/artifacts/spi-builder-workspace/IntuneMAMSwift/IntuneMAMSwift.xcframework:1:1: error: While building for watchOS, no library for this platform was found in '/Users/admin/builder/spi-builder-workspace/.dependencies/artifacts/spi-builder-workspace/IntuneMAMSwift/IntuneMAMSwift.xcframework'. (in target 'IntuneMAMSwift-product' from project 'intune-ios-sdk')
2026-09-22 09:06:00.201 xcodebuild[663:3918] [MT] IDERunDestination: Supported platforms for the buildables in the current scheme is empty.
** BUILD FAILED **
The following build commands failed:
Building workspace intune-ios-sdk with scheme intune-ios-sdk-Package
(1 failure)
Command line invocation:
/Applications/Xcode-27.0.0-Release.Candidate.app/Contents/Developer/usr/bin/xcodebuild -IDEClonedSourcePackagesDirPathOverride=/Users/admin/builder/spi-builder-workspace/.dependencies -resolvePackageDependencies
Resolve Package Graph
Resolved source packages:
intune-ios-sdk: /Users/admin/builder/spi-builder-workspace
resolved source packages: intune-ios-sdk
2026-09-22 09:06:02.101 xcodebuild[697:4192] [MT] IDERunDestination: Supported platforms for the buildables in the current scheme is empty.
{
"dependencies" : [
],
"manifest_display_name" : "intune-ios-sdk",
"name" : "intune-ios-sdk",
"path" : "/Users/admin/builder/spi-builder-workspace",
"platforms" : [
{
"name" : "ios",
"version" : "16.0"
}
],
"products" : [
{
"name" : "IntuneMAMSwift",
"targets" : [
"IntuneMAMSwift"
],
"type" : {
"library" : [
"automatic"
]
}
},
{
"name" : "IntuneMAMSwiftStub",
"targets" : [
"IntuneMAMSwiftStub"
],
"type" : {
"library" : [
"automatic"
]
}
},
{
"name" : "IntuneMAMTelemetry",
"targets" : [
"IntuneMAMTelemetry"
],
"type" : {
"library" : [
"automatic"
]
}
}
],
"targets" : [
{
"c99name" : "IntuneMAMTelemetry",
"module_type" : "BinaryTarget",
"name" : "IntuneMAMTelemetry",
"path" : "remote/archive/IntuneMAMTelemetry.xcframework.zip",
"product_memberships" : [
"IntuneMAMTelemetry"
],
"sources" : [
],
"type" : "binary"
},
{
"c99name" : "IntuneMAMSwiftStub",
"module_type" : "BinaryTarget",
"name" : "IntuneMAMSwiftStub",
"path" : "remote/archive/IntuneMAMSwiftStub.xcframework.zip",
"product_memberships" : [
"IntuneMAMSwiftStub"
],
"sources" : [
],
"type" : "binary"
},
{
"c99name" : "IntuneMAMSwift",
"module_type" : "BinaryTarget",
"name" : "IntuneMAMSwift",
"path" : "remote/archive/IntuneMAMSwift.xcframework.zip",
"product_memberships" : [
"IntuneMAMSwift"
],
"sources" : [
],
"type" : "binary"
}
],
"tools_version" : "6.0"
}
{
"workspace" : {
"name" : "intune-ios-sdk",
"schemes" : [
"intune-ios-sdk-Package",
"IntuneMAMSwift",
"IntuneMAMSwiftStub",
"IntuneMAMTelemetry"
]
}
}
2026-09-22 09:06:03.295 xcodebuild[705:4251] [MT] IDERunDestination: Supported platforms for the buildables in the current scheme is empty.
Running build ...
env DEVELOPER_DIR=/Applications/Xcode-27.0.0-Release.Candidate.app xcrun xcodebuild -IDEClonedSourcePackagesDirPathOverride=$PWD/.dependencies -skipMacroValidation -skipPackagePluginValidation -derivedDataPath $PWD/.derivedData build -scheme intune-ios-sdk-Package -destination generic/platform=watchOS
Command line invocation:
/Applications/Xcode-27.0.0-Release.Candidate.app/Contents/Developer/usr/bin/xcodebuild -IDEClonedSourcePackagesDirPathOverride=/Users/admin/builder/spi-builder-workspace/.dependencies -skipMacroValidation -skipPackagePluginValidation -derivedDataPath /Users/admin/builder/spi-builder-workspace/.derivedData build -scheme intune-ios-sdk-Package -destination generic/platform=watchOS
Resolve Package Graph
Resolved source packages:
intune-ios-sdk: /Users/admin/builder/spi-builder-workspace
ComputePackagePrebuildTargetDependencyGraph
Prepare packages
CreateBuildRequest
SendProjectDescription
CreateBuildOperation
ComputeTargetDependencyGraph
note: Building targets in dependency order
note: Target dependency graph (3 targets)
Target 'IntuneMAMTelemetry-product' in project 'intune-ios-sdk' (no dependencies)
Target 'IntuneMAMSwiftStub-product' in project 'intune-ios-sdk' (no dependencies)
Target 'IntuneMAMSwift-product' in project 'intune-ios-sdk' (no dependencies)
GatherProvisioningInputs
CreateBuildDescription
/Users/admin/builder/spi-builder-workspace/.dependencies/artifacts/spi-builder-workspace/IntuneMAMTelemetry/IntuneMAMTelemetry.xcframework:1:1: error: While building for watchOS, no library for this platform was found in '/Users/admin/builder/spi-builder-workspace/.dependencies/artifacts/spi-builder-workspace/IntuneMAMTelemetry/IntuneMAMTelemetry.xcframework'. (in target 'IntuneMAMTelemetry-product' from project 'intune-ios-sdk')
/Users/admin/builder/spi-builder-workspace/.dependencies/artifacts/spi-builder-workspace/IntuneMAMSwift/IntuneMAMSwift.xcframework:1:1: error: While building for watchOS, no library for this platform was found in '/Users/admin/builder/spi-builder-workspace/.dependencies/artifacts/spi-builder-workspace/IntuneMAMSwift/IntuneMAMSwift.xcframework'. (in target 'IntuneMAMSwift-product' from project 'intune-ios-sdk')
/Users/admin/builder/spi-builder-workspace/.dependencies/artifacts/spi-builder-workspace/IntuneMAMSwiftStub/IntuneMAMSwiftStub.xcframework:1:1: error: While building for watchOS, no library for this platform was found in '/Users/admin/builder/spi-builder-workspace/.dependencies/artifacts/spi-builder-workspace/IntuneMAMSwiftStub/IntuneMAMSwiftStub.xcframework'. (in target 'IntuneMAMSwiftStub-product' from project 'intune-ios-sdk')
2026-09-22 09:06:04.269 xcodebuild[706:4274] [MT] IDERunDestination: Supported platforms for the buildables in the current scheme is empty.
** BUILD FAILED **
The following build commands failed:
Building workspace intune-ios-sdk with scheme intune-ios-sdk-Package
(1 failure)
BUILD FAILURE 6.4 watchOS