Build Information
Failed to build ZendeskSDKStorage, reference main (dfd683), with Swift 6.4 for macOS (Xcode) using Xcode 27.0 on 3 Oct 2026 16:30:13 UTC.
Build Command
env DEVELOPER_DIR=/Applications/Xcode-27.0.0-Release.Candidate.app xcrun xcodebuild -IDEClonedSourcePackagesDirPathOverride=$PWD/.dependencies -skipMacroValidation -skipPackagePluginValidation -derivedDataPath $PWD/.derivedData build -scheme ZendeskSDKStorage -destination platform=macOS,arch=arm64Build Log
========================================
RunAll
========================================
Builder version: 5.1.1
Interrupt handler set up.
========================================
Checkout
========================================
Clone URL: https://github.com/zendesk/sdk_storage_ios.git
Reference: main
Initialized empty Git repository in /Users/admin/builder/spi-builder-workspace/.git/
From https://github.com/zendesk/sdk_storage_ios
* branch main -> FETCH_HEAD
* [new branch] main -> origin/main
HEAD is now at dfd6836 [RELEASE] New version 1.7.0
Cloned https://github.com/zendesk/sdk_storage_ios.git
Revision (git rev-parse @):
dfd683643d11af5a459d0de7a65de6e91b0b9c77
SUCCESS checkout https://github.com/zendesk/sdk_storage_ios.git at main
========================================
Build
========================================
Selected platform: macosXcodebuild
Swift version: 6.4
Building package at path: $PWD
https://github.com/zendesk/sdk_storage_ios.git
Command line invocation:
/Applications/Xcode-27.0.0-Release.Candidate.app/Contents/Developer/usr/bin/xcodebuild -IDEClonedSourcePackagesDirPathOverride=/Users/admin/builder/spi-builder-workspace/.dependencies -resolvePackageDependencies
Resolve Package Graph
Fetching from https://github.com/zendesk/sdk_logger_ios
Creating working copy of package ‘sdk_logger_ios’
Checking out 0.12.0 of package ‘sdk_logger_ios’
Resolve Package Graph
Resolved source packages:
ZendeskSDKLogger: https://github.com/zendesk/sdk_logger_ios @ 0.12.0
ZendeskSDKStorage: /Users/admin/builder/spi-builder-workspace
resolved source packages: ZendeskSDKLogger, ZendeskSDKStorage
2026-10-03 12:29:25.029 xcodebuild[525:3008] [MT] IDERunDestination: Supported platforms for the buildables in the current scheme is empty.
{
"dependencies" : [
{
"identity" : "sdk_logger_ios",
"requirement" : {
"range" : [
{
"lower_bound" : "0.12.0",
"upper_bound" : "1.0.0"
}
]
},
"type" : "sourceControl",
"url" : "https://github.com/zendesk/sdk_logger_ios"
}
],
"manifest_display_name" : "ZendeskSDKStorage",
"name" : "ZendeskSDKStorage",
"path" : "/Users/admin/builder/spi-builder-workspace",
"platforms" : [
{
"name" : "ios",
"version" : "16.0"
}
],
"products" : [
{
"name" : "ZendeskSDKStorage",
"targets" : [
"ZendeskSDKStorageTargets"
],
"type" : {
"library" : [
"automatic"
]
}
}
],
"targets" : [
{
"c99name" : "ZendeskSDKStorageTargets",
"module_type" : "SwiftTarget",
"name" : "ZendeskSDKStorageTargets",
"path" : "Sources",
"product_dependencies" : [
"ZendeskSDKLogger"
],
"product_memberships" : [
"ZendeskSDKStorage"
],
"sources" : [
"Placeholder.swift"
],
"target_dependencies" : [
"ZendeskSDKStorage"
],
"type" : "library"
},
{
"c99name" : "ZendeskSDKStorage",
"module_type" : "BinaryTarget",
"name" : "ZendeskSDKStorage",
"path" : "ZendeskSDKStorage.xcframework",
"product_memberships" : [
"ZendeskSDKStorage"
],
"sources" : [
],
"type" : "binary"
}
],
"tools_version" : "5.7"
}
warning: 'spi-builder-workspace': /Users/admin/builder/spi-builder-workspace/Package.swift:17:10: warning: 'package(name:url:from:)' is deprecated: use package(url:from:) instead [#DeprecatedDeclaration]
15 | ],
16 | dependencies: [
17 | .package(
| `- warning: 'package(name:url:from:)' is deprecated: use package(url:from:) instead [#DeprecatedDeclaration]
18 | name: "ZendeskSDKLogger",
19 | url: "https://github.com/zendesk/sdk_logger_ios",
[#DeprecatedDeclaration]: <https://docs.swift.org/compiler/documentation/diagnostics/deprecated-declaration>
{
"workspace" : {
"name" : "ZendeskSDKStorage",
"schemes" : [
"ZendeskSDKStorage"
]
}
}
2026-10-03 12:30:06.447 xcodebuild[691:4314] [MT] IDERunDestination: Supported platforms for the buildables in the current scheme is empty.
Running build ...
env DEVELOPER_DIR=/Applications/Xcode-27.0.0-Release.Candidate.app xcrun xcodebuild -IDEClonedSourcePackagesDirPathOverride=$PWD/.dependencies -skipMacroValidation -skipPackagePluginValidation -derivedDataPath $PWD/.derivedData build -scheme ZendeskSDKStorage -destination platform=macOS,arch=arm64
Command line invocation:
/Applications/Xcode-27.0.0-Release.Candidate.app/Contents/Developer/usr/bin/xcodebuild -IDEClonedSourcePackagesDirPathOverride=/Users/admin/builder/spi-builder-workspace/.dependencies -skipMacroValidation -skipPackagePluginValidation -derivedDataPath /Users/admin/builder/spi-builder-workspace/.derivedData build -scheme ZendeskSDKStorage -destination platform=macOS,arch=arm64
Resolve Package Graph
Resolve Package Graph
Resolved source packages:
ZendeskSDKLogger: https://github.com/zendesk/sdk_logger_ios @ 0.12.0
ZendeskSDKStorage: /Users/admin/builder/spi-builder-workspace
ComputePackagePrebuildTargetDependencyGraph
Prepare packages
CreateBuildRequest
SendProjectDescription
CreateBuildOperation
ComputeTargetDependencyGraph
note: Building targets in dependency order
note: Target dependency graph (3 targets)
Target 'ZendeskSDKStorage-product' in project 'ZendeskSDKStorage'
➜ Explicit dependency on target 'ZendeskSDKStorageTargets' in project 'ZendeskSDKStorage'
➜ Explicit dependency on target 'ZendeskSDKLogger-product' in project 'ZendeskSDKLogger'
Target 'ZendeskSDKStorageTargets' in project 'ZendeskSDKStorage'
➜ Explicit dependency on target 'ZendeskSDKLogger-product' in project 'ZendeskSDKLogger'
Target 'ZendeskSDKLogger-product' in project 'ZendeskSDKLogger' (no dependencies)
GatherProvisioningInputs
CreateBuildDescription
ExecuteExternalTool /Applications/Xcode-27.0.0-Release.Candidate.app/Contents/Developer/Toolchains/XcodeDefault.xctoolchain/usr/bin/clang -v -E -dM -isysroot /Applications/Xcode-27.0.0-Release.Candidate.app/Contents/Developer/Platforms/MacOSX.platform/Developer/SDKs/MacOSX27.0.sdk -x c -c /dev/null
ExecuteExternalTool /Applications/Xcode-27.0.0-Release.Candidate.app/Contents/Developer/Toolchains/XcodeDefault.xctoolchain/usr/bin/swiftc --version
ExecuteExternalTool /Applications/Xcode-27.0.0-Release.Candidate.app/Contents/Developer/Toolchains/XcodeDefault.xctoolchain/usr/bin/ld -version_details
Build description signature: f4e96b97993a14d19334edb30ed78a4f
Build description path: /Users/admin/builder/spi-builder-workspace/.derivedData/Build/Intermediates.noindex/XCBuildData/f4e96b97993a14d19334edb30ed78a4f.xcbuilddata
/Users/admin/builder/spi-builder-workspace/ZendeskSDKStorage.xcframework:1:1: error: While building for macOS, no library for this platform was found in '/Users/admin/builder/spi-builder-workspace/ZendeskSDKStorage.xcframework'. (in target 'ZendeskSDKStorageTargets' from project 'ZendeskSDKStorage')
/Users/admin/builder/spi-builder-workspace/.dependencies/checkouts/sdk_logger_ios/ZendeskSDKLogger.xcframework:1:1: error: While building for macOS, no library for this platform was found in '/Users/admin/builder/spi-builder-workspace/.dependencies/checkouts/sdk_logger_ios/ZendeskSDKLogger.xcframework'. (in target 'ZendeskSDKStorageTargets' from project 'ZendeskSDKStorage')
/Users/admin/builder/spi-builder-workspace/.dependencies/checkouts/sdk_logger_ios/ZendeskSDKLogger.xcframework:1:1: error: While building for macOS, no library for this platform was found in '/Users/admin/builder/spi-builder-workspace/.dependencies/checkouts/sdk_logger_ios/ZendeskSDKLogger.xcframework'. (in target 'ZendeskSDKLogger-product' from project 'ZendeskSDKLogger')
/Users/admin/builder/spi-builder-workspace/ZendeskSDKStorage.xcframework:1:1: error: While building for macOS, no library for this platform was found in '/Users/admin/builder/spi-builder-workspace/ZendeskSDKStorage.xcframework'. (in target 'ZendeskSDKStorage-product' from project 'ZendeskSDKStorage')
/Users/admin/builder/spi-builder-workspace/.dependencies/checkouts/sdk_logger_ios/ZendeskSDKLogger.xcframework:1:1: error: While building for macOS, no library for this platform was found in '/Users/admin/builder/spi-builder-workspace/.dependencies/checkouts/sdk_logger_ios/ZendeskSDKLogger.xcframework'. (in target 'ZendeskSDKStorage-product' from project 'ZendeskSDKStorage')
/Users/admin/builder/spi-builder-workspace/.dependencies/checkouts/sdk_logger_ios/ZendeskSDKLogger.xcframework:1:1: error: While building for macOS, no library for this platform was found in '/Users/admin/builder/spi-builder-workspace/.dependencies/checkouts/sdk_logger_ios/ZendeskSDKLogger.xcframework'. (in target 'ZendeskSDKStorage-product' from project 'ZendeskSDKStorage')
2026-10-03 12:30:08.614 xcodebuild[693:4362] [MT] IDERunDestination: Supported platforms for the buildables in the current scheme is empty.
--- xcodebuild: WARNING: Using the first of multiple matching destinations:
{ platform:macOS, arch:arm64, id:eb27e9cbaf2e19691f76cfaa3a68f3578c161173, name:My Mac }
{ platform:macOS, arch:arm64, variant:Mac Catalyst, id:eb27e9cbaf2e19691f76cfaa3a68f3578c161173, name:My Mac }
{ platform:macOS, arch:arm64, variant:DriverKit, id:eb27e9cbaf2e19691f76cfaa3a68f3578c161173, name:My Mac }
{ platform:macOS, arch:arm64, variant:Designed for [iPad,iPhone], id:eb27e9cbaf2e19691f76cfaa3a68f3578c161173, name:My Mac }
** BUILD FAILED **
The following build commands failed:
Building workspace ZendeskSDKStorage with scheme ZendeskSDKStorage
(1 failure)
Command line invocation:
/Applications/Xcode-27.0.0-Release.Candidate.app/Contents/Developer/usr/bin/xcodebuild -IDEClonedSourcePackagesDirPathOverride=/Users/admin/builder/spi-builder-workspace/.dependencies -resolvePackageDependencies
Resolve Package Graph
Resolved source packages:
ZendeskSDKStorage: /Users/admin/builder/spi-builder-workspace
ZendeskSDKLogger: https://github.com/zendesk/sdk_logger_ios @ 0.12.0
resolved source packages: ZendeskSDKStorage, ZendeskSDKLogger
2026-10-03 12:30:10.369 xcodebuild[715:4505] [MT] IDERunDestination: Supported platforms for the buildables in the current scheme is empty.
{
"dependencies" : [
{
"identity" : "sdk_logger_ios",
"requirement" : {
"range" : [
{
"lower_bound" : "0.12.0",
"upper_bound" : "1.0.0"
}
]
},
"type" : "sourceControl",
"url" : "https://github.com/zendesk/sdk_logger_ios"
}
],
"manifest_display_name" : "ZendeskSDKStorage",
"name" : "ZendeskSDKStorage",
"path" : "/Users/admin/builder/spi-builder-workspace",
"platforms" : [
{
"name" : "ios",
"version" : "16.0"
}
],
"products" : [
{
"name" : "ZendeskSDKStorage",
"targets" : [
"ZendeskSDKStorageTargets"
],
"type" : {
"library" : [
"automatic"
]
}
}
],
"targets" : [
{
"c99name" : "ZendeskSDKStorageTargets",
"module_type" : "SwiftTarget",
"name" : "ZendeskSDKStorageTargets",
"path" : "Sources",
"product_dependencies" : [
"ZendeskSDKLogger"
],
"product_memberships" : [
"ZendeskSDKStorage"
],
"sources" : [
"Placeholder.swift"
],
"target_dependencies" : [
"ZendeskSDKStorage"
],
"type" : "library"
},
{
"c99name" : "ZendeskSDKStorage",
"module_type" : "BinaryTarget",
"name" : "ZendeskSDKStorage",
"path" : "ZendeskSDKStorage.xcframework",
"product_memberships" : [
"ZendeskSDKStorage"
],
"sources" : [
],
"type" : "binary"
}
],
"tools_version" : "5.7"
}
{
"workspace" : {
"name" : "ZendeskSDKStorage",
"schemes" : [
"ZendeskSDKStorage"
]
}
}
2026-10-03 12:30:11.613 xcodebuild[723:4562] [MT] IDERunDestination: Supported platforms for the buildables in the current scheme is empty.
Running build ...
env DEVELOPER_DIR=/Applications/Xcode-27.0.0-Release.Candidate.app xcrun xcodebuild -IDEClonedSourcePackagesDirPathOverride=$PWD/.dependencies -skipMacroValidation -skipPackagePluginValidation -derivedDataPath $PWD/.derivedData build -scheme ZendeskSDKStorage -destination platform=macOS,arch=arm64
Command line invocation:
/Applications/Xcode-27.0.0-Release.Candidate.app/Contents/Developer/usr/bin/xcodebuild -IDEClonedSourcePackagesDirPathOverride=/Users/admin/builder/spi-builder-workspace/.dependencies -skipMacroValidation -skipPackagePluginValidation -derivedDataPath /Users/admin/builder/spi-builder-workspace/.derivedData build -scheme ZendeskSDKStorage -destination platform=macOS,arch=arm64
Resolve Package Graph
Resolved source packages:
ZendeskSDKLogger: https://github.com/zendesk/sdk_logger_ios @ 0.12.0
ZendeskSDKStorage: /Users/admin/builder/spi-builder-workspace
ComputePackagePrebuildTargetDependencyGraph
Prepare packages
CreateBuildRequest
SendProjectDescription
CreateBuildOperation
ComputeTargetDependencyGraph
note: Building targets in dependency order
note: Target dependency graph (3 targets)
Target 'ZendeskSDKStorage-product' in project 'ZendeskSDKStorage'
➜ Explicit dependency on target 'ZendeskSDKStorageTargets' in project 'ZendeskSDKStorage'
➜ Explicit dependency on target 'ZendeskSDKLogger-product' in project 'ZendeskSDKLogger'
Target 'ZendeskSDKStorageTargets' in project 'ZendeskSDKStorage'
➜ Explicit dependency on target 'ZendeskSDKLogger-product' in project 'ZendeskSDKLogger'
Target 'ZendeskSDKLogger-product' in project 'ZendeskSDKLogger' (no dependencies)
GatherProvisioningInputs
CreateBuildDescription
/Users/admin/builder/spi-builder-workspace/.dependencies/checkouts/sdk_logger_ios/ZendeskSDKLogger.xcframework:1:1: error: While building for macOS, no library for this platform was found in '/Users/admin/builder/spi-builder-workspace/.dependencies/checkouts/sdk_logger_ios/ZendeskSDKLogger.xcframework'. (in target 'ZendeskSDKStorage-product' from project 'ZendeskSDKStorage')
/Users/admin/builder/spi-builder-workspace/.dependencies/checkouts/sdk_logger_ios/ZendeskSDKLogger.xcframework:1:1: error: While building for macOS, no library for this platform was found in '/Users/admin/builder/spi-builder-workspace/.dependencies/checkouts/sdk_logger_ios/ZendeskSDKLogger.xcframework'. (in target 'ZendeskSDKStorage-product' from project 'ZendeskSDKStorage')
/Users/admin/builder/spi-builder-workspace/ZendeskSDKStorage.xcframework:1:1: error: While building for macOS, no library for this platform was found in '/Users/admin/builder/spi-builder-workspace/ZendeskSDKStorage.xcframework'. (in target 'ZendeskSDKStorage-product' from project 'ZendeskSDKStorage')
/Users/admin/builder/spi-builder-workspace/.dependencies/checkouts/sdk_logger_ios/ZendeskSDKLogger.xcframework:1:1: error: While building for macOS, no library for this platform was found in '/Users/admin/builder/spi-builder-workspace/.dependencies/checkouts/sdk_logger_ios/ZendeskSDKLogger.xcframework'. (in target 'ZendeskSDKStorageTargets' from project 'ZendeskSDKStorage')
/Users/admin/builder/spi-builder-workspace/ZendeskSDKStorage.xcframework:1:1: error: While building for macOS, no library for this platform was found in '/Users/admin/builder/spi-builder-workspace/ZendeskSDKStorage.xcframework'. (in target 'ZendeskSDKStorageTargets' from project 'ZendeskSDKStorage')
/Users/admin/builder/spi-builder-workspace/.dependencies/checkouts/sdk_logger_ios/ZendeskSDKLogger.xcframework:1:1: error: While building for macOS, no library for this platform was found in '/Users/admin/builder/spi-builder-workspace/.dependencies/checkouts/sdk_logger_ios/ZendeskSDKLogger.xcframework'. (in target 'ZendeskSDKLogger-product' from project 'ZendeskSDKLogger')
2026-10-03 12:30:12.621 xcodebuild[724:4593] [MT] IDERunDestination: Supported platforms for the buildables in the current scheme is empty.
--- xcodebuild: WARNING: Using the first of multiple matching destinations:
{ platform:macOS, arch:arm64, id:eb27e9cbaf2e19691f76cfaa3a68f3578c161173, name:My Mac }
{ platform:macOS, arch:arm64, variant:Mac Catalyst, id:eb27e9cbaf2e19691f76cfaa3a68f3578c161173, name:My Mac }
{ platform:macOS, arch:arm64, variant:DriverKit, id:eb27e9cbaf2e19691f76cfaa3a68f3578c161173, name:My Mac }
{ platform:macOS, arch:arm64, variant:Designed for [iPad,iPhone], id:eb27e9cbaf2e19691f76cfaa3a68f3578c161173, name:My Mac }
** BUILD FAILED **
The following build commands failed:
Building workspace ZendeskSDKStorage with scheme ZendeskSDKStorage
(1 failure)
BUILD FAILURE 6.4 macosXcodebuild