The Swift Package Index logo.Swift Package Index

Build Information

Failed to build TurtleBuilder, reference master (ec5173), with Swift 6.4 for visionOS using Xcode 27.0 on 16 Sep 2026 06:59:10 UTC.

Build Command

env DEVELOPER_DIR=/Applications/Xcode-27.0.0-Release.Candidate.app xcrun xcodebuild -IDEClonedSourcePackagesDirPathOverride=$PWD/.dependencies -skipMacroValidation -skipPackagePluginValidation -derivedDataPath $PWD/.derivedData build -scheme TurtleBuilder -destination generic/platform=xrOS

Build Log

========================================
RunAll
========================================
Builder version: 5.1.0
Interrupt handler set up.
========================================
Checkout
========================================
Clone URL: https://github.com/zonble/turtlebuilder.git
Reference: master
Initialized empty Git repository in /Users/admin/builder/spi-builder-workspace/.git/
From https://github.com/zonble/turtlebuilder
 * branch            master     -> FETCH_HEAD
 * [new branch]      master     -> origin/master
HEAD is now at ec5173e Updates CI settings.
Cloned https://github.com/zonble/turtlebuilder.git
Revision (git rev-parse @):
ec5173ee410f45e3094cc90fae9c658961c9cf1a
SUCCESS checkout https://github.com/zonble/turtlebuilder.git at master
========================================
Build
========================================
Selected platform:         visionOS
Swift version:             6.4
Building package at path:  $PWD
https://github.com/zonble/turtlebuilder.git
Command line invocation:
    /Applications/Xcode-27.0.0-Release.Candidate.app/Contents/Developer/usr/bin/xcodebuild -IDEClonedSourcePackagesDirPathOverride=/Users/admin/builder/spi-builder-workspace/.dependencies -resolvePackageDependencies
Resolve Package Graph
Resolve Package Graph
Resolved source packages:
  TurtleBuilder: /Users/admin/builder/spi-builder-workspace
resolved source packages: TurtleBuilder
2026-09-16 02:58:10.942 xcodebuild[525:3030] [MT] IDERunDestination: Supported platforms for the buildables in the current scheme is empty.
2026-09-16 02:58:11.093 xcodebuild[525:3030] [MT] IDERunDestination: Supported platforms for the buildables in the current scheme is empty.
2026-09-16 02:58:12.795 xcodebuild[525:3030] [MT] IDERunDestination: Supported platforms for the buildables in the current scheme is empty.
{
  "dependencies" : [
  ],
  "manifest_display_name" : "TurtleBuilder",
  "name" : "TurtleBuilder",
  "path" : "/Users/admin/builder/spi-builder-workspace",
  "platforms" : [
  ],
  "products" : [
    {
      "name" : "TurtleBuilder",
      "targets" : [
        "TurtleBuilder",
        "TurtleView"
      ],
      "type" : {
        "library" : [
          "automatic"
        ]
      }
    }
  ],
  "targets" : [
    {
      "c99name" : "TurtleView",
      "module_type" : "SwiftTarget",
      "name" : "TurtleView",
      "path" : "Sources/TurtleView",
      "product_memberships" : [
        "TurtleBuilder"
      ],
      "sources" : [
        "AnimatedTurtleView.swift",
        "TurtleView.swift",
        "Utile.swift"
      ],
      "target_dependencies" : [
        "TurtleBuilder"
      ],
      "type" : "library"
    },
    {
      "c99name" : "TurtleBuilderTests",
      "module_type" : "SwiftTarget",
      "name" : "TurtleBuilderTests",
      "path" : "Tests/TurtleBuilderTests",
      "sources" : [
        "TurtleBuilderTests.swift",
        "XCTestManifests.swift"
      ],
      "target_dependencies" : [
        "TurtleBuilder"
      ],
      "type" : "test"
    },
    {
      "c99name" : "TurtleBuilder",
      "module_type" : "SwiftTarget",
      "name" : "TurtleBuilder",
      "path" : "Sources/TurtleBuilder",
      "product_memberships" : [
        "TurtleBuilder"
      ],
      "sources" : [
        "TurtleBuilder.swift"
      ],
      "type" : "library"
    }
  ],
  "tools_version" : "5.1"
}
{
  "workspace" : {
    "name" : "TurtleBuilder",
    "schemes" : [
      "TurtleBuilder"
    ]
  }
}
2026-09-16 02:58:57.360 xcodebuild[622:3934] [MT] IDERunDestination: Supported platforms for the buildables in the current scheme is empty.
2026-09-16 02:58:57.506 xcodebuild[622:3934] [MT] IDERunDestination: Supported platforms for the buildables in the current scheme is empty.
Running build ...
env DEVELOPER_DIR=/Applications/Xcode-27.0.0-Release.Candidate.app xcrun xcodebuild -IDEClonedSourcePackagesDirPathOverride=$PWD/.dependencies -skipMacroValidation -skipPackagePluginValidation -derivedDataPath $PWD/.derivedData build -scheme TurtleBuilder -destination generic/platform=xrOS
Command line invocation:
    /Applications/Xcode-27.0.0-Release.Candidate.app/Contents/Developer/usr/bin/xcodebuild -IDEClonedSourcePackagesDirPathOverride=/Users/admin/builder/spi-builder-workspace/.dependencies -skipMacroValidation -skipPackagePluginValidation -derivedDataPath /Users/admin/builder/spi-builder-workspace/.derivedData build -scheme TurtleBuilder -destination generic/platform=xrOS
Resolve Package Graph
Resolved source packages:
  TurtleBuilder: /Users/admin/builder/spi-builder-workspace
ComputePackagePrebuildTargetDependencyGraph
Prepare packages
CreateBuildRequest
SendProjectDescription
CreateBuildOperation
ComputeTargetDependencyGraph
note: Building targets in dependency order
note: Target dependency graph (4 targets)
    Target 'TurtleBuilderTests-product' in project 'TurtleBuilder'
        ➜ Explicit dependency on target 'TurtleBuilder' in project 'TurtleBuilder'
    Target 'TurtleBuilder-product' in project 'TurtleBuilder'
        ➜ Explicit dependency on target 'TurtleBuilder' in project 'TurtleBuilder'
        ➜ Explicit dependency on target 'TurtleView' in project 'TurtleBuilder'
    Target 'TurtleView' in project 'TurtleBuilder'
        ➜ Explicit dependency on target 'TurtleBuilder' in project 'TurtleBuilder'
    Target 'TurtleBuilder' in project 'TurtleBuilder' (no dependencies)
GatherProvisioningInputs
CreateBuildDescription
ExecuteExternalTool /Applications/Xcode-27.0.0-Release.Candidate.app/Contents/Developer/Toolchains/XcodeDefault.xctoolchain/usr/bin/swiftc --version
ExecuteExternalTool /Applications/Xcode-27.0.0-Release.Candidate.app/Contents/Developer/Toolchains/XcodeDefault.xctoolchain/usr/bin/clang -v -E -dM -isysroot /Applications/Xcode-27.0.0-Release.Candidate.app/Contents/Developer/Platforms/XROS.platform/Developer/SDKs/XROS27.0.sdk -x c -c /dev/null
ExecuteExternalTool /Applications/Xcode-27.0.0-Release.Candidate.app/Contents/Developer/Toolchains/XcodeDefault.xctoolchain/usr/bin/ld -version_details
Build description signature: 8f788dc57d2409eab1f532404e80ab49
Build description path: /Users/admin/builder/spi-builder-workspace/.derivedData/Build/Intermediates.noindex/XCBuildData/8f788dc57d2409eab1f532404e80ab49.xcbuilddata
CreateBuildDirectory /Users/admin/builder/spi-builder-workspace/.derivedData/SDKExplicitPrecompiledModules
    cd /Users/admin/builder/spi-builder-workspace/.swiftpm/xcode
    builtin-create-build-directory /Users/admin/builder/spi-builder-workspace/.derivedData/SDKExplicitPrecompiledModules
CreateBuildDirectory /Users/admin/builder/spi-builder-workspace/.derivedData/ModuleCache.noindex
    cd /Users/admin/builder/spi-builder-workspace/.swiftpm/xcode
    builtin-create-build-directory /Users/admin/builder/spi-builder-workspace/.derivedData/ModuleCache.noindex
CreateBuildDirectory /Users/admin/builder/spi-builder-workspace/.derivedData/Build/Intermediates.noindex
    cd /Users/admin/builder/spi-builder-workspace/.swiftpm/xcode
    builtin-create-build-directory /Users/admin/builder/spi-builder-workspace/.derivedData/Build/Intermediates.noindex
CreateBuildDirectory /Users/admin/builder/spi-builder-workspace/.derivedData/CompilationCache.noindex
    cd /Users/admin/builder/spi-builder-workspace/.swiftpm/xcode
    builtin-create-build-directory /Users/admin/builder/spi-builder-workspace/.derivedData/CompilationCache.noindex
CreateBuildDirectory /Users/admin/builder/spi-builder-workspace/.derivedData/Build/Products
    cd /Users/admin/builder/spi-builder-workspace/.swiftpm/xcode
    builtin-create-build-directory /Users/admin/builder/spi-builder-workspace/.derivedData/Build/Products
ClangStatCache /Applications/Xcode-27.0.0-Release.Candidate.app/Contents/Developer/Toolchains/XcodeDefault.xctoolchain/usr/bin/clang-stat-cache /Applications/Xcode-27.0.0-Release.Candidate.app/Contents/Developer/Platforms/XROS.platform/Developer/SDKs/XROS27.0.sdk /Users/admin/builder/spi-builder-workspace/.derivedData/SDKStatCaches.noindex/xros27.0-24M361-e829b21a6f8c9b70876ba0858053c044735bd543db762f57723cac368afd1ce4.sdkstatcache
    cd /Users/admin/builder/spi-builder-workspace/.swiftpm/xcode
    /Applications/Xcode-27.0.0-Release.Candidate.app/Contents/Developer/Toolchains/XcodeDefault.xctoolchain/usr/bin/clang-stat-cache /Applications/Xcode-27.0.0-Release.Candidate.app/Contents/Developer/Platforms/XROS.platform/Developer/SDKs/XROS27.0.sdk -o /Users/admin/builder/spi-builder-workspace/.derivedData/SDKStatCaches.noindex/xros27.0-24M361-e829b21a6f8c9b70876ba0858053c044735bd543db762f57723cac368afd1ce4.sdkstatcache
CreateBuildDirectory /Users/admin/builder/spi-builder-workspace/.derivedData/Build/Products/Debug-xros
    cd /Users/admin/builder/spi-builder-workspace/.swiftpm/xcode
    builtin-create-build-directory /Users/admin/builder/spi-builder-workspace/.derivedData/Build/Products/Debug-xros
CreateBuildDirectory /Users/admin/builder/spi-builder-workspace/.derivedData/Build/Intermediates.noindex/SwiftExplicitPrecompiledModules
    cd /Users/admin/builder/spi-builder-workspace/.swiftpm/xcode
    builtin-create-build-directory /Users/admin/builder/spi-builder-workspace/.derivedData/Build/Intermediates.noindex/SwiftExplicitPrecompiledModules
CreateBuildDirectory /Users/admin/builder/spi-builder-workspace/.derivedData/Build/Intermediates.noindex/PrecompiledHeaders
    cd /Users/admin/builder/spi-builder-workspace/.swiftpm/xcode
    builtin-create-build-directory /Users/admin/builder/spi-builder-workspace/.derivedData/Build/Intermediates.noindex/PrecompiledHeaders
CreateBuildDirectory /Users/admin/builder/spi-builder-workspace/.derivedData/Build/Intermediates.noindex/ExplicitPrecompiledModules
    cd /Users/admin/builder/spi-builder-workspace/.swiftpm/xcode
    builtin-create-build-directory /Users/admin/builder/spi-builder-workspace/.derivedData/Build/Intermediates.noindex/ExplicitPrecompiledModules
CreateBuildDirectory /Users/admin/builder/spi-builder-workspace/.derivedData/Build/Intermediates.noindex/EagerLinkingTBDs/Debug-xros
    cd /Users/admin/builder/spi-builder-workspace/.swiftpm/xcode
    builtin-create-build-directory /Users/admin/builder/spi-builder-workspace/.derivedData/Build/Intermediates.noindex/EagerLinkingTBDs/Debug-xros
CreateBuildDirectory /Users/admin/builder/spi-builder-workspace/.derivedData/Build/Products/Debug-xros/PackageFrameworks
    cd /Users/admin/builder/spi-builder-workspace/.swiftpm/xcode
    builtin-create-build-directory /Users/admin/builder/spi-builder-workspace/.derivedData/Build/Products/Debug-xros/PackageFrameworks
WriteAuxiliaryFile /Users/admin/builder/spi-builder-workspace/.derivedData/Build/Intermediates.noindex/TurtleBuilder.build/Debug-xros/TurtleBuilderTests-p.build/TurtleBuilderTests.DependencyStaticMetadataFileList (in target 'TurtleBuilderTests-product' from project 'TurtleBuilder')
    cd /Users/admin/builder/spi-builder-workspace
    write-file /Users/admin/builder/spi-builder-workspace/.derivedData/Build/Intermediates.noindex/TurtleBuilder.build/Debug-xros/TurtleBuilderTests-p.build/TurtleBuilderTests.DependencyStaticMetadataFileList
WriteAuxiliaryFile /Users/admin/builder/spi-builder-workspace/.derivedData/Build/Intermediates.noindex/TurtleBuilder.build/Debug-xros/TurtleBuilderTests-p.build/TurtleBuilderTests.DependencyMetadataFileList (in target 'TurtleBuilderTests-product' from project 'TurtleBuilder')
    cd /Users/admin/builder/spi-builder-workspace
    write-file /Users/admin/builder/spi-builder-workspace/.derivedData/Build/Intermediates.noindex/TurtleBuilder.build/Debug-xros/TurtleBuilderTests-p.build/TurtleBuilderTests.DependencyMetadataFileList
WriteAuxiliaryFile /Users/admin/builder/spi-builder-workspace/.derivedData/Build/Intermediates.noindex/TurtleBuilder.build/Debug-xros/TurtleView-t.build/TurtleView.modulemap (in target 'TurtleView' from project 'TurtleBuilder')
    cd /Users/admin/builder/spi-builder-workspace
    write-file /Users/admin/builder/spi-builder-workspace/.derivedData/Build/Intermediates.noindex/TurtleBuilder.build/Debug-xros/TurtleView-t.build/TurtleView.modulemap
WriteAuxiliaryFile /Users/admin/builder/spi-builder-workspace/.derivedData/Build/Intermediates.noindex/TurtleBuilder.build/Debug-xros/TurtleBuilderTests-p.build/empty-TurtleBuilderTests.plist (in target 'TurtleBuilderTests-product' from project 'TurtleBuilder')
    cd /Users/admin/builder/spi-builder-workspace
    write-file /Users/admin/builder/spi-builder-workspace/.derivedData/Build/Intermediates.noindex/TurtleBuilder.build/Debug-xros/TurtleBuilderTests-p.build/empty-TurtleBuilderTests.plist
WriteAuxiliaryFile /Users/admin/builder/spi-builder-workspace/.derivedData/Build/Intermediates.noindex/TurtleBuilder.build/Debug-xros/TurtleBuilderTests-p.build/Objects-normal/arm64/TurtleBuilderTests_const_extract_protocols.json (in target 'TurtleBuilderTests-product' from project 'TurtleBuilder')
    cd /Users/admin/builder/spi-builder-workspace
    write-file /Users/admin/builder/spi-builder-workspace/.derivedData/Build/Intermediates.noindex/TurtleBuilder.build/Debug-xros/TurtleBuilderTests-p.build/Objects-normal/arm64/TurtleBuilderTests_const_extract_protocols.json
WriteAuxiliaryFile /Users/admin/builder/spi-builder-workspace/.derivedData/Build/Intermediates.noindex/TurtleBuilder.build/Debug-xros/TurtleBuilderTests-p.build/Objects-normal/arm64/TurtleBuilderTests.SwiftFileList (in target 'TurtleBuilderTests-product' from project 'TurtleBuilder')
    cd /Users/admin/builder/spi-builder-workspace
    write-file /Users/admin/builder/spi-builder-workspace/.derivedData/Build/Intermediates.noindex/TurtleBuilder.build/Debug-xros/TurtleBuilderTests-p.build/Objects-normal/arm64/TurtleBuilderTests.SwiftFileList
WriteAuxiliaryFile /Users/admin/builder/spi-builder-workspace/.derivedData/Build/Intermediates.noindex/TurtleBuilder.build/Debug-xros/TurtleBuilderTests-p.build/Objects-normal/arm64/TurtleBuilderTests.LinkFileList (in target 'TurtleBuilderTests-product' from project 'TurtleBuilder')
    cd /Users/admin/builder/spi-builder-workspace
    write-file /Users/admin/builder/spi-builder-workspace/.derivedData/Build/Intermediates.noindex/TurtleBuilder.build/Debug-xros/TurtleBuilderTests-p.build/Objects-normal/arm64/TurtleBuilderTests.LinkFileList
WriteAuxiliaryFile /Users/admin/builder/spi-builder-workspace/.derivedData/Build/Intermediates.noindex/TurtleBuilder.build/Debug-xros/TurtleBuilderTests-p.build/Objects-normal/arm64/TurtleBuilderTests.SwiftConstValuesFileList (in target 'TurtleBuilderTests-product' from project 'TurtleBuilder')
    cd /Users/admin/builder/spi-builder-workspace
    write-file /Users/admin/builder/spi-builder-workspace/.derivedData/Build/Intermediates.noindex/TurtleBuilder.build/Debug-xros/TurtleBuilderTests-p.build/Objects-normal/arm64/TurtleBuilderTests.SwiftConstValuesFileList
WriteAuxiliaryFile /Users/admin/builder/spi-builder-workspace/.derivedData/Build/Intermediates.noindex/TurtleBuilder.build/Debug-xros/TurtleBuilderTests-p.build/Objects-normal/arm64/TurtleBuilderTests-OutputFileMap.json (in target 'TurtleBuilderTests-product' from project 'TurtleBuilder')
    cd /Users/admin/builder/spi-builder-workspace
    write-file /Users/admin/builder/spi-builder-workspace/.derivedData/Build/Intermediates.noindex/TurtleBuilder.build/Debug-xros/TurtleBuilderTests-p.build/Objects-normal/arm64/TurtleBuilderTests-OutputFileMap.json
WriteAuxiliaryFile /Users/admin/builder/spi-builder-workspace/.derivedData/Build/Intermediates.noindex/TurtleBuilder.build/Debug-xros/TurtleView-t.build/TurtleView.DependencyStaticMetadataFileList (in target 'TurtleView' from project 'TurtleBuilder')
    cd /Users/admin/builder/spi-builder-workspace
    write-file /Users/admin/builder/spi-builder-workspace/.derivedData/Build/Intermediates.noindex/TurtleBuilder.build/Debug-xros/TurtleView-t.build/TurtleView.DependencyStaticMetadataFileList
WriteAuxiliaryFile /Users/admin/builder/spi-builder-workspace/.derivedData/Build/Intermediates.noindex/TurtleBuilder.build/Debug-xros/TurtleView-t.build/TurtleView.DependencyMetadataFileList (in target 'TurtleView' from project 'TurtleBuilder')
    cd /Users/admin/builder/spi-builder-workspace
    write-file /Users/admin/builder/spi-builder-workspace/.derivedData/Build/Intermediates.noindex/TurtleBuilder.build/Debug-xros/TurtleView-t.build/TurtleView.DependencyMetadataFileList
WriteAuxiliaryFile /Users/admin/builder/spi-builder-workspace/.derivedData/Build/Intermediates.noindex/TurtleBuilder.build/Debug-xros/TurtleView-t.build/Objects-normal/arm64/TurtleView_const_extract_protocols.json (in target 'TurtleView' from project 'TurtleBuilder')
    cd /Users/admin/builder/spi-builder-workspace
    write-file /Users/admin/builder/spi-builder-workspace/.derivedData/Build/Intermediates.noindex/TurtleBuilder.build/Debug-xros/TurtleView-t.build/Objects-normal/arm64/TurtleView_const_extract_protocols.json
WriteAuxiliaryFile /Users/admin/builder/spi-builder-workspace/.derivedData/Build/Intermediates.noindex/TurtleBuilder.build/Debug-xros/TurtleView-t.build/Objects-normal/arm64/TurtleView.SwiftFileList (in target 'TurtleView' from project 'TurtleBuilder')
    cd /Users/admin/builder/spi-builder-workspace
    write-file /Users/admin/builder/spi-builder-workspace/.derivedData/Build/Intermediates.noindex/TurtleBuilder.build/Debug-xros/TurtleView-t.build/Objects-normal/arm64/TurtleView.SwiftFileList
WriteAuxiliaryFile /Users/admin/builder/spi-builder-workspace/.derivedData/Build/Intermediates.noindex/TurtleBuilder.build/Debug-xros/TurtleView-t.build/Objects-normal/arm64/TurtleView.SwiftConstValuesFileList (in target 'TurtleView' from project 'TurtleBuilder')
    cd /Users/admin/builder/spi-builder-workspace
    write-file /Users/admin/builder/spi-builder-workspace/.derivedData/Build/Intermediates.noindex/TurtleBuilder.build/Debug-xros/TurtleView-t.build/Objects-normal/arm64/TurtleView.SwiftConstValuesFileList
WriteAuxiliaryFile /Users/admin/builder/spi-builder-workspace/.derivedData/Build/Intermediates.noindex/TurtleBuilder.build/Debug-xros/TurtleView-t.build/Objects-normal/arm64/TurtleView.LinkFileList (in target 'TurtleView' from project 'TurtleBuilder')
    cd /Users/admin/builder/spi-builder-workspace
    write-file /Users/admin/builder/spi-builder-workspace/.derivedData/Build/Intermediates.noindex/TurtleBuilder.build/Debug-xros/TurtleView-t.build/Objects-normal/arm64/TurtleView.LinkFileList
WriteAuxiliaryFile /Users/admin/builder/spi-builder-workspace/.derivedData/Build/Intermediates.noindex/TurtleBuilder.build/Debug-xros/TurtleView-t.build/Objects-normal/arm64/TurtleView-OutputFileMap.json (in target 'TurtleView' from project 'TurtleBuilder')
    cd /Users/admin/builder/spi-builder-workspace
    write-file /Users/admin/builder/spi-builder-workspace/.derivedData/Build/Intermediates.noindex/TurtleBuilder.build/Debug-xros/TurtleView-t.build/Objects-normal/arm64/TurtleView-OutputFileMap.json
Copy /Users/admin/builder/spi-builder-workspace/.derivedData/Build/Intermediates.noindex/GeneratedModuleMaps-xros/TurtleView.modulemap /Users/admin/builder/spi-builder-workspace/.derivedData/Build/Intermediates.noindex/TurtleBuilder.build/Debug-xros/TurtleView-t.build/TurtleView.modulemap (in target 'TurtleView' from project 'TurtleBuilder')
    cd /Users/admin/builder/spi-builder-workspace
    builtin-copy -exclude .DS_Store -exclude CVS -exclude .svn -exclude .git -exclude .hg -resolve-src-symlinks /Users/admin/builder/spi-builder-workspace/.derivedData/Build/Intermediates.noindex/TurtleBuilder.build/Debug-xros/TurtleView-t.build/TurtleView.modulemap /Users/admin/builder/spi-builder-workspace/.derivedData/Build/Intermediates.noindex/GeneratedModuleMaps-xros
WriteAuxiliaryFile /Users/admin/builder/spi-builder-workspace/.derivedData/Build/Intermediates.noindex/TurtleBuilder.build/Debug-xros/TurtleBuilder-t.build/TurtleBuilder.modulemap (in target 'TurtleBuilder' from project 'TurtleBuilder')
    cd /Users/admin/builder/spi-builder-workspace
    write-file /Users/admin/builder/spi-builder-workspace/.derivedData/Build/Intermediates.noindex/TurtleBuilder.build/Debug-xros/TurtleBuilder-t.build/TurtleBuilder.modulemap
WriteAuxiliaryFile /Users/admin/builder/spi-builder-workspace/.derivedData/Build/Intermediates.noindex/TurtleBuilder.build/Debug-xros/TurtleBuilder-t.build/TurtleBuilder.DependencyStaticMetadataFileList (in target 'TurtleBuilder' from project 'TurtleBuilder')
    cd /Users/admin/builder/spi-builder-workspace
    write-file /Users/admin/builder/spi-builder-workspace/.derivedData/Build/Intermediates.noindex/TurtleBuilder.build/Debug-xros/TurtleBuilder-t.build/TurtleBuilder.DependencyStaticMetadataFileList
WriteAuxiliaryFile /Users/admin/builder/spi-builder-workspace/.derivedData/Build/Intermediates.noindex/TurtleBuilder.build/Debug-xros/TurtleBuilder-t.build/TurtleBuilder.DependencyMetadataFileList (in target 'TurtleBuilder' from project 'TurtleBuilder')
    cd /Users/admin/builder/spi-builder-workspace
    write-file /Users/admin/builder/spi-builder-workspace/.derivedData/Build/Intermediates.noindex/TurtleBuilder.build/Debug-xros/TurtleBuilder-t.build/TurtleBuilder.DependencyMetadataFileList
WriteAuxiliaryFile /Users/admin/builder/spi-builder-workspace/.derivedData/Build/Intermediates.noindex/TurtleBuilder.build/Debug-xros/TurtleBuilder-t.build/Objects-normal/arm64/TurtleBuilder.SwiftFileList (in target 'TurtleBuilder' from project 'TurtleBuilder')
    cd /Users/admin/builder/spi-builder-workspace
    write-file /Users/admin/builder/spi-builder-workspace/.derivedData/Build/Intermediates.noindex/TurtleBuilder.build/Debug-xros/TurtleBuilder-t.build/Objects-normal/arm64/TurtleBuilder.SwiftFileList
WriteAuxiliaryFile /Users/admin/builder/spi-builder-workspace/.derivedData/Build/Intermediates.noindex/TurtleBuilder.build/Debug-xros/TurtleBuilder-t.build/Objects-normal/arm64/TurtleBuilder_const_extract_protocols.json (in target 'TurtleBuilder' from project 'TurtleBuilder')
    cd /Users/admin/builder/spi-builder-workspace
    write-file /Users/admin/builder/spi-builder-workspace/.derivedData/Build/Intermediates.noindex/TurtleBuilder.build/Debug-xros/TurtleBuilder-t.build/Objects-normal/arm64/TurtleBuilder_const_extract_protocols.json
WriteAuxiliaryFile /Users/admin/builder/spi-builder-workspace/.derivedData/Build/Intermediates.noindex/TurtleBuilder.build/Debug-xros/TurtleBuilder-t.build/Objects-normal/arm64/TurtleBuilder.SwiftConstValuesFileList (in target 'TurtleBuilder' from project 'TurtleBuilder')
    cd /Users/admin/builder/spi-builder-workspace
    write-file /Users/admin/builder/spi-builder-workspace/.derivedData/Build/Intermediates.noindex/TurtleBuilder.build/Debug-xros/TurtleBuilder-t.build/Objects-normal/arm64/TurtleBuilder.SwiftConstValuesFileList
WriteAuxiliaryFile /Users/admin/builder/spi-builder-workspace/.derivedData/Build/Intermediates.noindex/TurtleBuilder.build/Debug-xros/TurtleBuilder-t.build/Objects-normal/arm64/TurtleBuilder.LinkFileList (in target 'TurtleBuilder' from project 'TurtleBuilder')
    cd /Users/admin/builder/spi-builder-workspace
    write-file /Users/admin/builder/spi-builder-workspace/.derivedData/Build/Intermediates.noindex/TurtleBuilder.build/Debug-xros/TurtleBuilder-t.build/Objects-normal/arm64/TurtleBuilder.LinkFileList
WriteAuxiliaryFile /Users/admin/builder/spi-builder-workspace/.derivedData/Build/Intermediates.noindex/TurtleBuilder.build/Debug-xros/TurtleBuilder-t.build/Objects-normal/arm64/TurtleBuilder-OutputFileMap.json (in target 'TurtleBuilder' from project 'TurtleBuilder')
    cd /Users/admin/builder/spi-builder-workspace
    write-file /Users/admin/builder/spi-builder-workspace/.derivedData/Build/Intermediates.noindex/TurtleBuilder.build/Debug-xros/TurtleBuilder-t.build/Objects-normal/arm64/TurtleBuilder-OutputFileMap.json
MkDir /Users/admin/builder/spi-builder-workspace/.derivedData/Build/Products/Debug-xros/TurtleBuilderTests.xctest (in target 'TurtleBuilderTests-product' from project 'TurtleBuilder')
    cd /Users/admin/builder/spi-builder-workspace
    /bin/mkdir -p /Users/admin/builder/spi-builder-workspace/.derivedData/Build/Products/Debug-xros/TurtleBuilderTests.xctest
Copy /Users/admin/builder/spi-builder-workspace/.derivedData/Build/Intermediates.noindex/GeneratedModuleMaps-xros/TurtleBuilder.modulemap /Users/admin/builder/spi-builder-workspace/.derivedData/Build/Intermediates.noindex/TurtleBuilder.build/Debug-xros/TurtleBuilder-t.build/TurtleBuilder.modulemap (in target 'TurtleBuilder' from project 'TurtleBuilder')
    cd /Users/admin/builder/spi-builder-workspace
    builtin-copy -exclude .DS_Store -exclude CVS -exclude .svn -exclude .git -exclude .hg -resolve-src-symlinks /Users/admin/builder/spi-builder-workspace/.derivedData/Build/Intermediates.noindex/TurtleBuilder.build/Debug-xros/TurtleBuilder-t.build/TurtleBuilder.modulemap /Users/admin/builder/spi-builder-workspace/.derivedData/Build/Intermediates.noindex/GeneratedModuleMaps-xros
SwiftDriver TurtleBuilder normal arm64 com.apple.xcode.tools.swift.compiler (in target 'TurtleBuilder' from project 'TurtleBuilder')
    cd /Users/admin/builder/spi-builder-workspace/.swiftpm/xcode
    builtin-SwiftDriver -- /Applications/Xcode-27.0.0-Release.Candidate.app/Contents/Developer/Toolchains/XcodeDefault.xctoolchain/usr/bin/swiftc -parse-as-library -module-name TurtleBuilder -Onone @/Users/admin/builder/spi-builder-workspace/.derivedData/Build/Intermediates.noindex/TurtleBuilder.build/Debug-xros/TurtleBuilder-t.build/Objects-normal/arm64/TurtleBuilder.SwiftFileList -DSWIFT_PACKAGE -DDEBUG -DSWIFT_MODULE_RESOURCE_BUNDLE_UNAVAILABLE -DXcode -plugin-path /Applications/Xcode-27.0.0-Release.Candidate.app/Contents/Developer/Toolchains/XcodeDefault.xctoolchain/usr/lib/swift/host/plugins/testing -enable-experimental-feature DebugDescriptionMacro -sdk /Applications/Xcode-27.0.0-Release.Candidate.app/Contents/Developer/Platforms/XROS.platform/Developer/SDKs/XROS27.0.sdk -target arm64-apple-xros1.0 -g -module-cache-path /Users/admin/builder/spi-builder-workspace/.derivedData/ModuleCache.noindex -Xfrontend -serialize-debugging-options -profile-coverage-mapping -profile-generate -enable-testing -index-store-path /Users/admin/builder/spi-builder-workspace/.derivedData/Index.noindex/DataStore -Xcc -D_LIBCPP_HARDENING_MODE\=_LIBCPP_HARDENING_MODE_DEBUG -swift-version 5 -I /Users/admin/builder/spi-builder-workspace/.derivedData/Build/Products/Debug-xros -Isystem /Applications/Xcode-27.0.0-Release.Candidate.app/Contents/Developer/Platforms/XROS.platform/Developer/usr/lib -F /Users/admin/builder/spi-builder-workspace/.derivedData/Build/Products/Debug-xros -F /Applications/Xcode-27.0.0-Release.Candidate.app/Contents/Developer/Platforms/XROS.platform/Developer/Library/Frameworks -F /Applications/Xcode-27.0.0-Release.Candidate.app/Contents/Developer/Platforms/XROS.platform/Developer/SDKs/XROS27.0.sdk/Developer/Library/Frameworks -c -j10 -enable-batch-mode -incremental -Xcc -ivfsstatcache -Xcc /Users/admin/builder/spi-builder-workspace/.derivedData/SDKStatCaches.noindex/xros27.0-24M361-e829b21a6f8c9b70876ba0858053c044735bd543db762f57723cac368afd1ce4.sdkstatcache -output-file-map /Users/admin/builder/spi-builder-workspace/.derivedData/Build/Intermediates.noindex/TurtleBuilder.build/Debug-xros/TurtleBuilder-t.build/Objects-normal/arm64/TurtleBuilder-OutputFileMap.json -save-temps -no-color-diagnostics -explicit-module-build -module-cache-path /Users/admin/builder/spi-builder-workspace/.derivedData/Build/Intermediates.noindex/SwiftExplicitPrecompiledModules -clang-scanner-module-cache-path /Users/admin/builder/spi-builder-workspace/.derivedData/ModuleCache.noindex -sdk-module-cache-path /Users/admin/builder/spi-builder-workspace/.derivedData/SDKExplicitPrecompiledModules -emit-dependencies -emit-module -emit-module-path /Users/admin/builder/spi-builder-workspace/.derivedData/Build/Intermediates.noindex/TurtleBuilder.build/Debug-xros/TurtleBuilder-t.build/Objects-normal/arm64/TurtleBuilder.swiftmodule -serialize-diagnostics -dependency-scan-serialize-diagnostics-path /Users/admin/builder/spi-builder-workspace/.derivedData/Build/Intermediates.noindex/TurtleBuilder.build/Debug-xros/TurtleBuilder-t.build/Objects-normal/arm64/TurtleBuilder-dependency-scan.dia -validate-clang-modules-once -clang-build-session-file /Users/admin/builder/spi-builder-workspace/.derivedData/ModuleCache.noindex/Session.modulevalidation -Xcc -fmodules-prune-interval\=86400 -Xcc -fmodules-prune-after\=345600 -emit-const-values -const-gather-protocols-list /Users/admin/builder/spi-builder-workspace/.derivedData/Build/Intermediates.noindex/TurtleBuilder.build/Debug-xros/TurtleBuilder-t.build/Objects-normal/arm64/TurtleBuilder_const_extract_protocols.json -Xcc -I/Users/admin/builder/spi-builder-workspace/.derivedData/Build/Products/Debug-xros/include -Xcc -I/Users/admin/builder/spi-builder-workspace/.derivedData/Build/Intermediates.noindex/TurtleBuilder.build/Debug-xros/TurtleBuilder-t.build/DerivedSources-normal/arm64 -Xcc -I/Users/admin/builder/spi-builder-workspace/.derivedData/Build/Intermediates.noindex/TurtleBuilder.build/Debug-xros/TurtleBuilder-t.build/DerivedSources/arm64 -Xcc -I/Users/admin/builder/spi-builder-workspace/.derivedData/Build/Intermediates.noindex/TurtleBuilder.build/Debug-xros/TurtleBuilder-t.build/DerivedSources -Xcc -DSWIFT_PACKAGE -Xcc -DDEBUG\=1 -emit-objc-header -emit-objc-header-path /Users/admin/builder/spi-builder-workspace/.derivedData/Build/Intermediates.noindex/TurtleBuilder.build/Debug-xros/TurtleBuilder-t.build/Objects-normal/arm64/TurtleBuilder-Swift.h -working-directory /Users/admin/builder/spi-builder-workspace/.swiftpm/xcode -experimental-emit-module-separately -disable-cmo
/Users/admin/builder/spi-builder-workspace/Sources/TurtleBuilder/TurtleBuilder.swift:104:2: warning: '@_functionBuilder' has been renamed to '@resultBuilder' (in target 'TurtleBuilder' from project 'TurtleBuilder')
/Users/admin/builder/spi-builder-workspace/Sources/TurtleBuilder/TurtleBuilder.swift:138:16: warning: Extraneous whitespace between attribute name and '('; this is an error in the Swift 6 language mode (in target 'TurtleBuilder' from project 'TurtleBuilder')
SwiftExplicitDependencyGeneratePcm arm64 /Users/admin/builder/spi-builder-workspace/.derivedData/SDKExplicitPrecompiledModules/SwiftShims-CI4H5RO9IYFFWQ2COB512Q2S9.pcm
SwiftExplicitDependencyGeneratePcm arm64 /Users/admin/builder/spi-builder-workspace/.derivedData/SDKExplicitPrecompiledModules/_SwiftConcurrencyShims-C8XHKSHX96D5YYALNM4W70Z0O.pcm
SwiftExplicitDependencyGeneratePcm arm64 /Users/admin/builder/spi-builder-workspace/.derivedData/SDKExplicitPrecompiledModules/_Builtin_float-6WKHNW5S40U2QGHXXGETUDIRA.pcm
SwiftExplicitDependencyGeneratePcm arm64 /Users/admin/builder/spi-builder-workspace/.derivedData/SDKExplicitPrecompiledModules/_Builtin_stdbool-5BU2ADS7JXQMYENKQHW9X8XOU.pcm
SwiftExplicitDependencyGeneratePcm arm64 /Users/admin/builder/spi-builder-workspace/.derivedData/SDKExplicitPrecompiledModules/ptrauth-1WBA714DZSVUL5JQDJ08CLKZ.pcm
SwiftExplicitDependencyGeneratePcm arm64 /Users/admin/builder/spi-builder-workspace/.derivedData/SDKExplicitPrecompiledModules/ptrcheck-BXA97MNLI4BB0HF5I8MJE403D.pcm
SwiftExplicitDependencyGeneratePcm arm64 /Users/admin/builder/spi-builder-workspace/.derivedData/SDKExplicitPrecompiledModules/_Builtin_stddef-5NQ9Z1GV07GBSRQGAQCGXGVRI.pcm
SwiftExplicitDependencyGeneratePcm arm64 /Users/admin/builder/spi-builder-workspace/.derivedData/SDKExplicitPrecompiledModules/_Builtin_stdarg-CDA349K2K4US766844K8E0PVA.pcm
SwiftExplicitDependencyGeneratePcm arm64 /Users/admin/builder/spi-builder-workspace/.derivedData/SDKExplicitPrecompiledModules/_AvailabilityInternal-1Q8IQP6M38UWSGZ95UCEY2M44.pcm
SwiftExplicitDependencyGeneratePcm arm64 /Users/admin/builder/spi-builder-workspace/.derivedData/SDKExplicitPrecompiledModules/_DarwinFoundation1-5RGRVV2TZ6WC4WZW5IXF8NQ04.pcm
SwiftExplicitDependencyGeneratePcm arm64 /Users/admin/builder/spi-builder-workspace/.derivedData/SDKExplicitPrecompiledModules/_DarwinFoundation2-ENTECK156YEWITZRRBTOCE4KR.pcm
SwiftExplicitDependencyGeneratePcm arm64 /Users/admin/builder/spi-builder-workspace/.derivedData/SDKExplicitPrecompiledModules/_Builtin_limits-425JDMN5HPM3D0UEI8LEHP6NM.pcm
SwiftExplicitDependencyGeneratePcm arm64 /Users/admin/builder/spi-builder-workspace/.derivedData/SDKExplicitPrecompiledModules/_Builtin_stdint-8OR6T47OOYJA90ZBO3N1USDE.pcm
SwiftExplicitDependencyGeneratePcm arm64 /Users/admin/builder/spi-builder-workspace/.derivedData/SDKExplicitPrecompiledModules/sys_types-AYM0BHR77VKMWZCO2T0XGV2HF.pcm
SwiftExplicitDependencyGeneratePcm arm64 /Users/admin/builder/spi-builder-workspace/.derivedData/SDKExplicitPrecompiledModules/string_h-2GT67HHHHK5CF1V1S31LH0PU2.pcm
SwiftExplicitDependencyGeneratePcm arm64 /Users/admin/builder/spi-builder-workspace/.derivedData/SDKExplicitPrecompiledModules/_DarwinFoundation3-9ZHN6JKBS40BBA81RQMV8H0IC.pcm
SwiftExplicitDependencyGeneratePcm arm64 /Users/admin/builder/spi-builder-workspace/.derivedData/SDKExplicitPrecompiledModules/_Builtin_inttypes-11B64KJD36B3YOHBR1BBXBJY8.pcm
SwiftExplicitDependencyGeneratePcm arm64 /Users/admin/builder/spi-builder-workspace/.derivedData/SDKExplicitPrecompiledModules/Darwin-60P5LVNQO3ESRRM5DCJ05PFNK.pcm
SwiftExplicitDependencyGeneratePcm arm64 /Users/admin/builder/spi-builder-workspace/.derivedData/SDKExplicitPrecompiledModules/ObjectiveC-26TIBFYCEJZVP216ZZAU1X8KN.pcm
SwiftExplicitDependencyGeneratePcm arm64 /Users/admin/builder/spi-builder-workspace/.derivedData/SDKExplicitPrecompiledModules/os_object-692CJ8BG6RE5H04487EJJOVXW.pcm
SwiftExplicitDependencyGeneratePcm arm64 /Users/admin/builder/spi-builder-workspace/.derivedData/SDKExplicitPrecompiledModules/os_workgroup-4U1VXMWIZD80E7PRUQF2G7P9X.pcm
SwiftExplicitDependencyGeneratePcm arm64 /Users/admin/builder/spi-builder-workspace/.derivedData/SDKExplicitPrecompiledModules/Dispatch-CLT3466HKC22GCKAWSCNG0H7T.pcm
SwiftExplicitDependencyGeneratePcm arm64 /Users/admin/builder/spi-builder-workspace/.derivedData/SDKExplicitPrecompiledModules/CoreFoundation-AVLTZVCXBU2TO75JCN4AGU8XJ.pcm
SwiftExplicitDependencyGeneratePcm arm64 /Users/admin/builder/spi-builder-workspace/.derivedData/SDKExplicitPrecompiledModules/XPC-EP5EU7FNGP4VOA3EDM18P1KHO.pcm
SwiftExplicitDependencyGeneratePcm arm64 /Users/admin/builder/spi-builder-workspace/.derivedData/SDKExplicitPrecompiledModules/Security-8TH2M8WJIQMET4SADWX0N8372.pcm
SwiftExplicitDependencyGeneratePcm arm64 /Users/admin/builder/spi-builder-workspace/.derivedData/SDKExplicitPrecompiledModules/CFNetwork-5MI70N1VLDQSWTX4COWLMSIRO.pcm
SwiftExplicitDependencyGeneratePcm arm64 /Users/admin/builder/spi-builder-workspace/.derivedData/SDKExplicitPrecompiledModules/Foundation-8GON1KVEKRN3NOQI8RETBRWJP.pcm
SwiftEmitModule normal arm64 Emitting\ module\ for\ TurtleBuilder (in target 'TurtleBuilder' from project 'TurtleBuilder')
SwiftCompile normal arm64 (in target 'TurtleBuilder' from project 'TurtleBuilder')
    cd /Users/admin/builder/spi-builder-workspace/.swiftpm/xcode

/Users/admin/builder/spi-builder-workspace/Sources/TurtleBuilder/TurtleBuilder.swift:104:2: warning: '@_functionBuilder' has been renamed to '@resultBuilder'
102 | }
103 |
104 | @_functionBuilder
    |  `- warning: '@_functionBuilder' has been renamed to '@resultBuilder'
105 | /// Function builder for `Turtle`
106 | public struct TurtleBuilder {
/Users/admin/builder/spi-builder-workspace/Sources/TurtleBuilder/TurtleBuilder.swift:138:16: warning: extraneous whitespace between attribute name and '('; this is an error in the Swift 6 language mode
136 | 	}
137 |
138 | 	public private (set) lazy var lines = self.complie()
    |                `- warning: extraneous whitespace between attribute name and '('; this is an error in the Swift 6 language mode
139 | }
140 |
SwiftCompile normal arm64 Compiling\ TurtleBuilder.swift /Users/admin/builder/spi-builder-workspace/Sources/TurtleBuilder/TurtleBuilder.swift (in target 'TurtleBuilder' from project 'TurtleBuilder')
SwiftCompile normal arm64 /Users/admin/builder/spi-builder-workspace/Sources/TurtleBuilder/TurtleBuilder.swift (in target 'TurtleBuilder' from project 'TurtleBuilder')
    cd /Users/admin/builder/spi-builder-workspace/.swiftpm/xcode
    builtin-SwiftPerFileCompile TurtleBuilder.swift
/Users/admin/builder/spi-builder-workspace/Sources/TurtleBuilder/TurtleBuilder.swift:104:2: warning: '@_functionBuilder' has been renamed to '@resultBuilder'
102 | }
103 |
104 | @_functionBuilder
    |  `- warning: '@_functionBuilder' has been renamed to '@resultBuilder'
105 | /// Function builder for `Turtle`
106 | public struct TurtleBuilder {
/Users/admin/builder/spi-builder-workspace/Sources/TurtleBuilder/TurtleBuilder.swift:138:16: warning: extraneous whitespace between attribute name and '('; this is an error in the Swift 6 language mode
136 | 	}
137 |
138 | 	public private (set) lazy var lines = self.complie()
    |                `- warning: extraneous whitespace between attribute name and '('; this is an error in the Swift 6 language mode
139 | }
140 |
SwiftDriverJobDiscovery normal arm64 Emitting module for TurtleBuilder (in target 'TurtleBuilder' from project 'TurtleBuilder')
SwiftDriver\ Compilation\ Requirements TurtleBuilder normal arm64 com.apple.xcode.tools.swift.compiler (in target 'TurtleBuilder' from project 'TurtleBuilder')
    cd /Users/admin/builder/spi-builder-workspace/.swiftpm/xcode
    builtin-Swift-Compilation-Requirements -- /Applications/Xcode-27.0.0-Release.Candidate.app/Contents/Developer/Toolchains/XcodeDefault.xctoolchain/usr/bin/swiftc -parse-as-library -module-name TurtleBuilder -Onone @/Users/admin/builder/spi-builder-workspace/.derivedData/Build/Intermediates.noindex/TurtleBuilder.build/Debug-xros/TurtleBuilder-t.build/Objects-normal/arm64/TurtleBuilder.SwiftFileList -DSWIFT_PACKAGE -DDEBUG -DSWIFT_MODULE_RESOURCE_BUNDLE_UNAVAILABLE -DXcode -plugin-path /Applications/Xcode-27.0.0-Release.Candidate.app/Contents/Developer/Toolchains/XcodeDefault.xctoolchain/usr/lib/swift/host/plugins/testing -enable-experimental-feature DebugDescriptionMacro -sdk /Applications/Xcode-27.0.0-Release.Candidate.app/Contents/Developer/Platforms/XROS.platform/Developer/SDKs/XROS27.0.sdk -target arm64-apple-xros1.0 -g -module-cache-path /Users/admin/builder/spi-builder-workspace/.derivedData/ModuleCache.noindex -Xfrontend -serialize-debugging-options -profile-coverage-mapping -profile-generate -enable-testing -index-store-path /Users/admin/builder/spi-builder-workspace/.derivedData/Index.noindex/DataStore -Xcc -D_LIBCPP_HARDENING_MODE\=_LIBCPP_HARDENING_MODE_DEBUG -swift-version 5 -I /Users/admin/builder/spi-builder-workspace/.derivedData/Build/Products/Debug-xros -Isystem /Applications/Xcode-27.0.0-Release.Candidate.app/Contents/Developer/Platforms/XROS.platform/Developer/usr/lib -F /Users/admin/builder/spi-builder-workspace/.derivedData/Build/Products/Debug-xros -F /Applications/Xcode-27.0.0-Release.Candidate.app/Contents/Developer/Platforms/XROS.platform/Developer/Library/Frameworks -F /Applications/Xcode-27.0.0-Release.Candidate.app/Contents/Developer/Platforms/XROS.platform/Developer/SDKs/XROS27.0.sdk/Developer/Library/Frameworks -c -j10 -enable-batch-mode -incremental -Xcc -ivfsstatcache -Xcc /Users/admin/builder/spi-builder-workspace/.derivedData/SDKStatCaches.noindex/xros27.0-24M361-e829b21a6f8c9b70876ba0858053c044735bd543db762f57723cac368afd1ce4.sdkstatcache -output-file-map /Users/admin/builder/spi-builder-workspace/.derivedData/Build/Intermediates.noindex/TurtleBuilder.build/Debug-xros/TurtleBuilder-t.build/Objects-normal/arm64/TurtleBuilder-OutputFileMap.json -save-temps -no-color-diagnostics -explicit-module-build -module-cache-path /Users/admin/builder/spi-builder-workspace/.derivedData/Build/Intermediates.noindex/SwiftExplicitPrecompiledModules -clang-scanner-module-cache-path /Users/admin/builder/spi-builder-workspace/.derivedData/ModuleCache.noindex -sdk-module-cache-path /Users/admin/builder/spi-builder-workspace/.derivedData/SDKExplicitPrecompiledModules -emit-dependencies -emit-module -emit-module-path /Users/admin/builder/spi-builder-workspace/.derivedData/Build/Intermediates.noindex/TurtleBuilder.build/Debug-xros/TurtleBuilder-t.build/Objects-normal/arm64/TurtleBuilder.swiftmodule -serialize-diagnostics -dependency-scan-serialize-diagnostics-path /Users/admin/builder/spi-builder-workspace/.derivedData/Build/Intermediates.noindex/TurtleBuilder.build/Debug-xros/TurtleBuilder-t.build/Objects-normal/arm64/TurtleBuilder-dependency-scan.dia -validate-clang-modules-once -clang-build-session-file /Users/admin/builder/spi-builder-workspace/.derivedData/ModuleCache.noindex/Session.modulevalidation -Xcc -fmodules-prune-interval\=86400 -Xcc -fmodules-prune-after\=345600 -emit-const-values -const-gather-protocols-list /Users/admin/builder/spi-builder-workspace/.derivedData/Build/Intermediates.noindex/TurtleBuilder.build/Debug-xros/TurtleBuilder-t.build/Objects-normal/arm64/TurtleBuilder_const_extract_protocols.json -Xcc -I/Users/admin/builder/spi-builder-workspace/.derivedData/Build/Products/Debug-xros/include -Xcc -I/Users/admin/builder/spi-builder-workspace/.derivedData/Build/Intermediates.noindex/TurtleBuilder.build/Debug-xros/TurtleBuilder-t.build/DerivedSources-normal/arm64 -Xcc -I/Users/admin/builder/spi-builder-workspace/.derivedData/Build/Intermediates.noindex/TurtleBuilder.build/Debug-xros/TurtleBuilder-t.build/DerivedSources/arm64 -Xcc -I/Users/admin/builder/spi-builder-workspace/.derivedData/Build/Intermediates.noindex/TurtleBuilder.build/Debug-xros/TurtleBuilder-t.build/DerivedSources -Xcc -DSWIFT_PACKAGE -Xcc -DDEBUG\=1 -emit-objc-header -emit-objc-header-path /Users/admin/builder/spi-builder-workspace/.derivedData/Build/Intermediates.noindex/TurtleBuilder.build/Debug-xros/TurtleBuilder-t.build/Objects-normal/arm64/TurtleBuilder-Swift.h -working-directory /Users/admin/builder/spi-builder-workspace/.swiftpm/xcode -experimental-emit-module-separately -disable-cmo
SwiftMergeGeneratedHeaders /Users/admin/builder/spi-builder-workspace/.derivedData/Build/Intermediates.noindex/GeneratedModuleMaps-xros/TurtleBuilder-Swift.h /Users/admin/builder/spi-builder-workspace/.derivedData/Build/Intermediates.noindex/TurtleBuilder.build/Debug-xros/TurtleBuilder-t.build/Objects-normal/arm64/TurtleBuilder-Swift.h (in target 'TurtleBuilder' from project 'TurtleBuilder')
    cd /Users/admin/builder/spi-builder-workspace
    builtin-swiftHeaderTool -arch arm64 /Users/admin/builder/spi-builder-workspace/.derivedData/Build/Intermediates.noindex/TurtleBuilder.build/Debug-xros/TurtleBuilder-t.build/Objects-normal/arm64/TurtleBuilder-Swift.h -o /Users/admin/builder/spi-builder-workspace/.derivedData/Build/Intermediates.noindex/GeneratedModuleMaps-xros/TurtleBuilder-Swift.h
Copy /Users/admin/builder/spi-builder-workspace/.derivedData/Build/Products/Debug-xros/TurtleBuilder.swiftmodule/arm64-apple-xros.swiftmodule /Users/admin/builder/spi-builder-workspace/.derivedData/Build/Intermediates.noindex/TurtleBuilder.build/Debug-xros/TurtleBuilder-t.build/Objects-normal/arm64/TurtleBuilder.swiftmodule (in target 'TurtleBuilder' from project 'TurtleBuilder')
    cd /Users/admin/builder/spi-builder-workspace
    builtin-copy -exclude .DS_Store -exclude CVS -exclude .svn -exclude .git -exclude .hg -resolve-src-symlinks -rename /Users/admin/builder/spi-builder-workspace/.derivedData/Build/Intermediates.noindex/TurtleBuilder.build/Debug-xros/TurtleBuilder-t.build/Objects-normal/arm64/TurtleBuilder.swiftmodule /Users/admin/builder/spi-builder-workspace/.derivedData/Build/Products/Debug-xros/TurtleBuilder.swiftmodule/arm64-apple-xros.swiftmodule
Copy /Users/admin/builder/spi-builder-workspace/.derivedData/Build/Products/Debug-xros/TurtleBuilder.swiftmodule/arm64-apple-xros.abi.json /Users/admin/builder/spi-builder-workspace/.derivedData/Build/Intermediates.noindex/TurtleBuilder.build/Debug-xros/TurtleBuilder-t.build/Objects-normal/arm64/TurtleBuilder.abi.json (in target 'TurtleBuilder' from project 'TurtleBuilder')
    cd /Users/admin/builder/spi-builder-workspace
    builtin-copy -exclude .DS_Store -exclude CVS -exclude .svn -exclude .git -exclude .hg -resolve-src-symlinks -rename /Users/admin/builder/spi-builder-workspace/.derivedData/Build/Intermediates.noindex/TurtleBuilder.build/Debug-xros/TurtleBuilder-t.build/Objects-normal/arm64/TurtleBuilder.abi.json /Users/admin/builder/spi-builder-workspace/.derivedData/Build/Products/Debug-xros/TurtleBuilder.swiftmodule/arm64-apple-xros.abi.json
Copy /Users/admin/builder/spi-builder-workspace/.derivedData/Build/Products/Debug-xros/TurtleBuilder.swiftmodule/arm64-apple-xros.swiftdoc /Users/admin/builder/spi-builder-workspace/.derivedData/Build/Intermediates.noindex/TurtleBuilder.build/Debug-xros/TurtleBuilder-t.build/Objects-normal/arm64/TurtleBuilder.swiftdoc (in target 'TurtleBuilder' from project 'TurtleBuilder')
    cd /Users/admin/builder/spi-builder-workspace
    builtin-copy -exclude .DS_Store -exclude CVS -exclude .svn -exclude .git -exclude .hg -resolve-src-symlinks -rename /Users/admin/builder/spi-builder-workspace/.derivedData/Build/Intermediates.noindex/TurtleBuilder.build/Debug-xros/TurtleBuilder-t.build/Objects-normal/arm64/TurtleBuilder.swiftdoc /Users/admin/builder/spi-builder-workspace/.derivedData/Build/Products/Debug-xros/TurtleBuilder.swiftmodule/arm64-apple-xros.swiftdoc
Copy /Users/admin/builder/spi-builder-workspace/.derivedData/Build/Products/Debug-xros/TurtleBuilder.swiftmodule/Project/arm64-apple-xros.swiftsourceinfo /Users/admin/builder/spi-builder-workspace/.derivedData/Build/Intermediates.noindex/TurtleBuilder.build/Debug-xros/TurtleBuilder-t.build/Objects-normal/arm64/TurtleBuilder.swiftsourceinfo (in target 'TurtleBuilder' from project 'TurtleBuilder')
    cd /Users/admin/builder/spi-builder-workspace
    builtin-copy -exclude .DS_Store -exclude CVS -exclude .svn -exclude .git -exclude .hg -resolve-src-symlinks -rename /Users/admin/builder/spi-builder-workspace/.derivedData/Build/Intermediates.noindex/TurtleBuilder.build/Debug-xros/TurtleBuilder-t.build/Objects-normal/arm64/TurtleBuilder.swiftsourceinfo /Users/admin/builder/spi-builder-workspace/.derivedData/Build/Products/Debug-xros/TurtleBuilder.swiftmodule/Project/arm64-apple-xros.swiftsourceinfo
SwiftDriver TurtleBuilderTests normal arm64 com.apple.xcode.tools.swift.compiler (in target 'TurtleBuilderTests-product' from project 'TurtleBuilder')
    cd /Users/admin/builder/spi-builder-workspace/.swiftpm/xcode
    builtin-SwiftDriver -- /Applications/Xcode-27.0.0-Release.Candidate.app/Contents/Developer/Toolchains/XcodeDefault.xctoolchain/usr/bin/swiftc -parse-as-library -module-name TurtleBuilderTests -Onone @/Users/admin/builder/spi-builder-workspace/.derivedData/Build/Intermediates.noindex/TurtleBuilder.build/Debug-xros/TurtleBuilderTests-p.build/Objects-normal/arm64/TurtleBuilderTests.SwiftFileList -DSWIFT_PACKAGE -DDEBUG -DXcode -plugin-path /Applications/Xcode-27.0.0-Release.Candidate.app/Contents/Developer/Toolchains/XcodeDefault.xctoolchain/usr/lib/swift/host/plugins/testing -enable-experimental-feature DebugDescriptionMacro -sdk /Applications/Xcode-27.0.0-Release.Candidate.app/Contents/Developer/Platforms/XROS.platform/Developer/SDKs/XROS27.0.sdk -target arm64-apple-xros1.0 -g -module-cache-path /Users/admin/builder/spi-builder-workspace/.derivedData/ModuleCache.noindex -Xfrontend -serialize-debugging-options -profile-coverage-mapping -profile-generate -enable-testing -index-store-path /Users/admin/builder/spi-builder-workspace/.derivedData/Index.noindex/DataStore -Xcc -D_LIBCPP_HARDENING_MODE\=_LIBCPP_HARDENING_MODE_DEBUG -swift-version 5 -I /Users/admin/builder/spi-builder-workspace/.derivedData/Build/Products/Debug-xros -Isystem /Applications/Xcode-27.0.0-Release.Candidate.app/Contents/Developer/Platforms/XROS.platform/Developer/usr/lib -F /Users/admin/builder/spi-builder-workspace/.derivedData/Build/Products/Debug-xros/PackageFrameworks -F /Users/admin/builder/spi-builder-workspace/.derivedData/Build/Products/Debug-xros -F /Applications/Xcode-27.0.0-Release.Candidate.app/Contents/Developer/Platforms/XROS.platform/Developer/Library/Frameworks -F /Applications/Xcode-27.0.0-Release.Candidate.app/Contents/Developer/Platforms/XROS.platform/Developer/SDKs/XROS27.0.sdk/Developer/Library/Frameworks -c -j10 -enable-batch-mode -incremental -Xcc -ivfsstatcache -Xcc /Users/admin/builder/spi-builder-workspace/.derivedData/SDKStatCaches.noindex/xros27.0-24M361-e829b21a6f8c9b70876ba0858053c044735bd543db762f57723cac368afd1ce4.sdkstatcache -output-file-map /Users/admin/builder/spi-builder-workspace/.derivedData/Build/Intermediates.noindex/TurtleBuilder.build/Debug-xros/TurtleBuilderTests-p.build/Objects-normal/arm64/TurtleBuilderTests-OutputFileMap.json -save-temps -no-color-diagnostics -explicit-module-build -module-cache-path /Users/admin/builder/spi-builder-workspace/.derivedData/Build/Intermediates.noindex/SwiftExplicitPrecompiledModules -clang-scanner-module-cache-path /Users/admin/builder/spi-builder-workspace/.derivedData/ModuleCache.noindex -sdk-module-cache-path /Users/admin/builder/spi-builder-workspace/.derivedData/SDKExplicitPrecompiledModules -emit-dependencies -emit-module -emit-module-path /Users/admin/builder/spi-builder-workspace/.derivedData/Build/Intermediates.noindex/TurtleBuilder.build/Debug-xros/TurtleBuilderTests-p.build/Objects-normal/arm64/TurtleBuilderTests.swiftmodule -serialize-diagnostics -dependency-scan-serialize-diagnostics-path /Users/admin/builder/spi-builder-workspace/.derivedData/Build/Intermediates.noindex/TurtleBuilder.build/Debug-xros/TurtleBuilderTests-p.build/Objects-normal/arm64/TurtleBuilderTests-dependency-scan.dia -validate-clang-modules-once -clang-build-session-file /Users/admin/builder/spi-builder-workspace/.derivedData/ModuleCache.noindex/Session.modulevalidation -Xcc -fmodules-prune-interval\=86400 -Xcc -fmodules-prune-after\=345600 -emit-const-values -const-gather-protocols-list /Users/admin/builder/spi-builder-workspace/.derivedData/Build/Intermediates.noindex/TurtleBuilder.build/Debug-xros/TurtleBuilderTests-p.build/Objects-normal/arm64/TurtleBuilderTests_const_extract_protocols.json -Xcc -I/Users/admin/builder/spi-builder-workspace/.derivedData/Build/Products/Debug-xros/include -Xcc -I/Users/admin/builder/spi-builder-workspace/.derivedData/Build/Intermediates.noindex/TurtleBuilder.build/Debug-xros/TurtleBuilderTests-p.build/DerivedSources-normal/arm64 -Xcc -I/Users/admin/builder/spi-builder-workspace/.derivedData/Build/Intermediates.noindex/TurtleBuilder.build/Debug-xros/TurtleBuilderTests-p.build/DerivedSources/arm64 -Xcc -I/Users/admin/builder/spi-builder-workspace/.derivedData/Build/Intermediates.noindex/TurtleBuilder.build/Debug-xros/TurtleBuilderTests-p.build/DerivedSources -Xcc -DSWIFT_PACKAGE -Xcc -DDEBUG\=1 -working-directory /Users/admin/builder/spi-builder-workspace/.swiftpm/xcode -experimental-emit-module-separately -disable-cmo
SwiftDriver TurtleView normal arm64 com.apple.xcode.tools.swift.compiler (in target 'TurtleView' from project 'TurtleBuilder')
    cd /Users/admin/builder/spi-builder-workspace/.swiftpm/xcode
    builtin-SwiftDriver -- /Applications/Xcode-27.0.0-Release.Candidate.app/Contents/Developer/Toolchains/XcodeDefault.xctoolchain/usr/bin/swiftc -parse-as-library -module-name TurtleView -Onone @/Users/admin/builder/spi-builder-workspace/.derivedData/Build/Intermediates.noindex/TurtleBuilder.build/Debug-xros/TurtleView-t.build/Objects-normal/arm64/TurtleView.SwiftFileList -DSWIFT_PACKAGE -DDEBUG -DSWIFT_MODULE_RESOURCE_BUNDLE_UNAVAILABLE -DXcode -plugin-path /Applications/Xcode-27.0.0-Release.Candidate.app/Contents/Developer/Toolchains/XcodeDefault.xctoolchain/usr/lib/swift/host/plugins/testing -enable-experimental-feature DebugDescriptionMacro -sdk /Applications/Xcode-27.0.0-Release.Candidate.app/Contents/Developer/Platforms/XROS.platform/Developer/SDKs/XROS27.0.sdk -target arm64-apple-xros1.0 -g -module-cache-path /Users/admin/builder/spi-builder-workspace/.derivedData/ModuleCache.noindex -Xfrontend -serialize-debugging-options -profile-coverage-mapping -profile-generate -enable-testing -index-store-path /Users/admin/builder/spi-builder-workspace/.derivedData/Index.noindex/DataStore -Xcc -D_LIBCPP_HARDENING_MODE\=_LIBCPP_HARDENING_MODE_DEBUG -swift-version 5 -I /Users/admin/builder/spi-builder-workspace/.derivedData/Build/Products/Debug-xros -Isystem /Applications/Xcode-27.0.0-Release.Candidate.app/Contents/Developer/Platforms/XROS.platform/Developer/usr/lib -F /Users/admin/builder/spi-builder-workspace/.derivedData/Build/Products/Debug-xros/PackageFrameworks -F /Users/admin/builder/spi-builder-workspace/.derivedData/Build/Products/Debug-xros -F /Applications/Xcode-27.0.0-Release.Candidate.app/Contents/Developer/Platforms/XROS.platform/Developer/Library/Frameworks -F /Applications/Xcode-27.0.0-Release.Candidate.app/Contents/Developer/Platforms/XROS.platform/Developer/SDKs/XROS27.0.sdk/Developer/Library/Frameworks -c -j10 -enable-batch-mode -incremental -Xcc -ivfsstatcache -Xcc /Users/admin/builder/spi-builder-workspace/.derivedData/SDKStatCaches.noindex/xros27.0-24M361-e829b21a6f8c9b70876ba0858053c044735bd543db762f57723cac368afd1ce4.sdkstatcache -output-file-map /Users/admin/builder/spi-builder-workspace/.derivedData/Build/Intermediates.noindex/TurtleBuilder.build/Debug-xros/TurtleView-t.build/Objects-normal/arm64/TurtleView-OutputFileMap.json -save-temps -no-color-diagnostics -explicit-module-build -module-cache-path /Users/admin/builder/spi-builder-workspace/.derivedData/Build/Intermediates.noindex/SwiftExplicitPrecompiledModules -clang-scanner-module-cache-path /Users/admin/builder/spi-builder-workspace/.derivedData/ModuleCache.noindex -sdk-module-cache-path /Users/admin/builder/spi-builder-workspace/.derivedData/SDKExplicitPrecompiledModules -emit-dependencies -emit-module -emit-module-path /Users/admin/builder/spi-builder-workspace/.derivedData/Build/Intermediates.noindex/TurtleBuilder.build/Debug-xros/TurtleView-t.build/Objects-normal/arm64/TurtleView.swiftmodule -serialize-diagnostics -dependency-scan-serialize-diagnostics-path /Users/admin/builder/spi-builder-workspace/.derivedData/Build/Intermediates.noindex/TurtleBuilder.build/Debug-xros/TurtleView-t.build/Objects-normal/arm64/TurtleView-dependency-scan.dia -validate-clang-modules-once -clang-build-session-file /Users/admin/builder/spi-builder-workspace/.derivedData/ModuleCache.noindex/Session.modulevalidation -Xcc -fmodules-prune-interval\=86400 -Xcc -fmodules-prune-after\=345600 -emit-const-values -const-gather-protocols-list /Users/admin/builder/spi-builder-workspace/.derivedData/Build/Intermediates.noindex/TurtleBuilder.build/Debug-xros/TurtleView-t.build/Objects-normal/arm64/TurtleView_const_extract_protocols.json -Xcc -I/Users/admin/builder/spi-builder-workspace/.derivedData/Build/Products/Debug-xros/include -Xcc -I/Users/admin/builder/spi-builder-workspace/.derivedData/Build/Intermediates.noindex/TurtleBuilder.build/Debug-xros/TurtleView-t.build/DerivedSources-normal/arm64 -Xcc -I/Users/admin/builder/spi-builder-workspace/.derivedData/Build/Intermediates.noindex/TurtleBuilder.build/Debug-xros/TurtleView-t.build/DerivedSources/arm64 -Xcc -I/Users/admin/builder/spi-builder-workspace/.derivedData/Build/Intermediates.noindex/TurtleBuilder.build/Debug-xros/TurtleView-t.build/DerivedSources -Xcc -DSWIFT_PACKAGE -Xcc -DDEBUG\=1 -emit-objc-header -emit-objc-header-path /Users/admin/builder/spi-builder-workspace/.derivedData/Build/Intermediates.noindex/TurtleBuilder.build/Debug-xros/TurtleView-t.build/Objects-normal/arm64/TurtleView-Swift.h -working-directory /Users/admin/builder/spi-builder-workspace/.swiftpm/xcode -experimental-emit-module-separately -disable-cmo
SwiftExplicitDependencyGeneratePcm arm64 /Users/admin/builder/spi-builder-workspace/.derivedData/SDKExplicitPrecompiledModules/MachO-3XTHY7HWV6RF3KXKYQVHUBUXK.pcm
SwiftExplicitDependencyGeneratePcm arm64 /Users/admin/builder/spi-builder-workspace/.derivedData/SDKExplicitPrecompiledModules/_Builtin_intrinsics-BC5IJI3YI34RQ61ZNVDRDZ6RN.pcm
SwiftExplicitDependencyGeneratePcm arm64 /Users/admin/builder/spi-builder-workspace/.derivedData/SDKExplicitPrecompiledModules/IOSurface-5FE9U89GVFF9A7X7AGO2R8ENI.pcm
SwiftExplicitDependencyGeneratePcm arm64 /Users/admin/builder/spi-builder-workspace/.derivedData/SDKExplicitPrecompiledModules/DeveloperToolsSupport-46GOQP8J1QTHLYQSJW81T8UZ3.pcm
SwiftExplicitDependencyGeneratePcm arm64 /Users/admin/builder/spi-builder-workspace/.derivedData/SDKExplicitPrecompiledModules/Symbols-8G2XC01RPQ5HYIZE6JNUT864I.pcm
SwiftExplicitDependencyGeneratePcm arm64 /Users/admin/builder/spi-builder-workspace/.derivedData/SDKExplicitPrecompiledModules/UserNotifications-8IIV1V1FPNAPA4LY1Y23LOM2N.pcm
SwiftExplicitDependencyGeneratePcm arm64 /Users/admin/builder/spi-builder-workspace/.derivedData/SDKExplicitPrecompiledModules/_Builtin_tgmath-BPYSMHWI520EQRL2HW519ZY7Z.pcm
SwiftExplicitDependencyGeneratePcm arm64 /Users/admin/builder/spi-builder-workspace/.derivedData/SDKExplicitPrecompiledModules/UniformTypeIdentifiers-E5KMWDZEKS4QW9RO1KBRDEXV6.pcm
SwiftExplicitDependencyGeneratePcm arm64 /Users/admin/builder/spi-builder-workspace/.derivedData/SDKExplicitPrecompiledModules/DataDetection-BANTQ3WXXGKZJYC0LLB3MD9K0.pcm
SwiftExplicitDependencyGeneratePcm arm64 /Users/admin/builder/spi-builder-workspace/.derivedData/SDKExplicitPrecompiledModules/UIUtilities-AOVGLUWEAN6CG2UZFNESGSP6C.pcm
SwiftExplicitDependencyGeneratePcm arm64 /Users/admin/builder/spi-builder-workspace/.derivedData/SDKExplicitPrecompiledModules/CoreGraphics-BFUJ177R223UT2ZI327ZTZY91.pcm
SwiftExplicitDependencyGeneratePcm arm64 /Users/admin/builder/spi-builder-workspace/.derivedData/SDKExplicitPrecompiledModules/_LocationEssentials-8GQGFVARUE99D8VJX3TINY0VP.pcm
SwiftExplicitDependencyGeneratePcm arm64 /Users/admin/builder/spi-builder-workspace/.derivedData/SDKExplicitPrecompiledModules/CoreTransferable-8TBYAKHCX6UC8QQSS7BD8GQK5.pcm
SwiftExplicitDependencyGeneratePcm arm64 /Users/admin/builder/spi-builder-workspace/.derivedData/SDKExplicitPrecompiledModules/OpenGLES-56BKSYXNVAP91BYZRWAKQZKGI.pcm
SwiftExplicitDependencyGeneratePcm arm64 /Users/admin/builder/spi-builder-workspace/.derivedData/SDKExplicitPrecompiledModules/Metal-EKNUM9P3PRIBHZK1ZBD6BA2T7.pcm
SwiftExplicitDependencyGeneratePcm arm64 /Users/admin/builder/spi-builder-workspace/.derivedData/SDKExplicitPrecompiledModules/_Builtin_stdatomic-1VUZPM79PNCAHXVBERD53WRSF.pcm
SwiftExplicitDependencyGeneratePcm arm64 /Users/admin/builder/spi-builder-workspace/.derivedData/SDKExplicitPrecompiledModules/CoreLocation-1SN37095DAPVJ068LLP9TBDQX.pcm
SwiftExplicitDependencyGeneratePcm arm64 /Users/admin/builder/spi-builder-workspace/.derivedData/SDKExplicitPrecompiledModules/os-1004XEJ3IXOOAU0KL58SM3D0K.pcm
SwiftExplicitDependencyGeneratePcm arm64 /Users/admin/builder/spi-builder-workspace/.derivedData/SDKExplicitPrecompiledModules/CoreText-6F9TY5TEPCCZ1K2KYM4GMEGHD.pcm
SwiftExplicitDependencyGeneratePcm arm64 /Users/admin/builder/spi-builder-workspace/.derivedData/SDKExplicitPrecompiledModules/ImageIO-5CC6COR9KJYI1UBL7CSHLU2OG.pcm
SwiftExplicitDependencyGeneratePcm arm64 /Users/admin/builder/spi-builder-workspace/.derivedData/SDKExplicitPrecompiledModules/FileProvider-C9I28SI56F2SEVH1BCWTKGODO.pcm
SwiftExplicitDependencyGeneratePcm arm64 /Users/admin/builder/spi-builder-workspace/.derivedData/SDKExplicitPrecompiledModules/Accessibility-1DR4J4YDVDGAYQTZ0FKZ1PU09.pcm
SwiftExplicitDependencyGeneratePcm arm64 /Users/admin/builder/spi-builder-workspace/.derivedData/SDKExplicitPrecompiledModules/CoreMotion-10LV922UPGE28QX2SOIO7ALIZ.pcm
SwiftExplicitDependencyGeneratePcm arm64 /Users/admin/builder/spi-builder-workspace/.derivedData/SDKExplicitPrecompiledModules/simd-9XXAB17Y6E4BBPQADD61NZ23.pcm
SwiftExplicitDependencyGeneratePcm arm64 /Users/admin/builder/spi-builder-workspace/.derivedData/SDKExplicitPrecompiledModules/OSLog-BNGT87TS0GMBFF7TY70HHB69.pcm
SwiftExplicitDependencyGeneratePcm arm64 /Users/admin/builder/spi-builder-workspace/.derivedData/SDKExplicitPrecompiledModules/CoreVideo-E12HJSJSLO0YKWYBES11UKJ02.pcm
SwiftExplicitDependencyGeneratePcm arm64 /Users/admin/builder/spi-builder-workspace/.derivedData/SDKExplicitPrecompiledModules/CoreImage-8WF1P230U10QM666EQMNV7OF1.pcm
SwiftExplicitDependencyGeneratePcm arm64 /Users/admin/builder/spi-builder-workspace/.derivedData/SDKExplicitPrecompiledModules/QuartzCore-12T8WVKUNCL1N7VXH87MM4YOB.pcm
SwiftExplicitDependencyGeneratePcm arm64 /Users/admin/builder/spi-builder-workspace/.derivedData/SDKExplicitPrecompiledModules/UIKit-2D2PMAAE45TMO6S28UCGCO5BR.pcm
SwiftDriverJobDiscovery normal arm64 Compiling TurtleBuilder.swift (in target 'TurtleBuilder' from project 'TurtleBuilder')
SwiftDriver\ Compilation TurtleBuilder normal arm64 com.apple.xcode.tools.swift.compiler (in target 'TurtleBuilder' from project 'TurtleBuilder')
    cd /Users/admin/builder/spi-builder-workspace/.swiftpm/xcode
    builtin-Swift-Compilation -- /Applications/Xcode-27.0.0-Release.Candidate.app/Contents/Developer/Toolchains/XcodeDefault.xctoolchain/usr/bin/swiftc -parse-as-library -module-name TurtleBuilder -Onone @/Users/admin/builder/spi-builder-workspace/.derivedData/Build/Intermediates.noindex/TurtleBuilder.build/Debug-xros/TurtleBuilder-t.build/Objects-normal/arm64/TurtleBuilder.SwiftFileList -DSWIFT_PACKAGE -DDEBUG -DSWIFT_MODULE_RESOURCE_BUNDLE_UNAVAILABLE -DXcode -plugin-path /Applications/Xcode-27.0.0-Release.Candidate.app/Contents/Developer/Toolchains/XcodeDefault.xctoolchain/usr/lib/swift/host/plugins/testing -enable-experimental-feature DebugDescriptionMacro -sdk /Applications/Xcode-27.0.0-Release.Candidate.app/Contents/Developer/Platforms/XROS.platform/Developer/SDKs/XROS27.0.sdk -target arm64-apple-xros1.0 -g -module-cache-path /Users/admin/builder/spi-builder-workspace/.derivedData/ModuleCache.noindex -Xfrontend -serialize-debugging-options -profile-coverage-mapping -profile-generate -enable-testing -index-store-path /Users/admin/builder/spi-builder-workspace/.derivedData/Index.noindex/DataStore -Xcc -D_LIBCPP_HARDENING_MODE\=_LIBCPP_HARDENING_MODE_DEBUG -swift-version 5 -I /Users/admin/builder/spi-builder-workspace/.derivedData/Build/Products/Debug-xros -Isystem /Applications/Xcode-27.0.0-Release.Candidate.app/Contents/Developer/Platforms/XROS.platform/Developer/usr/lib -F /Users/admin/builder/spi-builder-workspace/.derivedData/Build/Products/Debug-xros -F /Applications/Xcode-27.0.0-Release.Candidate.app/Contents/Developer/Platforms/XROS.platform/Developer/Library/Frameworks -F /Applications/Xcode-27.0.0-Release.Candidate.app/Contents/Developer/Platforms/XROS.platform/Developer/SDKs/XROS27.0.sdk/Developer/Library/Frameworks -c -j10 -enable-batch-mode -incremental -Xcc -ivfsstatcache -Xcc /Users/admin/builder/spi-builder-workspace/.derivedData/SDKStatCaches.noindex/xros27.0-24M361-e829b21a6f8c9b70876ba0858053c044735bd543db762f57723cac368afd1ce4.sdkstatcache -output-file-map /Users/admin/builder/spi-builder-workspace/.derivedData/Build/Intermediates.noindex/TurtleBuilder.build/Debug-xros/TurtleBuilder-t.build/Objects-normal/arm64/TurtleBuilder-OutputFileMap.json -save-temps -no-color-diagnostics -explicit-module-build -module-cache-path /Users/admin/builder/spi-builder-workspace/.derivedData/Build/Intermediates.noindex/SwiftExplicitPrecompiledModules -clang-scanner-module-cache-path /Users/admin/builder/spi-builder-workspace/.derivedData/ModuleCache.noindex -sdk-module-cache-path /Users/admin/builder/spi-builder-workspace/.derivedData/SDKExplicitPrecompiledModules -emit-dependencies -emit-module -emit-module-path /Users/admin/builder/spi-builder-workspace/.derivedData/Build/Intermediates.noindex/TurtleBuilder.build/Debug-xros/TurtleBuilder-t.build/Objects-normal/arm64/TurtleBuilder.swiftmodule -serialize-diagnostics -dependency-scan-serialize-diagnostics-path /Users/admin/builder/spi-builder-workspace/.derivedData/Build/Intermediates.noindex/TurtleBuilder.build/Debug-xros/TurtleBuilder-t.build/Objects-normal/arm64/TurtleBuilder-dependency-scan.dia -validate-clang-modules-once -clang-build-session-file /Users/admin/builder/spi-builder-workspace/.derivedData/ModuleCache.noindex/Session.modulevalidation -Xcc -fmodules-prune-interval\=86400 -Xcc -fmodules-prune-after\=345600 -emit-const-values -const-gather-protocols-list /Users/admin/builder/spi-builder-workspace/.derivedData/Build/Intermediates.noindex/TurtleBuilder.build/Debug-xros/TurtleBuilder-t.build/Objects-normal/arm64/TurtleBuilder_const_extract_protocols.json -Xcc -I/Users/admin/builder/spi-builder-workspace/.derivedData/Build/Products/Debug-xros/include -Xcc -I/Users/admin/builder/spi-builder-workspace/.derivedData/Build/Intermediates.noindex/TurtleBuilder.build/Debug-xros/TurtleBuilder-t.build/DerivedSources-normal/arm64 -Xcc -I/Users/admin/builder/spi-builder-workspace/.derivedData/Build/Intermediates.noindex/TurtleBuilder.build/Debug-xros/TurtleBuilder-t.build/DerivedSources/arm64 -Xcc -I/Users/admin/builder/spi-builder-workspace/.derivedData/Build/Intermediates.noindex/TurtleBuilder.build/Debug-xros/TurtleBuilder-t.build/DerivedSources -Xcc -DSWIFT_PACKAGE -Xcc -DDEBUG\=1 -emit-objc-header -emit-objc-header-path /Users/admin/builder/spi-builder-workspace/.derivedData/Build/Intermediates.noindex/TurtleBuilder.build/Debug-xros/TurtleBuilder-t.build/Objects-normal/arm64/TurtleBuilder-Swift.h -working-directory /Users/admin/builder/spi-builder-workspace/.swiftpm/xcode -experimental-emit-module-separately -disable-cmo
Ld /Users/admin/builder/spi-builder-workspace/.derivedData/Build/Products/Debug-xros/TurtleBuilder.o normal (in target 'TurtleBuilder' from project 'TurtleBuilder')
    cd /Users/admin/builder/spi-builder-workspace
    /Applications/Xcode-27.0.0-Release.Candidate.app/Contents/Developer/Toolchains/XcodeDefault.xctoolchain/usr/bin/clang -Xlinker -reproducible -target arm64-apple-xros1.0 -r -isysroot /Applications/Xcode-27.0.0-Release.Candidate.app/Contents/Developer/Platforms/XROS.platform/Developer/SDKs/XROS27.0.sdk -O0 -Xlinker -no_warn_duplicate_libraries -F/Users/admin/builder/spi-builder-workspace/.derivedData/Build/Intermediates.noindex/EagerLinkingTBDs/Debug-xros -F/Users/admin/builder/spi-builder-workspace/.derivedData/Build/Products/Debug-xros -iframework /Applications/Xcode-27.0.0-Release.Candidate.app/Contents/Developer/Platforms/XROS.platform/Developer/Library/Frameworks -iframework /Applications/Xcode-27.0.0-Release.Candidate.app/Contents/Developer/Platforms/XROS.platform/Developer/SDKs/XROS27.0.sdk/Developer/Library/Frameworks -filelist /Users/admin/builder/spi-builder-workspace/.derivedData/Build/Intermediates.noindex/TurtleBuilder.build/Debug-xros/TurtleBuilder-t.build/Objects-normal/arm64/TurtleBuilder.LinkFileList -nostdlib -Xlinker -object_path_lto -Xlinker /Users/admin/builder/spi-builder-workspace/.derivedData/Build/Intermediates.noindex/TurtleBuilder.build/Debug-xros/TurtleBuilder-t.build/Objects-normal/arm64/TurtleBuilder_lto.o -Xlinker -no_deduplicate -Xlinker -debug_variant -Xlinker -dependency_info -Xlinker /Users/admin/builder/spi-builder-workspace/.derivedData/Build/Intermediates.noindex/TurtleBuilder.build/Debug-xros/TurtleBuilder-t.build/Objects-normal/arm64/TurtleBuilder_dependency_info.dat -fobjc-link-runtime -L/Applications/Xcode-27.0.0-Release.Candidate.app/Contents/Developer/Toolchains/XcodeDefault.xctoolchain/usr/lib/swift/xros -L/usr/lib/swift -Xlinker -add_ast_path -Xlinker /Users/admin/builder/spi-builder-workspace/.derivedData/Build/Intermediates.noindex/TurtleBuilder.build/Debug-xros/TurtleBuilder-t.build/Objects-normal/arm64/TurtleBuilder.swiftmodule -o /Users/admin/builder/spi-builder-workspace/.derivedData/Build/Products/Debug-xros/TurtleBuilder.o
ExtractAppIntentsMetadata (in target 'TurtleBuilder' from project 'TurtleBuilder')
    cd /Users/admin/builder/spi-builder-workspace
    /Applications/Xcode-27.0.0-Release.Candidate.app/Contents/Developer/Toolchains/XcodeDefault.xctoolchain/usr/bin/appintentsmetadataprocessor --toolchain-dir /var/run/com.apple.security.cryptexd/mnt/com.apple.MobileAsset.MetalToolchain-v27.1.266.1.hVoNTl/Metal.xctoolchain --module-name TurtleBuilder --sdk-root /Applications/Xcode-27.0.0-Release.Candidate.app/Contents/Developer/Platforms/XROS.platform/Developer/SDKs/XROS27.0.sdk --xcode-version 27A266a --platform-family xrOS --deployment-target 1.0 --bundle-identifier spi-builder-workspace.TurtleBuilder --output /Users/admin/builder/spi-builder-workspace/.derivedData/Build/Products/Debug-xros/TurtleBuilder.appintents --target-triple arm64-apple-xros1.0 --binary-file /Users/admin/builder/spi-builder-workspace/.derivedData/Build/Products/Debug-xros/TurtleBuilder.o --dependency-file /Users/admin/builder/spi-builder-workspace/.derivedData/Build/Intermediates.noindex/TurtleBuilder.build/Debug-xros/TurtleBuilder-t.build/Objects-normal/arm64/TurtleBuilder_dependency_info.dat --stringsdata-file /Users/admin/builder/spi-builder-workspace/.derivedData/Build/Intermediates.noindex/TurtleBuilder.build/Debug-xros/TurtleBuilder-t.build/Objects-normal/arm64/ExtractedAppShortcutsMetadata.stringsdata --source-file-list /Users/admin/builder/spi-builder-workspace/.derivedData/Build/Intermediates.noindex/TurtleBuilder.build/Debug-xros/TurtleBuilder-t.build/Objects-normal/arm64/TurtleBuilder.SwiftFileList --metadata-file-list /Users/admin/builder/spi-builder-workspace/.derivedData/Build/Intermediates.noindex/TurtleBuilder.build/Debug-xros/TurtleBuilder-t.build/TurtleBuilder.DependencyMetadataFileList --static-metadata-file-list /Users/admin/builder/spi-builder-workspace/.derivedData/Build/Intermediates.noindex/TurtleBuilder.build/Debug-xros/TurtleBuilder-t.build/TurtleBuilder.DependencyStaticMetadataFileList --swift-const-vals-list /Users/admin/builder/spi-builder-workspace/.derivedData/Build/Intermediates.noindex/TurtleBuilder.build/Debug-xros/TurtleBuilder-t.build/Objects-normal/arm64/TurtleBuilder.SwiftConstValuesFileList --force --compile-time-extraction --deployment-aware-processing --no-app-shortcuts-localization
2026-09-16 02:59:05.522 appintentsmetadataprocessor[743:4636] Starting appintentsmetadataprocessor export
2026-09-16 02:59:05.620 appintentsmetadataprocessor[743:4636] Extracted no relevant App Intents symbols, skipping writing output
SwiftExplicitDependencyGeneratePcm arm64 /Users/admin/builder/spi-builder-workspace/.derivedData/SDKExplicitPrecompiledModules/Spatial-5E0I2846LO3ZE24CSVR2O57TI.pcm
ProcessInfoPlistFile /Users/admin/builder/spi-builder-workspace/.derivedData/Build/Products/Debug-xros/TurtleBuilderTests.xctest/Info.plist /Users/admin/builder/spi-builder-workspace/.derivedData/Build/Intermediates.noindex/TurtleBuilder.build/Debug-xros/TurtleBuilderTests-p.build/empty-TurtleBuilderTests.plist (in target 'TurtleBuilderTests-product' from project 'TurtleBuilder')
    cd /Users/admin/builder/spi-builder-workspace
    builtin-infoPlistUtility /Users/admin/builder/spi-builder-workspace/.derivedData/Build/Intermediates.noindex/TurtleBuilder.build/Debug-xros/TurtleBuilderTests-p.build/empty-TurtleBuilderTests.plist -producttype com.apple.product-type.bundle.unit-test -expandbuildsettings -format binary -platform xros -o /Users/admin/builder/spi-builder-workspace/.derivedData/Build/Products/Debug-xros/TurtleBuilderTests.xctest/Info.plist
SwiftExplicitDependencyGeneratePcm arm64 /Users/admin/builder/spi-builder-workspace/.derivedData/SDKExplicitPrecompiledModules/SwiftUICore-6OBBMA39VFD4CB6SG2PE41FAP.pcm
SwiftCompile normal arm64 Compiling\ Utile.swift /Users/admin/builder/spi-builder-workspace/Sources/TurtleView/Utile.swift (in target 'TurtleView' from project 'TurtleBuilder')
SwiftCompile normal arm64 /Users/admin/builder/spi-builder-workspace/Sources/TurtleView/Utile.swift (in target 'TurtleView' from project 'TurtleBuilder')
    cd /Users/admin/builder/spi-builder-workspace/.swiftpm/xcode
    builtin-SwiftPerFileCompile Utile.swift
SwiftEmitModule normal arm64 Emitting\ module\ for\ TurtleView (in target 'TurtleView' from project 'TurtleBuilder')
/Users/admin/builder/spi-builder-workspace/Sources/TurtleView/AnimatedTurtleView.swift:5:47: warning: using 'class' keyword to define a class-constrained protocol is deprecated; use 'AnyObject' instead [#deprecation]
  3 | import TurtleBuilder
  4 |
  5 | fileprivate protocol AnimationLooperDelegate: class {
    |                                               `- warning: using 'class' keyword to define a class-constrained protocol is deprecated; use 'AnyObject' instead [#deprecation]
  6 | 	func turtleAnimatorDidEnd(_ animator: TurtleAnimator)
  7 | }
/Users/admin/builder/spi-builder-workspace/Sources/TurtleView/TurtleView.swift:10:26: error: cannot find type 'PlatformView' in scope
 8 | import TurtleBuilder
 9 |
10 | public class TurtleView: PlatformView {
   |                          `- error: cannot find type 'PlatformView' in scope
11 | 	private var turtle: Turtle
12 |
/Users/admin/builder/spi-builder-workspace/Sources/TurtleView/TurtleView.swift:22:26: error: cannot find type 'PlatformColor' in scope
20 | 	}
21 |
22 | 	public var strokeColor: PlatformColor = PlatformColor.green {
   |                          `- error: cannot find type 'PlatformColor' in scope
23 | 		didSet { update() }
24 | 	}
/Users/admin/builder/spi-builder-workspace/Sources/TurtleView/TurtleView.swift:22:42: error: cannot find 'PlatformColor' in scope
20 | 	}
21 |
22 | 	public var strokeColor: PlatformColor = PlatformColor.green {
   |                                          `- error: cannot find 'PlatformColor' in scope
23 | 		didSet { update() }
24 | 	}
/Users/admin/builder/spi-builder-workspace/Sources/TurtleView/TurtleView.swift:26:24: error: cannot find type 'UIColor' in scope
24 | 	}
25 |
26 | 	public var fillColor: UIColor = UIColor.clear {
   |                        `- error: cannot find type 'UIColor' in scope
27 | 		didSet { update() }
28 | 	}
/Users/admin/builder/spi-builder-workspace/Sources/TurtleView/TurtleView.swift:26:34: error: cannot find 'UIColor' in scope
24 | 	}
25 |
26 | 	public var fillColor: UIColor = UIColor.clear {
   |                                  `- error: cannot find 'UIColor' in scope
27 | 		didSet { update() }
28 | 	}
/Users/admin/builder/spi-builder-workspace/Sources/TurtleView/TurtleView.swift:52:23: error: method does not override any method from its superclass
50 | 	#endif
51 |
52 | 	public override func draw(_ rect: CGRect) {
   |                       `- error: method does not override any method from its superclass
53 | 		super.draw(rect)
54 |
Failed frontend command:
/Applications/Xcode-27.0.0-Release.Candidate.app/Contents/Developer/Toolchains/XcodeDefault.xctoolchain/usr/bin/swift-frontend -frontend -emit-module -experimental-skip-non-inlinable-function-bodies-without-types /Users/admin/builder/spi-builder-workspace/Sources/TurtleView/AnimatedTurtleView.swift /Users/admin/builder/spi-builder-workspace/Sources/TurtleView/TurtleView.swift /Users/admin/builder/spi-builder-workspace/Sources/TurtleView/Utile.swift -target arm64-apple-xros1.0 -disable-cross-import-overlay-search -load-resolved-plugin /Applications/Xcode-27.0.0-Release.Candidate.app/Contents/Developer/Platforms/XROS.platform/Developer/usr/lib/swift/host/plugins/libFoundationMacros.dylib\#/Applications/Xcode-27.0.0-Release.Candidate.app/Contents/Developer/Platforms/XROS.platform/Developer/usr/bin/swift-plugin-server\#FoundationMacros -load-resolved-plugin /Applications/Xcode-27.0.0-Release.Candidate.app/Contents/Developer/Platforms/XROS.platform/Developer/usr/lib/swift/host/plugins/libObservationMacros.dylib\#/Applications/Xcode-27.0.0-Release.Candidate.app/Contents/Developer/Platforms/XROS.platform/Developer/usr/bin/swift-plugin-server\#ObservationMacros -load-resolved-plugin /Applications/Xcode-27.0.0-Release.Candidate.app/Contents/Developer/Platforms/XROS.platform/Developer/usr/lib/swift/host/plugins/libPreviewsMacros.dylib\#/Applications/Xcode-27.0.0-Release.Candidate.app/Contents/Developer/Platforms/XROS.platform/Developer/usr/bin/swift-plugin-server\#PreviewsMacros -load-resolved-plugin /Applications/Xcode-27.0.0-Release.Candidate.app/Contents/Developer/Platforms/XROS.platform/Developer/usr/lib/swift/host/plugins/libSwiftMacros.dylib\#/Applications/Xcode-27.0.0-Release.Candidate.app/Contents/Developer/Platforms/XROS.platform/Developer/usr/bin/swift-plugin-server\#SwiftMacros -load-resolved-plugin /Applications/Xcode-27.0.0-Release.Candidate.app/Contents/Developer/Platforms/XROS.platform/Developer/usr/lib/swift/host/plugins/libSwiftUIMacros.dylib\#/Applications/Xcode-27.0.0-Release.Candidate.app/Contents/Developer/Platforms/XROS.platform/Developer/usr/bin/swift-plugin-server\#SwiftUIMacros -disable-implicit-swift-modules -Xcc -fno-implicit-modules -Xcc -fno-implicit-module-maps -explicit-swift-module-map-file /Users/admin/builder/spi-builder-workspace/.derivedData/Build/Intermediates.noindex/TurtleBuilder.build/Debug-xros/TurtleView-t.build/Objects-normal/arm64/TurtleView-dependencies-1.json -Xllvm -aarch64-use-tbi -enable-objc-interop -stack-check -sdk /Applications/Xcode-27.0.0-Release.Candidate.app/Contents/Developer/Platforms/XROS.platform/Developer/SDKs/XROS27.0.sdk -I /Users/admin/builder/spi-builder-workspace/.derivedData/Build/Products/Debug-xros -Isystem /Applications/Xcode-27.0.0-Release.Candidate.app/Contents/Developer/Platforms/XROS.platform/Developer/usr/lib -F /Users/admin/builder/spi-builder-workspace/.derivedData/Build/Products/Debug-xros/PackageFrameworks -F /Users/admin/builder/spi-builder-workspace/.derivedData/Build/Products/Debug-xros -F /Applications/Xcode-27.0.0-Release.Candidate.app/Contents/Developer/Platforms/XROS.platform/Developer/Library/Frameworks -F /Applications/Xcode-27.0.0-Release.Candidate.app/Contents/Developer/Platforms/XROS.platform/Developer/SDKs/XROS27.0.sdk/Developer/Library/Frameworks -module-cache-path /Users/admin/builder/spi-builder-workspace/.derivedData/Build/Intermediates.noindex/SwiftExplicitPrecompiledModules -no-color-diagnostics -Xcc -fno-color-diagnostics -enable-testing -g -debug-info-format\=dwarf -dwarf-version\=4 -profile-generate -profile-coverage-mapping -swift-version 5 -Onone -D SWIFT_PACKAGE -D DEBUG -D SWIFT_MODULE_RESOURCE_BUNDLE_UNAVAILABLE -D Xcode -serialize-debugging-options -enable-experimental-feature DebugDescriptionMacro -empty-abi-descriptor -validate-clang-modules-once -clang-build-session-file /Users/admin/builder/spi-builder-workspace/.derivedData/ModuleCache.noindex/Session.modulevalidation -Xcc -working-directory -Xcc /Users/admin/builder/spi-builder-workspace/.swiftpm/xcode -enable-anonymous-context-mangled-names -file-compilation-dir /Users/admin/builder/spi-builder-workspace/.swiftpm/xcode -Xcc -D_LIBCPP_HARDENING_MODE\=_LIBCPP_HARDENING_MODE_DEBUG -Xcc -ivfsstatcache -Xcc /Users/admin/builder/spi-builder-workspace/.derivedData/SDKStatCaches.noindex/xros27.0-24M361-e829b21a6f8c9b70876ba0858053c044735bd543db762f57723cac368afd1ce4.sdkstatcache -Xcc -fmodules-prune-interval\=86400 -Xcc -fmodules-prune-after\=345600 -Xcc -I/Users/admin/builder/spi-builder-workspace/.derivedData/Build/Products/Debug-xros/include -Xcc -I/Users/admin/builder/spi-builder-workspace/.derivedData/Build/Intermediates.noindex/TurtleBuilder.build/Debug-xros/TurtleView-t.build/DerivedSources-normal/arm64 -Xcc -I/Users/admin/builder/spi-builder-workspace/.derivedData/Build/Intermediates.noindex/TurtleBuilder.build/Debug-xros/TurtleView-t.build/DerivedSources/arm64 -Xcc -I/Users/admin/builder/spi-builder-workspace/.derivedData/Build/Intermediates.noindex/TurtleBuilder.build/Debug-xros/TurtleView-t.build/DerivedSources -Xcc -DSWIFT_PACKAGE -Xcc -DDEBUG\=1 -no-auto-bridging-header-chaining -module-name TurtleView -const-gather-protocols-file /Users/admin/builder/spi-builder-workspace/.derivedData/Build/Intermediates.noindex/TurtleBuilder.build/Debug-xros/TurtleView-t.build/Objects-normal/arm64/TurtleView_const_extract_protocols.json -disable-clang-spi -clang-target arm64-apple-xros27.0 -target-sdk-version 27.0 -target-sdk-name xros27.0 -in-process-plugin-server-path /Applications/Xcode-27.0.0-Release.Candidate.app/Contents/Developer/Toolchains/XcodeDefault.xctoolchain/usr/lib/swift/host/libSwiftInProcPluginServer.dylib -emit-module-doc-path /Users/admin/builder/spi-builder-workspace/.derivedData/Build/Intermediates.noindex/TurtleBuilder.build/Debug-xros/TurtleView-t.build/Objects-normal/arm64/TurtleView.swiftdoc -emit-module-source-info-path /Users/admin/builder/spi-builder-workspace/.derivedData/Build/Intermediates.noindex/TurtleBuilder.build/Debug-xros/TurtleView-t.build/Objects-normal/arm64/TurtleView.swiftsourceinfo -emit-objc-header-path /Users/admin/builder/spi-builder-workspace/.derivedData/Build/Intermediates.noindex/TurtleBuilder.build/Debug-xros/TurtleView-t.build/Objects-normal/arm64/TurtleView-Swift.h -serialize-diagnostics-path /Users/admin/builder/spi-builder-workspace/.derivedData/Build/Intermediates.noindex/TurtleBuilder.build/Debug-xros/TurtleView-t.build/Objects-normal/arm64/TurtleView-primary-emit-module.dia -emit-dependencies-path /Users/admin/builder/spi-builder-workspace/.derivedData/Build/Intermediates.noindex/TurtleBuilder.build/Debug-xros/TurtleView-t.build/Objects-normal/arm64/TurtleView-primary-emit-module.d -parse-as-library -o /Users/admin/builder/spi-builder-workspace/.derivedData/Build/Intermediates.noindex/TurtleBuilder.build/Debug-xros/TurtleView-t.build/Objects-normal/arm64/TurtleView.swiftmodule -emit-abi-descriptor-path /Users/admin/builder/spi-builder-workspace/.derivedData/Build/Intermediates.noindex/TurtleBuilder.build/Debug-xros/TurtleView-t.build/Objects-normal/arm64/TurtleView.abi.json
SwiftCompile normal arm64 (in target 'TurtleView' from project 'TurtleBuilder')
    cd /Users/admin/builder/spi-builder-workspace/.swiftpm/xcode

SwiftCompile normal arm64 Compiling\ TurtleView.swift /Users/admin/builder/spi-builder-workspace/Sources/TurtleView/TurtleView.swift (in target 'TurtleView' from project 'TurtleBuilder')
/Users/admin/builder/spi-builder-workspace/Sources/TurtleView/TurtleView.swift:10:26: error: cannot find type 'PlatformView' in scope
 8 | import TurtleBuilder
 9 |
10 | public class TurtleView: PlatformView {
   |                          `- error: cannot find type 'PlatformView' in scope
11 | 	private var turtle: Turtle
12 |
/Users/admin/builder/spi-builder-workspace/Sources/TurtleView/TurtleView.swift:22:26: error: cannot find type 'PlatformColor' in scope
20 | 	}
21 |
22 | 	public var strokeColor: PlatformColor = PlatformColor.green {
   |                          `- error: cannot find type 'PlatformColor' in scope
23 | 		didSet { update() }
24 | 	}
/Users/admin/builder/spi-builder-workspace/Sources/TurtleView/TurtleView.swift:22:42: error: cannot find 'PlatformColor' in scope
20 | 	}
21 |
22 | 	public var strokeColor: PlatformColor = PlatformColor.green {
   |                                          `- error: cannot find 'PlatformColor' in scope
23 | 		didSet { update() }
24 | 	}
/Users/admin/builder/spi-builder-workspace/Sources/TurtleView/TurtleView.swift:26:24: error: cannot find type 'UIColor' in scope
24 | 	}
25 |
26 | 	public var fillColor: UIColor = UIColor.clear {
   |                        `- error: cannot find type 'UIColor' in scope
27 | 		didSet { update() }
28 | 	}
/Users/admin/builder/spi-builder-workspace/Sources/TurtleView/TurtleView.swift:26:34: error: cannot find 'UIColor' in scope
24 | 	}
25 |
26 | 	public var fillColor: UIColor = UIColor.clear {
   |                                  `- error: cannot find 'UIColor' in scope
27 | 		didSet { update() }
28 | 	}
/Users/admin/builder/spi-builder-workspace/Sources/TurtleView/TurtleView.swift:52:23: error: method does not override any method from its superclass
50 | 	#endif
51 |
52 | 	public override func draw(_ rect: CGRect) {
   |                       `- error: method does not override any method from its superclass
53 | 		super.draw(rect)
54 |
/Users/admin/builder/spi-builder-workspace/Sources/TurtleView/TurtleView.swift:32:3: error: 'super' cannot be used in class 'TurtleView' because it has no superclass
30 | 	public init(frame: CGRect, turtle: Turtle) {
31 | 		self.turtle = turtle
32 | 		super.init(frame: frame)
   |   `- error: 'super' cannot be used in class 'TurtleView' because it has no superclass
33 | 		self.backgroundColor = UIColor.clear
34 | 	}
/Users/admin/builder/spi-builder-workspace/Sources/TurtleView/TurtleView.swift:33:26: error: cannot find 'UIColor' in scope
31 | 		self.turtle = turtle
32 | 		super.init(frame: frame)
33 | 		self.backgroundColor = UIColor.clear
   |                          `- error: cannot find 'UIColor' in scope
34 | 	}
35 |
/Users/admin/builder/spi-builder-workspace/Sources/TurtleView/TurtleView.swift:33:8: error: value of type 'TurtleView' has no member 'backgroundColor'
31 | 		self.turtle = turtle
32 | 		super.init(frame: frame)
33 | 		self.backgroundColor = UIColor.clear
   |        `- error: value of type 'TurtleView' has no member 'backgroundColor'
34 | 	}
35 |
/Users/admin/builder/spi-builder-workspace/Sources/TurtleView/TurtleView.swift:53:3: error: 'super' cannot be used in class 'TurtleView' because it has no superclass
51 |
52 | 	public override func draw(_ rect: CGRect) {
53 | 		super.draw(rect)
   |   `- error: 'super' cannot be used in class 'TurtleView' because it has no superclass
54 |
55 | 		let center = CGPoint(x: self.bounds.width / 2, y:self.bounds.height / 2)
/Users/admin/builder/spi-builder-workspace/Sources/TurtleView/TurtleView.swift:55:32: error: value of type 'TurtleView' has no member 'bounds'
53 | 		super.draw(rect)
54 |
55 | 		let center = CGPoint(x: self.bounds.width / 2, y:self.bounds.height / 2)
   |                                `- error: value of type 'TurtleView' has no member 'bounds'
56 | 		strokeColor.setStroke()
57 | 		for sequence in turtle.lines {
/Users/admin/builder/spi-builder-workspace/Sources/TurtleView/TurtleView.swift:55:57: error: value of type 'TurtleView' has no member 'bounds'
53 | 		super.draw(rect)
54 |
55 | 		let center = CGPoint(x: self.bounds.width / 2, y:self.bounds.height / 2)
   |                                                         `- error: value of type 'TurtleView' has no member 'bounds'
56 | 		strokeColor.setStroke()
57 | 		for sequence in turtle.lines {
/Users/admin/builder/spi-builder-workspace/Sources/TurtleView/TurtleView.swift:61:15: error: cannot find 'PlatformPath' in scope
59 | 				continue
60 | 			}
61 | 			let path = PlatformPath()
   |               `- error: cannot find 'PlatformPath' in scope
62 | 			path.lineWidth = 3
63 | 			path.move(to: transalte(sequence[0], center: center))
SwiftCompile normal arm64 /Users/admin/builder/spi-builder-workspace/Sources/TurtleView/TurtleView.swift (in target 'TurtleView' from project 'TurtleBuilder')
    cd /Users/admin/builder/spi-builder-workspace/.swiftpm/xcode
    builtin-SwiftPerFileCompile TurtleView.swift
SwiftExplicitDependencyGeneratePcm arm64 /Users/admin/builder/spi-builder-workspace/.derivedData/Build/Intermediates.noindex/SwiftExplicitPrecompiledModules/XCUIAutomation-H5WV6GKK3U1PX81ORPJTQUHR.pcm
SwiftCompile normal arm64 Compiling\ AnimatedTurtleView.swift /Users/admin/builder/spi-builder-workspace/Sources/TurtleView/AnimatedTurtleView.swift (in target 'TurtleView' from project 'TurtleBuilder')
SwiftCompile normal arm64 /Users/admin/builder/spi-builder-workspace/Sources/TurtleView/AnimatedTurtleView.swift (in target 'TurtleView' from project 'TurtleBuilder')
    cd /Users/admin/builder/spi-builder-workspace/.swiftpm/xcode
    builtin-SwiftPerFileCompile AnimatedTurtleView.swift
SwiftExplicitDependencyGeneratePcm arm64 /Users/admin/builder/spi-builder-workspace/.derivedData/Build/Intermediates.noindex/SwiftExplicitPrecompiledModules/XCTest-8UXH2X7DOSRVJFCAILI3M8WH.pcm
SwiftExplicitDependencyCompileModuleFromInterface arm64 /Users/admin/builder/spi-builder-workspace/.derivedData/Build/Intermediates.noindex/SwiftExplicitPrecompiledModules/XCUIAutomation-1ULB2S2VXDY9G.swiftmodule
PruneExplicitPrecompiledModules /Users/admin/builder/spi-builder-workspace/.derivedData/SDKExplicitPrecompiledModules
PruneExplicitPrecompiledModules /Users/admin/builder/spi-builder-workspace/.derivedData/Build/Intermediates.noindex/SwiftExplicitPrecompiledModules
PruneExplicitPrecompiledModules /Users/admin/builder/spi-builder-workspace/.derivedData/Build/Intermediates.noindex/ExplicitPrecompiledModules
2026-09-16 02:58:58.433 xcodebuild[624:4003] [MT] IDERunDestination: Supported platforms for the buildables in the current scheme is empty.
2026-09-16 02:58:58.578 xcodebuild[624:4003] [MT] IDERunDestination: Supported platforms for the buildables in the current scheme is empty.
** BUILD FAILED **
The following build commands failed:
	SwiftEmitModule normal arm64 Emitting\ module\ for\ TurtleView (in target 'TurtleView' from project 'TurtleBuilder')
	SwiftCompile normal arm64 (in target 'TurtleView' from project 'TurtleBuilder')
	Building workspace TurtleBuilder with scheme TurtleBuilder
(3 failures)
Command line invocation:
    /Applications/Xcode-27.0.0-Release.Candidate.app/Contents/Developer/usr/bin/xcodebuild -IDEClonedSourcePackagesDirPathOverride=/Users/admin/builder/spi-builder-workspace/.dependencies -resolvePackageDependencies
Resolve Package Graph
Resolved source packages:
  TurtleBuilder: /Users/admin/builder/spi-builder-workspace
resolved source packages: TurtleBuilder
2026-09-16 02:59:06.967 xcodebuild[753:4688] [MT] IDERunDestination: Supported platforms for the buildables in the current scheme is empty.
2026-09-16 02:59:07.069 xcodebuild[753:4688] [MT] IDERunDestination: Supported platforms for the buildables in the current scheme is empty.
{
  "dependencies" : [
  ],
  "manifest_display_name" : "TurtleBuilder",
  "name" : "TurtleBuilder",
  "path" : "/Users/admin/builder/spi-builder-workspace",
  "platforms" : [
  ],
  "products" : [
    {
      "name" : "TurtleBuilder",
      "targets" : [
        "TurtleBuilder",
        "TurtleView"
      ],
      "type" : {
        "library" : [
          "automatic"
        ]
      }
    }
  ],
  "targets" : [
    {
      "c99name" : "TurtleView",
      "module_type" : "SwiftTarget",
      "name" : "TurtleView",
      "path" : "Sources/TurtleView",
      "product_memberships" : [
        "TurtleBuilder"
      ],
      "sources" : [
        "AnimatedTurtleView.swift",
        "TurtleView.swift",
        "Utile.swift"
      ],
      "target_dependencies" : [
        "TurtleBuilder"
      ],
      "type" : "library"
    },
    {
      "c99name" : "TurtleBuilderTests",
      "module_type" : "SwiftTarget",
      "name" : "TurtleBuilderTests",
      "path" : "Tests/TurtleBuilderTests",
      "sources" : [
        "TurtleBuilderTests.swift",
        "XCTestManifests.swift"
      ],
      "target_dependencies" : [
        "TurtleBuilder"
      ],
      "type" : "test"
    },
    {
      "c99name" : "TurtleBuilder",
      "module_type" : "SwiftTarget",
      "name" : "TurtleBuilder",
      "path" : "Sources/TurtleBuilder",
      "product_memberships" : [
        "TurtleBuilder"
      ],
      "sources" : [
        "TurtleBuilder.swift"
      ],
      "type" : "library"
    }
  ],
  "tools_version" : "5.1"
}
{
  "workspace" : {
    "name" : "TurtleBuilder",
    "schemes" : [
      "TurtleBuilder"
    ]
  }
}
2026-09-16 02:59:08.142 xcodebuild[761:4759] [MT] IDERunDestination: Supported platforms for the buildables in the current scheme is empty.
2026-09-16 02:59:08.244 xcodebuild[761:4759] [MT] IDERunDestination: Supported platforms for the buildables in the current scheme is empty.
Running build ...
env DEVELOPER_DIR=/Applications/Xcode-27.0.0-Release.Candidate.app xcrun xcodebuild -IDEClonedSourcePackagesDirPathOverride=$PWD/.dependencies -skipMacroValidation -skipPackagePluginValidation -derivedDataPath $PWD/.derivedData build -scheme TurtleBuilder -destination generic/platform=xrOS
Command line invocation:
    /Applications/Xcode-27.0.0-Release.Candidate.app/Contents/Developer/usr/bin/xcodebuild -IDEClonedSourcePackagesDirPathOverride=/Users/admin/builder/spi-builder-workspace/.dependencies -skipMacroValidation -skipPackagePluginValidation -derivedDataPath /Users/admin/builder/spi-builder-workspace/.derivedData build -scheme TurtleBuilder -destination generic/platform=xrOS
Resolve Package Graph
Resolved source packages:
  TurtleBuilder: /Users/admin/builder/spi-builder-workspace
ComputePackagePrebuildTargetDependencyGraph
Prepare packages
CreateBuildRequest
SendProjectDescription
CreateBuildOperation
ComputeTargetDependencyGraph
note: Building targets in dependency order
note: Target dependency graph (4 targets)
    Target 'TurtleBuilderTests-product' in project 'TurtleBuilder'
        ➜ Explicit dependency on target 'TurtleBuilder' in project 'TurtleBuilder'
    Target 'TurtleBuilder-product' in project 'TurtleBuilder'
        ➜ Explicit dependency on target 'TurtleBuilder' in project 'TurtleBuilder'
        ➜ Explicit dependency on target 'TurtleView' in project 'TurtleBuilder'
    Target 'TurtleView' in project 'TurtleBuilder'
        ➜ Explicit dependency on target 'TurtleBuilder' in project 'TurtleBuilder'
    Target 'TurtleBuilder' in project 'TurtleBuilder' (no dependencies)
GatherProvisioningInputs
CreateBuildDescription
ClangStatCache /Applications/Xcode-27.0.0-Release.Candidate.app/Contents/Developer/Toolchains/XcodeDefault.xctoolchain/usr/bin/clang-stat-cache /Applications/Xcode-27.0.0-Release.Candidate.app/Contents/Developer/Platforms/XROS.platform/Developer/SDKs/XROS27.0.sdk /Users/admin/builder/spi-builder-workspace/.derivedData/SDKStatCaches.noindex/xros27.0-24M361-e829b21a6f8c9b70876ba0858053c044735bd543db762f57723cac368afd1ce4.sdkstatcache
    cd /Users/admin/builder/spi-builder-workspace/.swiftpm/xcode
    /Applications/Xcode-27.0.0-Release.Candidate.app/Contents/Developer/Toolchains/XcodeDefault.xctoolchain/usr/bin/clang-stat-cache /Applications/Xcode-27.0.0-Release.Candidate.app/Contents/Developer/Platforms/XROS.platform/Developer/SDKs/XROS27.0.sdk -o /Users/admin/builder/spi-builder-workspace/.derivedData/SDKStatCaches.noindex/xros27.0-24M361-e829b21a6f8c9b70876ba0858053c044735bd543db762f57723cac368afd1ce4.sdkstatcache
SwiftDriver TurtleBuilderTests normal arm64 com.apple.xcode.tools.swift.compiler (in target 'TurtleBuilderTests-product' from project 'TurtleBuilder')
    cd /Users/admin/builder/spi-builder-workspace/.swiftpm/xcode
    builtin-SwiftDriver -- /Applications/Xcode-27.0.0-Release.Candidate.app/Contents/Developer/Toolchains/XcodeDefault.xctoolchain/usr/bin/swiftc -parse-as-library -module-name TurtleBuilderTests -Onone @/Users/admin/builder/spi-builder-workspace/.derivedData/Build/Intermediates.noindex/TurtleBuilder.build/Debug-xros/TurtleBuilderTests-p.build/Objects-normal/arm64/TurtleBuilderTests.SwiftFileList -DSWIFT_PACKAGE -DDEBUG -DXcode -plugin-path /Applications/Xcode-27.0.0-Release.Candidate.app/Contents/Developer/Toolchains/XcodeDefault.xctoolchain/usr/lib/swift/host/plugins/testing -enable-experimental-feature DebugDescriptionMacro -sdk /Applications/Xcode-27.0.0-Release.Candidate.app/Contents/Developer/Platforms/XROS.platform/Developer/SDKs/XROS27.0.sdk -target arm64-apple-xros1.0 -g -module-cache-path /Users/admin/builder/spi-builder-workspace/.derivedData/ModuleCache.noindex -Xfrontend -serialize-debugging-options -profile-coverage-mapping -profile-generate -enable-testing -index-store-path /Users/admin/builder/spi-builder-workspace/.derivedData/Index.noindex/DataStore -Xcc -D_LIBCPP_HARDENING_MODE\=_LIBCPP_HARDENING_MODE_DEBUG -swift-version 5 -I /Users/admin/builder/spi-builder-workspace/.derivedData/Build/Products/Debug-xros -Isystem /Applications/Xcode-27.0.0-Release.Candidate.app/Contents/Developer/Platforms/XROS.platform/Developer/usr/lib -F /Users/admin/builder/spi-builder-workspace/.derivedData/Build/Products/Debug-xros/PackageFrameworks -F /Users/admin/builder/spi-builder-workspace/.derivedData/Build/Products/Debug-xros -F /Applications/Xcode-27.0.0-Release.Candidate.app/Contents/Developer/Platforms/XROS.platform/Developer/Library/Frameworks -F /Applications/Xcode-27.0.0-Release.Candidate.app/Contents/Developer/Platforms/XROS.platform/Developer/SDKs/XROS27.0.sdk/Developer/Library/Frameworks -c -j10 -enable-batch-mode -incremental -Xcc -ivfsstatcache -Xcc /Users/admin/builder/spi-builder-workspace/.derivedData/SDKStatCaches.noindex/xros27.0-24M361-e829b21a6f8c9b70876ba0858053c044735bd543db762f57723cac368afd1ce4.sdkstatcache -output-file-map /Users/admin/builder/spi-builder-workspace/.derivedData/Build/Intermediates.noindex/TurtleBuilder.build/Debug-xros/TurtleBuilderTests-p.build/Objects-normal/arm64/TurtleBuilderTests-OutputFileMap.json -save-temps -no-color-diagnostics -explicit-module-build -module-cache-path /Users/admin/builder/spi-builder-workspace/.derivedData/Build/Intermediates.noindex/SwiftExplicitPrecompiledModules -clang-scanner-module-cache-path /Users/admin/builder/spi-builder-workspace/.derivedData/ModuleCache.noindex -sdk-module-cache-path /Users/admin/builder/spi-builder-workspace/.derivedData/SDKExplicitPrecompiledModules -emit-dependencies -emit-module -emit-module-path /Users/admin/builder/spi-builder-workspace/.derivedData/Build/Intermediates.noindex/TurtleBuilder.build/Debug-xros/TurtleBuilderTests-p.build/Objects-normal/arm64/TurtleBuilderTests.swiftmodule -serialize-diagnostics -dependency-scan-serialize-diagnostics-path /Users/admin/builder/spi-builder-workspace/.derivedData/Build/Intermediates.noindex/TurtleBuilder.build/Debug-xros/TurtleBuilderTests-p.build/Objects-normal/arm64/TurtleBuilderTests-dependency-scan.dia -validate-clang-modules-once -clang-build-session-file /Users/admin/builder/spi-builder-workspace/.derivedData/ModuleCache.noindex/Session.modulevalidation -Xcc -fmodules-prune-interval\=86400 -Xcc -fmodules-prune-after\=345600 -emit-const-values -const-gather-protocols-list /Users/admin/builder/spi-builder-workspace/.derivedData/Build/Intermediates.noindex/TurtleBuilder.build/Debug-xros/TurtleBuilderTests-p.build/Objects-normal/arm64/TurtleBuilderTests_const_extract_protocols.json -Xcc -I/Users/admin/builder/spi-builder-workspace/.derivedData/Build/Products/Debug-xros/include -Xcc -I/Users/admin/builder/spi-builder-workspace/.derivedData/Build/Intermediates.noindex/TurtleBuilder.build/Debug-xros/TurtleBuilderTests-p.build/DerivedSources-normal/arm64 -Xcc -I/Users/admin/builder/spi-builder-workspace/.derivedData/Build/Intermediates.noindex/TurtleBuilder.build/Debug-xros/TurtleBuilderTests-p.build/DerivedSources/arm64 -Xcc -I/Users/admin/builder/spi-builder-workspace/.derivedData/Build/Intermediates.noindex/TurtleBuilder.build/Debug-xros/TurtleBuilderTests-p.build/DerivedSources -Xcc -DSWIFT_PACKAGE -Xcc -DDEBUG\=1 -working-directory /Users/admin/builder/spi-builder-workspace/.swiftpm/xcode -experimental-emit-module-separately -disable-cmo
SwiftDriver TurtleView normal arm64 com.apple.xcode.tools.swift.compiler (in target 'TurtleView' from project 'TurtleBuilder')
    cd /Users/admin/builder/spi-builder-workspace/.swiftpm/xcode
    builtin-SwiftDriver -- /Applications/Xcode-27.0.0-Release.Candidate.app/Contents/Developer/Toolchains/XcodeDefault.xctoolchain/usr/bin/swiftc -parse-as-library -module-name TurtleView -Onone @/Users/admin/builder/spi-builder-workspace/.derivedData/Build/Intermediates.noindex/TurtleBuilder.build/Debug-xros/TurtleView-t.build/Objects-normal/arm64/TurtleView.SwiftFileList -DSWIFT_PACKAGE -DDEBUG -DSWIFT_MODULE_RESOURCE_BUNDLE_UNAVAILABLE -DXcode -plugin-path /Applications/Xcode-27.0.0-Release.Candidate.app/Contents/Developer/Toolchains/XcodeDefault.xctoolchain/usr/lib/swift/host/plugins/testing -enable-experimental-feature DebugDescriptionMacro -sdk /Applications/Xcode-27.0.0-Release.Candidate.app/Contents/Developer/Platforms/XROS.platform/Developer/SDKs/XROS27.0.sdk -target arm64-apple-xros1.0 -g -module-cache-path /Users/admin/builder/spi-builder-workspace/.derivedData/ModuleCache.noindex -Xfrontend -serialize-debugging-options -profile-coverage-mapping -profile-generate -enable-testing -index-store-path /Users/admin/builder/spi-builder-workspace/.derivedData/Index.noindex/DataStore -Xcc -D_LIBCPP_HARDENING_MODE\=_LIBCPP_HARDENING_MODE_DEBUG -swift-version 5 -I /Users/admin/builder/spi-builder-workspace/.derivedData/Build/Products/Debug-xros -Isystem /Applications/Xcode-27.0.0-Release.Candidate.app/Contents/Developer/Platforms/XROS.platform/Developer/usr/lib -F /Users/admin/builder/spi-builder-workspace/.derivedData/Build/Products/Debug-xros/PackageFrameworks -F /Users/admin/builder/spi-builder-workspace/.derivedData/Build/Products/Debug-xros -F /Applications/Xcode-27.0.0-Release.Candidate.app/Contents/Developer/Platforms/XROS.platform/Developer/Library/Frameworks -F /Applications/Xcode-27.0.0-Release.Candidate.app/Contents/Developer/Platforms/XROS.platform/Developer/SDKs/XROS27.0.sdk/Developer/Library/Frameworks -c -j10 -enable-batch-mode -incremental -Xcc -ivfsstatcache -Xcc /Users/admin/builder/spi-builder-workspace/.derivedData/SDKStatCaches.noindex/xros27.0-24M361-e829b21a6f8c9b70876ba0858053c044735bd543db762f57723cac368afd1ce4.sdkstatcache -output-file-map /Users/admin/builder/spi-builder-workspace/.derivedData/Build/Intermediates.noindex/TurtleBuilder.build/Debug-xros/TurtleView-t.build/Objects-normal/arm64/TurtleView-OutputFileMap.json -save-temps -no-color-diagnostics -explicit-module-build -module-cache-path /Users/admin/builder/spi-builder-workspace/.derivedData/Build/Intermediates.noindex/SwiftExplicitPrecompiledModules -clang-scanner-module-cache-path /Users/admin/builder/spi-builder-workspace/.derivedData/ModuleCache.noindex -sdk-module-cache-path /Users/admin/builder/spi-builder-workspace/.derivedData/SDKExplicitPrecompiledModules -emit-dependencies -emit-module -emit-module-path /Users/admin/builder/spi-builder-workspace/.derivedData/Build/Intermediates.noindex/TurtleBuilder.build/Debug-xros/TurtleView-t.build/Objects-normal/arm64/TurtleView.swiftmodule -serialize-diagnostics -dependency-scan-serialize-diagnostics-path /Users/admin/builder/spi-builder-workspace/.derivedData/Build/Intermediates.noindex/TurtleBuilder.build/Debug-xros/TurtleView-t.build/Objects-normal/arm64/TurtleView-dependency-scan.dia -validate-clang-modules-once -clang-build-session-file /Users/admin/builder/spi-builder-workspace/.derivedData/ModuleCache.noindex/Session.modulevalidation -Xcc -fmodules-prune-interval\=86400 -Xcc -fmodules-prune-after\=345600 -emit-const-values -const-gather-protocols-list /Users/admin/builder/spi-builder-workspace/.derivedData/Build/Intermediates.noindex/TurtleBuilder.build/Debug-xros/TurtleView-t.build/Objects-normal/arm64/TurtleView_const_extract_protocols.json -Xcc -I/Users/admin/builder/spi-builder-workspace/.derivedData/Build/Products/Debug-xros/include -Xcc -I/Users/admin/builder/spi-builder-workspace/.derivedData/Build/Intermediates.noindex/TurtleBuilder.build/Debug-xros/TurtleView-t.build/DerivedSources-normal/arm64 -Xcc -I/Users/admin/builder/spi-builder-workspace/.derivedData/Build/Intermediates.noindex/TurtleBuilder.build/Debug-xros/TurtleView-t.build/DerivedSources/arm64 -Xcc -I/Users/admin/builder/spi-builder-workspace/.derivedData/Build/Intermediates.noindex/TurtleBuilder.build/Debug-xros/TurtleView-t.build/DerivedSources -Xcc -DSWIFT_PACKAGE -Xcc -DDEBUG\=1 -emit-objc-header -emit-objc-header-path /Users/admin/builder/spi-builder-workspace/.derivedData/Build/Intermediates.noindex/TurtleBuilder.build/Debug-xros/TurtleView-t.build/Objects-normal/arm64/TurtleView-Swift.h -working-directory /Users/admin/builder/spi-builder-workspace/.swiftpm/xcode -experimental-emit-module-separately -disable-cmo
SwiftCompile normal arm64 Compiling\ AnimatedTurtleView.swift /Users/admin/builder/spi-builder-workspace/Sources/TurtleView/AnimatedTurtleView.swift (in target 'TurtleView' from project 'TurtleBuilder')
SwiftCompile normal arm64 /Users/admin/builder/spi-builder-workspace/Sources/TurtleView/AnimatedTurtleView.swift (in target 'TurtleView' from project 'TurtleBuilder')
    cd /Users/admin/builder/spi-builder-workspace/.swiftpm/xcode
    builtin-SwiftPerFileCompile AnimatedTurtleView.swift
SwiftCompile normal arm64 Compiling\ Utile.swift /Users/admin/builder/spi-builder-workspace/Sources/TurtleView/Utile.swift (in target 'TurtleView' from project 'TurtleBuilder')
SwiftCompile normal arm64 /Users/admin/builder/spi-builder-workspace/Sources/TurtleView/Utile.swift (in target 'TurtleView' from project 'TurtleBuilder')
    cd /Users/admin/builder/spi-builder-workspace/.swiftpm/xcode
    builtin-SwiftPerFileCompile Utile.swift
SwiftEmitModule normal arm64 Emitting\ module\ for\ TurtleView (in target 'TurtleView' from project 'TurtleBuilder')
/Users/admin/builder/spi-builder-workspace/Sources/TurtleView/AnimatedTurtleView.swift:5:47: warning: using 'class' keyword to define a class-constrained protocol is deprecated; use 'AnyObject' instead [#deprecation]
  3 | import TurtleBuilder
  4 |
  5 | fileprivate protocol AnimationLooperDelegate: class {
    |                                               `- warning: using 'class' keyword to define a class-constrained protocol is deprecated; use 'AnyObject' instead [#deprecation]
  6 | 	func turtleAnimatorDidEnd(_ animator: TurtleAnimator)
  7 | }
/Users/admin/builder/spi-builder-workspace/Sources/TurtleView/TurtleView.swift:10:26: error: cannot find type 'PlatformView' in scope
 8 | import TurtleBuilder
 9 |
10 | public class TurtleView: PlatformView {
   |                          `- error: cannot find type 'PlatformView' in scope
11 | 	private var turtle: Turtle
12 |
/Users/admin/builder/spi-builder-workspace/Sources/TurtleView/TurtleView.swift:22:26: error: cannot find type 'PlatformColor' in scope
20 | 	}
21 |
22 | 	public var strokeColor: PlatformColor = PlatformColor.green {
   |                          `- error: cannot find type 'PlatformColor' in scope
23 | 		didSet { update() }
24 | 	}
/Users/admin/builder/spi-builder-workspace/Sources/TurtleView/TurtleView.swift:22:42: error: cannot find 'PlatformColor' in scope
20 | 	}
21 |
22 | 	public var strokeColor: PlatformColor = PlatformColor.green {
   |                                          `- error: cannot find 'PlatformColor' in scope
23 | 		didSet { update() }
24 | 	}
/Users/admin/builder/spi-builder-workspace/Sources/TurtleView/TurtleView.swift:26:24: error: cannot find type 'UIColor' in scope
24 | 	}
25 |
26 | 	public var fillColor: UIColor = UIColor.clear {
   |                        `- error: cannot find type 'UIColor' in scope
27 | 		didSet { update() }
28 | 	}
/Users/admin/builder/spi-builder-workspace/Sources/TurtleView/TurtleView.swift:26:34: error: cannot find 'UIColor' in scope
24 | 	}
25 |
26 | 	public var fillColor: UIColor = UIColor.clear {
   |                                  `- error: cannot find 'UIColor' in scope
27 | 		didSet { update() }
28 | 	}
/Users/admin/builder/spi-builder-workspace/Sources/TurtleView/TurtleView.swift:52:23: error: method does not override any method from its superclass
50 | 	#endif
51 |
52 | 	public override func draw(_ rect: CGRect) {
   |                       `- error: method does not override any method from its superclass
53 | 		super.draw(rect)
54 |
Failed frontend command:
/Applications/Xcode-27.0.0-Release.Candidate.app/Contents/Developer/Toolchains/XcodeDefault.xctoolchain/usr/bin/swift-frontend -frontend -emit-module -experimental-skip-non-inlinable-function-bodies-without-types /Users/admin/builder/spi-builder-workspace/Sources/TurtleView/AnimatedTurtleView.swift /Users/admin/builder/spi-builder-workspace/Sources/TurtleView/TurtleView.swift /Users/admin/builder/spi-builder-workspace/Sources/TurtleView/Utile.swift -target arm64-apple-xros1.0 -disable-cross-import-overlay-search -load-resolved-plugin /Applications/Xcode-27.0.0-Release.Candidate.app/Contents/Developer/Platforms/XROS.platform/Developer/usr/lib/swift/host/plugins/libFoundationMacros.dylib\#/Applications/Xcode-27.0.0-Release.Candidate.app/Contents/Developer/Platforms/XROS.platform/Developer/usr/bin/swift-plugin-server\#FoundationMacros -load-resolved-plugin /Applications/Xcode-27.0.0-Release.Candidate.app/Contents/Developer/Platforms/XROS.platform/Developer/usr/lib/swift/host/plugins/libObservationMacros.dylib\#/Applications/Xcode-27.0.0-Release.Candidate.app/Contents/Developer/Platforms/XROS.platform/Developer/usr/bin/swift-plugin-server\#ObservationMacros -load-resolved-plugin /Applications/Xcode-27.0.0-Release.Candidate.app/Contents/Developer/Platforms/XROS.platform/Developer/usr/lib/swift/host/plugins/libPreviewsMacros.dylib\#/Applications/Xcode-27.0.0-Release.Candidate.app/Contents/Developer/Platforms/XROS.platform/Developer/usr/bin/swift-plugin-server\#PreviewsMacros -load-resolved-plugin /Applications/Xcode-27.0.0-Release.Candidate.app/Contents/Developer/Platforms/XROS.platform/Developer/usr/lib/swift/host/plugins/libSwiftMacros.dylib\#/Applications/Xcode-27.0.0-Release.Candidate.app/Contents/Developer/Platforms/XROS.platform/Developer/usr/bin/swift-plugin-server\#SwiftMacros -load-resolved-plugin /Applications/Xcode-27.0.0-Release.Candidate.app/Contents/Developer/Platforms/XROS.platform/Developer/usr/lib/swift/host/plugins/libSwiftUIMacros.dylib\#/Applications/Xcode-27.0.0-Release.Candidate.app/Contents/Developer/Platforms/XROS.platform/Developer/usr/bin/swift-plugin-server\#SwiftUIMacros -disable-implicit-swift-modules -Xcc -fno-implicit-modules -Xcc -fno-implicit-module-maps -explicit-swift-module-map-file /Users/admin/builder/spi-builder-workspace/.derivedData/Build/Intermediates.noindex/TurtleBuilder.build/Debug-xros/TurtleView-t.build/Objects-normal/arm64/TurtleView-dependencies-1.json -Xllvm -aarch64-use-tbi -enable-objc-interop -stack-check -sdk /Applications/Xcode-27.0.0-Release.Candidate.app/Contents/Developer/Platforms/XROS.platform/Developer/SDKs/XROS27.0.sdk -I /Users/admin/builder/spi-builder-workspace/.derivedData/Build/Products/Debug-xros -Isystem /Applications/Xcode-27.0.0-Release.Candidate.app/Contents/Developer/Platforms/XROS.platform/Developer/usr/lib -F /Users/admin/builder/spi-builder-workspace/.derivedData/Build/Products/Debug-xros/PackageFrameworks -F /Users/admin/builder/spi-builder-workspace/.derivedData/Build/Products/Debug-xros -F /Applications/Xcode-27.0.0-Release.Candidate.app/Contents/Developer/Platforms/XROS.platform/Developer/Library/Frameworks -F /Applications/Xcode-27.0.0-Release.Candidate.app/Contents/Developer/Platforms/XROS.platform/Developer/SDKs/XROS27.0.sdk/Developer/Library/Frameworks -module-cache-path /Users/admin/builder/spi-builder-workspace/.derivedData/Build/Intermediates.noindex/SwiftExplicitPrecompiledModules -no-color-diagnostics -Xcc -fno-color-diagnostics -enable-testing -g -debug-info-format\=dwarf -dwarf-version\=4 -profile-generate -profile-coverage-mapping -swift-version 5 -Onone -D SWIFT_PACKAGE -D DEBUG -D SWIFT_MODULE_RESOURCE_BUNDLE_UNAVAILABLE -D Xcode -serialize-debugging-options -enable-experimental-feature DebugDescriptionMacro -empty-abi-descriptor -validate-clang-modules-once -clang-build-session-file /Users/admin/builder/spi-builder-workspace/.derivedData/ModuleCache.noindex/Session.modulevalidation -Xcc -working-directory -Xcc /Users/admin/builder/spi-builder-workspace/.swiftpm/xcode -enable-anonymous-context-mangled-names -file-compilation-dir /Users/admin/builder/spi-builder-workspace/.swiftpm/xcode -Xcc -D_LIBCPP_HARDENING_MODE\=_LIBCPP_HARDENING_MODE_DEBUG -Xcc -ivfsstatcache -Xcc /Users/admin/builder/spi-builder-workspace/.derivedData/SDKStatCaches.noindex/xros27.0-24M361-e829b21a6f8c9b70876ba0858053c044735bd543db762f57723cac368afd1ce4.sdkstatcache -Xcc -fmodules-prune-interval\=86400 -Xcc -fmodules-prune-after\=345600 -Xcc -I/Users/admin/builder/spi-builder-workspace/.derivedData/Build/Products/Debug-xros/include -Xcc -I/Users/admin/builder/spi-builder-workspace/.derivedData/Build/Intermediates.noindex/TurtleBuilder.build/Debug-xros/TurtleView-t.build/DerivedSources-normal/arm64 -Xcc -I/Users/admin/builder/spi-builder-workspace/.derivedData/Build/Intermediates.noindex/TurtleBuilder.build/Debug-xros/TurtleView-t.build/DerivedSources/arm64 -Xcc -I/Users/admin/builder/spi-builder-workspace/.derivedData/Build/Intermediates.noindex/TurtleBuilder.build/Debug-xros/TurtleView-t.build/DerivedSources -Xcc -DSWIFT_PACKAGE -Xcc -DDEBUG\=1 -no-auto-bridging-header-chaining -module-name TurtleView -const-gather-protocols-file /Users/admin/builder/spi-builder-workspace/.derivedData/Build/Intermediates.noindex/TurtleBuilder.build/Debug-xros/TurtleView-t.build/Objects-normal/arm64/TurtleView_const_extract_protocols.json -disable-clang-spi -clang-target arm64-apple-xros27.0 -target-sdk-version 27.0 -target-sdk-name xros27.0 -in-process-plugin-server-path /Applications/Xcode-27.0.0-Release.Candidate.app/Contents/Developer/Toolchains/XcodeDefault.xctoolchain/usr/lib/swift/host/libSwiftInProcPluginServer.dylib -emit-module-doc-path /Users/admin/builder/spi-builder-workspace/.derivedData/Build/Intermediates.noindex/TurtleBuilder.build/Debug-xros/TurtleView-t.build/Objects-normal/arm64/TurtleView.swiftdoc -emit-module-source-info-path /Users/admin/builder/spi-builder-workspace/.derivedData/Build/Intermediates.noindex/TurtleBuilder.build/Debug-xros/TurtleView-t.build/Objects-normal/arm64/TurtleView.swiftsourceinfo -emit-objc-header-path /Users/admin/builder/spi-builder-workspace/.derivedData/Build/Intermediates.noindex/TurtleBuilder.build/Debug-xros/TurtleView-t.build/Objects-normal/arm64/TurtleView-Swift.h -serialize-diagnostics-path /Users/admin/builder/spi-builder-workspace/.derivedData/Build/Intermediates.noindex/TurtleBuilder.build/Debug-xros/TurtleView-t.build/Objects-normal/arm64/TurtleView-primary-emit-module.dia -emit-dependencies-path /Users/admin/builder/spi-builder-workspace/.derivedData/Build/Intermediates.noindex/TurtleBuilder.build/Debug-xros/TurtleView-t.build/Objects-normal/arm64/TurtleView-primary-emit-module.d -parse-as-library -o /Users/admin/builder/spi-builder-workspace/.derivedData/Build/Intermediates.noindex/TurtleBuilder.build/Debug-xros/TurtleView-t.build/Objects-normal/arm64/TurtleView.swiftmodule -emit-abi-descriptor-path /Users/admin/builder/spi-builder-workspace/.derivedData/Build/Intermediates.noindex/TurtleBuilder.build/Debug-xros/TurtleView-t.build/Objects-normal/arm64/TurtleView.abi.json
SwiftCompile normal arm64 (in target 'TurtleView' from project 'TurtleBuilder')
    cd /Users/admin/builder/spi-builder-workspace/.swiftpm/xcode

SwiftCompile normal arm64 Compiling\ TurtleView.swift /Users/admin/builder/spi-builder-workspace/Sources/TurtleView/TurtleView.swift (in target 'TurtleView' from project 'TurtleBuilder')
/Users/admin/builder/spi-builder-workspace/Sources/TurtleView/TurtleView.swift:10:26: error: cannot find type 'PlatformView' in scope
 8 | import TurtleBuilder
 9 |
10 | public class TurtleView: PlatformView {
   |                          `- error: cannot find type 'PlatformView' in scope
11 | 	private var turtle: Turtle
12 |
/Users/admin/builder/spi-builder-workspace/Sources/TurtleView/TurtleView.swift:22:26: error: cannot find type 'PlatformColor' in scope
20 | 	}
21 |
22 | 	public var strokeColor: PlatformColor = PlatformColor.green {
   |                          `- error: cannot find type 'PlatformColor' in scope
23 | 		didSet { update() }
24 | 	}
/Users/admin/builder/spi-builder-workspace/Sources/TurtleView/TurtleView.swift:22:42: error: cannot find 'PlatformColor' in scope
20 | 	}
21 |
22 | 	public var strokeColor: PlatformColor = PlatformColor.green {
   |                                          `- error: cannot find 'PlatformColor' in scope
23 | 		didSet { update() }
24 | 	}
/Users/admin/builder/spi-builder-workspace/Sources/TurtleView/TurtleView.swift:26:24: error: cannot find type 'UIColor' in scope
24 | 	}
25 |
26 | 	public var fillColor: UIColor = UIColor.clear {
   |                        `- error: cannot find type 'UIColor' in scope
27 | 		didSet { update() }
28 | 	}
/Users/admin/builder/spi-builder-workspace/Sources/TurtleView/TurtleView.swift:26:34: error: cannot find 'UIColor' in scope
24 | 	}
25 |
26 | 	public var fillColor: UIColor = UIColor.clear {
   |                                  `- error: cannot find 'UIColor' in scope
27 | 		didSet { update() }
28 | 	}
/Users/admin/builder/spi-builder-workspace/Sources/TurtleView/TurtleView.swift:52:23: error: method does not override any method from its superclass
50 | 	#endif
51 |
52 | 	public override func draw(_ rect: CGRect) {
   |                       `- error: method does not override any method from its superclass
53 | 		super.draw(rect)
54 |
/Users/admin/builder/spi-builder-workspace/Sources/TurtleView/TurtleView.swift:32:3: error: 'super' cannot be used in class 'TurtleView' because it has no superclass
30 | 	public init(frame: CGRect, turtle: Turtle) {
31 | 		self.turtle = turtle
32 | 		super.init(frame: frame)
   |   `- error: 'super' cannot be used in class 'TurtleView' because it has no superclass
33 | 		self.backgroundColor = UIColor.clear
34 | 	}
/Users/admin/builder/spi-builder-workspace/Sources/TurtleView/TurtleView.swift:33:26: error: cannot find 'UIColor' in scope
31 | 		self.turtle = turtle
32 | 		super.init(frame: frame)
33 | 		self.backgroundColor = UIColor.clear
   |                          `- error: cannot find 'UIColor' in scope
34 | 	}
35 |
/Users/admin/builder/spi-builder-workspace/Sources/TurtleView/TurtleView.swift:33:8: error: value of type 'TurtleView' has no member 'backgroundColor'
31 | 		self.turtle = turtle
32 | 		super.init(frame: frame)
33 | 		self.backgroundColor = UIColor.clear
   |        `- error: value of type 'TurtleView' has no member 'backgroundColor'
34 | 	}
35 |
/Users/admin/builder/spi-builder-workspace/Sources/TurtleView/TurtleView.swift:53:3: error: 'super' cannot be used in class 'TurtleView' because it has no superclass
51 |
52 | 	public override func draw(_ rect: CGRect) {
53 | 		super.draw(rect)
   |   `- error: 'super' cannot be used in class 'TurtleView' because it has no superclass
54 |
55 | 		let center = CGPoint(x: self.bounds.width / 2, y:self.bounds.height / 2)
/Users/admin/builder/spi-builder-workspace/Sources/TurtleView/TurtleView.swift:55:32: error: value of type 'TurtleView' has no member 'bounds'
53 | 		super.draw(rect)
54 |
55 | 		let center = CGPoint(x: self.bounds.width / 2, y:self.bounds.height / 2)
   |                                `- error: value of type 'TurtleView' has no member 'bounds'
56 | 		strokeColor.setStroke()
57 | 		for sequence in turtle.lines {
/Users/admin/builder/spi-builder-workspace/Sources/TurtleView/TurtleView.swift:55:57: error: value of type 'TurtleView' has no member 'bounds'
53 | 		super.draw(rect)
54 |
55 | 		let center = CGPoint(x: self.bounds.width / 2, y:self.bounds.height / 2)
   |                                                         `- error: value of type 'TurtleView' has no member 'bounds'
56 | 		strokeColor.setStroke()
57 | 		for sequence in turtle.lines {
/Users/admin/builder/spi-builder-workspace/Sources/TurtleView/TurtleView.swift:61:15: error: cannot find 'PlatformPath' in scope
59 | 				continue
60 | 			}
61 | 			let path = PlatformPath()
   |               `- error: cannot find 'PlatformPath' in scope
62 | 			path.lineWidth = 3
63 | 			path.move(to: transalte(sequence[0], center: center))
SwiftCompile normal arm64 /Users/admin/builder/spi-builder-workspace/Sources/TurtleView/TurtleView.swift (in target 'TurtleView' from project 'TurtleBuilder')
    cd /Users/admin/builder/spi-builder-workspace/.swiftpm/xcode
    builtin-SwiftPerFileCompile TurtleView.swift
SwiftExplicitDependencyGeneratePcm arm64 /Users/admin/builder/spi-builder-workspace/.derivedData/Build/Intermediates.noindex/SwiftExplicitPrecompiledModules/XCTest-8UXH2X7DOSRVJFCAILI3M8WH.pcm
SwiftExplicitDependencyCompileModuleFromInterface arm64 /Users/admin/builder/spi-builder-workspace/.derivedData/Build/Intermediates.noindex/SwiftExplicitPrecompiledModules/XCUIAutomation-1ULB2S2VXDY9G.swiftmodule
PruneExplicitPrecompiledModules /Users/admin/builder/spi-builder-workspace/.derivedData/SDKExplicitPrecompiledModules
PruneExplicitPrecompiledModules /Users/admin/builder/spi-builder-workspace/.derivedData/Build/Intermediates.noindex/ExplicitPrecompiledModules
PruneExplicitPrecompiledModules /Users/admin/builder/spi-builder-workspace/.derivedData/Build/Intermediates.noindex/SwiftExplicitPrecompiledModules
2026-09-16 02:59:09.063 xcodebuild[762:4789] [MT] IDERunDestination: Supported platforms for the buildables in the current scheme is empty.
2026-09-16 02:59:09.165 xcodebuild[762:4789] [MT] IDERunDestination: Supported platforms for the buildables in the current scheme is empty.
** BUILD FAILED **
The following build commands failed:
	SwiftEmitModule normal arm64 Emitting\ module\ for\ TurtleView (in target 'TurtleView' from project 'TurtleBuilder')
	SwiftCompile normal arm64 (in target 'TurtleView' from project 'TurtleBuilder')
	Building workspace TurtleBuilder with scheme TurtleBuilder
(3 failures)
BUILD FAILURE 6.4 visionOS