Build Information
Failed to build fp-swift, reference 3.3.0 (34fa04), with Swift 6.1 for iOS using Xcode 16.3 on 8 Jul 2026 22:56:31 UTC.
Build Command
No build command. This typically means the build failed at an early stage where we determine the build command.Build Log
========================================
RunAll
========================================
Builder version: undefined version: run 'make version' to update
Interrupt handler set up.
========================================
Checkout
========================================
Clone URL: https://github.com/velocityzen/fp-swift.git
Reference: 3.3.0
Initialized empty Git repository in /Users/admin/builder/spi-builder-workspace/.git/
From https://github.com/velocityzen/fp-swift
* tag 3.3.0 -> FETCH_HEAD
HEAD is now at 34fa04e Rename async race/combine functions and add timeout support
Cloned https://github.com/velocityzen/fp-swift.git
Revision (git rev-parse @):
34fa04eb2b41f8c5e0b63cd19fe79262958edebc
SPI manifest file found: $PWD/.spi.yml
SUCCESS checkout https://github.com/velocityzen/fp-swift.git at 3.3.0
========================================
Build
========================================
Selected platform: iOS
Swift version: 6.1
Building package at path: $PWD
https://github.com/velocityzen/fp-swift.git
https://github.com/velocityzen/fp-swift.git
error: 'spi-builder-workspace': package 'spi-builder-workspace' is using Swift tools version 6.2.0 but the installed version is 6.1.0
error: fatalError
Command line invocation:
/Applications/Xcode-16.3.0.app/Contents/Developer/usr/bin/xcodebuild -IDEClonedSourcePackagesDirPathOverride=/Users/admin/builder/spi-builder-workspace/.dependencies -resolvePackageDependencies
Resolve Package Graph
package 'spi-builder-workspace' is using Swift tools version 6.2.0 but the installed version is 6.1.0
Resolved source packages:
spi-builder-workspace: (null)
2026-07-08 15:56:30.342 xcodebuild[502:2913] Writing error result bundle to /var/folders/5k/5yc19ymj0jqd5v0zvgfqz0xw0000gn/T/ResultBundle_2026-08-07_15-56-0030.xcresult
xcodebuild: error: Could not resolve package dependencies:
package 'spi-builder-workspace' is using Swift tools version 6.2.0 but the installed version is 6.1.0
Command line invocation:
/Applications/Xcode-16.3.0.app/Contents/Developer/usr/bin/xcodebuild -IDEClonedSourcePackagesDirPathOverride=/Users/admin/builder/spi-builder-workspace/.dependencies -resolvePackageDependencies
Resolve Package Graph
package 'spi-builder-workspace' is using Swift tools version 6.2.0 but the installed version is 6.1.0
Resolved source packages:
spi-builder-workspace: (null)
2026-07-08 15:56:31.069 xcodebuild[511:2997] Writing error result bundle to /var/folders/5k/5yc19ymj0jqd5v0zvgfqz0xw0000gn/T/ResultBundle_2026-08-07_15-56-0031.xcresult
xcodebuild: error: Could not resolve package dependencies:
package 'spi-builder-workspace' is using Swift tools version 6.2.0 but the installed version is 6.1.0
BUILD FAILURE 6.1 iOS