The Swift Package Index logo.Swift Package Index

Build Information

Failed to build SimpleKeychain, reference master (011b30), with Swift 6.2 for Wasm on 16 Oct 2026 14:00:49 UTC.

Build Command

bash -c docker run --pull=always --rm -v "checkouts-53886769-2":/host -w "$PWD" -e JAVA_HOME="/root/.sdkman/candidates/java/current" -e SPI_BUILD="1" -e SPI_PROCESSING="1" registry.gitlab.com/saguaro1/spi-images:wasm-6.2-latest swift build --swift-sdk swift-6.2-RELEASE_wasm 2>&1

Build Log

========================================
RunAll
========================================
Builder version: 5.1.3
Interrupt handler set up.
========================================
Checkout
========================================
Clone URL: https://github.com/auth0/SimpleKeychain.git
Reference: master
Initialized empty Git repository in /host/spi-builder-workspace/.git/
hint: Using 'master' as the name for the initial branch. This default branch name
hint: is subject to change. To configure the initial branch name to use in all
hint: of your new repositories, which will suppress this warning, call:
hint:
hint: 	git config --global init.defaultBranch <name>
hint:
hint: Names commonly chosen instead of 'master' are 'main', 'trunk' and
hint: 'development'. The just-created branch can be renamed via this command:
hint:
hint: 	git branch -m <name>
From https://github.com/auth0/SimpleKeychain
 * branch            master     -> FETCH_HEAD
 * [new branch]      master     -> origin/master
HEAD is now at 011b301 chore(ci): pin actions/checkout to commit SHA (#362)
Cloned https://github.com/auth0/SimpleKeychain.git
Revision (git rev-parse @):
011b3014bfd8cd353f9a19bd414e6aa4412df768
SUCCESS checkout https://github.com/auth0/SimpleKeychain.git at master
========================================
Build
========================================
Selected platform:         wasm
Swift version:             6.2
Building package at path:  $PWD
https://github.com/auth0/SimpleKeychain.git
Running build ...
bash -c docker run --pull=always --rm -v "checkouts-53886769-2":/host -w "$PWD" -e JAVA_HOME="/root/.sdkman/candidates/java/current" -e SPI_BUILD="1" -e SPI_PROCESSING="1" registry.gitlab.com/saguaro1/spi-images:wasm-6.2-latest swift build --swift-sdk swift-6.2-RELEASE_wasm 2>&1
wasm-6.2-latest: Pulling from saguaro1/spi-images
Digest: sha256:0563b842faffea9ddc6fe15fbd2051d02dff3ef29dc4b5bfe0a0910a084eee81
Status: Image is up to date for registry.gitlab.com/saguaro1/spi-images:wasm-6.2-latest
Building for debugging...
[0/2] Write sources
[1/2] Write swift-version-24593BA9C3E375BF.txt
error: emit-module command failed with exit code 1 (use -v to see invocation)
[3/6] Emitting module SimpleKeychain
/host/spi-builder-workspace/SimpleKeychain/Accessibility.swift:1:8: error: no such module 'Security'
 1 | import Security
   |        `- error: no such module 'Security'
 2 |
 3 | /// Represents the accessibility types of Keychain items. It's a mirror of `kSecAttrAccessible` values.
[4/6] Compiling SimpleKeychain SimpleKeychain.swift
/host/spi-builder-workspace/SimpleKeychain/Accessibility.swift:1:8: error: no such module 'Security'
 1 | import Security
   |        `- error: no such module 'Security'
 2 |
 3 | /// Represents the accessibility types of Keychain items. It's a mirror of `kSecAttrAccessible` values.
[5/6] Compiling SimpleKeychain Accessibility.swift
/host/spi-builder-workspace/SimpleKeychain/Accessibility.swift:1:8: error: no such module 'Security'
 1 | import Security
   |        `- error: no such module 'Security'
 2 |
 3 | /// Represents the accessibility types of Keychain items. It's a mirror of `kSecAttrAccessible` values.
[6/6] Compiling SimpleKeychain SimpleKeychainError.swift
/host/spi-builder-workspace/SimpleKeychain/Accessibility.swift:1:8: error: no such module 'Security'
 1 | import Security
   |        `- error: no such module 'Security'
 2 |
 3 | /// Represents the accessibility types of Keychain items. It's a mirror of `kSecAttrAccessible` values.
BUILD FAILURE 6.2 wasm