The Swift Package Index logo.Swift Package Index

Build Information

Failed to build StructuredLayout, reference main (a29b34), with Swift 6.1 for watchOS using Xcode 16.3 on 19 Jul 2026 01:58:55 UTC.

Build Command

env DEVELOPER_DIR=/Applications/Xcode-16.3.0.app xcrun xcodebuild -IDEClonedSourcePackagesDirPathOverride=$PWD/.dependencies -skipMacroValidation -skipPackagePluginValidation -derivedDataPath $PWD/.derivedData build -scheme StructuredLayout -destination generic/platform=watchOS

Build Log

========================================
RunAll
========================================
Builder version: undefined version: run 'make version' to update
Interrupt handler set up.
========================================
Checkout
========================================
Clone URL: https://github.com/swifter09/StructuredLayout.git
Reference: main
Initialized empty Git repository in /Users/admin/builder/spi-builder-workspace/.git/
From https://github.com/swifter09/StructuredLayout
 * branch            main       -> FETCH_HEAD
 * [new branch]      main       -> origin/main
HEAD is now at a29b34a docs: prepare StructuredLayout 0.1.5 launch
Cloned https://github.com/swifter09/StructuredLayout.git
Revision (git rev-parse @):
a29b34a36feafb7d0c451c6b5f6cb1c87af56fbe
SUCCESS checkout https://github.com/swifter09/StructuredLayout.git at main
========================================
Build
========================================
Selected platform:         watchOS
Swift version:             6.1
Building package at path:  $PWD
https://github.com/swifter09/StructuredLayout.git
https://github.com/swifter09/StructuredLayout.git
{
  "dependencies" : [
  ],
  "manifest_display_name" : "StructuredLayout",
  "name" : "StructuredLayout",
  "path" : "/Users/admin/builder/spi-builder-workspace",
  "platforms" : [
    {
      "name" : "ios",
      "version" : "14.0"
    }
  ],
  "products" : [
    {
      "name" : "StructuredLayout",
      "targets" : [
        "StructuredLayout"
      ],
      "type" : {
        "library" : [
          "automatic"
        ]
      }
    }
  ],
  "targets" : [
    {
      "c99name" : "StructuredLayoutTests",
      "module_type" : "SwiftTarget",
      "name" : "StructuredLayoutTests",
      "path" : "Tests/StructuredLayoutTests",
      "sources" : [
        "StructuredLayoutTests.swift"
      ],
      "target_dependencies" : [
        "StructuredLayout"
      ],
      "type" : "test"
    },
    {
      "c99name" : "StructuredLayout",
      "module_type" : "SwiftTarget",
      "name" : "StructuredLayout",
      "path" : "Sources/StructuredLayout",
      "product_memberships" : [
        "StructuredLayout"
      ],
      "sources" : [
        "LayoutDSL.swift",
        "LayoutInstaller.swift"
      ],
      "type" : "library"
    }
  ],
  "tools_version" : "5.9"
}
Command line invocation:
    /Applications/Xcode-16.3.0.app/Contents/Developer/usr/bin/xcodebuild -IDEClonedSourcePackagesDirPathOverride=/Users/admin/builder/spi-builder-workspace/.dependencies -resolvePackageDependencies
Resolve Package Graph
Resolve Package Graph
Resolved source packages:
  StructuredLayout: /Users/admin/builder/spi-builder-workspace
resolved source packages: StructuredLayout
{
  "dependencies" : [
  ],
  "manifest_display_name" : "StructuredLayout",
  "name" : "StructuredLayout",
  "path" : "/Users/admin/builder/spi-builder-workspace",
  "platforms" : [
    {
      "name" : "ios",
      "version" : "14.0"
    }
  ],
  "products" : [
    {
      "name" : "StructuredLayout",
      "targets" : [
        "StructuredLayout"
      ],
      "type" : {
        "library" : [
          "automatic"
        ]
      }
    }
  ],
  "targets" : [
    {
      "c99name" : "StructuredLayoutTests",
      "module_type" : "SwiftTarget",
      "name" : "StructuredLayoutTests",
      "path" : "Tests/StructuredLayoutTests",
      "sources" : [
        "StructuredLayoutTests.swift"
      ],
      "target_dependencies" : [
        "StructuredLayout"
      ],
      "type" : "test"
    },
    {
      "c99name" : "StructuredLayout",
      "module_type" : "SwiftTarget",
      "name" : "StructuredLayout",
      "path" : "Sources/StructuredLayout",
      "product_memberships" : [
        "StructuredLayout"
      ],
      "sources" : [
        "LayoutDSL.swift",
        "LayoutInstaller.swift"
      ],
      "type" : "library"
    }
  ],
  "tools_version" : "5.9"
}
{
  "workspace" : {
    "name" : "spi-builder-workspace",
    "schemes" : [
      "StructuredLayout"
    ]
  }
}
Running build ...
env DEVELOPER_DIR=/Applications/Xcode-16.3.0.app xcrun xcodebuild -IDEClonedSourcePackagesDirPathOverride=$PWD/.dependencies -skipMacroValidation -skipPackagePluginValidation -derivedDataPath $PWD/.derivedData build -scheme StructuredLayout -destination generic/platform=watchOS OTHER_SWIFT_FLAGS=-stats-output-dir .stats -strict-concurrency=complete -enable-upcoming-feature StrictConcurrency -enable-upcoming-feature DisableOutwardActorInference -enable-upcoming-feature GlobalActorIsolatedTypesUsability -enable-upcoming-feature InferSendableFromCaptures
Command line invocation:
    /Applications/Xcode-16.3.0.app/Contents/Developer/usr/bin/xcodebuild -IDEClonedSourcePackagesDirPathOverride=/Users/admin/builder/spi-builder-workspace/.dependencies -skipMacroValidation -skipPackagePluginValidation -derivedDataPath /Users/admin/builder/spi-builder-workspace/.derivedData build -scheme StructuredLayout -destination generic/platform=watchOS "OTHER_SWIFT_FLAGS=-stats-output-dir .stats -strict-concurrency=complete -enable-upcoming-feature StrictConcurrency -enable-upcoming-feature DisableOutwardActorInference -enable-upcoming-feature GlobalActorIsolatedTypesUsability -enable-upcoming-feature InferSendableFromCaptures"
Build settings from command line:
    OTHER_SWIFT_FLAGS = -stats-output-dir .stats -strict-concurrency=complete -enable-upcoming-feature StrictConcurrency -enable-upcoming-feature DisableOutwardActorInference -enable-upcoming-feature GlobalActorIsolatedTypesUsability -enable-upcoming-feature InferSendableFromCaptures
Resolve Package Graph
Resolved source packages:
  StructuredLayout: /Users/admin/builder/spi-builder-workspace
ComputePackagePrebuildTargetDependencyGraph
Prepare packages
CreateBuildRequest
SendProjectDescription
CreateBuildOperation
ComputeTargetDependencyGraph
note: Building targets in dependency order
note: Target dependency graph (2 targets)
    Target 'StructuredLayout' in project 'StructuredLayout'
        ➜ Explicit dependency on target 'StructuredLayout' in project 'StructuredLayout'
    Target 'StructuredLayout' in project 'StructuredLayout' (no dependencies)
GatherProvisioningInputs
CreateBuildDescription
ExecuteExternalTool /Applications/Xcode-16.3.0.app/Contents/Developer/Toolchains/XcodeDefault.xctoolchain/usr/bin/clang -v -E -dM -isysroot /Applications/Xcode-16.3.0.app/Contents/Developer/Platforms/WatchOS.platform/Developer/SDKs/WatchOS11.4.sdk -x c -c /dev/null
ExecuteExternalTool /Applications/Xcode-16.3.0.app/Contents/Developer/Toolchains/XcodeDefault.xctoolchain/usr/bin/swiftc --version
ExecuteExternalTool /Applications/Xcode-16.3.0.app/Contents/Developer/Toolchains/XcodeDefault.xctoolchain/usr/bin/ld -version_details
Build description signature: fa2530867f28b96d0ad303f6447d4611
Build description path: /Users/admin/builder/spi-builder-workspace/.derivedData/Build/Intermediates.noindex/XCBuildData/fa2530867f28b96d0ad303f6447d4611.xcbuilddata
CreateBuildDirectory /Users/admin/builder/spi-builder-workspace/.derivedData/Build/Intermediates.noindex
    cd /Users/admin/builder/spi-builder-workspace/.swiftpm/xcode
    builtin-create-build-directory /Users/admin/builder/spi-builder-workspace/.derivedData/Build/Intermediates.noindex
CreateBuildDirectory /Users/admin/builder/spi-builder-workspace/.derivedData/Build/Products
    cd /Users/admin/builder/spi-builder-workspace/.swiftpm/xcode
    builtin-create-build-directory /Users/admin/builder/spi-builder-workspace/.derivedData/Build/Products
ClangStatCache /Applications/Xcode-16.3.0.app/Contents/Developer/Toolchains/XcodeDefault.xctoolchain/usr/bin/clang-stat-cache /Applications/Xcode-16.3.0.app/Contents/Developer/Platforms/WatchOS.platform/Developer/SDKs/WatchOS11.4.sdk /Users/admin/builder/spi-builder-workspace/.derivedData/SDKStatCaches.noindex/watchos11.4-22T246-43efb940ff07ba2497b70ec94253f576.sdkstatcache
    cd /Users/admin/builder/spi-builder-workspace/.swiftpm/xcode
    /Applications/Xcode-16.3.0.app/Contents/Developer/Toolchains/XcodeDefault.xctoolchain/usr/bin/clang-stat-cache /Applications/Xcode-16.3.0.app/Contents/Developer/Platforms/WatchOS.platform/Developer/SDKs/WatchOS11.4.sdk -o /Users/admin/builder/spi-builder-workspace/.derivedData/SDKStatCaches.noindex/watchos11.4-22T246-43efb940ff07ba2497b70ec94253f576.sdkstatcache
CreateBuildDirectory /Users/admin/builder/spi-builder-workspace/.derivedData/Build/Intermediates.noindex/EagerLinkingTBDs/Debug-watchos
    cd /Users/admin/builder/spi-builder-workspace/.swiftpm/xcode
    builtin-create-build-directory /Users/admin/builder/spi-builder-workspace/.derivedData/Build/Intermediates.noindex/EagerLinkingTBDs/Debug-watchos
CreateBuildDirectory /Users/admin/builder/spi-builder-workspace/.derivedData/Build/Products/Debug-watchos
    cd /Users/admin/builder/spi-builder-workspace/.swiftpm/xcode
    builtin-create-build-directory /Users/admin/builder/spi-builder-workspace/.derivedData/Build/Products/Debug-watchos
CreateBuildDirectory /Users/admin/builder/spi-builder-workspace/.derivedData/Build/Products/Debug-watchos/PackageFrameworks
    cd /Users/admin/builder/spi-builder-workspace/.swiftpm/xcode
    builtin-create-build-directory /Users/admin/builder/spi-builder-workspace/.derivedData/Build/Products/Debug-watchos/PackageFrameworks
WriteAuxiliaryFile /Users/admin/builder/spi-builder-workspace/.derivedData/Build/Intermediates.noindex/StructuredLayout.build/Debug-watchos/StructuredLayout.build/StructuredLayout.modulemap (in target 'StructuredLayout' from project 'StructuredLayout')
    cd /Users/admin/builder/spi-builder-workspace
    write-file /Users/admin/builder/spi-builder-workspace/.derivedData/Build/Intermediates.noindex/StructuredLayout.build/Debug-watchos/StructuredLayout.build/StructuredLayout.modulemap
WriteAuxiliaryFile /Users/admin/builder/spi-builder-workspace/.derivedData/Build/Intermediates.noindex/StructuredLayout.build/Debug-watchos/StructuredLayout.build/StructuredLayout.DependencyStaticMetadataFileList (in target 'StructuredLayout' from project 'StructuredLayout')
    cd /Users/admin/builder/spi-builder-workspace
    write-file /Users/admin/builder/spi-builder-workspace/.derivedData/Build/Intermediates.noindex/StructuredLayout.build/Debug-watchos/StructuredLayout.build/StructuredLayout.DependencyStaticMetadataFileList
WriteAuxiliaryFile /Users/admin/builder/spi-builder-workspace/.derivedData/Build/Intermediates.noindex/StructuredLayout.build/Debug-watchos/StructuredLayout.build/Objects-normal/armv7k/StructuredLayout.SwiftFileList (in target 'StructuredLayout' from project 'StructuredLayout')
    cd /Users/admin/builder/spi-builder-workspace
    write-file /Users/admin/builder/spi-builder-workspace/.derivedData/Build/Intermediates.noindex/StructuredLayout.build/Debug-watchos/StructuredLayout.build/Objects-normal/armv7k/StructuredLayout.SwiftFileList
WriteAuxiliaryFile /Users/admin/builder/spi-builder-workspace/.derivedData/Build/Intermediates.noindex/StructuredLayout.build/Debug-watchos/StructuredLayout.build/Objects-normal/arm64_32/StructuredLayout_const_extract_protocols.json (in target 'StructuredLayout' from project 'StructuredLayout')
    cd /Users/admin/builder/spi-builder-workspace
    write-file /Users/admin/builder/spi-builder-workspace/.derivedData/Build/Intermediates.noindex/StructuredLayout.build/Debug-watchos/StructuredLayout.build/Objects-normal/arm64_32/StructuredLayout_const_extract_protocols.json
WriteAuxiliaryFile /Users/admin/builder/spi-builder-workspace/.derivedData/Build/Intermediates.noindex/StructuredLayout.build/Debug-watchos/StructuredLayout.build/Objects-normal/arm64_32/StructuredLayout.SwiftFileList (in target 'StructuredLayout' from project 'StructuredLayout')
    cd /Users/admin/builder/spi-builder-workspace
    write-file /Users/admin/builder/spi-builder-workspace/.derivedData/Build/Intermediates.noindex/StructuredLayout.build/Debug-watchos/StructuredLayout.build/Objects-normal/arm64_32/StructuredLayout.SwiftFileList
WriteAuxiliaryFile /Users/admin/builder/spi-builder-workspace/.derivedData/Build/Intermediates.noindex/StructuredLayout.build/Debug-watchos/StructuredLayout.build/Objects-normal/armv7k/StructuredLayout.SwiftConstValuesFileList (in target 'StructuredLayout' from project 'StructuredLayout')
    cd /Users/admin/builder/spi-builder-workspace
    write-file /Users/admin/builder/spi-builder-workspace/.derivedData/Build/Intermediates.noindex/StructuredLayout.build/Debug-watchos/StructuredLayout.build/Objects-normal/armv7k/StructuredLayout.SwiftConstValuesFileList
WriteAuxiliaryFile /Users/admin/builder/spi-builder-workspace/.derivedData/Build/Intermediates.noindex/StructuredLayout.build/Debug-watchos/StructuredLayout.build/Objects-normal/armv7k/StructuredLayout_const_extract_protocols.json (in target 'StructuredLayout' from project 'StructuredLayout')
    cd /Users/admin/builder/spi-builder-workspace
    write-file /Users/admin/builder/spi-builder-workspace/.derivedData/Build/Intermediates.noindex/StructuredLayout.build/Debug-watchos/StructuredLayout.build/Objects-normal/armv7k/StructuredLayout_const_extract_protocols.json
WriteAuxiliaryFile /Users/admin/builder/spi-builder-workspace/.derivedData/Build/Intermediates.noindex/StructuredLayout.build/Debug-watchos/StructuredLayout.build/Objects-normal/armv7k/StructuredLayout.LinkFileList (in target 'StructuredLayout' from project 'StructuredLayout')
    cd /Users/admin/builder/spi-builder-workspace
    write-file /Users/admin/builder/spi-builder-workspace/.derivedData/Build/Intermediates.noindex/StructuredLayout.build/Debug-watchos/StructuredLayout.build/Objects-normal/armv7k/StructuredLayout.LinkFileList
WriteAuxiliaryFile /Users/admin/builder/spi-builder-workspace/.derivedData/Build/Intermediates.noindex/StructuredLayout.build/Debug-watchos/StructuredLayout.build/Objects-normal/armv7k/StructuredLayout-OutputFileMap.json (in target 'StructuredLayout' from project 'StructuredLayout')
    cd /Users/admin/builder/spi-builder-workspace
    write-file /Users/admin/builder/spi-builder-workspace/.derivedData/Build/Intermediates.noindex/StructuredLayout.build/Debug-watchos/StructuredLayout.build/Objects-normal/armv7k/StructuredLayout-OutputFileMap.json
WriteAuxiliaryFile /Users/admin/builder/spi-builder-workspace/.derivedData/Build/Intermediates.noindex/StructuredLayout.build/Debug-watchos/StructuredLayout.build/StructuredLayout.DependencyMetadataFileList (in target 'StructuredLayout' from project 'StructuredLayout')
    cd /Users/admin/builder/spi-builder-workspace
    write-file /Users/admin/builder/spi-builder-workspace/.derivedData/Build/Intermediates.noindex/StructuredLayout.build/Debug-watchos/StructuredLayout.build/StructuredLayout.DependencyMetadataFileList
WriteAuxiliaryFile /Users/admin/builder/spi-builder-workspace/.derivedData/Build/Intermediates.noindex/StructuredLayout.build/Debug-watchos/StructuredLayout.build/Objects-normal/arm64_32/StructuredLayout.SwiftConstValuesFileList (in target 'StructuredLayout' from project 'StructuredLayout')
    cd /Users/admin/builder/spi-builder-workspace
    write-file /Users/admin/builder/spi-builder-workspace/.derivedData/Build/Intermediates.noindex/StructuredLayout.build/Debug-watchos/StructuredLayout.build/Objects-normal/arm64_32/StructuredLayout.SwiftConstValuesFileList
WriteAuxiliaryFile /Users/admin/builder/spi-builder-workspace/.derivedData/Build/Intermediates.noindex/StructuredLayout.build/Debug-watchos/StructuredLayout.build/Objects-normal/arm64_32/StructuredLayout.LinkFileList (in target 'StructuredLayout' from project 'StructuredLayout')
    cd /Users/admin/builder/spi-builder-workspace
    write-file /Users/admin/builder/spi-builder-workspace/.derivedData/Build/Intermediates.noindex/StructuredLayout.build/Debug-watchos/StructuredLayout.build/Objects-normal/arm64_32/StructuredLayout.LinkFileList
WriteAuxiliaryFile /Users/admin/builder/spi-builder-workspace/.derivedData/Build/Intermediates.noindex/StructuredLayout.build/Debug-watchos/StructuredLayout.build/Objects-normal/arm64_32/StructuredLayout-OutputFileMap.json (in target 'StructuredLayout' from project 'StructuredLayout')
    cd /Users/admin/builder/spi-builder-workspace
    write-file /Users/admin/builder/spi-builder-workspace/.derivedData/Build/Intermediates.noindex/StructuredLayout.build/Debug-watchos/StructuredLayout.build/Objects-normal/arm64_32/StructuredLayout-OutputFileMap.json
WriteAuxiliaryFile /Users/admin/builder/spi-builder-workspace/.derivedData/Build/Intermediates.noindex/StructuredLayout.build/Debug-watchos/StructuredLayout.build/Objects-normal/arm64/StructuredLayout_const_extract_protocols.json (in target 'StructuredLayout' from project 'StructuredLayout')
    cd /Users/admin/builder/spi-builder-workspace
    write-file /Users/admin/builder/spi-builder-workspace/.derivedData/Build/Intermediates.noindex/StructuredLayout.build/Debug-watchos/StructuredLayout.build/Objects-normal/arm64/StructuredLayout_const_extract_protocols.json
WriteAuxiliaryFile /Users/admin/builder/spi-builder-workspace/.derivedData/Build/Intermediates.noindex/StructuredLayout.build/Debug-watchos/StructuredLayout.build/Objects-normal/arm64/StructuredLayout.SwiftFileList (in target 'StructuredLayout' from project 'StructuredLayout')
    cd /Users/admin/builder/spi-builder-workspace
    write-file /Users/admin/builder/spi-builder-workspace/.derivedData/Build/Intermediates.noindex/StructuredLayout.build/Debug-watchos/StructuredLayout.build/Objects-normal/arm64/StructuredLayout.SwiftFileList
WriteAuxiliaryFile /Users/admin/builder/spi-builder-workspace/.derivedData/Build/Intermediates.noindex/StructuredLayout.build/Debug-watchos/StructuredLayout.build/Objects-normal/arm64/StructuredLayout.SwiftConstValuesFileList (in target 'StructuredLayout' from project 'StructuredLayout')
    cd /Users/admin/builder/spi-builder-workspace
    write-file /Users/admin/builder/spi-builder-workspace/.derivedData/Build/Intermediates.noindex/StructuredLayout.build/Debug-watchos/StructuredLayout.build/Objects-normal/arm64/StructuredLayout.SwiftConstValuesFileList
WriteAuxiliaryFile /Users/admin/builder/spi-builder-workspace/.derivedData/Build/Intermediates.noindex/StructuredLayout.build/Debug-watchos/StructuredLayout.build/Objects-normal/arm64/StructuredLayout.LinkFileList (in target 'StructuredLayout' from project 'StructuredLayout')
    cd /Users/admin/builder/spi-builder-workspace
    write-file /Users/admin/builder/spi-builder-workspace/.derivedData/Build/Intermediates.noindex/StructuredLayout.build/Debug-watchos/StructuredLayout.build/Objects-normal/arm64/StructuredLayout.LinkFileList
WriteAuxiliaryFile /Users/admin/builder/spi-builder-workspace/.derivedData/Build/Intermediates.noindex/StructuredLayout.build/Debug-watchos/StructuredLayout.build/Objects-normal/arm64/StructuredLayout-OutputFileMap.json (in target 'StructuredLayout' from project 'StructuredLayout')
    cd /Users/admin/builder/spi-builder-workspace
    write-file /Users/admin/builder/spi-builder-workspace/.derivedData/Build/Intermediates.noindex/StructuredLayout.build/Debug-watchos/StructuredLayout.build/Objects-normal/arm64/StructuredLayout-OutputFileMap.json
Copy /Users/admin/builder/spi-builder-workspace/.derivedData/Build/Intermediates.noindex/GeneratedModuleMaps-watchos/StructuredLayout.modulemap /Users/admin/builder/spi-builder-workspace/.derivedData/Build/Intermediates.noindex/StructuredLayout.build/Debug-watchos/StructuredLayout.build/StructuredLayout.modulemap (in target 'StructuredLayout' from project 'StructuredLayout')
    cd /Users/admin/builder/spi-builder-workspace
    builtin-copy -exclude .DS_Store -exclude CVS -exclude .svn -exclude .git -exclude .hg -resolve-src-symlinks /Users/admin/builder/spi-builder-workspace/.derivedData/Build/Intermediates.noindex/StructuredLayout.build/Debug-watchos/StructuredLayout.build/StructuredLayout.modulemap /Users/admin/builder/spi-builder-workspace/.derivedData/Build/Intermediates.noindex/GeneratedModuleMaps-watchos
SwiftDriver StructuredLayout normal arm64 com.apple.xcode.tools.swift.compiler (in target 'StructuredLayout' from project 'StructuredLayout')
    cd /Users/admin/builder/spi-builder-workspace/.swiftpm/xcode
    builtin-SwiftDriver -- /Applications/Xcode-16.3.0.app/Contents/Developer/Toolchains/XcodeDefault.xctoolchain/usr/bin/swiftc -module-name StructuredLayout -Onone -enforce-exclusivity\=checked @/Users/admin/builder/spi-builder-workspace/.derivedData/Build/Intermediates.noindex/StructuredLayout.build/Debug-watchos/StructuredLayout.build/Objects-normal/arm64/StructuredLayout.SwiftFileList -DSWIFT_PACKAGE -DDEBUG -stats-output-dir .stats -strict-concurrency\=complete -enable-upcoming-feature StrictConcurrency -enable-upcoming-feature DisableOutwardActorInference -enable-upcoming-feature GlobalActorIsolatedTypesUsability -enable-upcoming-feature InferSendableFromCaptures -plugin-path /Applications/Xcode-16.3.0.app/Contents/Developer/Toolchains/XcodeDefault.xctoolchain/usr/lib/swift/host/plugins/testing -enable-experimental-feature DebugDescriptionMacro -sdk /Applications/Xcode-16.3.0.app/Contents/Developer/Platforms/WatchOS.platform/Developer/SDKs/WatchOS11.4.sdk -target arm64-apple-watchos7.0 -g -module-cache-path /Users/admin/builder/spi-builder-workspace/.derivedData/ModuleCache.noindex -Xfrontend -serialize-debugging-options -profile-coverage-mapping -profile-generate -enable-testing -index-store-path /Users/admin/builder/spi-builder-workspace/.derivedData/Index.noindex/DataStore -swift-version 5 -I /Users/admin/builder/spi-builder-workspace/.derivedData/Build/Products/Debug-watchos -I /Applications/Xcode-16.3.0.app/Contents/Developer/Platforms/WatchOS.platform/Developer/usr/lib -F /Users/admin/builder/spi-builder-workspace/.derivedData/Build/Products/Debug-watchos -F /Applications/Xcode-16.3.0.app/Contents/Developer/Platforms/WatchOS.platform/Developer/Library/Frameworks -F /Applications/Xcode-16.3.0.app/Contents/Developer/Platforms/WatchOS.platform/Developer/SDKs/WatchOS11.4.sdk/Developer/Library/Frameworks -c -j10 -enable-batch-mode -incremental -Xcc -ivfsstatcache -Xcc /Users/admin/builder/spi-builder-workspace/.derivedData/SDKStatCaches.noindex/watchos11.4-22T246-43efb940ff07ba2497b70ec94253f576.sdkstatcache -output-file-map /Users/admin/builder/spi-builder-workspace/.derivedData/Build/Intermediates.noindex/StructuredLayout.build/Debug-watchos/StructuredLayout.build/Objects-normal/arm64/StructuredLayout-OutputFileMap.json -use-frontend-parseable-output -save-temps -no-color-diagnostics -serialize-diagnostics -emit-dependencies -emit-module -emit-module-path /Users/admin/builder/spi-builder-workspace/.derivedData/Build/Intermediates.noindex/StructuredLayout.build/Debug-watchos/StructuredLayout.build/Objects-normal/arm64/StructuredLayout.swiftmodule -validate-clang-modules-once -clang-build-session-file /Users/admin/builder/spi-builder-workspace/.derivedData/ModuleCache.noindex/Session.modulevalidation -package-name spi_builder_workspace -Xcc -I/Users/admin/builder/spi-builder-workspace/.derivedData/Build/Intermediates.noindex/StructuredLayout.build/Debug-watchos/StructuredLayout.build/swift-overrides.hmap -emit-const-values -Xfrontend -const-gather-protocols-file -Xfrontend /Users/admin/builder/spi-builder-workspace/.derivedData/Build/Intermediates.noindex/StructuredLayout.build/Debug-watchos/StructuredLayout.build/Objects-normal/arm64/StructuredLayout_const_extract_protocols.json -Xcc -I/Users/admin/builder/spi-builder-workspace/.derivedData/Build/Products/Debug-watchos/include -Xcc -I/Users/admin/builder/spi-builder-workspace/.derivedData/Build/Intermediates.noindex/StructuredLayout.build/Debug-watchos/StructuredLayout.build/DerivedSources-normal/arm64 -Xcc -I/Users/admin/builder/spi-builder-workspace/.derivedData/Build/Intermediates.noindex/StructuredLayout.build/Debug-watchos/StructuredLayout.build/DerivedSources/arm64 -Xcc -I/Users/admin/builder/spi-builder-workspace/.derivedData/Build/Intermediates.noindex/StructuredLayout.build/Debug-watchos/StructuredLayout.build/DerivedSources -Xcc -DSWIFT_PACKAGE -Xcc -DDEBUG\=1 -emit-objc-header -emit-objc-header-path /Users/admin/builder/spi-builder-workspace/.derivedData/Build/Intermediates.noindex/StructuredLayout.build/Debug-watchos/StructuredLayout.build/Objects-normal/arm64/StructuredLayout-Swift.h -working-directory /Users/admin/builder/spi-builder-workspace/.swiftpm/xcode -experimental-emit-module-separately -disable-cmo
SwiftDriver StructuredLayout normal arm64_32 com.apple.xcode.tools.swift.compiler (in target 'StructuredLayout' from project 'StructuredLayout')
    cd /Users/admin/builder/spi-builder-workspace/.swiftpm/xcode
    builtin-SwiftDriver -- /Applications/Xcode-16.3.0.app/Contents/Developer/Toolchains/XcodeDefault.xctoolchain/usr/bin/swiftc -module-name StructuredLayout -Onone -enforce-exclusivity\=checked @/Users/admin/builder/spi-builder-workspace/.derivedData/Build/Intermediates.noindex/StructuredLayout.build/Debug-watchos/StructuredLayout.build/Objects-normal/arm64_32/StructuredLayout.SwiftFileList -DSWIFT_PACKAGE -DDEBUG -stats-output-dir .stats -strict-concurrency\=complete -enable-upcoming-feature StrictConcurrency -enable-upcoming-feature DisableOutwardActorInference -enable-upcoming-feature GlobalActorIsolatedTypesUsability -enable-upcoming-feature InferSendableFromCaptures -plugin-path /Applications/Xcode-16.3.0.app/Contents/Developer/Toolchains/XcodeDefault.xctoolchain/usr/lib/swift/host/plugins/testing -enable-experimental-feature DebugDescriptionMacro -sdk /Applications/Xcode-16.3.0.app/Contents/Developer/Platforms/WatchOS.platform/Developer/SDKs/WatchOS11.4.sdk -target arm64_32-apple-watchos7.0 -g -module-cache-path /Users/admin/builder/spi-builder-workspace/.derivedData/ModuleCache.noindex -Xfrontend -serialize-debugging-options -profile-coverage-mapping -profile-generate -enable-testing -index-store-path /Users/admin/builder/spi-builder-workspace/.derivedData/Index.noindex/DataStore -swift-version 5 -I /Users/admin/builder/spi-builder-workspace/.derivedData/Build/Products/Debug-watchos -I /Applications/Xcode-16.3.0.app/Contents/Developer/Platforms/WatchOS.platform/Developer/usr/lib -F /Users/admin/builder/spi-builder-workspace/.derivedData/Build/Products/Debug-watchos -F /Applications/Xcode-16.3.0.app/Contents/Developer/Platforms/WatchOS.platform/Developer/Library/Frameworks -F /Applications/Xcode-16.3.0.app/Contents/Developer/Platforms/WatchOS.platform/Developer/SDKs/WatchOS11.4.sdk/Developer/Library/Frameworks -c -j10 -enable-batch-mode -incremental -Xcc -ivfsstatcache -Xcc /Users/admin/builder/spi-builder-workspace/.derivedData/SDKStatCaches.noindex/watchos11.4-22T246-43efb940ff07ba2497b70ec94253f576.sdkstatcache -output-file-map /Users/admin/builder/spi-builder-workspace/.derivedData/Build/Intermediates.noindex/StructuredLayout.build/Debug-watchos/StructuredLayout.build/Objects-normal/arm64_32/StructuredLayout-OutputFileMap.json -use-frontend-parseable-output -save-temps -no-color-diagnostics -serialize-diagnostics -emit-dependencies -emit-module -emit-module-path /Users/admin/builder/spi-builder-workspace/.derivedData/Build/Intermediates.noindex/StructuredLayout.build/Debug-watchos/StructuredLayout.build/Objects-normal/arm64_32/StructuredLayout.swiftmodule -validate-clang-modules-once -clang-build-session-file /Users/admin/builder/spi-builder-workspace/.derivedData/ModuleCache.noindex/Session.modulevalidation -package-name spi_builder_workspace -Xcc -I/Users/admin/builder/spi-builder-workspace/.derivedData/Build/Intermediates.noindex/StructuredLayout.build/Debug-watchos/StructuredLayout.build/swift-overrides.hmap -emit-const-values -Xfrontend -const-gather-protocols-file -Xfrontend /Users/admin/builder/spi-builder-workspace/.derivedData/Build/Intermediates.noindex/StructuredLayout.build/Debug-watchos/StructuredLayout.build/Objects-normal/arm64_32/StructuredLayout_const_extract_protocols.json -Xcc -I/Users/admin/builder/spi-builder-workspace/.derivedData/Build/Products/Debug-watchos/include -Xcc -I/Users/admin/builder/spi-builder-workspace/.derivedData/Build/Intermediates.noindex/StructuredLayout.build/Debug-watchos/StructuredLayout.build/DerivedSources-normal/arm64_32 -Xcc -I/Users/admin/builder/spi-builder-workspace/.derivedData/Build/Intermediates.noindex/StructuredLayout.build/Debug-watchos/StructuredLayout.build/DerivedSources/arm64_32 -Xcc -I/Users/admin/builder/spi-builder-workspace/.derivedData/Build/Intermediates.noindex/StructuredLayout.build/Debug-watchos/StructuredLayout.build/DerivedSources -Xcc -DSWIFT_PACKAGE -Xcc -DDEBUG\=1 -emit-objc-header -emit-objc-header-path /Users/admin/builder/spi-builder-workspace/.derivedData/Build/Intermediates.noindex/StructuredLayout.build/Debug-watchos/StructuredLayout.build/Objects-normal/arm64_32/StructuredLayout-Swift.h -working-directory /Users/admin/builder/spi-builder-workspace/.swiftpm/xcode -experimental-emit-module-separately -disable-cmo
SwiftDriver StructuredLayout normal armv7k com.apple.xcode.tools.swift.compiler (in target 'StructuredLayout' from project 'StructuredLayout')
    cd /Users/admin/builder/spi-builder-workspace/.swiftpm/xcode
    builtin-SwiftDriver -- /Applications/Xcode-16.3.0.app/Contents/Developer/Toolchains/XcodeDefault.xctoolchain/usr/bin/swiftc -module-name StructuredLayout -Onone -enforce-exclusivity\=checked @/Users/admin/builder/spi-builder-workspace/.derivedData/Build/Intermediates.noindex/StructuredLayout.build/Debug-watchos/StructuredLayout.build/Objects-normal/armv7k/StructuredLayout.SwiftFileList -DSWIFT_PACKAGE -DDEBUG -stats-output-dir .stats -strict-concurrency\=complete -enable-upcoming-feature StrictConcurrency -enable-upcoming-feature DisableOutwardActorInference -enable-upcoming-feature GlobalActorIsolatedTypesUsability -enable-upcoming-feature InferSendableFromCaptures -plugin-path /Applications/Xcode-16.3.0.app/Contents/Developer/Toolchains/XcodeDefault.xctoolchain/usr/lib/swift/host/plugins/testing -enable-experimental-feature DebugDescriptionMacro -sdk /Applications/Xcode-16.3.0.app/Contents/Developer/Platforms/WatchOS.platform/Developer/SDKs/WatchOS11.4.sdk -target armv7k-apple-watchos7.0 -g -module-cache-path /Users/admin/builder/spi-builder-workspace/.derivedData/ModuleCache.noindex -Xfrontend -serialize-debugging-options -profile-coverage-mapping -profile-generate -enable-testing -index-store-path /Users/admin/builder/spi-builder-workspace/.derivedData/Index.noindex/DataStore -swift-version 5 -I /Users/admin/builder/spi-builder-workspace/.derivedData/Build/Products/Debug-watchos -I /Applications/Xcode-16.3.0.app/Contents/Developer/Platforms/WatchOS.platform/Developer/usr/lib -F /Users/admin/builder/spi-builder-workspace/.derivedData/Build/Products/Debug-watchos -F /Applications/Xcode-16.3.0.app/Contents/Developer/Platforms/WatchOS.platform/Developer/Library/Frameworks -F /Applications/Xcode-16.3.0.app/Contents/Developer/Platforms/WatchOS.platform/Developer/SDKs/WatchOS11.4.sdk/Developer/Library/Frameworks -c -j10 -enable-batch-mode -incremental -Xcc -ivfsstatcache -Xcc /Users/admin/builder/spi-builder-workspace/.derivedData/SDKStatCaches.noindex/watchos11.4-22T246-43efb940ff07ba2497b70ec94253f576.sdkstatcache -output-file-map /Users/admin/builder/spi-builder-workspace/.derivedData/Build/Intermediates.noindex/StructuredLayout.build/Debug-watchos/StructuredLayout.build/Objects-normal/armv7k/StructuredLayout-OutputFileMap.json -use-frontend-parseable-output -save-temps -no-color-diagnostics -serialize-diagnostics -emit-dependencies -emit-module -emit-module-path /Users/admin/builder/spi-builder-workspace/.derivedData/Build/Intermediates.noindex/StructuredLayout.build/Debug-watchos/StructuredLayout.build/Objects-normal/armv7k/StructuredLayout.swiftmodule -validate-clang-modules-once -clang-build-session-file /Users/admin/builder/spi-builder-workspace/.derivedData/ModuleCache.noindex/Session.modulevalidation -package-name spi_builder_workspace -Xcc -I/Users/admin/builder/spi-builder-workspace/.derivedData/Build/Intermediates.noindex/StructuredLayout.build/Debug-watchos/StructuredLayout.build/swift-overrides.hmap -emit-const-values -Xfrontend -const-gather-protocols-file -Xfrontend /Users/admin/builder/spi-builder-workspace/.derivedData/Build/Intermediates.noindex/StructuredLayout.build/Debug-watchos/StructuredLayout.build/Objects-normal/armv7k/StructuredLayout_const_extract_protocols.json -Xcc -I/Users/admin/builder/spi-builder-workspace/.derivedData/Build/Products/Debug-watchos/include -Xcc -I/Users/admin/builder/spi-builder-workspace/.derivedData/Build/Intermediates.noindex/StructuredLayout.build/Debug-watchos/StructuredLayout.build/DerivedSources-normal/armv7k -Xcc -I/Users/admin/builder/spi-builder-workspace/.derivedData/Build/Intermediates.noindex/StructuredLayout.build/Debug-watchos/StructuredLayout.build/DerivedSources/armv7k -Xcc -I/Users/admin/builder/spi-builder-workspace/.derivedData/Build/Intermediates.noindex/StructuredLayout.build/Debug-watchos/StructuredLayout.build/DerivedSources -Xcc -DSWIFT_PACKAGE -Xcc -DDEBUG\=1 -emit-objc-header -emit-objc-header-path /Users/admin/builder/spi-builder-workspace/.derivedData/Build/Intermediates.noindex/StructuredLayout.build/Debug-watchos/StructuredLayout.build/Objects-normal/armv7k/StructuredLayout-Swift.h -working-directory /Users/admin/builder/spi-builder-workspace/.swiftpm/xcode -experimental-emit-module-separately -disable-cmo
SwiftEmitModule normal arm64_32 Emitting\ module\ for\ StructuredLayout (in target 'StructuredLayout' from project 'StructuredLayout')
EmitSwiftModule normal arm64_32 (in target 'StructuredLayout' from project 'StructuredLayout')
    cd /Users/admin/builder/spi-builder-workspace/.swiftpm/xcode

SwiftCompile normal arm64_32 Compiling\ LayoutDSL.swift /Users/admin/builder/spi-builder-workspace/Sources/StructuredLayout/LayoutDSL.swift (in target 'StructuredLayout' from project 'StructuredLayout')
SwiftCompile normal arm64_32 /Users/admin/builder/spi-builder-workspace/Sources/StructuredLayout/LayoutDSL.swift (in target 'StructuredLayout' from project 'StructuredLayout')
    cd /Users/admin/builder/spi-builder-workspace/.swiftpm/xcode

SwiftCompile normal arm64_32 Compiling\ LayoutInstaller.swift /Users/admin/builder/spi-builder-workspace/Sources/StructuredLayout/LayoutInstaller.swift (in target 'StructuredLayout' from project 'StructuredLayout')
SwiftCompile normal arm64_32 /Users/admin/builder/spi-builder-workspace/Sources/StructuredLayout/LayoutInstaller.swift (in target 'StructuredLayout' from project 'StructuredLayout')
    cd /Users/admin/builder/spi-builder-workspace/.swiftpm/xcode

SwiftEmitModule normal arm64 Emitting\ module\ for\ StructuredLayout (in target 'StructuredLayout' from project 'StructuredLayout')
Failed frontend command:
/Applications/Xcode-16.3.0.app/Contents/Developer/Toolchains/XcodeDefault.xctoolchain/usr/bin/swift-frontend -frontend -emit-module -experimental-skip-non-inlinable-function-bodies-without-types /Users/admin/builder/spi-builder-workspace/Sources/StructuredLayout/LayoutDSL.swift /Users/admin/builder/spi-builder-workspace/Sources/StructuredLayout/LayoutInstaller.swift -target arm64-apple-watchos7.0 -Xllvm -aarch64-use-tbi -enable-objc-interop -stack-check -sdk /Applications/Xcode-16.3.0.app/Contents/Developer/Platforms/WatchOS.platform/Developer/SDKs/WatchOS11.4.sdk -I /Users/admin/builder/spi-builder-workspace/.derivedData/Build/Products/Debug-watchos -I /Applications/Xcode-16.3.0.app/Contents/Developer/Platforms/WatchOS.platform/Developer/usr/lib -F /Users/admin/builder/spi-builder-workspace/.derivedData/Build/Products/Debug-watchos -F /Applications/Xcode-16.3.0.app/Contents/Developer/Platforms/WatchOS.platform/Developer/Library/Frameworks -F /Applications/Xcode-16.3.0.app/Contents/Developer/Platforms/WatchOS.platform/Developer/SDKs/WatchOS11.4.sdk/Developer/Library/Frameworks -no-color-diagnostics -enable-testing -g -debug-info-format\=dwarf -dwarf-version\=4 -module-cache-path /Users/admin/builder/spi-builder-workspace/.derivedData/ModuleCache.noindex -profile-generate -profile-coverage-mapping -swift-version 5 -enforce-exclusivity\=checked -stats-output-dir /Users/admin/builder/spi-builder-workspace/.swiftpm/xcode/.stats -Onone -D SWIFT_PACKAGE -D DEBUG -serialize-debugging-options -const-gather-protocols-file /Users/admin/builder/spi-builder-workspace/.derivedData/Build/Intermediates.noindex/StructuredLayout.build/Debug-watchos/StructuredLayout.build/Objects-normal/arm64/StructuredLayout_const_extract_protocols.json -enable-upcoming-feature StrictConcurrency -enable-upcoming-feature DisableOutwardActorInference -enable-upcoming-feature GlobalActorIsolatedTypesUsability -enable-upcoming-feature InferSendableFromCaptures -enable-experimental-feature DebugDescriptionMacro -strict-concurrency\=complete -empty-abi-descriptor -plugin-path /Applications/Xcode-16.3.0.app/Contents/Developer/Toolchains/XcodeDefault.xctoolchain/usr/lib/swift/host/plugins/testing -validate-clang-modules-once -clang-build-session-file /Users/admin/builder/spi-builder-workspace/.derivedData/ModuleCache.noindex/Session.modulevalidation -Xcc -working-directory -Xcc /Users/admin/builder/spi-builder-workspace/.swiftpm/xcode -resource-dir /Applications/Xcode-16.3.0.app/Contents/Developer/Toolchains/XcodeDefault.xctoolchain/usr/lib/swift -enable-anonymous-context-mangled-names -file-compilation-dir /Users/admin/builder/spi-builder-workspace/.swiftpm/xcode -Xcc -ivfsstatcache -Xcc /Users/admin/builder/spi-builder-workspace/.derivedData/SDKStatCaches.noindex/watchos11.4-22T246-43efb940ff07ba2497b70ec94253f576.sdkstatcache -Xcc -I/Users/admin/builder/spi-builder-workspace/.derivedData/Build/Intermediates.noindex/StructuredLayout.build/Debug-watchos/StructuredLayout.build/swift-overrides.hmap -Xcc -I/Users/admin/builder/spi-builder-workspace/.derivedData/Build/Products/Debug-watchos/include -Xcc -I/Users/admin/builder/spi-builder-workspace/.derivedData/Build/Intermediates.noindex/StructuredLayout.build/Debug-watchos/StructuredLayout.build/DerivedSources-normal/arm64 -Xcc -I/Users/admin/builder/spi-builder-workspace/.derivedData/Build/Intermediates.noindex/StructuredLayout.build/Debug-watchos/StructuredLayout.build/DerivedSources/arm64 -Xcc -I/Users/admin/builder/spi-builder-workspace/.derivedData/Build/Intermediates.noindex/StructuredLayout.build/Debug-watchos/StructuredLayout.build/DerivedSources -Xcc -DSWIFT_PACKAGE -Xcc -DDEBUG\=1 -module-name StructuredLayout -package-name spi_builder_workspace -frontend-parseable-output -disable-clang-spi -target-sdk-version 11.4 -target-sdk-name watchos11.4 -external-plugin-path /Applications/Xcode-16.3.0.app/Contents/Developer/Platforms/WatchOS.platform/Developer/usr/lib/swift/host/plugins\#/Applications/Xcode-16.3.0.app/Contents/Developer/Platforms/WatchOS.platform/Developer/usr/bin/swift-plugin-server -external-plugin-path /Applications/Xcode-16.3.0.app/Contents/Developer/Platforms/WatchOS.platform/Developer/usr/local/lib/swift/host/plugins\#/Applications/Xcode-16.3.0.app/Contents/Developer/Platforms/WatchOS.platform/Developer/usr/bin/swift-plugin-server -in-process-plugin-server-path /Applications/Xcode-16.3.0.app/Contents/Developer/Toolchains/XcodeDefault.xctoolchain/usr/lib/swift/host/libSwiftInProcPluginServer.dylib -plugin-path /Applications/Xcode-16.3.0.app/Contents/Developer/Toolchains/XcodeDefault.xctoolchain/usr/lib/swift/host/plugins -plugin-path /Applications/Xcode-16.3.0.app/Contents/Developer/Toolchains/XcodeDefault.xctoolchain/usr/local/lib/swift/host/plugins -emit-module-doc-path /Users/admin/builder/spi-builder-workspace/.derivedData/Build/Intermediates.noindex/StructuredLayout.build/Debug-watchos/StructuredLayout.build/Objects-normal/arm64/StructuredLayout.swiftdoc -emit-module-source-info-path /Users/admin/builder/spi-builder-workspace/.derivedData/Build/Intermediates.noindex/StructuredLayout.build/Debug-watchos/StructuredLayout.build/Objects-normal/arm64/StructuredLayout.swiftsourceinfo -emit-objc-header-path /Users/admin/builder/spi-builder-workspace/.derivedData/Build/Intermediates.noindex/StructuredLayout.build/Debug-watchos/StructuredLayout.build/Objects-normal/arm64/StructuredLayout-Swift.h -serialize-diagnostics-path /Users/admin/builder/spi-builder-workspace/.derivedData/Build/Intermediates.noindex/StructuredLayout.build/Debug-watchos/StructuredLayout.build/Objects-normal/arm64/StructuredLayout-master-emit-module.dia -emit-dependencies-path /Users/admin/builder/spi-builder-workspace/.derivedData/Build/Intermediates.noindex/StructuredLayout.build/Debug-watchos/StructuredLayout.build/Objects-normal/arm64/StructuredLayout-master-emit-module.d -o /Users/admin/builder/spi-builder-workspace/.derivedData/Build/Intermediates.noindex/StructuredLayout.build/Debug-watchos/StructuredLayout.build/Objects-normal/arm64/StructuredLayout.swiftmodule -emit-abi-descriptor-path /Users/admin/builder/spi-builder-workspace/.derivedData/Build/Intermediates.noindex/StructuredLayout.build/Debug-watchos/StructuredLayout.build/Objects-normal/arm64/StructuredLayout.abi.json
EmitSwiftModule normal arm64 (in target 'StructuredLayout' from project 'StructuredLayout')
    cd /Users/admin/builder/spi-builder-workspace/.swiftpm/xcode

/Users/admin/builder/spi-builder-workspace/Sources/StructuredLayout/LayoutDSL.swift:75:16: error: cannot find type 'UILayoutGuide' in scope
    case guide(UILayoutGuide)
               ^~~~~~~~~~~~~
/Users/admin/builder/spi-builder-workspace/Sources/StructuredLayout/LayoutDSL.swift:160:18: error: cannot find type 'UIView' in scope
public extension UIView {
                 ^~~~~~
/Applications/Xcode-16.3.0.app/Contents/Developer/Platforms/WatchOS.platform/Developer/SDKs/WatchOS11.4.sdk/System/Library/Frameworks/UIKit.framework/Headers/NSTextAttachment.h:23:1: note: interface 'UIView' forward declared here
@class UIView;
^
/Users/admin/builder/spi-builder-workspace/Sources/StructuredLayout/LayoutDSL.swift:221:54: error: cannot find type 'UIView' in scope
    public static func buildExpression(_ expression: UIView) -> [LayoutItem] {
                                                     ^~~~~~
/Applications/Xcode-16.3.0.app/Contents/Developer/Platforms/WatchOS.platform/Developer/SDKs/WatchOS11.4.sdk/System/Library/Frameworks/UIKit.framework/Headers/NSTextAttachment.h:23:1: note: interface 'UIView' forward declared here
@class UIView;
^
/Users/admin/builder/spi-builder-workspace/Sources/StructuredLayout/LayoutDSL.swift:347:15: error: cannot find type 'UIView' in scope
    case view(UIView)
              ^~~~~~
/Applications/Xcode-16.3.0.app/Contents/Developer/Platforms/WatchOS.platform/Developer/SDKs/WatchOS11.4.sdk/System/Library/Frameworks/UIKit.framework/Headers/NSTextAttachment.h:23:1: note: interface 'UIView' forward declared here
@class UIView;
^
/Users/admin/builder/spi-builder-workspace/Sources/StructuredLayout/LayoutInstaller.swift:5:35: error: cannot find type 'UIView' in scope
    fileprivate unowned let base: UIView
                                  ^~~~~~
/Applications/Xcode-16.3.0.app/Contents/Developer/Platforms/WatchOS.platform/Developer/SDKs/WatchOS11.4.sdk/System/Library/Frameworks/UIKit.framework/Headers/NSTextAttachment.h:23:1: note: interface 'UIView' forward declared here
@class UIView;
^
/Users/admin/builder/spi-builder-workspace/Sources/StructuredLayout/LayoutInstaller.swift:25:18: error: cannot find type 'UIView' in scope
public extension UIView {
                 ^~~~~~
/Applications/Xcode-16.3.0.app/Contents/Developer/Platforms/WatchOS.platform/Developer/SDKs/WatchOS11.4.sdk/System/Library/Frameworks/UIKit.framework/Headers/NSTextAttachment.h:23:1: note: interface 'UIView' forward declared here
@class UIView;
^
/Users/admin/builder/spi-builder-workspace/Sources/StructuredLayout/LayoutInstaller.swift:33:33: error: cannot find type 'UIView' in scope
    private weak var container: UIView?
                                ^~~~~~
/Applications/Xcode-16.3.0.app/Contents/Developer/Platforms/WatchOS.platform/Developer/SDKs/WatchOS11.4.sdk/System/Library/Frameworks/UIKit.framework/Headers/NSTextAttachment.h:23:1: note: interface 'UIView' forward declared here
@class UIView;
^
/Users/admin/builder/spi-builder-workspace/Sources/StructuredLayout/LayoutInstaller.swift:34:31: error: cannot find type 'NSLayoutConstraint' in scope
    private var constraints: [NSLayoutConstraint]
                              ^~~~~~~~~~~~~~~~~~
/Users/admin/builder/spi-builder-workspace/Sources/StructuredLayout/LayoutInstaller.swift:35:26: error: cannot find type 'UILayoutGuide' in scope
    private var guides: [UILayoutGuide]
                         ^~~~~~~~~~~~~
/Users/admin/builder/spi-builder-workspace/Sources/StructuredLayout/LayoutInstaller.swift:36:30: error: cannot find type 'UIView' in scope
    private var addedViews: [UIView]
                             ^~~~~~
/Applications/Xcode-16.3.0.app/Contents/Developer/Platforms/WatchOS.platform/Developer/SDKs/WatchOS11.4.sdk/System/Library/Frameworks/UIKit.framework/Headers/NSTextAttachment.h:23:1: note: interface 'UIView' forward declared here
@class UIView;
^
/Users/admin/builder/spi-builder-workspace/Sources/StructuredLayout/LayoutInstaller.swift:43:20: error: cannot find type 'UIView' in scope
        container: UIView,
                   ^~~~~~
/Applications/Xcode-16.3.0.app/Contents/Developer/Platforms/WatchOS.platform/Developer/SDKs/WatchOS11.4.sdk/System/Library/Frameworks/UIKit.framework/Headers/NSTextAttachment.h:23:1: note: interface 'UIView' forward declared here
@class UIView;
^
/Users/admin/builder/spi-builder-workspace/Sources/StructuredLayout/LayoutInstaller.swift:44:23: error: cannot find type 'NSLayoutConstraint' in scope
        constraints: [NSLayoutConstraint],
                      ^~~~~~~~~~~~~~~~~~
/Users/admin/builder/spi-builder-workspace/Sources/StructuredLayout/LayoutInstaller.swift:45:18: error: cannot find type 'UILayoutGuide' in scope
        guides: [UILayoutGuide],
                 ^~~~~~~~~~~~~
/Users/admin/builder/spi-builder-workspace/Sources/StructuredLayout/LayoutInstaller.swift:46:22: error: cannot find type 'UIView' in scope
        addedViews: [UIView],
                     ^~~~~~
/Applications/Xcode-16.3.0.app/Contents/Developer/Platforms/WatchOS.platform/Developer/SDKs/WatchOS11.4.sdk/System/Library/Frameworks/UIKit.framework/Headers/NSTextAttachment.h:23:1: note: interface 'UIView' forward declared here
@class UIView;
^
/Users/admin/builder/spi-builder-workspace/Sources/StructuredLayout/LayoutInstaller.swift:100:23: error: cannot find type 'UIView' in scope
        on container: UIView,
                      ^~~~~~
/Applications/Xcode-16.3.0.app/Contents/Developer/Platforms/WatchOS.platform/Developer/SDKs/WatchOS11.4.sdk/System/Library/Frameworks/UIKit.framework/Headers/NSTextAttachment.h:23:1: note: interface 'UIView' forward declared here
@class UIView;
^
/Users/admin/builder/spi-builder-workspace/Sources/StructuredLayout/LayoutInstaller.swift:139:24: error: cannot find type 'UIView' in scope
        result: inout [UIView]
                       ^~~~~~
/Applications/Xcode-16.3.0.app/Contents/Developer/Platforms/WatchOS.platform/Developer/SDKs/WatchOS11.4.sdk/System/Library/Frameworks/UIKit.framework/Headers/NSTextAttachment.h:23:1: note: interface 'UIView' forward declared here
@class UIView;
^
/Users/admin/builder/spi-builder-workspace/Sources/StructuredLayout/LayoutInstaller.swift:165:14: error: cannot find type 'NSLayoutYAxisAnchor' in scope
    let top: NSLayoutYAxisAnchor
             ^~~~~~~~~~~~~~~~~~~
/Users/admin/builder/spi-builder-workspace/Sources/StructuredLayout/LayoutInstaller.swift:166:18: error: cannot find type 'NSLayoutXAxisAnchor' in scope
    let leading: NSLayoutXAxisAnchor
                 ^~~~~~~~~~~~~~~~~~~
/Users/admin/builder/spi-builder-workspace/Sources/StructuredLayout/LayoutInstaller.swift:167:17: error: cannot find type 'NSLayoutYAxisAnchor' in scope
    let bottom: NSLayoutYAxisAnchor
                ^~~~~~~~~~~~~~~~~~~
/Users/admin/builder/spi-builder-workspace/Sources/StructuredLayout/LayoutInstaller.swift:168:19: error: cannot find type 'NSLayoutXAxisAnchor' in scope
    let trailing: NSLayoutXAxisAnchor
                  ^~~~~~~~~~~~~~~~~~~
/Users/admin/builder/spi-builder-workspace/Sources/StructuredLayout/LayoutInstaller.swift:169:18: error: cannot find type 'NSLayoutXAxisAnchor' in scope
    let centerX: NSLayoutXAxisAnchor
                 ^~~~~~~~~~~~~~~~~~~
/Users/admin/builder/spi-builder-workspace/Sources/StructuredLayout/LayoutInstaller.swift:170:18: error: cannot find type 'NSLayoutYAxisAnchor' in scope
    let centerY: NSLayoutYAxisAnchor
                 ^~~~~~~~~~~~~~~~~~~
/Users/admin/builder/spi-builder-workspace/Sources/StructuredLayout/LayoutInstaller.swift:171:16: error: cannot find type 'NSLayoutDimension' in scope
    let width: NSLayoutDimension
               ^~~~~~~~~~~~~~~~~
/Users/admin/builder/spi-builder-workspace/Sources/StructuredLayout/LayoutInstaller.swift:172:17: error: cannot find type 'NSLayoutDimension' in scope
    let height: NSLayoutDimension
                ^~~~~~~~~~~~~~~~~
/Users/admin/builder/spi-builder-workspace/Sources/StructuredLayout/LayoutInstaller.swift:174:16: error: cannot find type 'UIView' in scope
    init(view: UIView) {
               ^~~~~~
/Applications/Xcode-16.3.0.app/Contents/Developer/Platforms/WatchOS.platform/Developer/SDKs/WatchOS11.4.sdk/System/Library/Frameworks/UIKit.framework/Headers/NSTextAttachment.h:23:1: note: interface 'UIView' forward declared here
@class UIView;
^
/Users/admin/builder/spi-builder-workspace/Sources/StructuredLayout/LayoutInstaller.swift:185:17: error: cannot find type 'UILayoutGuide' in scope
    init(guide: UILayoutGuide) {
                ^~~~~~~~~~~~~
/Users/admin/builder/spi-builder-workspace/Sources/StructuredLayout/LayoutInstaller.swift:199:21: error: cannot find type 'UIView' in scope
    let leafViews: [UIView]
                    ^~~~~~
/Applications/Xcode-16.3.0.app/Contents/Developer/Platforms/WatchOS.platform/Developer/SDKs/WatchOS11.4.sdk/System/Library/Frameworks/UIKit.framework/Headers/NSTextAttachment.h:23:1: note: interface 'UIView' forward declared here
@class UIView;
^
/Users/admin/builder/spi-builder-workspace/Sources/StructuredLayout/LayoutInstaller.swift:205:20: error: cannot find type 'UIView' in scope
    weak var view: UIView?
                   ^~~~~~
/Applications/Xcode-16.3.0.app/Contents/Developer/Platforms/WatchOS.platform/Developer/SDKs/WatchOS11.4.sdk/System/Library/Frameworks/UIKit.framework/Headers/NSTextAttachment.h:23:1: note: interface 'UIView' forward declared here
@class UIView;
^
/Users/admin/builder/spi-builder-workspace/Sources/StructuredLayout/LayoutInstaller.swift:206:15: error: cannot find type 'NSLayoutConstraint' in scope
    let axis: NSLayoutConstraint.Axis
              ^~~~~~~~~~~~~~~~~~
/Users/admin/builder/spi-builder-workspace/Sources/StructuredLayout/LayoutInstaller.swift:207:19: error: cannot find type 'UILayoutPriority' in scope
    let previous: UILayoutPriority
                  ^~~~~~~~~~~~~~~~
/Users/admin/builder/spi-builder-workspace/Sources/StructuredLayout/LayoutInstaller.swift:216:20: error: cannot find type 'UIView' in scope
    let container: UIView
                   ^~~~~~
/Applications/Xcode-16.3.0.app/Contents/Developer/Platforms/WatchOS.platform/Developer/SDKs/WatchOS11.4.sdk/System/Library/Frameworks/UIKit.framework/Headers/NSTextAttachment.h:23:1: note: interface 'UIView' forward declared here
@class UIView;
^
/Users/admin/builder/spi-builder-workspace/Sources/StructuredLayout/LayoutInstaller.swift:217:23: error: cannot find type 'NSLayoutConstraint' in scope
    var constraints: [NSLayoutConstraint] = []
                      ^~~~~~~~~~~~~~~~~~
/Users/admin/builder/spi-builder-workspace/Sources/StructuredLayout/LayoutInstaller.swift:218:18: error: cannot find type 'UILayoutGuide' in scope
    var guides: [UILayoutGuide] = []
                 ^~~~~~~~~~~~~
/Users/admin/builder/spi-builder-workspace/Sources/StructuredLayout/LayoutInstaller.swift:328:16: error: cannot find type 'UILayoutGuide' in scope
        guide: UILayoutGuide,
               ^~~~~~~~~~~~~
/Users/admin/builder/spi-builder-workspace/Sources/StructuredLayout/LayoutInstaller.swift:381:16: error: cannot find type 'UILayoutGuide' in scope
        guide: UILayoutGuide,
               ^~~~~~~~~~~~~
/Users/admin/builder/spi-builder-workspace/Sources/StructuredLayout/LayoutInstaller.swift:434:16: error: cannot find type 'UILayoutGuide' in scope
        guide: UILayoutGuide,
               ^~~~~~~~~~~~~
/Users/admin/builder/spi-builder-workspace/Sources/StructuredLayout/LayoutInstaller.swift:569:20: error: cannot find type 'UIView' in scope
        of views: [UIView],
                   ^~~~~~
/Applications/Xcode-16.3.0.app/Contents/Developer/Platforms/WatchOS.platform/Developer/SDKs/WatchOS11.4.sdk/System/Library/Frameworks/UIKit.framework/Headers/NSTextAttachment.h:23:1: note: interface 'UIView' forward declared here
@class UIView;
^
/Users/admin/builder/spi-builder-workspace/Sources/StructuredLayout/LayoutInstaller.swift:570:15: error: cannot find type 'NSLayoutConstraint' in scope
        axis: NSLayoutConstraint.Axis
              ^~~~~~~~~~~~~~~~~~
/Users/admin/builder/spi-builder-workspace/Sources/StructuredLayout/LayoutInstaller.swift:581:54: error: cannot find type 'UILayoutGuide' in scope
    private mutating func makeGuide(name: String) -> UILayoutGuide {
                                                     ^~~~~~~~~~~~~
/Users/admin/builder/spi-builder-workspace/Sources/StructuredLayout/LayoutInstaller.swift:589:75: error: cannot find type 'NSLayoutConstraint' in scope
    private func edgeConstraints(child: LayoutBox, parent: LayoutBox) -> [NSLayoutConstraint] {
                                                                          ^~~~~~~~~~~~~~~~~~
/Users/admin/builder/spi-builder-workspace/Sources/StructuredLayout/LayoutInstaller.swift:598:79: error: cannot find type 'NSLayoutConstraint' in scope
    private func centeredConstraints(child: LayoutBox, parent: LayoutBox) -> [NSLayoutConstraint] {
                                                                              ^~~~~~~~~~~~~~~~~~
/Users/admin/builder/spi-builder-workspace/Sources/StructuredLayout/LayoutInstaller.swift:614:11: error: cannot find type 'NSLayoutConstraint' in scope
    ) -> [NSLayoutConstraint] {
          ^~~~~~~~~~~~~~~~~~
/Users/admin/builder/spi-builder-workspace/Sources/StructuredLayout/LayoutInstaller.swift:630:69: error: cannot find type 'NSLayoutConstraint' in scope
    private func nonnegativeSizeConstraints(for box: LayoutBox) -> [NSLayoutConstraint] {
                                                                    ^~~~~~~~~~~~~~~~~~
SwiftCompile normal armv7k Compiling\ LayoutInstaller.swift /Users/admin/builder/spi-builder-workspace/Sources/StructuredLayout/LayoutInstaller.swift (in target 'StructuredLayout' from project 'StructuredLayout')
SwiftCompile normal armv7k /Users/admin/builder/spi-builder-workspace/Sources/StructuredLayout/LayoutInstaller.swift (in target 'StructuredLayout' from project 'StructuredLayout')
    cd /Users/admin/builder/spi-builder-workspace/.swiftpm/xcode

SwiftEmitModule normal armv7k Emitting\ module\ for\ StructuredLayout (in target 'StructuredLayout' from project 'StructuredLayout')
Failed frontend command:
/Applications/Xcode-16.3.0.app/Contents/Developer/Toolchains/XcodeDefault.xctoolchain/usr/bin/swift-frontend -frontend -emit-module -experimental-skip-non-inlinable-function-bodies-without-types /Users/admin/builder/spi-builder-workspace/Sources/StructuredLayout/LayoutDSL.swift /Users/admin/builder/spi-builder-workspace/Sources/StructuredLayout/LayoutInstaller.swift -target armv7k-apple-watchos7.0 -enable-objc-interop -stack-check -sdk /Applications/Xcode-16.3.0.app/Contents/Developer/Platforms/WatchOS.platform/Developer/SDKs/WatchOS11.4.sdk -I /Users/admin/builder/spi-builder-workspace/.derivedData/Build/Products/Debug-watchos -I /Applications/Xcode-16.3.0.app/Contents/Developer/Platforms/WatchOS.platform/Developer/usr/lib -F /Users/admin/builder/spi-builder-workspace/.derivedData/Build/Products/Debug-watchos -F /Applications/Xcode-16.3.0.app/Contents/Developer/Platforms/WatchOS.platform/Developer/Library/Frameworks -F /Applications/Xcode-16.3.0.app/Contents/Developer/Platforms/WatchOS.platform/Developer/SDKs/WatchOS11.4.sdk/Developer/Library/Frameworks -no-color-diagnostics -enable-testing -g -debug-info-format\=dwarf -dwarf-version\=4 -module-cache-path /Users/admin/builder/spi-builder-workspace/.derivedData/ModuleCache.noindex -profile-generate -profile-coverage-mapping -swift-version 5 -enforce-exclusivity\=checked -stats-output-dir /Users/admin/builder/spi-builder-workspace/.swiftpm/xcode/.stats -Onone -D SWIFT_PACKAGE -D DEBUG -serialize-debugging-options -const-gather-protocols-file /Users/admin/builder/spi-builder-workspace/.derivedData/Build/Intermediates.noindex/StructuredLayout.build/Debug-watchos/StructuredLayout.build/Objects-normal/armv7k/StructuredLayout_const_extract_protocols.json -enable-upcoming-feature StrictConcurrency -enable-upcoming-feature DisableOutwardActorInference -enable-upcoming-feature GlobalActorIsolatedTypesUsability -enable-upcoming-feature InferSendableFromCaptures -enable-experimental-feature DebugDescriptionMacro -strict-concurrency\=complete -empty-abi-descriptor -plugin-path /Applications/Xcode-16.3.0.app/Contents/Developer/Toolchains/XcodeDefault.xctoolchain/usr/lib/swift/host/plugins/testing -validate-clang-modules-once -clang-build-session-file /Users/admin/builder/spi-builder-workspace/.derivedData/ModuleCache.noindex/Session.modulevalidation -Xcc -working-directory -Xcc /Users/admin/builder/spi-builder-workspace/.swiftpm/xcode -resource-dir /Applications/Xcode-16.3.0.app/Contents/Developer/Toolchains/XcodeDefault.xctoolchain/usr/lib/swift -enable-anonymous-context-mangled-names -file-compilation-dir /Users/admin/builder/spi-builder-workspace/.swiftpm/xcode -Xcc -ivfsstatcache -Xcc /Users/admin/builder/spi-builder-workspace/.derivedData/SDKStatCaches.noindex/watchos11.4-22T246-43efb940ff07ba2497b70ec94253f576.sdkstatcache -Xcc -I/Users/admin/builder/spi-builder-workspace/.derivedData/Build/Intermediates.noindex/StructuredLayout.build/Debug-watchos/StructuredLayout.build/swift-overrides.hmap -Xcc -I/Users/admin/builder/spi-builder-workspace/.derivedData/Build/Products/Debug-watchos/include -Xcc -I/Users/admin/builder/spi-builder-workspace/.derivedData/Build/Intermediates.noindex/StructuredLayout.build/Debug-watchos/StructuredLayout.build/DerivedSources-normal/armv7k -Xcc -I/Users/admin/builder/spi-builder-workspace/.derivedData/Build/Intermediates.noindex/StructuredLayout.build/Debug-watchos/StructuredLayout.build/DerivedSources/armv7k -Xcc -I/Users/admin/builder/spi-builder-workspace/.derivedData/Build/Intermediates.noindex/StructuredLayout.build/Debug-watchos/StructuredLayout.build/DerivedSources -Xcc -DSWIFT_PACKAGE -Xcc -DDEBUG\=1 -module-name StructuredLayout -package-name spi_builder_workspace -frontend-parseable-output -disable-clang-spi -target-sdk-version 11.4 -target-sdk-name watchos11.4 -external-plugin-path /Applications/Xcode-16.3.0.app/Contents/Developer/Platforms/WatchOS.platform/Developer/usr/lib/swift/host/plugins\#/Applications/Xcode-16.3.0.app/Contents/Developer/Platforms/WatchOS.platform/Developer/usr/bin/swift-plugin-server -external-plugin-path /Applications/Xcode-16.3.0.app/Contents/Developer/Platforms/WatchOS.platform/Developer/usr/local/lib/swift/host/plugins\#/Applications/Xcode-16.3.0.app/Contents/Developer/Platforms/WatchOS.platform/Developer/usr/bin/swift-plugin-server -in-process-plugin-server-path /Applications/Xcode-16.3.0.app/Contents/Developer/Toolchains/XcodeDefault.xctoolchain/usr/lib/swift/host/libSwiftInProcPluginServer.dylib -plugin-path /Applications/Xcode-16.3.0.app/Contents/Developer/Toolchains/XcodeDefault.xctoolchain/usr/lib/swift/host/plugins -plugin-path /Applications/Xcode-16.3.0.app/Contents/Developer/Toolchains/XcodeDefault.xctoolchain/usr/local/lib/swift/host/plugins -emit-module-doc-path /Users/admin/builder/spi-builder-workspace/.derivedData/Build/Intermediates.noindex/StructuredLayout.build/Debug-watchos/StructuredLayout.build/Objects-normal/armv7k/StructuredLayout.swiftdoc -emit-module-source-info-path /Users/admin/builder/spi-builder-workspace/.derivedData/Build/Intermediates.noindex/StructuredLayout.build/Debug-watchos/StructuredLayout.build/Objects-normal/armv7k/StructuredLayout.swiftsourceinfo -emit-objc-header-path /Users/admin/builder/spi-builder-workspace/.derivedData/Build/Intermediates.noindex/StructuredLayout.build/Debug-watchos/StructuredLayout.build/Objects-normal/armv7k/StructuredLayout-Swift.h -serialize-diagnostics-path /Users/admin/builder/spi-builder-workspace/.derivedData/Build/Intermediates.noindex/StructuredLayout.build/Debug-watchos/StructuredLayout.build/Objects-normal/armv7k/StructuredLayout-master-emit-module.dia -emit-dependencies-path /Users/admin/builder/spi-builder-workspace/.derivedData/Build/Intermediates.noindex/StructuredLayout.build/Debug-watchos/StructuredLayout.build/Objects-normal/armv7k/StructuredLayout-master-emit-module.d -o /Users/admin/builder/spi-builder-workspace/.derivedData/Build/Intermediates.noindex/StructuredLayout.build/Debug-watchos/StructuredLayout.build/Objects-normal/armv7k/StructuredLayout.swiftmodule -emit-abi-descriptor-path /Users/admin/builder/spi-builder-workspace/.derivedData/Build/Intermediates.noindex/StructuredLayout.build/Debug-watchos/StructuredLayout.build/Objects-normal/armv7k/StructuredLayout.abi.json
EmitSwiftModule normal armv7k (in target 'StructuredLayout' from project 'StructuredLayout')
    cd /Users/admin/builder/spi-builder-workspace/.swiftpm/xcode

/Users/admin/builder/spi-builder-workspace/Sources/StructuredLayout/LayoutDSL.swift:75:16: error: cannot find type 'UILayoutGuide' in scope
    case guide(UILayoutGuide)
               ^~~~~~~~~~~~~
/Users/admin/builder/spi-builder-workspace/Sources/StructuredLayout/LayoutDSL.swift:160:18: error: cannot find type 'UIView' in scope
public extension UIView {
                 ^~~~~~
/Applications/Xcode-16.3.0.app/Contents/Developer/Platforms/WatchOS.platform/Developer/SDKs/WatchOS11.4.sdk/System/Library/Frameworks/UIKit.framework/Headers/NSTextAttachment.h:23:1: note: interface 'UIView' forward declared here
@class UIView;
^
/Users/admin/builder/spi-builder-workspace/Sources/StructuredLayout/LayoutDSL.swift:221:54: error: cannot find type 'UIView' in scope
    public static func buildExpression(_ expression: UIView) -> [LayoutItem] {
                                                     ^~~~~~
/Applications/Xcode-16.3.0.app/Contents/Developer/Platforms/WatchOS.platform/Developer/SDKs/WatchOS11.4.sdk/System/Library/Frameworks/UIKit.framework/Headers/NSTextAttachment.h:23:1: note: interface 'UIView' forward declared here
@class UIView;
^
/Users/admin/builder/spi-builder-workspace/Sources/StructuredLayout/LayoutDSL.swift:347:15: error: cannot find type 'UIView' in scope
    case view(UIView)
              ^~~~~~
/Applications/Xcode-16.3.0.app/Contents/Developer/Platforms/WatchOS.platform/Developer/SDKs/WatchOS11.4.sdk/System/Library/Frameworks/UIKit.framework/Headers/NSTextAttachment.h:23:1: note: interface 'UIView' forward declared here
@class UIView;
^
/Users/admin/builder/spi-builder-workspace/Sources/StructuredLayout/LayoutInstaller.swift:5:35: error: cannot find type 'UIView' in scope
    fileprivate unowned let base: UIView
                                  ^~~~~~
/Applications/Xcode-16.3.0.app/Contents/Developer/Platforms/WatchOS.platform/Developer/SDKs/WatchOS11.4.sdk/System/Library/Frameworks/UIKit.framework/Headers/NSTextAttachment.h:23:1: note: interface 'UIView' forward declared here
@class UIView;
^
/Users/admin/builder/spi-builder-workspace/Sources/StructuredLayout/LayoutInstaller.swift:25:18: error: cannot find type 'UIView' in scope
public extension UIView {
                 ^~~~~~
/Applications/Xcode-16.3.0.app/Contents/Developer/Platforms/WatchOS.platform/Developer/SDKs/WatchOS11.4.sdk/System/Library/Frameworks/UIKit.framework/Headers/NSTextAttachment.h:23:1: note: interface 'UIView' forward declared here
@class UIView;
^
/Users/admin/builder/spi-builder-workspace/Sources/StructuredLayout/LayoutInstaller.swift:33:33: error: cannot find type 'UIView' in scope
    private weak var container: UIView?
                                ^~~~~~
/Applications/Xcode-16.3.0.app/Contents/Developer/Platforms/WatchOS.platform/Developer/SDKs/WatchOS11.4.sdk/System/Library/Frameworks/UIKit.framework/Headers/NSTextAttachment.h:23:1: note: interface 'UIView' forward declared here
@class UIView;
^
/Users/admin/builder/spi-builder-workspace/Sources/StructuredLayout/LayoutInstaller.swift:34:31: error: cannot find type 'NSLayoutConstraint' in scope
    private var constraints: [NSLayoutConstraint]
                              ^~~~~~~~~~~~~~~~~~
/Users/admin/builder/spi-builder-workspace/Sources/StructuredLayout/LayoutInstaller.swift:35:26: error: cannot find type 'UILayoutGuide' in scope
    private var guides: [UILayoutGuide]
                         ^~~~~~~~~~~~~
/Users/admin/builder/spi-builder-workspace/Sources/StructuredLayout/LayoutInstaller.swift:36:30: error: cannot find type 'UIView' in scope
    private var addedViews: [UIView]
                             ^~~~~~
/Applications/Xcode-16.3.0.app/Contents/Developer/Platforms/WatchOS.platform/Developer/SDKs/WatchOS11.4.sdk/System/Library/Frameworks/UIKit.framework/Headers/NSTextAttachment.h:23:1: note: interface 'UIView' forward declared here
@class UIView;
^
/Users/admin/builder/spi-builder-workspace/Sources/StructuredLayout/LayoutInstaller.swift:43:20: error: cannot find type 'UIView' in scope
        container: UIView,
                   ^~~~~~
/Applications/Xcode-16.3.0.app/Contents/Developer/Platforms/WatchOS.platform/Developer/SDKs/WatchOS11.4.sdk/System/Library/Frameworks/UIKit.framework/Headers/NSTextAttachment.h:23:1: note: interface 'UIView' forward declared here
@class UIView;
^
/Users/admin/builder/spi-builder-workspace/Sources/StructuredLayout/LayoutInstaller.swift:44:23: error: cannot find type 'NSLayoutConstraint' in scope
        constraints: [NSLayoutConstraint],
                      ^~~~~~~~~~~~~~~~~~
/Users/admin/builder/spi-builder-workspace/Sources/StructuredLayout/LayoutInstaller.swift:45:18: error: cannot find type 'UILayoutGuide' in scope
        guides: [UILayoutGuide],
                 ^~~~~~~~~~~~~
/Users/admin/builder/spi-builder-workspace/Sources/StructuredLayout/LayoutInstaller.swift:46:22: error: cannot find type 'UIView' in scope
        addedViews: [UIView],
                     ^~~~~~
/Applications/Xcode-16.3.0.app/Contents/Developer/Platforms/WatchOS.platform/Developer/SDKs/WatchOS11.4.sdk/System/Library/Frameworks/UIKit.framework/Headers/NSTextAttachment.h:23:1: note: interface 'UIView' forward declared here
@class UIView;
^
/Users/admin/builder/spi-builder-workspace/Sources/StructuredLayout/LayoutInstaller.swift:100:23: error: cannot find type 'UIView' in scope
        on container: UIView,
                      ^~~~~~
/Applications/Xcode-16.3.0.app/Contents/Developer/Platforms/WatchOS.platform/Developer/SDKs/WatchOS11.4.sdk/System/Library/Frameworks/UIKit.framework/Headers/NSTextAttachment.h:23:1: note: interface 'UIView' forward declared here
@class UIView;
^
/Users/admin/builder/spi-builder-workspace/Sources/StructuredLayout/LayoutInstaller.swift:139:24: error: cannot find type 'UIView' in scope
        result: inout [UIView]
                       ^~~~~~
/Applications/Xcode-16.3.0.app/Contents/Developer/Platforms/WatchOS.platform/Developer/SDKs/WatchOS11.4.sdk/System/Library/Frameworks/UIKit.framework/Headers/NSTextAttachment.h:23:1: note: interface 'UIView' forward declared here
@class UIView;
^
/Users/admin/builder/spi-builder-workspace/Sources/StructuredLayout/LayoutInstaller.swift:165:14: error: cannot find type 'NSLayoutYAxisAnchor' in scope
    let top: NSLayoutYAxisAnchor
             ^~~~~~~~~~~~~~~~~~~
/Users/admin/builder/spi-builder-workspace/Sources/StructuredLayout/LayoutInstaller.swift:166:18: error: cannot find type 'NSLayoutXAxisAnchor' in scope
    let leading: NSLayoutXAxisAnchor
                 ^~~~~~~~~~~~~~~~~~~
/Users/admin/builder/spi-builder-workspace/Sources/StructuredLayout/LayoutInstaller.swift:167:17: error: cannot find type 'NSLayoutYAxisAnchor' in scope
    let bottom: NSLayoutYAxisAnchor
                ^~~~~~~~~~~~~~~~~~~
/Users/admin/builder/spi-builder-workspace/Sources/StructuredLayout/LayoutInstaller.swift:168:19: error: cannot find type 'NSLayoutXAxisAnchor' in scope
    let trailing: NSLayoutXAxisAnchor
                  ^~~~~~~~~~~~~~~~~~~
/Users/admin/builder/spi-builder-workspace/Sources/StructuredLayout/LayoutInstaller.swift:169:18: error: cannot find type 'NSLayoutXAxisAnchor' in scope
    let centerX: NSLayoutXAxisAnchor
                 ^~~~~~~~~~~~~~~~~~~
/Users/admin/builder/spi-builder-workspace/Sources/StructuredLayout/LayoutInstaller.swift:170:18: error: cannot find type 'NSLayoutYAxisAnchor' in scope
    let centerY: NSLayoutYAxisAnchor
                 ^~~~~~~~~~~~~~~~~~~
/Users/admin/builder/spi-builder-workspace/Sources/StructuredLayout/LayoutInstaller.swift:171:16: error: cannot find type 'NSLayoutDimension' in scope
    let width: NSLayoutDimension
               ^~~~~~~~~~~~~~~~~
/Users/admin/builder/spi-builder-workspace/Sources/StructuredLayout/LayoutInstaller.swift:172:17: error: cannot find type 'NSLayoutDimension' in scope
    let height: NSLayoutDimension
                ^~~~~~~~~~~~~~~~~
/Users/admin/builder/spi-builder-workspace/Sources/StructuredLayout/LayoutInstaller.swift:174:16: error: cannot find type 'UIView' in scope
    init(view: UIView) {
               ^~~~~~
/Applications/Xcode-16.3.0.app/Contents/Developer/Platforms/WatchOS.platform/Developer/SDKs/WatchOS11.4.sdk/System/Library/Frameworks/UIKit.framework/Headers/NSTextAttachment.h:23:1: note: interface 'UIView' forward declared here
@class UIView;
^
/Users/admin/builder/spi-builder-workspace/Sources/StructuredLayout/LayoutInstaller.swift:185:17: error: cannot find type 'UILayoutGuide' in scope
    init(guide: UILayoutGuide) {
                ^~~~~~~~~~~~~
/Users/admin/builder/spi-builder-workspace/Sources/StructuredLayout/LayoutInstaller.swift:199:21: error: cannot find type 'UIView' in scope
    let leafViews: [UIView]
                    ^~~~~~
/Applications/Xcode-16.3.0.app/Contents/Developer/Platforms/WatchOS.platform/Developer/SDKs/WatchOS11.4.sdk/System/Library/Frameworks/UIKit.framework/Headers/NSTextAttachment.h:23:1: note: interface 'UIView' forward declared here
@class UIView;
^
/Users/admin/builder/spi-builder-workspace/Sources/StructuredLayout/LayoutInstaller.swift:205:20: error: cannot find type 'UIView' in scope
    weak var view: UIView?
                   ^~~~~~
/Applications/Xcode-16.3.0.app/Contents/Developer/Platforms/WatchOS.platform/Developer/SDKs/WatchOS11.4.sdk/System/Library/Frameworks/UIKit.framework/Headers/NSTextAttachment.h:23:1: note: interface 'UIView' forward declared here
@class UIView;
^
/Users/admin/builder/spi-builder-workspace/Sources/StructuredLayout/LayoutInstaller.swift:206:15: error: cannot find type 'NSLayoutConstraint' in scope
    let axis: NSLayoutConstraint.Axis
              ^~~~~~~~~~~~~~~~~~
/Users/admin/builder/spi-builder-workspace/Sources/StructuredLayout/LayoutInstaller.swift:207:19: error: cannot find type 'UILayoutPriority' in scope
    let previous: UILayoutPriority
                  ^~~~~~~~~~~~~~~~
/Users/admin/builder/spi-builder-workspace/Sources/StructuredLayout/LayoutInstaller.swift:216:20: error: cannot find type 'UIView' in scope
    let container: UIView
                   ^~~~~~
/Applications/Xcode-16.3.0.app/Contents/Developer/Platforms/WatchOS.platform/Developer/SDKs/WatchOS11.4.sdk/System/Library/Frameworks/UIKit.framework/Headers/NSTextAttachment.h:23:1: note: interface 'UIView' forward declared here
@class UIView;
^
/Users/admin/builder/spi-builder-workspace/Sources/StructuredLayout/LayoutInstaller.swift:217:23: error: cannot find type 'NSLayoutConstraint' in scope
    var constraints: [NSLayoutConstraint] = []
                      ^~~~~~~~~~~~~~~~~~
/Users/admin/builder/spi-builder-workspace/Sources/StructuredLayout/LayoutInstaller.swift:218:18: error: cannot find type 'UILayoutGuide' in scope
    var guides: [UILayoutGuide] = []
                 ^~~~~~~~~~~~~
/Users/admin/builder/spi-builder-workspace/Sources/StructuredLayout/LayoutInstaller.swift:328:16: error: cannot find type 'UILayoutGuide' in scope
        guide: UILayoutGuide,
               ^~~~~~~~~~~~~
/Users/admin/builder/spi-builder-workspace/Sources/StructuredLayout/LayoutInstaller.swift:381:16: error: cannot find type 'UILayoutGuide' in scope
        guide: UILayoutGuide,
               ^~~~~~~~~~~~~
/Users/admin/builder/spi-builder-workspace/Sources/StructuredLayout/LayoutInstaller.swift:434:16: error: cannot find type 'UILayoutGuide' in scope
        guide: UILayoutGuide,
               ^~~~~~~~~~~~~
/Users/admin/builder/spi-builder-workspace/Sources/StructuredLayout/LayoutInstaller.swift:569:20: error: cannot find type 'UIView' in scope
        of views: [UIView],
                   ^~~~~~
/Applications/Xcode-16.3.0.app/Contents/Developer/Platforms/WatchOS.platform/Developer/SDKs/WatchOS11.4.sdk/System/Library/Frameworks/UIKit.framework/Headers/NSTextAttachment.h:23:1: note: interface 'UIView' forward declared here
@class UIView;
^
/Users/admin/builder/spi-builder-workspace/Sources/StructuredLayout/LayoutInstaller.swift:570:15: error: cannot find type 'NSLayoutConstraint' in scope
        axis: NSLayoutConstraint.Axis
              ^~~~~~~~~~~~~~~~~~
/Users/admin/builder/spi-builder-workspace/Sources/StructuredLayout/LayoutInstaller.swift:581:54: error: cannot find type 'UILayoutGuide' in scope
    private mutating func makeGuide(name: String) -> UILayoutGuide {
                                                     ^~~~~~~~~~~~~
/Users/admin/builder/spi-builder-workspace/Sources/StructuredLayout/LayoutInstaller.swift:589:75: error: cannot find type 'NSLayoutConstraint' in scope
    private func edgeConstraints(child: LayoutBox, parent: LayoutBox) -> [NSLayoutConstraint] {
                                                                          ^~~~~~~~~~~~~~~~~~
/Users/admin/builder/spi-builder-workspace/Sources/StructuredLayout/LayoutInstaller.swift:598:79: error: cannot find type 'NSLayoutConstraint' in scope
    private func centeredConstraints(child: LayoutBox, parent: LayoutBox) -> [NSLayoutConstraint] {
                                                                              ^~~~~~~~~~~~~~~~~~
/Users/admin/builder/spi-builder-workspace/Sources/StructuredLayout/LayoutInstaller.swift:614:11: error: cannot find type 'NSLayoutConstraint' in scope
    ) -> [NSLayoutConstraint] {
          ^~~~~~~~~~~~~~~~~~
/Users/admin/builder/spi-builder-workspace/Sources/StructuredLayout/LayoutInstaller.swift:630:69: error: cannot find type 'NSLayoutConstraint' in scope
    private func nonnegativeSizeConstraints(for box: LayoutBox) -> [NSLayoutConstraint] {
                                                                    ^~~~~~~~~~~~~~~~~~
SwiftCompile normal arm64 Compiling\ LayoutDSL.swift /Users/admin/builder/spi-builder-workspace/Sources/StructuredLayout/LayoutDSL.swift (in target 'StructuredLayout' from project 'StructuredLayout')
SwiftCompile normal arm64 /Users/admin/builder/spi-builder-workspace/Sources/StructuredLayout/LayoutDSL.swift (in target 'StructuredLayout' from project 'StructuredLayout')
    cd /Users/admin/builder/spi-builder-workspace/.swiftpm/xcode

SwiftCompile normal armv7k Compiling\ LayoutDSL.swift /Users/admin/builder/spi-builder-workspace/Sources/StructuredLayout/LayoutDSL.swift (in target 'StructuredLayout' from project 'StructuredLayout')
SwiftCompile normal armv7k /Users/admin/builder/spi-builder-workspace/Sources/StructuredLayout/LayoutDSL.swift (in target 'StructuredLayout' from project 'StructuredLayout')
    cd /Users/admin/builder/spi-builder-workspace/.swiftpm/xcode

SwiftCompile normal arm64 Compiling\ LayoutInstaller.swift /Users/admin/builder/spi-builder-workspace/Sources/StructuredLayout/LayoutInstaller.swift (in target 'StructuredLayout' from project 'StructuredLayout')
SwiftCompile normal arm64 /Users/admin/builder/spi-builder-workspace/Sources/StructuredLayout/LayoutInstaller.swift (in target 'StructuredLayout' from project 'StructuredLayout')
    cd /Users/admin/builder/spi-builder-workspace/.swiftpm/xcode

** BUILD FAILED **
The following build commands failed:
	SwiftEmitModule normal arm64 Emitting\ module\ for\ StructuredLayout (in target 'StructuredLayout' from project 'StructuredLayout')
	EmitSwiftModule normal arm64 (in target 'StructuredLayout' from project 'StructuredLayout')
	SwiftEmitModule normal armv7k Emitting\ module\ for\ StructuredLayout (in target 'StructuredLayout' from project 'StructuredLayout')
	EmitSwiftModule normal armv7k (in target 'StructuredLayout' from project 'StructuredLayout')
	Building workspace spi-builder-workspace with scheme StructuredLayout
(5 failures)
Command line invocation:
    /Applications/Xcode-16.3.0.app/Contents/Developer/usr/bin/xcodebuild -IDEClonedSourcePackagesDirPathOverride=/Users/admin/builder/spi-builder-workspace/.dependencies -resolvePackageDependencies
Resolve Package Graph
Resolved source packages:
  StructuredLayout: /Users/admin/builder/spi-builder-workspace
resolved source packages: StructuredLayout
{
  "dependencies" : [
  ],
  "manifest_display_name" : "StructuredLayout",
  "name" : "StructuredLayout",
  "path" : "/Users/admin/builder/spi-builder-workspace",
  "platforms" : [
    {
      "name" : "ios",
      "version" : "14.0"
    }
  ],
  "products" : [
    {
      "name" : "StructuredLayout",
      "targets" : [
        "StructuredLayout"
      ],
      "type" : {
        "library" : [
          "automatic"
        ]
      }
    }
  ],
  "targets" : [
    {
      "c99name" : "StructuredLayoutTests",
      "module_type" : "SwiftTarget",
      "name" : "StructuredLayoutTests",
      "path" : "Tests/StructuredLayoutTests",
      "sources" : [
        "StructuredLayoutTests.swift"
      ],
      "target_dependencies" : [
        "StructuredLayout"
      ],
      "type" : "test"
    },
    {
      "c99name" : "StructuredLayout",
      "module_type" : "SwiftTarget",
      "name" : "StructuredLayout",
      "path" : "Sources/StructuredLayout",
      "product_memberships" : [
        "StructuredLayout"
      ],
      "sources" : [
        "LayoutDSL.swift",
        "LayoutInstaller.swift"
      ],
      "type" : "library"
    }
  ],
  "tools_version" : "5.9"
}
{
  "workspace" : {
    "name" : "spi-builder-workspace",
    "schemes" : [
      "StructuredLayout"
    ]
  }
}
Running build ...
env DEVELOPER_DIR=/Applications/Xcode-16.3.0.app xcrun xcodebuild -IDEClonedSourcePackagesDirPathOverride=$PWD/.dependencies -skipMacroValidation -skipPackagePluginValidation -derivedDataPath $PWD/.derivedData build -scheme StructuredLayout -destination generic/platform=watchOS
Command line invocation:
    /Applications/Xcode-16.3.0.app/Contents/Developer/usr/bin/xcodebuild -IDEClonedSourcePackagesDirPathOverride=/Users/admin/builder/spi-builder-workspace/.dependencies -skipMacroValidation -skipPackagePluginValidation -derivedDataPath /Users/admin/builder/spi-builder-workspace/.derivedData build -scheme StructuredLayout -destination generic/platform=watchOS
Resolve Package Graph
Resolved source packages:
  StructuredLayout: /Users/admin/builder/spi-builder-workspace
ComputePackagePrebuildTargetDependencyGraph
Prepare packages
CreateBuildRequest
SendProjectDescription
CreateBuildOperation
ComputeTargetDependencyGraph
note: Building targets in dependency order
note: Target dependency graph (2 targets)
    Target 'StructuredLayout' in project 'StructuredLayout'
        ➜ Explicit dependency on target 'StructuredLayout' in project 'StructuredLayout'
    Target 'StructuredLayout' in project 'StructuredLayout' (no dependencies)
GatherProvisioningInputs
CreateBuildDescription
ExecuteExternalTool /Applications/Xcode-16.3.0.app/Contents/Developer/Toolchains/XcodeDefault.xctoolchain/usr/bin/clang -v -E -dM -isysroot /Applications/Xcode-16.3.0.app/Contents/Developer/Platforms/WatchOS.platform/Developer/SDKs/WatchOS11.4.sdk -x c -c /dev/null
ExecuteExternalTool /Applications/Xcode-16.3.0.app/Contents/Developer/Toolchains/XcodeDefault.xctoolchain/usr/bin/swiftc --version
ExecuteExternalTool /Applications/Xcode-16.3.0.app/Contents/Developer/Toolchains/XcodeDefault.xctoolchain/usr/bin/ld -version_details
Build description signature: 4b6865c051a98a0b6ddb4f52991596cf
Build description path: /Users/admin/builder/spi-builder-workspace/.derivedData/Build/Intermediates.noindex/XCBuildData/4b6865c051a98a0b6ddb4f52991596cf.xcbuilddata
ClangStatCache /Applications/Xcode-16.3.0.app/Contents/Developer/Toolchains/XcodeDefault.xctoolchain/usr/bin/clang-stat-cache /Applications/Xcode-16.3.0.app/Contents/Developer/Platforms/WatchOS.platform/Developer/SDKs/WatchOS11.4.sdk /Users/admin/builder/spi-builder-workspace/.derivedData/SDKStatCaches.noindex/watchos11.4-22T246-43efb940ff07ba2497b70ec94253f576.sdkstatcache
    cd /Users/admin/builder/spi-builder-workspace/.swiftpm/xcode
    /Applications/Xcode-16.3.0.app/Contents/Developer/Toolchains/XcodeDefault.xctoolchain/usr/bin/clang-stat-cache /Applications/Xcode-16.3.0.app/Contents/Developer/Platforms/WatchOS.platform/Developer/SDKs/WatchOS11.4.sdk -o /Users/admin/builder/spi-builder-workspace/.derivedData/SDKStatCaches.noindex/watchos11.4-22T246-43efb940ff07ba2497b70ec94253f576.sdkstatcache
SwiftDriver StructuredLayout normal arm64 com.apple.xcode.tools.swift.compiler (in target 'StructuredLayout' from project 'StructuredLayout')
    cd /Users/admin/builder/spi-builder-workspace/.swiftpm/xcode
    builtin-SwiftDriver -- /Applications/Xcode-16.3.0.app/Contents/Developer/Toolchains/XcodeDefault.xctoolchain/usr/bin/swiftc -module-name StructuredLayout -Onone -enforce-exclusivity\=checked @/Users/admin/builder/spi-builder-workspace/.derivedData/Build/Intermediates.noindex/StructuredLayout.build/Debug-watchos/StructuredLayout.build/Objects-normal/arm64/StructuredLayout.SwiftFileList -DSWIFT_PACKAGE -DDEBUG -DXcode -plugin-path /Applications/Xcode-16.3.0.app/Contents/Developer/Toolchains/XcodeDefault.xctoolchain/usr/lib/swift/host/plugins/testing -enable-experimental-feature DebugDescriptionMacro -sdk /Applications/Xcode-16.3.0.app/Contents/Developer/Platforms/WatchOS.platform/Developer/SDKs/WatchOS11.4.sdk -target arm64-apple-watchos7.0 -g -module-cache-path /Users/admin/builder/spi-builder-workspace/.derivedData/ModuleCache.noindex -Xfrontend -serialize-debugging-options -profile-coverage-mapping -profile-generate -enable-testing -index-store-path /Users/admin/builder/spi-builder-workspace/.derivedData/Index.noindex/DataStore -swift-version 5 -I /Users/admin/builder/spi-builder-workspace/.derivedData/Build/Products/Debug-watchos -I /Applications/Xcode-16.3.0.app/Contents/Developer/Platforms/WatchOS.platform/Developer/usr/lib -F /Users/admin/builder/spi-builder-workspace/.derivedData/Build/Products/Debug-watchos -F /Applications/Xcode-16.3.0.app/Contents/Developer/Platforms/WatchOS.platform/Developer/Library/Frameworks -F /Applications/Xcode-16.3.0.app/Contents/Developer/Platforms/WatchOS.platform/Developer/SDKs/WatchOS11.4.sdk/Developer/Library/Frameworks -c -j10 -enable-batch-mode -incremental -Xcc -ivfsstatcache -Xcc /Users/admin/builder/spi-builder-workspace/.derivedData/SDKStatCaches.noindex/watchos11.4-22T246-43efb940ff07ba2497b70ec94253f576.sdkstatcache -output-file-map /Users/admin/builder/spi-builder-workspace/.derivedData/Build/Intermediates.noindex/StructuredLayout.build/Debug-watchos/StructuredLayout.build/Objects-normal/arm64/StructuredLayout-OutputFileMap.json -use-frontend-parseable-output -save-temps -no-color-diagnostics -serialize-diagnostics -emit-dependencies -emit-module -emit-module-path /Users/admin/builder/spi-builder-workspace/.derivedData/Build/Intermediates.noindex/StructuredLayout.build/Debug-watchos/StructuredLayout.build/Objects-normal/arm64/StructuredLayout.swiftmodule -validate-clang-modules-once -clang-build-session-file /Users/admin/builder/spi-builder-workspace/.derivedData/ModuleCache.noindex/Session.modulevalidation -package-name spi_builder_workspace -Xcc -I/Users/admin/builder/spi-builder-workspace/.derivedData/Build/Intermediates.noindex/StructuredLayout.build/Debug-watchos/StructuredLayout.build/swift-overrides.hmap -emit-const-values -Xfrontend -const-gather-protocols-file -Xfrontend /Users/admin/builder/spi-builder-workspace/.derivedData/Build/Intermediates.noindex/StructuredLayout.build/Debug-watchos/StructuredLayout.build/Objects-normal/arm64/StructuredLayout_const_extract_protocols.json -Xcc -I/Users/admin/builder/spi-builder-workspace/.derivedData/Build/Products/Debug-watchos/include -Xcc -I/Users/admin/builder/spi-builder-workspace/.derivedData/Build/Intermediates.noindex/StructuredLayout.build/Debug-watchos/StructuredLayout.build/DerivedSources-normal/arm64 -Xcc -I/Users/admin/builder/spi-builder-workspace/.derivedData/Build/Intermediates.noindex/StructuredLayout.build/Debug-watchos/StructuredLayout.build/DerivedSources/arm64 -Xcc -I/Users/admin/builder/spi-builder-workspace/.derivedData/Build/Intermediates.noindex/StructuredLayout.build/Debug-watchos/StructuredLayout.build/DerivedSources -Xcc -DSWIFT_PACKAGE -Xcc -DDEBUG\=1 -emit-objc-header -emit-objc-header-path /Users/admin/builder/spi-builder-workspace/.derivedData/Build/Intermediates.noindex/StructuredLayout.build/Debug-watchos/StructuredLayout.build/Objects-normal/arm64/StructuredLayout-Swift.h -working-directory /Users/admin/builder/spi-builder-workspace/.swiftpm/xcode -experimental-emit-module-separately -disable-cmo
SwiftDriver StructuredLayout normal armv7k com.apple.xcode.tools.swift.compiler (in target 'StructuredLayout' from project 'StructuredLayout')
    cd /Users/admin/builder/spi-builder-workspace/.swiftpm/xcode
    builtin-SwiftDriver -- /Applications/Xcode-16.3.0.app/Contents/Developer/Toolchains/XcodeDefault.xctoolchain/usr/bin/swiftc -module-name StructuredLayout -Onone -enforce-exclusivity\=checked @/Users/admin/builder/spi-builder-workspace/.derivedData/Build/Intermediates.noindex/StructuredLayout.build/Debug-watchos/StructuredLayout.build/Objects-normal/armv7k/StructuredLayout.SwiftFileList -DSWIFT_PACKAGE -DDEBUG -DXcode -plugin-path /Applications/Xcode-16.3.0.app/Contents/Developer/Toolchains/XcodeDefault.xctoolchain/usr/lib/swift/host/plugins/testing -enable-experimental-feature DebugDescriptionMacro -sdk /Applications/Xcode-16.3.0.app/Contents/Developer/Platforms/WatchOS.platform/Developer/SDKs/WatchOS11.4.sdk -target armv7k-apple-watchos7.0 -g -module-cache-path /Users/admin/builder/spi-builder-workspace/.derivedData/ModuleCache.noindex -Xfrontend -serialize-debugging-options -profile-coverage-mapping -profile-generate -enable-testing -index-store-path /Users/admin/builder/spi-builder-workspace/.derivedData/Index.noindex/DataStore -swift-version 5 -I /Users/admin/builder/spi-builder-workspace/.derivedData/Build/Products/Debug-watchos -I /Applications/Xcode-16.3.0.app/Contents/Developer/Platforms/WatchOS.platform/Developer/usr/lib -F /Users/admin/builder/spi-builder-workspace/.derivedData/Build/Products/Debug-watchos -F /Applications/Xcode-16.3.0.app/Contents/Developer/Platforms/WatchOS.platform/Developer/Library/Frameworks -F /Applications/Xcode-16.3.0.app/Contents/Developer/Platforms/WatchOS.platform/Developer/SDKs/WatchOS11.4.sdk/Developer/Library/Frameworks -c -j10 -enable-batch-mode -incremental -Xcc -ivfsstatcache -Xcc /Users/admin/builder/spi-builder-workspace/.derivedData/SDKStatCaches.noindex/watchos11.4-22T246-43efb940ff07ba2497b70ec94253f576.sdkstatcache -output-file-map /Users/admin/builder/spi-builder-workspace/.derivedData/Build/Intermediates.noindex/StructuredLayout.build/Debug-watchos/StructuredLayout.build/Objects-normal/armv7k/StructuredLayout-OutputFileMap.json -use-frontend-parseable-output -save-temps -no-color-diagnostics -serialize-diagnostics -emit-dependencies -emit-module -emit-module-path /Users/admin/builder/spi-builder-workspace/.derivedData/Build/Intermediates.noindex/StructuredLayout.build/Debug-watchos/StructuredLayout.build/Objects-normal/armv7k/StructuredLayout.swiftmodule -validate-clang-modules-once -clang-build-session-file /Users/admin/builder/spi-builder-workspace/.derivedData/ModuleCache.noindex/Session.modulevalidation -package-name spi_builder_workspace -Xcc -I/Users/admin/builder/spi-builder-workspace/.derivedData/Build/Intermediates.noindex/StructuredLayout.build/Debug-watchos/StructuredLayout.build/swift-overrides.hmap -emit-const-values -Xfrontend -const-gather-protocols-file -Xfrontend /Users/admin/builder/spi-builder-workspace/.derivedData/Build/Intermediates.noindex/StructuredLayout.build/Debug-watchos/StructuredLayout.build/Objects-normal/armv7k/StructuredLayout_const_extract_protocols.json -Xcc -I/Users/admin/builder/spi-builder-workspace/.derivedData/Build/Products/Debug-watchos/include -Xcc -I/Users/admin/builder/spi-builder-workspace/.derivedData/Build/Intermediates.noindex/StructuredLayout.build/Debug-watchos/StructuredLayout.build/DerivedSources-normal/armv7k -Xcc -I/Users/admin/builder/spi-builder-workspace/.derivedData/Build/Intermediates.noindex/StructuredLayout.build/Debug-watchos/StructuredLayout.build/DerivedSources/armv7k -Xcc -I/Users/admin/builder/spi-builder-workspace/.derivedData/Build/Intermediates.noindex/StructuredLayout.build/Debug-watchos/StructuredLayout.build/DerivedSources -Xcc -DSWIFT_PACKAGE -Xcc -DDEBUG\=1 -emit-objc-header -emit-objc-header-path /Users/admin/builder/spi-builder-workspace/.derivedData/Build/Intermediates.noindex/StructuredLayout.build/Debug-watchos/StructuredLayout.build/Objects-normal/armv7k/StructuredLayout-Swift.h -working-directory /Users/admin/builder/spi-builder-workspace/.swiftpm/xcode -experimental-emit-module-separately -disable-cmo
SwiftDriver StructuredLayout normal arm64_32 com.apple.xcode.tools.swift.compiler (in target 'StructuredLayout' from project 'StructuredLayout')
    cd /Users/admin/builder/spi-builder-workspace/.swiftpm/xcode
    builtin-SwiftDriver -- /Applications/Xcode-16.3.0.app/Contents/Developer/Toolchains/XcodeDefault.xctoolchain/usr/bin/swiftc -module-name StructuredLayout -Onone -enforce-exclusivity\=checked @/Users/admin/builder/spi-builder-workspace/.derivedData/Build/Intermediates.noindex/StructuredLayout.build/Debug-watchos/StructuredLayout.build/Objects-normal/arm64_32/StructuredLayout.SwiftFileList -DSWIFT_PACKAGE -DDEBUG -DXcode -plugin-path /Applications/Xcode-16.3.0.app/Contents/Developer/Toolchains/XcodeDefault.xctoolchain/usr/lib/swift/host/plugins/testing -enable-experimental-feature DebugDescriptionMacro -sdk /Applications/Xcode-16.3.0.app/Contents/Developer/Platforms/WatchOS.platform/Developer/SDKs/WatchOS11.4.sdk -target arm64_32-apple-watchos7.0 -g -module-cache-path /Users/admin/builder/spi-builder-workspace/.derivedData/ModuleCache.noindex -Xfrontend -serialize-debugging-options -profile-coverage-mapping -profile-generate -enable-testing -index-store-path /Users/admin/builder/spi-builder-workspace/.derivedData/Index.noindex/DataStore -swift-version 5 -I /Users/admin/builder/spi-builder-workspace/.derivedData/Build/Products/Debug-watchos -I /Applications/Xcode-16.3.0.app/Contents/Developer/Platforms/WatchOS.platform/Developer/usr/lib -F /Users/admin/builder/spi-builder-workspace/.derivedData/Build/Products/Debug-watchos -F /Applications/Xcode-16.3.0.app/Contents/Developer/Platforms/WatchOS.platform/Developer/Library/Frameworks -F /Applications/Xcode-16.3.0.app/Contents/Developer/Platforms/WatchOS.platform/Developer/SDKs/WatchOS11.4.sdk/Developer/Library/Frameworks -c -j10 -enable-batch-mode -incremental -Xcc -ivfsstatcache -Xcc /Users/admin/builder/spi-builder-workspace/.derivedData/SDKStatCaches.noindex/watchos11.4-22T246-43efb940ff07ba2497b70ec94253f576.sdkstatcache -output-file-map /Users/admin/builder/spi-builder-workspace/.derivedData/Build/Intermediates.noindex/StructuredLayout.build/Debug-watchos/StructuredLayout.build/Objects-normal/arm64_32/StructuredLayout-OutputFileMap.json -use-frontend-parseable-output -save-temps -no-color-diagnostics -serialize-diagnostics -emit-dependencies -emit-module -emit-module-path /Users/admin/builder/spi-builder-workspace/.derivedData/Build/Intermediates.noindex/StructuredLayout.build/Debug-watchos/StructuredLayout.build/Objects-normal/arm64_32/StructuredLayout.swiftmodule -validate-clang-modules-once -clang-build-session-file /Users/admin/builder/spi-builder-workspace/.derivedData/ModuleCache.noindex/Session.modulevalidation -package-name spi_builder_workspace -Xcc -I/Users/admin/builder/spi-builder-workspace/.derivedData/Build/Intermediates.noindex/StructuredLayout.build/Debug-watchos/StructuredLayout.build/swift-overrides.hmap -emit-const-values -Xfrontend -const-gather-protocols-file -Xfrontend /Users/admin/builder/spi-builder-workspace/.derivedData/Build/Intermediates.noindex/StructuredLayout.build/Debug-watchos/StructuredLayout.build/Objects-normal/arm64_32/StructuredLayout_const_extract_protocols.json -Xcc -I/Users/admin/builder/spi-builder-workspace/.derivedData/Build/Products/Debug-watchos/include -Xcc -I/Users/admin/builder/spi-builder-workspace/.derivedData/Build/Intermediates.noindex/StructuredLayout.build/Debug-watchos/StructuredLayout.build/DerivedSources-normal/arm64_32 -Xcc -I/Users/admin/builder/spi-builder-workspace/.derivedData/Build/Intermediates.noindex/StructuredLayout.build/Debug-watchos/StructuredLayout.build/DerivedSources/arm64_32 -Xcc -I/Users/admin/builder/spi-builder-workspace/.derivedData/Build/Intermediates.noindex/StructuredLayout.build/Debug-watchos/StructuredLayout.build/DerivedSources -Xcc -DSWIFT_PACKAGE -Xcc -DDEBUG\=1 -emit-objc-header -emit-objc-header-path /Users/admin/builder/spi-builder-workspace/.derivedData/Build/Intermediates.noindex/StructuredLayout.build/Debug-watchos/StructuredLayout.build/Objects-normal/arm64_32/StructuredLayout-Swift.h -working-directory /Users/admin/builder/spi-builder-workspace/.swiftpm/xcode -experimental-emit-module-separately -disable-cmo
SwiftEmitModule normal arm64_32 Emitting\ module\ for\ StructuredLayout (in target 'StructuredLayout' from project 'StructuredLayout')
EmitSwiftModule normal arm64_32 (in target 'StructuredLayout' from project 'StructuredLayout')
    cd /Users/admin/builder/spi-builder-workspace/.swiftpm/xcode

/Users/admin/builder/spi-builder-workspace/Sources/StructuredLayout/LayoutDSL.swift:75:16: error: cannot find type 'UILayoutGuide' in scope
    case guide(UILayoutGuide)
               ^~~~~~~~~~~~~
/Users/admin/builder/spi-builder-workspace/Sources/StructuredLayout/LayoutDSL.swift:160:18: error: cannot find type 'UIView' in scope
public extension UIView {
                 ^~~~~~
/Applications/Xcode-16.3.0.app/Contents/Developer/Platforms/WatchOS.platform/Developer/SDKs/WatchOS11.4.sdk/System/Library/Frameworks/UIKit.framework/Headers/NSTextAttachment.h:23:1: note: interface 'UIView' forward declared here
@class UIView;
^
/Users/admin/builder/spi-builder-workspace/Sources/StructuredLayout/LayoutDSL.swift:221:54: error: cannot find type 'UIView' in scope
    public static func buildExpression(_ expression: UIView) -> [LayoutItem] {
                                                     ^~~~~~
/Applications/Xcode-16.3.0.app/Contents/Developer/Platforms/WatchOS.platform/Developer/SDKs/WatchOS11.4.sdk/System/Library/Frameworks/UIKit.framework/Headers/NSTextAttachment.h:23:1: note: interface 'UIView' forward declared here
@class UIView;
^
/Users/admin/builder/spi-builder-workspace/Sources/StructuredLayout/LayoutDSL.swift:347:15: error: cannot find type 'UIView' in scope
    case view(UIView)
              ^~~~~~
/Applications/Xcode-16.3.0.app/Contents/Developer/Platforms/WatchOS.platform/Developer/SDKs/WatchOS11.4.sdk/System/Library/Frameworks/UIKit.framework/Headers/NSTextAttachment.h:23:1: note: interface 'UIView' forward declared here
@class UIView;
^
/Users/admin/builder/spi-builder-workspace/Sources/StructuredLayout/LayoutInstaller.swift:5:35: error: cannot find type 'UIView' in scope
    fileprivate unowned let base: UIView
                                  ^~~~~~
/Applications/Xcode-16.3.0.app/Contents/Developer/Platforms/WatchOS.platform/Developer/SDKs/WatchOS11.4.sdk/System/Library/Frameworks/UIKit.framework/Headers/NSTextAttachment.h:23:1: note: interface 'UIView' forward declared here
@class UIView;
^
/Users/admin/builder/spi-builder-workspace/Sources/StructuredLayout/LayoutInstaller.swift:25:18: error: cannot find type 'UIView' in scope
public extension UIView {
                 ^~~~~~
/Applications/Xcode-16.3.0.app/Contents/Developer/Platforms/WatchOS.platform/Developer/SDKs/WatchOS11.4.sdk/System/Library/Frameworks/UIKit.framework/Headers/NSTextAttachment.h:23:1: note: interface 'UIView' forward declared here
@class UIView;
^
/Users/admin/builder/spi-builder-workspace/Sources/StructuredLayout/LayoutInstaller.swift:33:33: error: cannot find type 'UIView' in scope
    private weak var container: UIView?
                                ^~~~~~
/Applications/Xcode-16.3.0.app/Contents/Developer/Platforms/WatchOS.platform/Developer/SDKs/WatchOS11.4.sdk/System/Library/Frameworks/UIKit.framework/Headers/NSTextAttachment.h:23:1: note: interface 'UIView' forward declared here
@class UIView;
^
/Users/admin/builder/spi-builder-workspace/Sources/StructuredLayout/LayoutInstaller.swift:34:31: error: cannot find type 'NSLayoutConstraint' in scope
    private var constraints: [NSLayoutConstraint]
                              ^~~~~~~~~~~~~~~~~~
/Users/admin/builder/spi-builder-workspace/Sources/StructuredLayout/LayoutInstaller.swift:35:26: error: cannot find type 'UILayoutGuide' in scope
    private var guides: [UILayoutGuide]
                         ^~~~~~~~~~~~~
/Users/admin/builder/spi-builder-workspace/Sources/StructuredLayout/LayoutInstaller.swift:36:30: error: cannot find type 'UIView' in scope
    private var addedViews: [UIView]
                             ^~~~~~
/Applications/Xcode-16.3.0.app/Contents/Developer/Platforms/WatchOS.platform/Developer/SDKs/WatchOS11.4.sdk/System/Library/Frameworks/UIKit.framework/Headers/NSTextAttachment.h:23:1: note: interface 'UIView' forward declared here
@class UIView;
^
/Users/admin/builder/spi-builder-workspace/Sources/StructuredLayout/LayoutInstaller.swift:43:20: error: cannot find type 'UIView' in scope
        container: UIView,
                   ^~~~~~
/Applications/Xcode-16.3.0.app/Contents/Developer/Platforms/WatchOS.platform/Developer/SDKs/WatchOS11.4.sdk/System/Library/Frameworks/UIKit.framework/Headers/NSTextAttachment.h:23:1: note: interface 'UIView' forward declared here
@class UIView;
^
/Users/admin/builder/spi-builder-workspace/Sources/StructuredLayout/LayoutInstaller.swift:44:23: error: cannot find type 'NSLayoutConstraint' in scope
        constraints: [NSLayoutConstraint],
                      ^~~~~~~~~~~~~~~~~~
/Users/admin/builder/spi-builder-workspace/Sources/StructuredLayout/LayoutInstaller.swift:45:18: error: cannot find type 'UILayoutGuide' in scope
        guides: [UILayoutGuide],
                 ^~~~~~~~~~~~~
/Users/admin/builder/spi-builder-workspace/Sources/StructuredLayout/LayoutInstaller.swift:46:22: error: cannot find type 'UIView' in scope
        addedViews: [UIView],
                     ^~~~~~
/Applications/Xcode-16.3.0.app/Contents/Developer/Platforms/WatchOS.platform/Developer/SDKs/WatchOS11.4.sdk/System/Library/Frameworks/UIKit.framework/Headers/NSTextAttachment.h:23:1: note: interface 'UIView' forward declared here
@class UIView;
^
/Users/admin/builder/spi-builder-workspace/Sources/StructuredLayout/LayoutInstaller.swift:100:23: error: cannot find type 'UIView' in scope
        on container: UIView,
                      ^~~~~~
/Applications/Xcode-16.3.0.app/Contents/Developer/Platforms/WatchOS.platform/Developer/SDKs/WatchOS11.4.sdk/System/Library/Frameworks/UIKit.framework/Headers/NSTextAttachment.h:23:1: note: interface 'UIView' forward declared here
@class UIView;
^
/Users/admin/builder/spi-builder-workspace/Sources/StructuredLayout/LayoutInstaller.swift:139:24: error: cannot find type 'UIView' in scope
        result: inout [UIView]
                       ^~~~~~
/Applications/Xcode-16.3.0.app/Contents/Developer/Platforms/WatchOS.platform/Developer/SDKs/WatchOS11.4.sdk/System/Library/Frameworks/UIKit.framework/Headers/NSTextAttachment.h:23:1: note: interface 'UIView' forward declared here
@class UIView;
^
/Users/admin/builder/spi-builder-workspace/Sources/StructuredLayout/LayoutInstaller.swift:165:14: error: cannot find type 'NSLayoutYAxisAnchor' in scope
    let top: NSLayoutYAxisAnchor
             ^~~~~~~~~~~~~~~~~~~
/Users/admin/builder/spi-builder-workspace/Sources/StructuredLayout/LayoutInstaller.swift:166:18: error: cannot find type 'NSLayoutXAxisAnchor' in scope
    let leading: NSLayoutXAxisAnchor
                 ^~~~~~~~~~~~~~~~~~~
/Users/admin/builder/spi-builder-workspace/Sources/StructuredLayout/LayoutInstaller.swift:167:17: error: cannot find type 'NSLayoutYAxisAnchor' in scope
    let bottom: NSLayoutYAxisAnchor
                ^~~~~~~~~~~~~~~~~~~
/Users/admin/builder/spi-builder-workspace/Sources/StructuredLayout/LayoutInstaller.swift:168:19: error: cannot find type 'NSLayoutXAxisAnchor' in scope
    let trailing: NSLayoutXAxisAnchor
                  ^~~~~~~~~~~~~~~~~~~
/Users/admin/builder/spi-builder-workspace/Sources/StructuredLayout/LayoutInstaller.swift:169:18: error: cannot find type 'NSLayoutXAxisAnchor' in scope
    let centerX: NSLayoutXAxisAnchor
                 ^~~~~~~~~~~~~~~~~~~
/Users/admin/builder/spi-builder-workspace/Sources/StructuredLayout/LayoutInstaller.swift:170:18: error: cannot find type 'NSLayoutYAxisAnchor' in scope
    let centerY: NSLayoutYAxisAnchor
                 ^~~~~~~~~~~~~~~~~~~
/Users/admin/builder/spi-builder-workspace/Sources/StructuredLayout/LayoutInstaller.swift:171:16: error: cannot find type 'NSLayoutDimension' in scope
    let width: NSLayoutDimension
               ^~~~~~~~~~~~~~~~~
/Users/admin/builder/spi-builder-workspace/Sources/StructuredLayout/LayoutInstaller.swift:172:17: error: cannot find type 'NSLayoutDimension' in scope
    let height: NSLayoutDimension
                ^~~~~~~~~~~~~~~~~
/Users/admin/builder/spi-builder-workspace/Sources/StructuredLayout/LayoutInstaller.swift:174:16: error: cannot find type 'UIView' in scope
    init(view: UIView) {
               ^~~~~~
/Applications/Xcode-16.3.0.app/Contents/Developer/Platforms/WatchOS.platform/Developer/SDKs/WatchOS11.4.sdk/System/Library/Frameworks/UIKit.framework/Headers/NSTextAttachment.h:23:1: note: interface 'UIView' forward declared here
@class UIView;
^
/Users/admin/builder/spi-builder-workspace/Sources/StructuredLayout/LayoutInstaller.swift:185:17: error: cannot find type 'UILayoutGuide' in scope
    init(guide: UILayoutGuide) {
                ^~~~~~~~~~~~~
/Users/admin/builder/spi-builder-workspace/Sources/StructuredLayout/LayoutInstaller.swift:199:21: error: cannot find type 'UIView' in scope
    let leafViews: [UIView]
                    ^~~~~~
/Applications/Xcode-16.3.0.app/Contents/Developer/Platforms/WatchOS.platform/Developer/SDKs/WatchOS11.4.sdk/System/Library/Frameworks/UIKit.framework/Headers/NSTextAttachment.h:23:1: note: interface 'UIView' forward declared here
@class UIView;
^
/Users/admin/builder/spi-builder-workspace/Sources/StructuredLayout/LayoutInstaller.swift:205:20: error: cannot find type 'UIView' in scope
    weak var view: UIView?
                   ^~~~~~
/Applications/Xcode-16.3.0.app/Contents/Developer/Platforms/WatchOS.platform/Developer/SDKs/WatchOS11.4.sdk/System/Library/Frameworks/UIKit.framework/Headers/NSTextAttachment.h:23:1: note: interface 'UIView' forward declared here
@class UIView;
^
/Users/admin/builder/spi-builder-workspace/Sources/StructuredLayout/LayoutInstaller.swift:206:15: error: cannot find type 'NSLayoutConstraint' in scope
    let axis: NSLayoutConstraint.Axis
              ^~~~~~~~~~~~~~~~~~
/Users/admin/builder/spi-builder-workspace/Sources/StructuredLayout/LayoutInstaller.swift:207:19: error: cannot find type 'UILayoutPriority' in scope
    let previous: UILayoutPriority
                  ^~~~~~~~~~~~~~~~
/Users/admin/builder/spi-builder-workspace/Sources/StructuredLayout/LayoutInstaller.swift:216:20: error: cannot find type 'UIView' in scope
    let container: UIView
                   ^~~~~~
/Applications/Xcode-16.3.0.app/Contents/Developer/Platforms/WatchOS.platform/Developer/SDKs/WatchOS11.4.sdk/System/Library/Frameworks/UIKit.framework/Headers/NSTextAttachment.h:23:1: note: interface 'UIView' forward declared here
@class UIView;
^
/Users/admin/builder/spi-builder-workspace/Sources/StructuredLayout/LayoutInstaller.swift:217:23: error: cannot find type 'NSLayoutConstraint' in scope
    var constraints: [NSLayoutConstraint] = []
                      ^~~~~~~~~~~~~~~~~~
/Users/admin/builder/spi-builder-workspace/Sources/StructuredLayout/LayoutInstaller.swift:218:18: error: cannot find type 'UILayoutGuide' in scope
    var guides: [UILayoutGuide] = []
                 ^~~~~~~~~~~~~
/Users/admin/builder/spi-builder-workspace/Sources/StructuredLayout/LayoutInstaller.swift:328:16: error: cannot find type 'UILayoutGuide' in scope
        guide: UILayoutGuide,
               ^~~~~~~~~~~~~
/Users/admin/builder/spi-builder-workspace/Sources/StructuredLayout/LayoutInstaller.swift:381:16: error: cannot find type 'UILayoutGuide' in scope
        guide: UILayoutGuide,
               ^~~~~~~~~~~~~
/Users/admin/builder/spi-builder-workspace/Sources/StructuredLayout/LayoutInstaller.swift:434:16: error: cannot find type 'UILayoutGuide' in scope
        guide: UILayoutGuide,
               ^~~~~~~~~~~~~
/Users/admin/builder/spi-builder-workspace/Sources/StructuredLayout/LayoutInstaller.swift:569:20: error: cannot find type 'UIView' in scope
        of views: [UIView],
                   ^~~~~~
/Applications/Xcode-16.3.0.app/Contents/Developer/Platforms/WatchOS.platform/Developer/SDKs/WatchOS11.4.sdk/System/Library/Frameworks/UIKit.framework/Headers/NSTextAttachment.h:23:1: note: interface 'UIView' forward declared here
@class UIView;
^
/Users/admin/builder/spi-builder-workspace/Sources/StructuredLayout/LayoutInstaller.swift:570:15: error: cannot find type 'NSLayoutConstraint' in scope
        axis: NSLayoutConstraint.Axis
              ^~~~~~~~~~~~~~~~~~
/Users/admin/builder/spi-builder-workspace/Sources/StructuredLayout/LayoutInstaller.swift:581:54: error: cannot find type 'UILayoutGuide' in scope
    private mutating func makeGuide(name: String) -> UILayoutGuide {
                                                     ^~~~~~~~~~~~~
/Users/admin/builder/spi-builder-workspace/Sources/StructuredLayout/LayoutInstaller.swift:589:75: error: cannot find type 'NSLayoutConstraint' in scope
    private func edgeConstraints(child: LayoutBox, parent: LayoutBox) -> [NSLayoutConstraint] {
                                                                          ^~~~~~~~~~~~~~~~~~
/Users/admin/builder/spi-builder-workspace/Sources/StructuredLayout/LayoutInstaller.swift:598:79: error: cannot find type 'NSLayoutConstraint' in scope
    private func centeredConstraints(child: LayoutBox, parent: LayoutBox) -> [NSLayoutConstraint] {
                                                                              ^~~~~~~~~~~~~~~~~~
/Users/admin/builder/spi-builder-workspace/Sources/StructuredLayout/LayoutInstaller.swift:614:11: error: cannot find type 'NSLayoutConstraint' in scope
    ) -> [NSLayoutConstraint] {
          ^~~~~~~~~~~~~~~~~~
/Users/admin/builder/spi-builder-workspace/Sources/StructuredLayout/LayoutInstaller.swift:630:69: error: cannot find type 'NSLayoutConstraint' in scope
    private func nonnegativeSizeConstraints(for box: LayoutBox) -> [NSLayoutConstraint] {
                                                                    ^~~~~~~~~~~~~~~~~~
Failed frontend command:
/Applications/Xcode-16.3.0.app/Contents/Developer/Toolchains/XcodeDefault.xctoolchain/usr/bin/swift-frontend -frontend -emit-module -experimental-skip-non-inlinable-function-bodies-without-types /Users/admin/builder/spi-builder-workspace/Sources/StructuredLayout/LayoutDSL.swift /Users/admin/builder/spi-builder-workspace/Sources/StructuredLayout/LayoutInstaller.swift -target arm64_32-apple-watchos7.0 -enable-objc-interop -sdk /Applications/Xcode-16.3.0.app/Contents/Developer/Platforms/WatchOS.platform/Developer/SDKs/WatchOS11.4.sdk -I /Users/admin/builder/spi-builder-workspace/.derivedData/Build/Products/Debug-watchos -I /Applications/Xcode-16.3.0.app/Contents/Developer/Platforms/WatchOS.platform/Developer/usr/lib -F /Users/admin/builder/spi-builder-workspace/.derivedData/Build/Products/Debug-watchos -F /Applications/Xcode-16.3.0.app/Contents/Developer/Platforms/WatchOS.platform/Developer/Library/Frameworks -F /Applications/Xcode-16.3.0.app/Contents/Developer/Platforms/WatchOS.platform/Developer/SDKs/WatchOS11.4.sdk/Developer/Library/Frameworks -no-color-diagnostics -enable-testing -g -debug-info-format\=dwarf -dwarf-version\=4 -module-cache-path /Users/admin/builder/spi-builder-workspace/.derivedData/ModuleCache.noindex -profile-generate -profile-coverage-mapping -swift-version 5 -enforce-exclusivity\=checked -Onone -D SWIFT_PACKAGE -D DEBUG -D Xcode -serialize-debugging-options -const-gather-protocols-file /Users/admin/builder/spi-builder-workspace/.derivedData/Build/Intermediates.noindex/StructuredLayout.build/Debug-watchos/StructuredLayout.build/Objects-normal/arm64_32/StructuredLayout_const_extract_protocols.json -enable-experimental-feature DebugDescriptionMacro -empty-abi-descriptor -plugin-path /Applications/Xcode-16.3.0.app/Contents/Developer/Toolchains/XcodeDefault.xctoolchain/usr/lib/swift/host/plugins/testing -validate-clang-modules-once -clang-build-session-file /Users/admin/builder/spi-builder-workspace/.derivedData/ModuleCache.noindex/Session.modulevalidation -Xcc -working-directory -Xcc /Users/admin/builder/spi-builder-workspace/.swiftpm/xcode -resource-dir /Applications/Xcode-16.3.0.app/Contents/Developer/Toolchains/XcodeDefault.xctoolchain/usr/lib/swift -enable-anonymous-context-mangled-names -file-compilation-dir /Users/admin/builder/spi-builder-workspace/.swiftpm/xcode -Xcc -ivfsstatcache -Xcc /Users/admin/builder/spi-builder-workspace/.derivedData/SDKStatCaches.noindex/watchos11.4-22T246-43efb940ff07ba2497b70ec94253f576.sdkstatcache -Xcc -I/Users/admin/builder/spi-builder-workspace/.derivedData/Build/Intermediates.noindex/StructuredLayout.build/Debug-watchos/StructuredLayout.build/swift-overrides.hmap -Xcc -I/Users/admin/builder/spi-builder-workspace/.derivedData/Build/Products/Debug-watchos/include -Xcc -I/Users/admin/builder/spi-builder-workspace/.derivedData/Build/Intermediates.noindex/StructuredLayout.build/Debug-watchos/StructuredLayout.build/DerivedSources-normal/arm64_32 -Xcc -I/Users/admin/builder/spi-builder-workspace/.derivedData/Build/Intermediates.noindex/StructuredLayout.build/Debug-watchos/StructuredLayout.build/DerivedSources/arm64_32 -Xcc -I/Users/admin/builder/spi-builder-workspace/.derivedData/Build/Intermediates.noindex/StructuredLayout.build/Debug-watchos/StructuredLayout.build/DerivedSources -Xcc -DSWIFT_PACKAGE -Xcc -DDEBUG\=1 -module-name StructuredLayout -package-name spi_builder_workspace -frontend-parseable-output -disable-clang-spi -target-sdk-version 11.4 -target-sdk-name watchos11.4 -external-plugin-path /Applications/Xcode-16.3.0.app/Contents/Developer/Platforms/WatchOS.platform/Developer/usr/lib/swift/host/plugins\#/Applications/Xcode-16.3.0.app/Contents/Developer/Platforms/WatchOS.platform/Developer/usr/bin/swift-plugin-server -external-plugin-path /Applications/Xcode-16.3.0.app/Contents/Developer/Platforms/WatchOS.platform/Developer/usr/local/lib/swift/host/plugins\#/Applications/Xcode-16.3.0.app/Contents/Developer/Platforms/WatchOS.platform/Developer/usr/bin/swift-plugin-server -in-process-plugin-server-path /Applications/Xcode-16.3.0.app/Contents/Developer/Toolchains/XcodeDefault.xctoolchain/usr/lib/swift/host/libSwiftInProcPluginServer.dylib -plugin-path /Applications/Xcode-16.3.0.app/Contents/Developer/Toolchains/XcodeDefault.xctoolchain/usr/lib/swift/host/plugins -plugin-path /Applications/Xcode-16.3.0.app/Contents/Developer/Toolchains/XcodeDefault.xctoolchain/usr/local/lib/swift/host/plugins -emit-module-doc-path /Users/admin/builder/spi-builder-workspace/.derivedData/Build/Intermediates.noindex/StructuredLayout.build/Debug-watchos/StructuredLayout.build/Objects-normal/arm64_32/StructuredLayout.swiftdoc -emit-module-source-info-path /Users/admin/builder/spi-builder-workspace/.derivedData/Build/Intermediates.noindex/StructuredLayout.build/Debug-watchos/StructuredLayout.build/Objects-normal/arm64_32/StructuredLayout.swiftsourceinfo -emit-objc-header-path /Users/admin/builder/spi-builder-workspace/.derivedData/Build/Intermediates.noindex/StructuredLayout.build/Debug-watchos/StructuredLayout.build/Objects-normal/arm64_32/StructuredLayout-Swift.h -serialize-diagnostics-path /Users/admin/builder/spi-builder-workspace/.derivedData/Build/Intermediates.noindex/StructuredLayout.build/Debug-watchos/StructuredLayout.build/Objects-normal/arm64_32/StructuredLayout-master-emit-module.dia -emit-dependencies-path /Users/admin/builder/spi-builder-workspace/.derivedData/Build/Intermediates.noindex/StructuredLayout.build/Debug-watchos/StructuredLayout.build/Objects-normal/arm64_32/StructuredLayout-master-emit-module.d -o /Users/admin/builder/spi-builder-workspace/.derivedData/Build/Intermediates.noindex/StructuredLayout.build/Debug-watchos/StructuredLayout.build/Objects-normal/arm64_32/StructuredLayout.swiftmodule -emit-abi-descriptor-path /Users/admin/builder/spi-builder-workspace/.derivedData/Build/Intermediates.noindex/StructuredLayout.build/Debug-watchos/StructuredLayout.build/Objects-normal/arm64_32/StructuredLayout.abi.json
SwiftEmitModule normal arm64 Emitting\ module\ for\ StructuredLayout (in target 'StructuredLayout' from project 'StructuredLayout')
EmitSwiftModule normal arm64 (in target 'StructuredLayout' from project 'StructuredLayout')
    cd /Users/admin/builder/spi-builder-workspace/.swiftpm/xcode

/Users/admin/builder/spi-builder-workspace/Sources/StructuredLayout/LayoutDSL.swift:75:16: error: cannot find type 'UILayoutGuide' in scope
    case guide(UILayoutGuide)
               ^~~~~~~~~~~~~
/Users/admin/builder/spi-builder-workspace/Sources/StructuredLayout/LayoutDSL.swift:160:18: error: cannot find type 'UIView' in scope
public extension UIView {
                 ^~~~~~
/Applications/Xcode-16.3.0.app/Contents/Developer/Platforms/WatchOS.platform/Developer/SDKs/WatchOS11.4.sdk/System/Library/Frameworks/UIKit.framework/Headers/NSTextAttachment.h:23:1: note: interface 'UIView' forward declared here
@class UIView;
^
/Users/admin/builder/spi-builder-workspace/Sources/StructuredLayout/LayoutDSL.swift:221:54: error: cannot find type 'UIView' in scope
    public static func buildExpression(_ expression: UIView) -> [LayoutItem] {
                                                     ^~~~~~
/Applications/Xcode-16.3.0.app/Contents/Developer/Platforms/WatchOS.platform/Developer/SDKs/WatchOS11.4.sdk/System/Library/Frameworks/UIKit.framework/Headers/NSTextAttachment.h:23:1: note: interface 'UIView' forward declared here
@class UIView;
^
/Users/admin/builder/spi-builder-workspace/Sources/StructuredLayout/LayoutDSL.swift:347:15: error: cannot find type 'UIView' in scope
    case view(UIView)
              ^~~~~~
/Applications/Xcode-16.3.0.app/Contents/Developer/Platforms/WatchOS.platform/Developer/SDKs/WatchOS11.4.sdk/System/Library/Frameworks/UIKit.framework/Headers/NSTextAttachment.h:23:1: note: interface 'UIView' forward declared here
@class UIView;
^
/Users/admin/builder/spi-builder-workspace/Sources/StructuredLayout/LayoutInstaller.swift:5:35: error: cannot find type 'UIView' in scope
    fileprivate unowned let base: UIView
                                  ^~~~~~
/Applications/Xcode-16.3.0.app/Contents/Developer/Platforms/WatchOS.platform/Developer/SDKs/WatchOS11.4.sdk/System/Library/Frameworks/UIKit.framework/Headers/NSTextAttachment.h:23:1: note: interface 'UIView' forward declared here
@class UIView;
^
/Users/admin/builder/spi-builder-workspace/Sources/StructuredLayout/LayoutInstaller.swift:25:18: error: cannot find type 'UIView' in scope
public extension UIView {
                 ^~~~~~
/Applications/Xcode-16.3.0.app/Contents/Developer/Platforms/WatchOS.platform/Developer/SDKs/WatchOS11.4.sdk/System/Library/Frameworks/UIKit.framework/Headers/NSTextAttachment.h:23:1: note: interface 'UIView' forward declared here
@class UIView;
^
/Users/admin/builder/spi-builder-workspace/Sources/StructuredLayout/LayoutInstaller.swift:33:33: error: cannot find type 'UIView' in scope
    private weak var container: UIView?
                                ^~~~~~
/Applications/Xcode-16.3.0.app/Contents/Developer/Platforms/WatchOS.platform/Developer/SDKs/WatchOS11.4.sdk/System/Library/Frameworks/UIKit.framework/Headers/NSTextAttachment.h:23:1: note: interface 'UIView' forward declared here
@class UIView;
^
/Users/admin/builder/spi-builder-workspace/Sources/StructuredLayout/LayoutInstaller.swift:34:31: error: cannot find type 'NSLayoutConstraint' in scope
    private var constraints: [NSLayoutConstraint]
                              ^~~~~~~~~~~~~~~~~~
/Users/admin/builder/spi-builder-workspace/Sources/StructuredLayout/LayoutInstaller.swift:35:26: error: cannot find type 'UILayoutGuide' in scope
    private var guides: [UILayoutGuide]
                         ^~~~~~~~~~~~~
/Users/admin/builder/spi-builder-workspace/Sources/StructuredLayout/LayoutInstaller.swift:36:30: error: cannot find type 'UIView' in scope
    private var addedViews: [UIView]
                             ^~~~~~
/Applications/Xcode-16.3.0.app/Contents/Developer/Platforms/WatchOS.platform/Developer/SDKs/WatchOS11.4.sdk/System/Library/Frameworks/UIKit.framework/Headers/NSTextAttachment.h:23:1: note: interface 'UIView' forward declared here
@class UIView;
^
/Users/admin/builder/spi-builder-workspace/Sources/StructuredLayout/LayoutInstaller.swift:43:20: error: cannot find type 'UIView' in scope
        container: UIView,
                   ^~~~~~
/Applications/Xcode-16.3.0.app/Contents/Developer/Platforms/WatchOS.platform/Developer/SDKs/WatchOS11.4.sdk/System/Library/Frameworks/UIKit.framework/Headers/NSTextAttachment.h:23:1: note: interface 'UIView' forward declared here
@class UIView;
^
/Users/admin/builder/spi-builder-workspace/Sources/StructuredLayout/LayoutInstaller.swift:44:23: error: cannot find type 'NSLayoutConstraint' in scope
        constraints: [NSLayoutConstraint],
                      ^~~~~~~~~~~~~~~~~~
/Users/admin/builder/spi-builder-workspace/Sources/StructuredLayout/LayoutInstaller.swift:45:18: error: cannot find type 'UILayoutGuide' in scope
        guides: [UILayoutGuide],
                 ^~~~~~~~~~~~~
/Users/admin/builder/spi-builder-workspace/Sources/StructuredLayout/LayoutInstaller.swift:46:22: error: cannot find type 'UIView' in scope
        addedViews: [UIView],
                     ^~~~~~
/Applications/Xcode-16.3.0.app/Contents/Developer/Platforms/WatchOS.platform/Developer/SDKs/WatchOS11.4.sdk/System/Library/Frameworks/UIKit.framework/Headers/NSTextAttachment.h:23:1: note: interface 'UIView' forward declared here
@class UIView;
^
/Users/admin/builder/spi-builder-workspace/Sources/StructuredLayout/LayoutInstaller.swift:100:23: error: cannot find type 'UIView' in scope
        on container: UIView,
                      ^~~~~~
/Applications/Xcode-16.3.0.app/Contents/Developer/Platforms/WatchOS.platform/Developer/SDKs/WatchOS11.4.sdk/System/Library/Frameworks/UIKit.framework/Headers/NSTextAttachment.h:23:1: note: interface 'UIView' forward declared here
@class UIView;
^
/Users/admin/builder/spi-builder-workspace/Sources/StructuredLayout/LayoutInstaller.swift:139:24: error: cannot find type 'UIView' in scope
        result: inout [UIView]
                       ^~~~~~
/Applications/Xcode-16.3.0.app/Contents/Developer/Platforms/WatchOS.platform/Developer/SDKs/WatchOS11.4.sdk/System/Library/Frameworks/UIKit.framework/Headers/NSTextAttachment.h:23:1: note: interface 'UIView' forward declared here
@class UIView;
^
/Users/admin/builder/spi-builder-workspace/Sources/StructuredLayout/LayoutInstaller.swift:165:14: error: cannot find type 'NSLayoutYAxisAnchor' in scope
    let top: NSLayoutYAxisAnchor
             ^~~~~~~~~~~~~~~~~~~
/Users/admin/builder/spi-builder-workspace/Sources/StructuredLayout/LayoutInstaller.swift:166:18: error: cannot find type 'NSLayoutXAxisAnchor' in scope
    let leading: NSLayoutXAxisAnchor
                 ^~~~~~~~~~~~~~~~~~~
/Users/admin/builder/spi-builder-workspace/Sources/StructuredLayout/LayoutInstaller.swift:167:17: error: cannot find type 'NSLayoutYAxisAnchor' in scope
    let bottom: NSLayoutYAxisAnchor
                ^~~~~~~~~~~~~~~~~~~
/Users/admin/builder/spi-builder-workspace/Sources/StructuredLayout/LayoutInstaller.swift:168:19: error: cannot find type 'NSLayoutXAxisAnchor' in scope
    let trailing: NSLayoutXAxisAnchor
                  ^~~~~~~~~~~~~~~~~~~
/Users/admin/builder/spi-builder-workspace/Sources/StructuredLayout/LayoutInstaller.swift:169:18: error: cannot find type 'NSLayoutXAxisAnchor' in scope
    let centerX: NSLayoutXAxisAnchor
                 ^~~~~~~~~~~~~~~~~~~
/Users/admin/builder/spi-builder-workspace/Sources/StructuredLayout/LayoutInstaller.swift:170:18: error: cannot find type 'NSLayoutYAxisAnchor' in scope
    let centerY: NSLayoutYAxisAnchor
                 ^~~~~~~~~~~~~~~~~~~
/Users/admin/builder/spi-builder-workspace/Sources/StructuredLayout/LayoutInstaller.swift:171:16: error: cannot find type 'NSLayoutDimension' in scope
    let width: NSLayoutDimension
               ^~~~~~~~~~~~~~~~~
/Users/admin/builder/spi-builder-workspace/Sources/StructuredLayout/LayoutInstaller.swift:172:17: error: cannot find type 'NSLayoutDimension' in scope
    let height: NSLayoutDimension
                ^~~~~~~~~~~~~~~~~
/Users/admin/builder/spi-builder-workspace/Sources/StructuredLayout/LayoutInstaller.swift:174:16: error: cannot find type 'UIView' in scope
    init(view: UIView) {
               ^~~~~~
/Applications/Xcode-16.3.0.app/Contents/Developer/Platforms/WatchOS.platform/Developer/SDKs/WatchOS11.4.sdk/System/Library/Frameworks/UIKit.framework/Headers/NSTextAttachment.h:23:1: note: interface 'UIView' forward declared here
@class UIView;
^
/Users/admin/builder/spi-builder-workspace/Sources/StructuredLayout/LayoutInstaller.swift:185:17: error: cannot find type 'UILayoutGuide' in scope
    init(guide: UILayoutGuide) {
                ^~~~~~~~~~~~~
/Users/admin/builder/spi-builder-workspace/Sources/StructuredLayout/LayoutInstaller.swift:199:21: error: cannot find type 'UIView' in scope
    let leafViews: [UIView]
                    ^~~~~~
/Applications/Xcode-16.3.0.app/Contents/Developer/Platforms/WatchOS.platform/Developer/SDKs/WatchOS11.4.sdk/System/Library/Frameworks/UIKit.framework/Headers/NSTextAttachment.h:23:1: note: interface 'UIView' forward declared here
@class UIView;
^
/Users/admin/builder/spi-builder-workspace/Sources/StructuredLayout/LayoutInstaller.swift:205:20: error: cannot find type 'UIView' in scope
    weak var view: UIView?
                   ^~~~~~
/Applications/Xcode-16.3.0.app/Contents/Developer/Platforms/WatchOS.platform/Developer/SDKs/WatchOS11.4.sdk/System/Library/Frameworks/UIKit.framework/Headers/NSTextAttachment.h:23:1: note: interface 'UIView' forward declared here
@class UIView;
^
/Users/admin/builder/spi-builder-workspace/Sources/StructuredLayout/LayoutInstaller.swift:206:15: error: cannot find type 'NSLayoutConstraint' in scope
    let axis: NSLayoutConstraint.Axis
              ^~~~~~~~~~~~~~~~~~
/Users/admin/builder/spi-builder-workspace/Sources/StructuredLayout/LayoutInstaller.swift:207:19: error: cannot find type 'UILayoutPriority' in scope
    let previous: UILayoutPriority
                  ^~~~~~~~~~~~~~~~
/Users/admin/builder/spi-builder-workspace/Sources/StructuredLayout/LayoutInstaller.swift:216:20: error: cannot find type 'UIView' in scope
    let container: UIView
                   ^~~~~~
/Applications/Xcode-16.3.0.app/Contents/Developer/Platforms/WatchOS.platform/Developer/SDKs/WatchOS11.4.sdk/System/Library/Frameworks/UIKit.framework/Headers/NSTextAttachment.h:23:1: note: interface 'UIView' forward declared here
@class UIView;
^
/Users/admin/builder/spi-builder-workspace/Sources/StructuredLayout/LayoutInstaller.swift:217:23: error: cannot find type 'NSLayoutConstraint' in scope
    var constraints: [NSLayoutConstraint] = []
                      ^~~~~~~~~~~~~~~~~~
/Users/admin/builder/spi-builder-workspace/Sources/StructuredLayout/LayoutInstaller.swift:218:18: error: cannot find type 'UILayoutGuide' in scope
    var guides: [UILayoutGuide] = []
                 ^~~~~~~~~~~~~
/Users/admin/builder/spi-builder-workspace/Sources/StructuredLayout/LayoutInstaller.swift:328:16: error: cannot find type 'UILayoutGuide' in scope
        guide: UILayoutGuide,
               ^~~~~~~~~~~~~
/Users/admin/builder/spi-builder-workspace/Sources/StructuredLayout/LayoutInstaller.swift:381:16: error: cannot find type 'UILayoutGuide' in scope
        guide: UILayoutGuide,
               ^~~~~~~~~~~~~
/Users/admin/builder/spi-builder-workspace/Sources/StructuredLayout/LayoutInstaller.swift:434:16: error: cannot find type 'UILayoutGuide' in scope
        guide: UILayoutGuide,
               ^~~~~~~~~~~~~
/Users/admin/builder/spi-builder-workspace/Sources/StructuredLayout/LayoutInstaller.swift:569:20: error: cannot find type 'UIView' in scope
        of views: [UIView],
                   ^~~~~~
/Applications/Xcode-16.3.0.app/Contents/Developer/Platforms/WatchOS.platform/Developer/SDKs/WatchOS11.4.sdk/System/Library/Frameworks/UIKit.framework/Headers/NSTextAttachment.h:23:1: note: interface 'UIView' forward declared here
@class UIView;
^
/Users/admin/builder/spi-builder-workspace/Sources/StructuredLayout/LayoutInstaller.swift:570:15: error: cannot find type 'NSLayoutConstraint' in scope
        axis: NSLayoutConstraint.Axis
              ^~~~~~~~~~~~~~~~~~
/Users/admin/builder/spi-builder-workspace/Sources/StructuredLayout/LayoutInstaller.swift:581:54: error: cannot find type 'UILayoutGuide' in scope
    private mutating func makeGuide(name: String) -> UILayoutGuide {
                                                     ^~~~~~~~~~~~~
/Users/admin/builder/spi-builder-workspace/Sources/StructuredLayout/LayoutInstaller.swift:589:75: error: cannot find type 'NSLayoutConstraint' in scope
    private func edgeConstraints(child: LayoutBox, parent: LayoutBox) -> [NSLayoutConstraint] {
                                                                          ^~~~~~~~~~~~~~~~~~
/Users/admin/builder/spi-builder-workspace/Sources/StructuredLayout/LayoutInstaller.swift:598:79: error: cannot find type 'NSLayoutConstraint' in scope
    private func centeredConstraints(child: LayoutBox, parent: LayoutBox) -> [NSLayoutConstraint] {
                                                                              ^~~~~~~~~~~~~~~~~~
/Users/admin/builder/spi-builder-workspace/Sources/StructuredLayout/LayoutInstaller.swift:614:11: error: cannot find type 'NSLayoutConstraint' in scope
    ) -> [NSLayoutConstraint] {
          ^~~~~~~~~~~~~~~~~~
/Users/admin/builder/spi-builder-workspace/Sources/StructuredLayout/LayoutInstaller.swift:630:69: error: cannot find type 'NSLayoutConstraint' in scope
    private func nonnegativeSizeConstraints(for box: LayoutBox) -> [NSLayoutConstraint] {
                                                                    ^~~~~~~~~~~~~~~~~~
Failed frontend command:
/Applications/Xcode-16.3.0.app/Contents/Developer/Toolchains/XcodeDefault.xctoolchain/usr/bin/swift-frontend -frontend -emit-module -experimental-skip-non-inlinable-function-bodies-without-types /Users/admin/builder/spi-builder-workspace/Sources/StructuredLayout/LayoutDSL.swift /Users/admin/builder/spi-builder-workspace/Sources/StructuredLayout/LayoutInstaller.swift -target arm64-apple-watchos7.0 -Xllvm -aarch64-use-tbi -enable-objc-interop -stack-check -sdk /Applications/Xcode-16.3.0.app/Contents/Developer/Platforms/WatchOS.platform/Developer/SDKs/WatchOS11.4.sdk -I /Users/admin/builder/spi-builder-workspace/.derivedData/Build/Products/Debug-watchos -I /Applications/Xcode-16.3.0.app/Contents/Developer/Platforms/WatchOS.platform/Developer/usr/lib -F /Users/admin/builder/spi-builder-workspace/.derivedData/Build/Products/Debug-watchos -F /Applications/Xcode-16.3.0.app/Contents/Developer/Platforms/WatchOS.platform/Developer/Library/Frameworks -F /Applications/Xcode-16.3.0.app/Contents/Developer/Platforms/WatchOS.platform/Developer/SDKs/WatchOS11.4.sdk/Developer/Library/Frameworks -no-color-diagnostics -enable-testing -g -debug-info-format\=dwarf -dwarf-version\=4 -module-cache-path /Users/admin/builder/spi-builder-workspace/.derivedData/ModuleCache.noindex -profile-generate -profile-coverage-mapping -swift-version 5 -enforce-exclusivity\=checked -Onone -D SWIFT_PACKAGE -D DEBUG -D Xcode -serialize-debugging-options -const-gather-protocols-file /Users/admin/builder/spi-builder-workspace/.derivedData/Build/Intermediates.noindex/StructuredLayout.build/Debug-watchos/StructuredLayout.build/Objects-normal/arm64/StructuredLayout_const_extract_protocols.json -enable-experimental-feature DebugDescriptionMacro -empty-abi-descriptor -plugin-path /Applications/Xcode-16.3.0.app/Contents/Developer/Toolchains/XcodeDefault.xctoolchain/usr/lib/swift/host/plugins/testing -validate-clang-modules-once -clang-build-session-file /Users/admin/builder/spi-builder-workspace/.derivedData/ModuleCache.noindex/Session.modulevalidation -Xcc -working-directory -Xcc /Users/admin/builder/spi-builder-workspace/.swiftpm/xcode -resource-dir /Applications/Xcode-16.3.0.app/Contents/Developer/Toolchains/XcodeDefault.xctoolchain/usr/lib/swift -enable-anonymous-context-mangled-names -file-compilation-dir /Users/admin/builder/spi-builder-workspace/.swiftpm/xcode -Xcc -ivfsstatcache -Xcc /Users/admin/builder/spi-builder-workspace/.derivedData/SDKStatCaches.noindex/watchos11.4-22T246-43efb940ff07ba2497b70ec94253f576.sdkstatcache -Xcc -I/Users/admin/builder/spi-builder-workspace/.derivedData/Build/Intermediates.noindex/StructuredLayout.build/Debug-watchos/StructuredLayout.build/swift-overrides.hmap -Xcc -I/Users/admin/builder/spi-builder-workspace/.derivedData/Build/Products/Debug-watchos/include -Xcc -I/Users/admin/builder/spi-builder-workspace/.derivedData/Build/Intermediates.noindex/StructuredLayout.build/Debug-watchos/StructuredLayout.build/DerivedSources-normal/arm64 -Xcc -I/Users/admin/builder/spi-builder-workspace/.derivedData/Build/Intermediates.noindex/StructuredLayout.build/Debug-watchos/StructuredLayout.build/DerivedSources/arm64 -Xcc -I/Users/admin/builder/spi-builder-workspace/.derivedData/Build/Intermediates.noindex/StructuredLayout.build/Debug-watchos/StructuredLayout.build/DerivedSources -Xcc -DSWIFT_PACKAGE -Xcc -DDEBUG\=1 -module-name StructuredLayout -package-name spi_builder_workspace -frontend-parseable-output -disable-clang-spi -target-sdk-version 11.4 -target-sdk-name watchos11.4 -external-plugin-path /Applications/Xcode-16.3.0.app/Contents/Developer/Platforms/WatchOS.platform/Developer/usr/lib/swift/host/plugins\#/Applications/Xcode-16.3.0.app/Contents/Developer/Platforms/WatchOS.platform/Developer/usr/bin/swift-plugin-server -external-plugin-path /Applications/Xcode-16.3.0.app/Contents/Developer/Platforms/WatchOS.platform/Developer/usr/local/lib/swift/host/plugins\#/Applications/Xcode-16.3.0.app/Contents/Developer/Platforms/WatchOS.platform/Developer/usr/bin/swift-plugin-server -in-process-plugin-server-path /Applications/Xcode-16.3.0.app/Contents/Developer/Toolchains/XcodeDefault.xctoolchain/usr/lib/swift/host/libSwiftInProcPluginServer.dylib -plugin-path /Applications/Xcode-16.3.0.app/Contents/Developer/Toolchains/XcodeDefault.xctoolchain/usr/lib/swift/host/plugins -plugin-path /Applications/Xcode-16.3.0.app/Contents/Developer/Toolchains/XcodeDefault.xctoolchain/usr/local/lib/swift/host/plugins -emit-module-doc-path /Users/admin/builder/spi-builder-workspace/.derivedData/Build/Intermediates.noindex/StructuredLayout.build/Debug-watchos/StructuredLayout.build/Objects-normal/arm64/StructuredLayout.swiftdoc -emit-module-source-info-path /Users/admin/builder/spi-builder-workspace/.derivedData/Build/Intermediates.noindex/StructuredLayout.build/Debug-watchos/StructuredLayout.build/Objects-normal/arm64/StructuredLayout.swiftsourceinfo -emit-objc-header-path /Users/admin/builder/spi-builder-workspace/.derivedData/Build/Intermediates.noindex/StructuredLayout.build/Debug-watchos/StructuredLayout.build/Objects-normal/arm64/StructuredLayout-Swift.h -serialize-diagnostics-path /Users/admin/builder/spi-builder-workspace/.derivedData/Build/Intermediates.noindex/StructuredLayout.build/Debug-watchos/StructuredLayout.build/Objects-normal/arm64/StructuredLayout-master-emit-module.dia -emit-dependencies-path /Users/admin/builder/spi-builder-workspace/.derivedData/Build/Intermediates.noindex/StructuredLayout.build/Debug-watchos/StructuredLayout.build/Objects-normal/arm64/StructuredLayout-master-emit-module.d -o /Users/admin/builder/spi-builder-workspace/.derivedData/Build/Intermediates.noindex/StructuredLayout.build/Debug-watchos/StructuredLayout.build/Objects-normal/arm64/StructuredLayout.swiftmodule -emit-abi-descriptor-path /Users/admin/builder/spi-builder-workspace/.derivedData/Build/Intermediates.noindex/StructuredLayout.build/Debug-watchos/StructuredLayout.build/Objects-normal/arm64/StructuredLayout.abi.json
SwiftEmitModule normal armv7k Emitting\ module\ for\ StructuredLayout (in target 'StructuredLayout' from project 'StructuredLayout')
EmitSwiftModule normal armv7k (in target 'StructuredLayout' from project 'StructuredLayout')
    cd /Users/admin/builder/spi-builder-workspace/.swiftpm/xcode

/Users/admin/builder/spi-builder-workspace/Sources/StructuredLayout/LayoutDSL.swift:75:16: error: cannot find type 'UILayoutGuide' in scope
    case guide(UILayoutGuide)
               ^~~~~~~~~~~~~
/Users/admin/builder/spi-builder-workspace/Sources/StructuredLayout/LayoutDSL.swift:160:18: error: cannot find type 'UIView' in scope
public extension UIView {
                 ^~~~~~
/Applications/Xcode-16.3.0.app/Contents/Developer/Platforms/WatchOS.platform/Developer/SDKs/WatchOS11.4.sdk/System/Library/Frameworks/UIKit.framework/Headers/NSTextAttachment.h:23:1: note: interface 'UIView' forward declared here
@class UIView;
^
/Users/admin/builder/spi-builder-workspace/Sources/StructuredLayout/LayoutDSL.swift:221:54: error: cannot find type 'UIView' in scope
    public static func buildExpression(_ expression: UIView) -> [LayoutItem] {
                                                     ^~~~~~
/Applications/Xcode-16.3.0.app/Contents/Developer/Platforms/WatchOS.platform/Developer/SDKs/WatchOS11.4.sdk/System/Library/Frameworks/UIKit.framework/Headers/NSTextAttachment.h:23:1: note: interface 'UIView' forward declared here
@class UIView;
^
/Users/admin/builder/spi-builder-workspace/Sources/StructuredLayout/LayoutDSL.swift:347:15: error: cannot find type 'UIView' in scope
    case view(UIView)
              ^~~~~~
/Applications/Xcode-16.3.0.app/Contents/Developer/Platforms/WatchOS.platform/Developer/SDKs/WatchOS11.4.sdk/System/Library/Frameworks/UIKit.framework/Headers/NSTextAttachment.h:23:1: note: interface 'UIView' forward declared here
@class UIView;
^
/Users/admin/builder/spi-builder-workspace/Sources/StructuredLayout/LayoutInstaller.swift:5:35: error: cannot find type 'UIView' in scope
    fileprivate unowned let base: UIView
                                  ^~~~~~
/Applications/Xcode-16.3.0.app/Contents/Developer/Platforms/WatchOS.platform/Developer/SDKs/WatchOS11.4.sdk/System/Library/Frameworks/UIKit.framework/Headers/NSTextAttachment.h:23:1: note: interface 'UIView' forward declared here
@class UIView;
^
/Users/admin/builder/spi-builder-workspace/Sources/StructuredLayout/LayoutInstaller.swift:25:18: error: cannot find type 'UIView' in scope
public extension UIView {
                 ^~~~~~
/Applications/Xcode-16.3.0.app/Contents/Developer/Platforms/WatchOS.platform/Developer/SDKs/WatchOS11.4.sdk/System/Library/Frameworks/UIKit.framework/Headers/NSTextAttachment.h:23:1: note: interface 'UIView' forward declared here
@class UIView;
^
/Users/admin/builder/spi-builder-workspace/Sources/StructuredLayout/LayoutInstaller.swift:33:33: error: cannot find type 'UIView' in scope
    private weak var container: UIView?
                                ^~~~~~
/Applications/Xcode-16.3.0.app/Contents/Developer/Platforms/WatchOS.platform/Developer/SDKs/WatchOS11.4.sdk/System/Library/Frameworks/UIKit.framework/Headers/NSTextAttachment.h:23:1: note: interface 'UIView' forward declared here
@class UIView;
^
/Users/admin/builder/spi-builder-workspace/Sources/StructuredLayout/LayoutInstaller.swift:34:31: error: cannot find type 'NSLayoutConstraint' in scope
    private var constraints: [NSLayoutConstraint]
                              ^~~~~~~~~~~~~~~~~~
/Users/admin/builder/spi-builder-workspace/Sources/StructuredLayout/LayoutInstaller.swift:35:26: error: cannot find type 'UILayoutGuide' in scope
    private var guides: [UILayoutGuide]
                         ^~~~~~~~~~~~~
/Users/admin/builder/spi-builder-workspace/Sources/StructuredLayout/LayoutInstaller.swift:36:30: error: cannot find type 'UIView' in scope
    private var addedViews: [UIView]
                             ^~~~~~
/Applications/Xcode-16.3.0.app/Contents/Developer/Platforms/WatchOS.platform/Developer/SDKs/WatchOS11.4.sdk/System/Library/Frameworks/UIKit.framework/Headers/NSTextAttachment.h:23:1: note: interface 'UIView' forward declared here
@class UIView;
^
/Users/admin/builder/spi-builder-workspace/Sources/StructuredLayout/LayoutInstaller.swift:43:20: error: cannot find type 'UIView' in scope
        container: UIView,
                   ^~~~~~
/Applications/Xcode-16.3.0.app/Contents/Developer/Platforms/WatchOS.platform/Developer/SDKs/WatchOS11.4.sdk/System/Library/Frameworks/UIKit.framework/Headers/NSTextAttachment.h:23:1: note: interface 'UIView' forward declared here
@class UIView;
^
/Users/admin/builder/spi-builder-workspace/Sources/StructuredLayout/LayoutInstaller.swift:44:23: error: cannot find type 'NSLayoutConstraint' in scope
        constraints: [NSLayoutConstraint],
                      ^~~~~~~~~~~~~~~~~~
/Users/admin/builder/spi-builder-workspace/Sources/StructuredLayout/LayoutInstaller.swift:45:18: error: cannot find type 'UILayoutGuide' in scope
        guides: [UILayoutGuide],
                 ^~~~~~~~~~~~~
/Users/admin/builder/spi-builder-workspace/Sources/StructuredLayout/LayoutInstaller.swift:46:22: error: cannot find type 'UIView' in scope
        addedViews: [UIView],
                     ^~~~~~
/Applications/Xcode-16.3.0.app/Contents/Developer/Platforms/WatchOS.platform/Developer/SDKs/WatchOS11.4.sdk/System/Library/Frameworks/UIKit.framework/Headers/NSTextAttachment.h:23:1: note: interface 'UIView' forward declared here
@class UIView;
^
/Users/admin/builder/spi-builder-workspace/Sources/StructuredLayout/LayoutInstaller.swift:100:23: error: cannot find type 'UIView' in scope
        on container: UIView,
                      ^~~~~~
/Applications/Xcode-16.3.0.app/Contents/Developer/Platforms/WatchOS.platform/Developer/SDKs/WatchOS11.4.sdk/System/Library/Frameworks/UIKit.framework/Headers/NSTextAttachment.h:23:1: note: interface 'UIView' forward declared here
@class UIView;
^
/Users/admin/builder/spi-builder-workspace/Sources/StructuredLayout/LayoutInstaller.swift:139:24: error: cannot find type 'UIView' in scope
        result: inout [UIView]
                       ^~~~~~
/Applications/Xcode-16.3.0.app/Contents/Developer/Platforms/WatchOS.platform/Developer/SDKs/WatchOS11.4.sdk/System/Library/Frameworks/UIKit.framework/Headers/NSTextAttachment.h:23:1: note: interface 'UIView' forward declared here
@class UIView;
^
/Users/admin/builder/spi-builder-workspace/Sources/StructuredLayout/LayoutInstaller.swift:165:14: error: cannot find type 'NSLayoutYAxisAnchor' in scope
    let top: NSLayoutYAxisAnchor
             ^~~~~~~~~~~~~~~~~~~
/Users/admin/builder/spi-builder-workspace/Sources/StructuredLayout/LayoutInstaller.swift:166:18: error: cannot find type 'NSLayoutXAxisAnchor' in scope
    let leading: NSLayoutXAxisAnchor
                 ^~~~~~~~~~~~~~~~~~~
/Users/admin/builder/spi-builder-workspace/Sources/StructuredLayout/LayoutInstaller.swift:167:17: error: cannot find type 'NSLayoutYAxisAnchor' in scope
    let bottom: NSLayoutYAxisAnchor
                ^~~~~~~~~~~~~~~~~~~
/Users/admin/builder/spi-builder-workspace/Sources/StructuredLayout/LayoutInstaller.swift:168:19: error: cannot find type 'NSLayoutXAxisAnchor' in scope
    let trailing: NSLayoutXAxisAnchor
                  ^~~~~~~~~~~~~~~~~~~
/Users/admin/builder/spi-builder-workspace/Sources/StructuredLayout/LayoutInstaller.swift:169:18: error: cannot find type 'NSLayoutXAxisAnchor' in scope
    let centerX: NSLayoutXAxisAnchor
                 ^~~~~~~~~~~~~~~~~~~
/Users/admin/builder/spi-builder-workspace/Sources/StructuredLayout/LayoutInstaller.swift:170:18: error: cannot find type 'NSLayoutYAxisAnchor' in scope
    let centerY: NSLayoutYAxisAnchor
                 ^~~~~~~~~~~~~~~~~~~
/Users/admin/builder/spi-builder-workspace/Sources/StructuredLayout/LayoutInstaller.swift:171:16: error: cannot find type 'NSLayoutDimension' in scope
    let width: NSLayoutDimension
               ^~~~~~~~~~~~~~~~~
/Users/admin/builder/spi-builder-workspace/Sources/StructuredLayout/LayoutInstaller.swift:172:17: error: cannot find type 'NSLayoutDimension' in scope
    let height: NSLayoutDimension
                ^~~~~~~~~~~~~~~~~
/Users/admin/builder/spi-builder-workspace/Sources/StructuredLayout/LayoutInstaller.swift:174:16: error: cannot find type 'UIView' in scope
    init(view: UIView) {
               ^~~~~~
/Applications/Xcode-16.3.0.app/Contents/Developer/Platforms/WatchOS.platform/Developer/SDKs/WatchOS11.4.sdk/System/Library/Frameworks/UIKit.framework/Headers/NSTextAttachment.h:23:1: note: interface 'UIView' forward declared here
@class UIView;
^
/Users/admin/builder/spi-builder-workspace/Sources/StructuredLayout/LayoutInstaller.swift:185:17: error: cannot find type 'UILayoutGuide' in scope
    init(guide: UILayoutGuide) {
                ^~~~~~~~~~~~~
/Users/admin/builder/spi-builder-workspace/Sources/StructuredLayout/LayoutInstaller.swift:199:21: error: cannot find type 'UIView' in scope
    let leafViews: [UIView]
                    ^~~~~~
/Applications/Xcode-16.3.0.app/Contents/Developer/Platforms/WatchOS.platform/Developer/SDKs/WatchOS11.4.sdk/System/Library/Frameworks/UIKit.framework/Headers/NSTextAttachment.h:23:1: note: interface 'UIView' forward declared here
@class UIView;
^
/Users/admin/builder/spi-builder-workspace/Sources/StructuredLayout/LayoutInstaller.swift:205:20: error: cannot find type 'UIView' in scope
    weak var view: UIView?
                   ^~~~~~
/Applications/Xcode-16.3.0.app/Contents/Developer/Platforms/WatchOS.platform/Developer/SDKs/WatchOS11.4.sdk/System/Library/Frameworks/UIKit.framework/Headers/NSTextAttachment.h:23:1: note: interface 'UIView' forward declared here
@class UIView;
^
/Users/admin/builder/spi-builder-workspace/Sources/StructuredLayout/LayoutInstaller.swift:206:15: error: cannot find type 'NSLayoutConstraint' in scope
    let axis: NSLayoutConstraint.Axis
              ^~~~~~~~~~~~~~~~~~
/Users/admin/builder/spi-builder-workspace/Sources/StructuredLayout/LayoutInstaller.swift:207:19: error: cannot find type 'UILayoutPriority' in scope
    let previous: UILayoutPriority
                  ^~~~~~~~~~~~~~~~
/Users/admin/builder/spi-builder-workspace/Sources/StructuredLayout/LayoutInstaller.swift:216:20: error: cannot find type 'UIView' in scope
    let container: UIView
                   ^~~~~~
/Applications/Xcode-16.3.0.app/Contents/Developer/Platforms/WatchOS.platform/Developer/SDKs/WatchOS11.4.sdk/System/Library/Frameworks/UIKit.framework/Headers/NSTextAttachment.h:23:1: note: interface 'UIView' forward declared here
@class UIView;
^
/Users/admin/builder/spi-builder-workspace/Sources/StructuredLayout/LayoutInstaller.swift:217:23: error: cannot find type 'NSLayoutConstraint' in scope
    var constraints: [NSLayoutConstraint] = []
                      ^~~~~~~~~~~~~~~~~~
/Users/admin/builder/spi-builder-workspace/Sources/StructuredLayout/LayoutInstaller.swift:218:18: error: cannot find type 'UILayoutGuide' in scope
    var guides: [UILayoutGuide] = []
                 ^~~~~~~~~~~~~
/Users/admin/builder/spi-builder-workspace/Sources/StructuredLayout/LayoutInstaller.swift:328:16: error: cannot find type 'UILayoutGuide' in scope
        guide: UILayoutGuide,
               ^~~~~~~~~~~~~
/Users/admin/builder/spi-builder-workspace/Sources/StructuredLayout/LayoutInstaller.swift:381:16: error: cannot find type 'UILayoutGuide' in scope
        guide: UILayoutGuide,
               ^~~~~~~~~~~~~
/Users/admin/builder/spi-builder-workspace/Sources/StructuredLayout/LayoutInstaller.swift:434:16: error: cannot find type 'UILayoutGuide' in scope
        guide: UILayoutGuide,
               ^~~~~~~~~~~~~
/Users/admin/builder/spi-builder-workspace/Sources/StructuredLayout/LayoutInstaller.swift:569:20: error: cannot find type 'UIView' in scope
        of views: [UIView],
                   ^~~~~~
/Applications/Xcode-16.3.0.app/Contents/Developer/Platforms/WatchOS.platform/Developer/SDKs/WatchOS11.4.sdk/System/Library/Frameworks/UIKit.framework/Headers/NSTextAttachment.h:23:1: note: interface 'UIView' forward declared here
@class UIView;
^
/Users/admin/builder/spi-builder-workspace/Sources/StructuredLayout/LayoutInstaller.swift:570:15: error: cannot find type 'NSLayoutConstraint' in scope
        axis: NSLayoutConstraint.Axis
              ^~~~~~~~~~~~~~~~~~
/Users/admin/builder/spi-builder-workspace/Sources/StructuredLayout/LayoutInstaller.swift:581:54: error: cannot find type 'UILayoutGuide' in scope
    private mutating func makeGuide(name: String) -> UILayoutGuide {
                                                     ^~~~~~~~~~~~~
/Users/admin/builder/spi-builder-workspace/Sources/StructuredLayout/LayoutInstaller.swift:589:75: error: cannot find type 'NSLayoutConstraint' in scope
    private func edgeConstraints(child: LayoutBox, parent: LayoutBox) -> [NSLayoutConstraint] {
                                                                          ^~~~~~~~~~~~~~~~~~
/Users/admin/builder/spi-builder-workspace/Sources/StructuredLayout/LayoutInstaller.swift:598:79: error: cannot find type 'NSLayoutConstraint' in scope
    private func centeredConstraints(child: LayoutBox, parent: LayoutBox) -> [NSLayoutConstraint] {
                                                                              ^~~~~~~~~~~~~~~~~~
/Users/admin/builder/spi-builder-workspace/Sources/StructuredLayout/LayoutInstaller.swift:614:11: error: cannot find type 'NSLayoutConstraint' in scope
    ) -> [NSLayoutConstraint] {
          ^~~~~~~~~~~~~~~~~~
/Users/admin/builder/spi-builder-workspace/Sources/StructuredLayout/LayoutInstaller.swift:630:69: error: cannot find type 'NSLayoutConstraint' in scope
    private func nonnegativeSizeConstraints(for box: LayoutBox) -> [NSLayoutConstraint] {
                                                                    ^~~~~~~~~~~~~~~~~~
Failed frontend command:
/Applications/Xcode-16.3.0.app/Contents/Developer/Toolchains/XcodeDefault.xctoolchain/usr/bin/swift-frontend -frontend -emit-module -experimental-skip-non-inlinable-function-bodies-without-types /Users/admin/builder/spi-builder-workspace/Sources/StructuredLayout/LayoutDSL.swift /Users/admin/builder/spi-builder-workspace/Sources/StructuredLayout/LayoutInstaller.swift -target armv7k-apple-watchos7.0 -enable-objc-interop -stack-check -sdk /Applications/Xcode-16.3.0.app/Contents/Developer/Platforms/WatchOS.platform/Developer/SDKs/WatchOS11.4.sdk -I /Users/admin/builder/spi-builder-workspace/.derivedData/Build/Products/Debug-watchos -I /Applications/Xcode-16.3.0.app/Contents/Developer/Platforms/WatchOS.platform/Developer/usr/lib -F /Users/admin/builder/spi-builder-workspace/.derivedData/Build/Products/Debug-watchos -F /Applications/Xcode-16.3.0.app/Contents/Developer/Platforms/WatchOS.platform/Developer/Library/Frameworks -F /Applications/Xcode-16.3.0.app/Contents/Developer/Platforms/WatchOS.platform/Developer/SDKs/WatchOS11.4.sdk/Developer/Library/Frameworks -no-color-diagnostics -enable-testing -g -debug-info-format\=dwarf -dwarf-version\=4 -module-cache-path /Users/admin/builder/spi-builder-workspace/.derivedData/ModuleCache.noindex -profile-generate -profile-coverage-mapping -swift-version 5 -enforce-exclusivity\=checked -Onone -D SWIFT_PACKAGE -D DEBUG -D Xcode -serialize-debugging-options -const-gather-protocols-file /Users/admin/builder/spi-builder-workspace/.derivedData/Build/Intermediates.noindex/StructuredLayout.build/Debug-watchos/StructuredLayout.build/Objects-normal/armv7k/StructuredLayout_const_extract_protocols.json -enable-experimental-feature DebugDescriptionMacro -empty-abi-descriptor -plugin-path /Applications/Xcode-16.3.0.app/Contents/Developer/Toolchains/XcodeDefault.xctoolchain/usr/lib/swift/host/plugins/testing -validate-clang-modules-once -clang-build-session-file /Users/admin/builder/spi-builder-workspace/.derivedData/ModuleCache.noindex/Session.modulevalidation -Xcc -working-directory -Xcc /Users/admin/builder/spi-builder-workspace/.swiftpm/xcode -resource-dir /Applications/Xcode-16.3.0.app/Contents/Developer/Toolchains/XcodeDefault.xctoolchain/usr/lib/swift -enable-anonymous-context-mangled-names -file-compilation-dir /Users/admin/builder/spi-builder-workspace/.swiftpm/xcode -Xcc -ivfsstatcache -Xcc /Users/admin/builder/spi-builder-workspace/.derivedData/SDKStatCaches.noindex/watchos11.4-22T246-43efb940ff07ba2497b70ec94253f576.sdkstatcache -Xcc -I/Users/admin/builder/spi-builder-workspace/.derivedData/Build/Intermediates.noindex/StructuredLayout.build/Debug-watchos/StructuredLayout.build/swift-overrides.hmap -Xcc -I/Users/admin/builder/spi-builder-workspace/.derivedData/Build/Products/Debug-watchos/include -Xcc -I/Users/admin/builder/spi-builder-workspace/.derivedData/Build/Intermediates.noindex/StructuredLayout.build/Debug-watchos/StructuredLayout.build/DerivedSources-normal/armv7k -Xcc -I/Users/admin/builder/spi-builder-workspace/.derivedData/Build/Intermediates.noindex/StructuredLayout.build/Debug-watchos/StructuredLayout.build/DerivedSources/armv7k -Xcc -I/Users/admin/builder/spi-builder-workspace/.derivedData/Build/Intermediates.noindex/StructuredLayout.build/Debug-watchos/StructuredLayout.build/DerivedSources -Xcc -DSWIFT_PACKAGE -Xcc -DDEBUG\=1 -module-name StructuredLayout -package-name spi_builder_workspace -frontend-parseable-output -disable-clang-spi -target-sdk-version 11.4 -target-sdk-name watchos11.4 -external-plugin-path /Applications/Xcode-16.3.0.app/Contents/Developer/Platforms/WatchOS.platform/Developer/usr/lib/swift/host/plugins\#/Applications/Xcode-16.3.0.app/Contents/Developer/Platforms/WatchOS.platform/Developer/usr/bin/swift-plugin-server -external-plugin-path /Applications/Xcode-16.3.0.app/Contents/Developer/Platforms/WatchOS.platform/Developer/usr/local/lib/swift/host/plugins\#/Applications/Xcode-16.3.0.app/Contents/Developer/Platforms/WatchOS.platform/Developer/usr/bin/swift-plugin-server -in-process-plugin-server-path /Applications/Xcode-16.3.0.app/Contents/Developer/Toolchains/XcodeDefault.xctoolchain/usr/lib/swift/host/libSwiftInProcPluginServer.dylib -plugin-path /Applications/Xcode-16.3.0.app/Contents/Developer/Toolchains/XcodeDefault.xctoolchain/usr/lib/swift/host/plugins -plugin-path /Applications/Xcode-16.3.0.app/Contents/Developer/Toolchains/XcodeDefault.xctoolchain/usr/local/lib/swift/host/plugins -emit-module-doc-path /Users/admin/builder/spi-builder-workspace/.derivedData/Build/Intermediates.noindex/StructuredLayout.build/Debug-watchos/StructuredLayout.build/Objects-normal/armv7k/StructuredLayout.swiftdoc -emit-module-source-info-path /Users/admin/builder/spi-builder-workspace/.derivedData/Build/Intermediates.noindex/StructuredLayout.build/Debug-watchos/StructuredLayout.build/Objects-normal/armv7k/StructuredLayout.swiftsourceinfo -emit-objc-header-path /Users/admin/builder/spi-builder-workspace/.derivedData/Build/Intermediates.noindex/StructuredLayout.build/Debug-watchos/StructuredLayout.build/Objects-normal/armv7k/StructuredLayout-Swift.h -serialize-diagnostics-path /Users/admin/builder/spi-builder-workspace/.derivedData/Build/Intermediates.noindex/StructuredLayout.build/Debug-watchos/StructuredLayout.build/Objects-normal/armv7k/StructuredLayout-master-emit-module.dia -emit-dependencies-path /Users/admin/builder/spi-builder-workspace/.derivedData/Build/Intermediates.noindex/StructuredLayout.build/Debug-watchos/StructuredLayout.build/Objects-normal/armv7k/StructuredLayout-master-emit-module.d -o /Users/admin/builder/spi-builder-workspace/.derivedData/Build/Intermediates.noindex/StructuredLayout.build/Debug-watchos/StructuredLayout.build/Objects-normal/armv7k/StructuredLayout.swiftmodule -emit-abi-descriptor-path /Users/admin/builder/spi-builder-workspace/.derivedData/Build/Intermediates.noindex/StructuredLayout.build/Debug-watchos/StructuredLayout.build/Objects-normal/armv7k/StructuredLayout.abi.json
SwiftCompile normal armv7k Compiling\ LayoutDSL.swift /Users/admin/builder/spi-builder-workspace/Sources/StructuredLayout/LayoutDSL.swift (in target 'StructuredLayout' from project 'StructuredLayout')
SwiftCompile normal armv7k /Users/admin/builder/spi-builder-workspace/Sources/StructuredLayout/LayoutDSL.swift (in target 'StructuredLayout' from project 'StructuredLayout')
    cd /Users/admin/builder/spi-builder-workspace/.swiftpm/xcode

SwiftCompile normal armv7k Compiling\ LayoutInstaller.swift /Users/admin/builder/spi-builder-workspace/Sources/StructuredLayout/LayoutInstaller.swift (in target 'StructuredLayout' from project 'StructuredLayout')
SwiftCompile normal armv7k /Users/admin/builder/spi-builder-workspace/Sources/StructuredLayout/LayoutInstaller.swift (in target 'StructuredLayout' from project 'StructuredLayout')
    cd /Users/admin/builder/spi-builder-workspace/.swiftpm/xcode

SwiftCompile normal arm64 Compiling\ LayoutDSL.swift /Users/admin/builder/spi-builder-workspace/Sources/StructuredLayout/LayoutDSL.swift (in target 'StructuredLayout' from project 'StructuredLayout')
SwiftCompile normal arm64 /Users/admin/builder/spi-builder-workspace/Sources/StructuredLayout/LayoutDSL.swift (in target 'StructuredLayout' from project 'StructuredLayout')
    cd /Users/admin/builder/spi-builder-workspace/.swiftpm/xcode

SwiftCompile normal arm64 Compiling\ LayoutInstaller.swift /Users/admin/builder/spi-builder-workspace/Sources/StructuredLayout/LayoutInstaller.swift (in target 'StructuredLayout' from project 'StructuredLayout')
SwiftCompile normal arm64 /Users/admin/builder/spi-builder-workspace/Sources/StructuredLayout/LayoutInstaller.swift (in target 'StructuredLayout' from project 'StructuredLayout')
    cd /Users/admin/builder/spi-builder-workspace/.swiftpm/xcode

SwiftCompile normal arm64_32 Compiling\ LayoutDSL.swift /Users/admin/builder/spi-builder-workspace/Sources/StructuredLayout/LayoutDSL.swift (in target 'StructuredLayout' from project 'StructuredLayout')
SwiftCompile normal arm64_32 /Users/admin/builder/spi-builder-workspace/Sources/StructuredLayout/LayoutDSL.swift (in target 'StructuredLayout' from project 'StructuredLayout')
    cd /Users/admin/builder/spi-builder-workspace/.swiftpm/xcode

SwiftCompile normal arm64_32 Compiling\ LayoutInstaller.swift /Users/admin/builder/spi-builder-workspace/Sources/StructuredLayout/LayoutInstaller.swift (in target 'StructuredLayout' from project 'StructuredLayout')
SwiftCompile normal arm64_32 /Users/admin/builder/spi-builder-workspace/Sources/StructuredLayout/LayoutInstaller.swift (in target 'StructuredLayout' from project 'StructuredLayout')
    cd /Users/admin/builder/spi-builder-workspace/.swiftpm/xcode

** BUILD FAILED **
The following build commands failed:
	EmitSwiftModule normal arm64_32 (in target 'StructuredLayout' from project 'StructuredLayout')
	SwiftEmitModule normal arm64_32 Emitting\ module\ for\ StructuredLayout (in target 'StructuredLayout' from project 'StructuredLayout')
	EmitSwiftModule normal arm64 (in target 'StructuredLayout' from project 'StructuredLayout')
	SwiftEmitModule normal arm64 Emitting\ module\ for\ StructuredLayout (in target 'StructuredLayout' from project 'StructuredLayout')
	EmitSwiftModule normal armv7k (in target 'StructuredLayout' from project 'StructuredLayout')
	SwiftEmitModule normal armv7k Emitting\ module\ for\ StructuredLayout (in target 'StructuredLayout' from project 'StructuredLayout')
	Building workspace spi-builder-workspace with scheme StructuredLayout
(7 failures)
BUILD FAILURE 6.1 watchOS