Build Information
Failed to build Bradel, reference master (46f346), with Swift 6.4 for visionOS using Xcode 27.0 on 17 Sep 2026 16:20:48 UTC.
Build Command
env DEVELOPER_DIR=/Applications/Xcode-27.0.0-Release.Candidate.app xcrun xcodebuild -IDEClonedSourcePackagesDirPathOverride=$PWD/.dependencies -skipMacroValidation -skipPackagePluginValidation -derivedDataPath $PWD/.derivedData build -scheme Bradel -destination generic/platform=xrOSBuild Log
========================================
RunAll
========================================
Builder version: 5.1.0
Interrupt handler set up.
========================================
Checkout
========================================
Clone URL: https://github.com/adhumi/bradel.git
Reference: master
Initialized empty Git repository in /Users/admin/builder/spi-builder-workspace/.git/
From https://github.com/adhumi/bradel
* branch master -> FETCH_HEAD
* [new branch] master -> origin/master
HEAD is now at 46f346c Add tableview(_:didEndDisplaying:forRowAt:) to allow override
Cloned https://github.com/adhumi/bradel.git
Revision (git rev-parse @):
46f346c5df979179110fec2b806fa0faa1566c92
SUCCESS checkout https://github.com/adhumi/bradel.git at master
========================================
Build
========================================
Selected platform: visionOS
Swift version: 6.4
Building package at path: $PWD
https://github.com/adhumi/bradel.git
Command line invocation:
/Applications/Xcode-27.0.0-Release.Candidate.app/Contents/Developer/usr/bin/xcodebuild -IDEClonedSourcePackagesDirPathOverride=/Users/admin/builder/spi-builder-workspace/.dependencies -resolvePackageDependencies
resolved source packages:
{
"dependencies" : [
],
"manifest_display_name" : "Bradel",
"name" : "Bradel",
"path" : "/Users/admin/builder/spi-builder-workspace",
"platforms" : [
{
"name" : "ios",
"version" : "12.0"
},
{
"name" : "tvos",
"version" : "12.0"
}
],
"products" : [
{
"name" : "Bradel",
"targets" : [
"Bradel"
],
"type" : {
"library" : [
"automatic"
]
}
}
],
"targets" : [
{
"c99name" : "BradelTests",
"module_type" : "SwiftTarget",
"name" : "BradelTests",
"path" : "Tests/BradelTests",
"sources" : [
"BradelTests.swift",
"XCTestManifests.swift"
],
"target_dependencies" : [
"Bradel"
],
"type" : "test"
},
{
"c99name" : "Bradel",
"module_type" : "SwiftTarget",
"name" : "Bradel",
"path" : "Sources/Bradel",
"product_memberships" : [
"Bradel"
],
"sources" : [
"TableViewVC.swift",
"TableViewVMs.swift",
"VMTypeID.swift"
],
"type" : "library"
}
],
"tools_version" : "5.0"
}
{
"project" : {
"configurations" : [
"Debug",
"Release"
],
"name" : "Bradel",
"schemes" : [
"Bradel iOS",
"Bradel tvOS"
],
"targets" : [
"Bradel iOS",
"Bradel tvOS",
"BradelTests"
]
}
}
{
"workspace" : {
"name" : "Bradel",
"schemes" : [
"Bradel"
]
}
}
2026-09-17 12:20:36.556 xcodebuild[642:4125] [MT] IDERunDestination: Supported platforms for the buildables in the current scheme is empty.
Running build ...
env DEVELOPER_DIR=/Applications/Xcode-27.0.0-Release.Candidate.app xcrun xcodebuild -IDEClonedSourcePackagesDirPathOverride=$PWD/.dependencies -skipMacroValidation -skipPackagePluginValidation -derivedDataPath $PWD/.derivedData build -scheme Bradel -destination generic/platform=xrOS
Command line invocation:
/Applications/Xcode-27.0.0-Release.Candidate.app/Contents/Developer/usr/bin/xcodebuild -IDEClonedSourcePackagesDirPathOverride=/Users/admin/builder/spi-builder-workspace/.dependencies -skipMacroValidation -skipPackagePluginValidation -derivedDataPath /Users/admin/builder/spi-builder-workspace/.derivedData build -scheme Bradel -destination generic/platform=xrOS
Resolve Package Graph
Resolved source packages:
Bradel: /Users/admin/builder/spi-builder-workspace
ComputePackagePrebuildTargetDependencyGraph
Prepare packages
CreateBuildRequest
SendProjectDescription
CreateBuildOperation
ComputeTargetDependencyGraph
note: Building targets in dependency order
note: Target dependency graph (2 targets)
Target 'Bradel-product' in project 'Bradel'
➜ Explicit dependency on target 'Bradel' in project 'Bradel'
Target 'Bradel' in project 'Bradel' (no dependencies)
GatherProvisioningInputs
CreateBuildDescription
ExecuteExternalTool /Applications/Xcode-27.0.0-Release.Candidate.app/Contents/Developer/Toolchains/XcodeDefault.xctoolchain/usr/bin/clang -v -E -dM -isysroot /Applications/Xcode-27.0.0-Release.Candidate.app/Contents/Developer/Platforms/XROS.platform/Developer/SDKs/XROS27.0.sdk -x c -c /dev/null
ExecuteExternalTool /Applications/Xcode-27.0.0-Release.Candidate.app/Contents/Developer/Toolchains/XcodeDefault.xctoolchain/usr/bin/swiftc --version
ExecuteExternalTool /Applications/Xcode-27.0.0-Release.Candidate.app/Contents/Developer/Toolchains/XcodeDefault.xctoolchain/usr/bin/ld -version_details
Build description signature: 284e74f04d207fa4528fbb346ab218ce
Build description path: /Users/admin/builder/spi-builder-workspace/.derivedData/Build/Intermediates.noindex/XCBuildData/284e74f04d207fa4528fbb346ab218ce.xcbuilddata
CreateBuildDirectory /Users/admin/builder/spi-builder-workspace/.derivedData/SDKExplicitPrecompiledModules
cd /Users/admin/builder/spi-builder-workspace/.swiftpm/xcode
builtin-create-build-directory /Users/admin/builder/spi-builder-workspace/.derivedData/SDKExplicitPrecompiledModules
CreateBuildDirectory /Users/admin/builder/spi-builder-workspace/.derivedData/ModuleCache.noindex
cd /Users/admin/builder/spi-builder-workspace/.swiftpm/xcode
builtin-create-build-directory /Users/admin/builder/spi-builder-workspace/.derivedData/ModuleCache.noindex
CreateBuildDirectory /Users/admin/builder/spi-builder-workspace/.derivedData/CompilationCache.noindex
cd /Users/admin/builder/spi-builder-workspace/.swiftpm/xcode
builtin-create-build-directory /Users/admin/builder/spi-builder-workspace/.derivedData/CompilationCache.noindex
ClangStatCache /Applications/Xcode-27.0.0-Release.Candidate.app/Contents/Developer/Toolchains/XcodeDefault.xctoolchain/usr/bin/clang-stat-cache /Applications/Xcode-27.0.0-Release.Candidate.app/Contents/Developer/Platforms/XROS.platform/Developer/SDKs/XROS27.0.sdk /Users/admin/builder/spi-builder-workspace/.derivedData/SDKStatCaches.noindex/xros27.0-24M361-e829b21a6f8c9b70876ba0858053c044735bd543db762f57723cac368afd1ce4.sdkstatcache
cd /Users/admin/builder/spi-builder-workspace/.swiftpm/xcode
/Applications/Xcode-27.0.0-Release.Candidate.app/Contents/Developer/Toolchains/XcodeDefault.xctoolchain/usr/bin/clang-stat-cache /Applications/Xcode-27.0.0-Release.Candidate.app/Contents/Developer/Platforms/XROS.platform/Developer/SDKs/XROS27.0.sdk -o /Users/admin/builder/spi-builder-workspace/.derivedData/SDKStatCaches.noindex/xros27.0-24M361-e829b21a6f8c9b70876ba0858053c044735bd543db762f57723cac368afd1ce4.sdkstatcache
CreateBuildDirectory /Users/admin/builder/spi-builder-workspace/.derivedData/Build/Products
cd /Users/admin/builder/spi-builder-workspace/.swiftpm/xcode
builtin-create-build-directory /Users/admin/builder/spi-builder-workspace/.derivedData/Build/Products
CreateBuildDirectory /Users/admin/builder/spi-builder-workspace/.derivedData/Build/Intermediates.noindex
cd /Users/admin/builder/spi-builder-workspace/.swiftpm/xcode
builtin-create-build-directory /Users/admin/builder/spi-builder-workspace/.derivedData/Build/Intermediates.noindex
CreateBuildDirectory /Users/admin/builder/spi-builder-workspace/.derivedData/Build/Intermediates.noindex/SwiftExplicitPrecompiledModules
cd /Users/admin/builder/spi-builder-workspace/.swiftpm/xcode
builtin-create-build-directory /Users/admin/builder/spi-builder-workspace/.derivedData/Build/Intermediates.noindex/SwiftExplicitPrecompiledModules
CreateBuildDirectory /Users/admin/builder/spi-builder-workspace/.derivedData/Build/Intermediates.noindex/PrecompiledHeaders
cd /Users/admin/builder/spi-builder-workspace/.swiftpm/xcode
builtin-create-build-directory /Users/admin/builder/spi-builder-workspace/.derivedData/Build/Intermediates.noindex/PrecompiledHeaders
CreateBuildDirectory /Users/admin/builder/spi-builder-workspace/.derivedData/Build/Intermediates.noindex/ExplicitPrecompiledModules
cd /Users/admin/builder/spi-builder-workspace/.swiftpm/xcode
builtin-create-build-directory /Users/admin/builder/spi-builder-workspace/.derivedData/Build/Intermediates.noindex/ExplicitPrecompiledModules
CreateBuildDirectory /Users/admin/builder/spi-builder-workspace/.derivedData/Build/Intermediates.noindex/EagerLinkingTBDs/Debug-xros
cd /Users/admin/builder/spi-builder-workspace/.swiftpm/xcode
builtin-create-build-directory /Users/admin/builder/spi-builder-workspace/.derivedData/Build/Intermediates.noindex/EagerLinkingTBDs/Debug-xros
CreateBuildDirectory /Users/admin/builder/spi-builder-workspace/.derivedData/Build/Products/Debug-xros
cd /Users/admin/builder/spi-builder-workspace/.swiftpm/xcode
builtin-create-build-directory /Users/admin/builder/spi-builder-workspace/.derivedData/Build/Products/Debug-xros
CreateBuildDirectory /Users/admin/builder/spi-builder-workspace/.derivedData/Build/Products/Debug-xros/PackageFrameworks
cd /Users/admin/builder/spi-builder-workspace/.swiftpm/xcode
builtin-create-build-directory /Users/admin/builder/spi-builder-workspace/.derivedData/Build/Products/Debug-xros/PackageFrameworks
WriteAuxiliaryFile /Users/admin/builder/spi-builder-workspace/.derivedData/Build/Intermediates.noindex/Bradel.build/Debug-xros/Bradel-t.build/Bradel.DependencyStaticMetadataFileList (in target 'Bradel' from project 'Bradel')
cd /Users/admin/builder/spi-builder-workspace
write-file /Users/admin/builder/spi-builder-workspace/.derivedData/Build/Intermediates.noindex/Bradel.build/Debug-xros/Bradel-t.build/Bradel.DependencyStaticMetadataFileList
WriteAuxiliaryFile /Users/admin/builder/spi-builder-workspace/.derivedData/Build/Intermediates.noindex/Bradel.build/Debug-xros/Bradel-t.build/Bradel.modulemap (in target 'Bradel' from project 'Bradel')
cd /Users/admin/builder/spi-builder-workspace
write-file /Users/admin/builder/spi-builder-workspace/.derivedData/Build/Intermediates.noindex/Bradel.build/Debug-xros/Bradel-t.build/Bradel.modulemap
WriteAuxiliaryFile /Users/admin/builder/spi-builder-workspace/.derivedData/Build/Intermediates.noindex/Bradel.build/Debug-xros/Bradel-t.build/Bradel.DependencyMetadataFileList (in target 'Bradel' from project 'Bradel')
cd /Users/admin/builder/spi-builder-workspace
write-file /Users/admin/builder/spi-builder-workspace/.derivedData/Build/Intermediates.noindex/Bradel.build/Debug-xros/Bradel-t.build/Bradel.DependencyMetadataFileList
WriteAuxiliaryFile /Users/admin/builder/spi-builder-workspace/.derivedData/Build/Intermediates.noindex/Bradel.build/Debug-xros/Bradel-t.build/Objects-normal/arm64/Bradel-OutputFileMap.json (in target 'Bradel' from project 'Bradel')
cd /Users/admin/builder/spi-builder-workspace
write-file /Users/admin/builder/spi-builder-workspace/.derivedData/Build/Intermediates.noindex/Bradel.build/Debug-xros/Bradel-t.build/Objects-normal/arm64/Bradel-OutputFileMap.json
WriteAuxiliaryFile /Users/admin/builder/spi-builder-workspace/.derivedData/Build/Intermediates.noindex/Bradel.build/Debug-xros/Bradel-t.build/Objects-normal/arm64/Bradel.LinkFileList (in target 'Bradel' from project 'Bradel')
cd /Users/admin/builder/spi-builder-workspace
write-file /Users/admin/builder/spi-builder-workspace/.derivedData/Build/Intermediates.noindex/Bradel.build/Debug-xros/Bradel-t.build/Objects-normal/arm64/Bradel.LinkFileList
WriteAuxiliaryFile /Users/admin/builder/spi-builder-workspace/.derivedData/Build/Intermediates.noindex/Bradel.build/Debug-xros/Bradel-t.build/Objects-normal/arm64/Bradel.SwiftConstValuesFileList (in target 'Bradel' from project 'Bradel')
cd /Users/admin/builder/spi-builder-workspace
write-file /Users/admin/builder/spi-builder-workspace/.derivedData/Build/Intermediates.noindex/Bradel.build/Debug-xros/Bradel-t.build/Objects-normal/arm64/Bradel.SwiftConstValuesFileList
WriteAuxiliaryFile /Users/admin/builder/spi-builder-workspace/.derivedData/Build/Intermediates.noindex/Bradel.build/Debug-xros/Bradel-t.build/Objects-normal/arm64/Bradel_const_extract_protocols.json (in target 'Bradel' from project 'Bradel')
cd /Users/admin/builder/spi-builder-workspace
write-file /Users/admin/builder/spi-builder-workspace/.derivedData/Build/Intermediates.noindex/Bradel.build/Debug-xros/Bradel-t.build/Objects-normal/arm64/Bradel_const_extract_protocols.json
WriteAuxiliaryFile /Users/admin/builder/spi-builder-workspace/.derivedData/Build/Intermediates.noindex/Bradel.build/Debug-xros/Bradel-t.build/Objects-normal/arm64/Bradel.SwiftFileList (in target 'Bradel' from project 'Bradel')
cd /Users/admin/builder/spi-builder-workspace
write-file /Users/admin/builder/spi-builder-workspace/.derivedData/Build/Intermediates.noindex/Bradel.build/Debug-xros/Bradel-t.build/Objects-normal/arm64/Bradel.SwiftFileList
Copy /Users/admin/builder/spi-builder-workspace/.derivedData/Build/Intermediates.noindex/GeneratedModuleMaps-xros/Bradel.modulemap /Users/admin/builder/spi-builder-workspace/.derivedData/Build/Intermediates.noindex/Bradel.build/Debug-xros/Bradel-t.build/Bradel.modulemap (in target 'Bradel' from project 'Bradel')
cd /Users/admin/builder/spi-builder-workspace
builtin-copy -exclude .DS_Store -exclude CVS -exclude .svn -exclude .git -exclude .hg -resolve-src-symlinks /Users/admin/builder/spi-builder-workspace/.derivedData/Build/Intermediates.noindex/Bradel.build/Debug-xros/Bradel-t.build/Bradel.modulemap /Users/admin/builder/spi-builder-workspace/.derivedData/Build/Intermediates.noindex/GeneratedModuleMaps-xros
SwiftDriver Bradel normal arm64 com.apple.xcode.tools.swift.compiler (in target 'Bradel' from project 'Bradel')
cd /Users/admin/builder/spi-builder-workspace/.swiftpm/xcode
builtin-SwiftDriver -- /Applications/Xcode-27.0.0-Release.Candidate.app/Contents/Developer/Toolchains/XcodeDefault.xctoolchain/usr/bin/swiftc -parse-as-library -module-name Bradel -Onone @/Users/admin/builder/spi-builder-workspace/.derivedData/Build/Intermediates.noindex/Bradel.build/Debug-xros/Bradel-t.build/Objects-normal/arm64/Bradel.SwiftFileList -DSWIFT_PACKAGE -DDEBUG -DSWIFT_MODULE_RESOURCE_BUNDLE_UNAVAILABLE -DXcode -plugin-path /Applications/Xcode-27.0.0-Release.Candidate.app/Contents/Developer/Toolchains/XcodeDefault.xctoolchain/usr/lib/swift/host/plugins/testing -enable-experimental-feature DebugDescriptionMacro -sdk /Applications/Xcode-27.0.0-Release.Candidate.app/Contents/Developer/Platforms/XROS.platform/Developer/SDKs/XROS27.0.sdk -target arm64-apple-xros1.0 -g -module-cache-path /Users/admin/builder/spi-builder-workspace/.derivedData/ModuleCache.noindex -Xfrontend -serialize-debugging-options -profile-coverage-mapping -profile-generate -enable-testing -index-store-path /Users/admin/builder/spi-builder-workspace/.derivedData/Index.noindex/DataStore -Xcc -D_LIBCPP_HARDENING_MODE\=_LIBCPP_HARDENING_MODE_DEBUG -swift-version 5 -I /Users/admin/builder/spi-builder-workspace/.derivedData/Build/Products/Debug-xros -Isystem /Applications/Xcode-27.0.0-Release.Candidate.app/Contents/Developer/Platforms/XROS.platform/Developer/usr/lib -F /Users/admin/builder/spi-builder-workspace/.derivedData/Build/Products/Debug-xros -F /Applications/Xcode-27.0.0-Release.Candidate.app/Contents/Developer/Platforms/XROS.platform/Developer/Library/Frameworks -F /Applications/Xcode-27.0.0-Release.Candidate.app/Contents/Developer/Platforms/XROS.platform/Developer/SDKs/XROS27.0.sdk/Developer/Library/Frameworks -c -j10 -enable-batch-mode -incremental -Xcc -ivfsstatcache -Xcc /Users/admin/builder/spi-builder-workspace/.derivedData/SDKStatCaches.noindex/xros27.0-24M361-e829b21a6f8c9b70876ba0858053c044735bd543db762f57723cac368afd1ce4.sdkstatcache -output-file-map /Users/admin/builder/spi-builder-workspace/.derivedData/Build/Intermediates.noindex/Bradel.build/Debug-xros/Bradel-t.build/Objects-normal/arm64/Bradel-OutputFileMap.json -save-temps -no-color-diagnostics -explicit-module-build -module-cache-path /Users/admin/builder/spi-builder-workspace/.derivedData/Build/Intermediates.noindex/SwiftExplicitPrecompiledModules -clang-scanner-module-cache-path /Users/admin/builder/spi-builder-workspace/.derivedData/ModuleCache.noindex -sdk-module-cache-path /Users/admin/builder/spi-builder-workspace/.derivedData/SDKExplicitPrecompiledModules -emit-dependencies -emit-module -emit-module-path /Users/admin/builder/spi-builder-workspace/.derivedData/Build/Intermediates.noindex/Bradel.build/Debug-xros/Bradel-t.build/Objects-normal/arm64/Bradel.swiftmodule -serialize-diagnostics -dependency-scan-serialize-diagnostics-path /Users/admin/builder/spi-builder-workspace/.derivedData/Build/Intermediates.noindex/Bradel.build/Debug-xros/Bradel-t.build/Objects-normal/arm64/Bradel-dependency-scan.dia -validate-clang-modules-once -clang-build-session-file /Users/admin/builder/spi-builder-workspace/.derivedData/ModuleCache.noindex/Session.modulevalidation -Xcc -fmodules-prune-interval\=86400 -Xcc -fmodules-prune-after\=345600 -emit-const-values -const-gather-protocols-list /Users/admin/builder/spi-builder-workspace/.derivedData/Build/Intermediates.noindex/Bradel.build/Debug-xros/Bradel-t.build/Objects-normal/arm64/Bradel_const_extract_protocols.json -Xcc -I/Users/admin/builder/spi-builder-workspace/.derivedData/Build/Products/Debug-xros/include -Xcc -I/Users/admin/builder/spi-builder-workspace/.derivedData/Build/Intermediates.noindex/Bradel.build/Debug-xros/Bradel-t.build/DerivedSources-normal/arm64 -Xcc -I/Users/admin/builder/spi-builder-workspace/.derivedData/Build/Intermediates.noindex/Bradel.build/Debug-xros/Bradel-t.build/DerivedSources/arm64 -Xcc -I/Users/admin/builder/spi-builder-workspace/.derivedData/Build/Intermediates.noindex/Bradel.build/Debug-xros/Bradel-t.build/DerivedSources -Xcc -DSWIFT_PACKAGE -Xcc -DDEBUG\=1 -emit-objc-header -emit-objc-header-path /Users/admin/builder/spi-builder-workspace/.derivedData/Build/Intermediates.noindex/Bradel.build/Debug-xros/Bradel-t.build/Objects-normal/arm64/Bradel-Swift.h -working-directory /Users/admin/builder/spi-builder-workspace/.swiftpm/xcode -experimental-emit-module-separately -disable-cmo
SwiftExplicitDependencyGeneratePcm arm64 /Users/admin/builder/spi-builder-workspace/.derivedData/SDKExplicitPrecompiledModules/_Builtin_float-6WKHNW5S40U2QGHXXGETUDIRA.pcm
SwiftExplicitDependencyGeneratePcm arm64 /Users/admin/builder/spi-builder-workspace/.derivedData/SDKExplicitPrecompiledModules/_Builtin_stddef-5NQ9Z1GV07GBSRQGAQCGXGVRI.pcm
SwiftExplicitDependencyGeneratePcm arm64 /Users/admin/builder/spi-builder-workspace/.derivedData/SDKExplicitPrecompiledModules/SwiftShims-CI4H5RO9IYFFWQ2COB512Q2S9.pcm
SwiftExplicitDependencyGeneratePcm arm64 /Users/admin/builder/spi-builder-workspace/.derivedData/SDKExplicitPrecompiledModules/_AvailabilityInternal-1Q8IQP6M38UWSGZ95UCEY2M44.pcm
SwiftExplicitDependencyGeneratePcm arm64 /Users/admin/builder/spi-builder-workspace/.derivedData/SDKExplicitPrecompiledModules/ptrauth-1WBA714DZSVUL5JQDJ08CLKZ.pcm
SwiftExplicitDependencyGeneratePcm arm64 /Users/admin/builder/spi-builder-workspace/.derivedData/SDKExplicitPrecompiledModules/ptrcheck-BXA97MNLI4BB0HF5I8MJE403D.pcm
SwiftExplicitDependencyGeneratePcm arm64 /Users/admin/builder/spi-builder-workspace/.derivedData/SDKExplicitPrecompiledModules/_Builtin_stdarg-CDA349K2K4US766844K8E0PVA.pcm
SwiftExplicitDependencyGeneratePcm arm64 /Users/admin/builder/spi-builder-workspace/.derivedData/SDKExplicitPrecompiledModules/_Builtin_stdbool-5BU2ADS7JXQMYENKQHW9X8XOU.pcm
SwiftExplicitDependencyGeneratePcm arm64 /Users/admin/builder/spi-builder-workspace/.derivedData/SDKExplicitPrecompiledModules/_SwiftConcurrencyShims-C8XHKSHX96D5YYALNM4W70Z0O.pcm
SwiftExplicitDependencyGeneratePcm arm64 /Users/admin/builder/spi-builder-workspace/.derivedData/SDKExplicitPrecompiledModules/DeveloperToolsSupport-46GOQP8J1QTHLYQSJW81T8UZ3.pcm
SwiftExplicitDependencyGeneratePcm arm64 /Users/admin/builder/spi-builder-workspace/.derivedData/SDKExplicitPrecompiledModules/_DarwinFoundation1-5RGRVV2TZ6WC4WZW5IXF8NQ04.pcm
SwiftExplicitDependencyGeneratePcm arm64 /Users/admin/builder/spi-builder-workspace/.derivedData/SDKExplicitPrecompiledModules/_Builtin_limits-425JDMN5HPM3D0UEI8LEHP6NM.pcm
SwiftExplicitDependencyGeneratePcm arm64 /Users/admin/builder/spi-builder-workspace/.derivedData/SDKExplicitPrecompiledModules/_DarwinFoundation2-ENTECK156YEWITZRRBTOCE4KR.pcm
SwiftExplicitDependencyGeneratePcm arm64 /Users/admin/builder/spi-builder-workspace/.derivedData/SDKExplicitPrecompiledModules/sys_types-AYM0BHR77VKMWZCO2T0XGV2HF.pcm
SwiftExplicitDependencyGeneratePcm arm64 /Users/admin/builder/spi-builder-workspace/.derivedData/SDKExplicitPrecompiledModules/_Builtin_tgmath-BPYSMHWI520EQRL2HW519ZY7Z.pcm
SwiftExplicitDependencyGeneratePcm arm64 /Users/admin/builder/spi-builder-workspace/.derivedData/SDKExplicitPrecompiledModules/_Builtin_stdint-8OR6T47OOYJA90ZBO3N1USDE.pcm
SwiftExplicitDependencyGeneratePcm arm64 /Users/admin/builder/spi-builder-workspace/.derivedData/SDKExplicitPrecompiledModules/string_h-2GT67HHHHK5CF1V1S31LH0PU2.pcm
SwiftExplicitDependencyGeneratePcm arm64 /Users/admin/builder/spi-builder-workspace/.derivedData/SDKExplicitPrecompiledModules/_Builtin_stdatomic-1VUZPM79PNCAHXVBERD53WRSF.pcm
SwiftExplicitDependencyGeneratePcm arm64 /Users/admin/builder/spi-builder-workspace/.derivedData/SDKExplicitPrecompiledModules/_Builtin_intrinsics-BC5IJI3YI34RQ61ZNVDRDZ6RN.pcm
SwiftExplicitDependencyGeneratePcm arm64 /Users/admin/builder/spi-builder-workspace/.derivedData/SDKExplicitPrecompiledModules/_DarwinFoundation3-9ZHN6JKBS40BBA81RQMV8H0IC.pcm
SwiftExplicitDependencyGeneratePcm arm64 /Users/admin/builder/spi-builder-workspace/.derivedData/SDKExplicitPrecompiledModules/_Builtin_inttypes-11B64KJD36B3YOHBR1BBXBJY8.pcm
SwiftExplicitDependencyGeneratePcm arm64 /Users/admin/builder/spi-builder-workspace/.derivedData/SDKExplicitPrecompiledModules/Darwin-60P5LVNQO3ESRRM5DCJ05PFNK.pcm
SwiftExplicitDependencyGeneratePcm arm64 /Users/admin/builder/spi-builder-workspace/.derivedData/SDKExplicitPrecompiledModules/simd-9XXAB17Y6E4BBPQADD61NZ23.pcm
SwiftExplicitDependencyGeneratePcm arm64 /Users/admin/builder/spi-builder-workspace/.derivedData/SDKExplicitPrecompiledModules/MachO-3XTHY7HWV6RF3KXKYQVHUBUXK.pcm
SwiftExplicitDependencyGeneratePcm arm64 /Users/admin/builder/spi-builder-workspace/.derivedData/SDKExplicitPrecompiledModules/ObjectiveC-26TIBFYCEJZVP216ZZAU1X8KN.pcm
SwiftExplicitDependencyGeneratePcm arm64 /Users/admin/builder/spi-builder-workspace/.derivedData/SDKExplicitPrecompiledModules/os_object-692CJ8BG6RE5H04487EJJOVXW.pcm
SwiftExplicitDependencyGeneratePcm arm64 /Users/admin/builder/spi-builder-workspace/.derivedData/SDKExplicitPrecompiledModules/os_workgroup-4U1VXMWIZD80E7PRUQF2G7P9X.pcm
SwiftExplicitDependencyGeneratePcm arm64 /Users/admin/builder/spi-builder-workspace/.derivedData/SDKExplicitPrecompiledModules/Dispatch-CLT3466HKC22GCKAWSCNG0H7T.pcm
SwiftExplicitDependencyGeneratePcm arm64 /Users/admin/builder/spi-builder-workspace/.derivedData/SDKExplicitPrecompiledModules/Spatial-5E0I2846LO3ZE24CSVR2O57TI.pcm
SwiftExplicitDependencyGeneratePcm arm64 /Users/admin/builder/spi-builder-workspace/.derivedData/SDKExplicitPrecompiledModules/CoreFoundation-AVLTZVCXBU2TO75JCN4AGU8XJ.pcm
SwiftExplicitDependencyGeneratePcm arm64 /Users/admin/builder/spi-builder-workspace/.derivedData/SDKExplicitPrecompiledModules/XPC-EP5EU7FNGP4VOA3EDM18P1KHO.pcm
SwiftExplicitDependencyGeneratePcm arm64 /Users/admin/builder/spi-builder-workspace/.derivedData/SDKExplicitPrecompiledModules/os-1004XEJ3IXOOAU0KL58SM3D0K.pcm
SwiftExplicitDependencyGeneratePcm arm64 /Users/admin/builder/spi-builder-workspace/.derivedData/SDKExplicitPrecompiledModules/CFNetwork-5MI70N1VLDQSWTX4COWLMSIRO.pcm
SwiftExplicitDependencyGeneratePcm arm64 /Users/admin/builder/spi-builder-workspace/.derivedData/SDKExplicitPrecompiledModules/CoreGraphics-BFUJ177R223UT2ZI327ZTZY91.pcm
SwiftExplicitDependencyGeneratePcm arm64 /Users/admin/builder/spi-builder-workspace/.derivedData/SDKExplicitPrecompiledModules/Security-8TH2M8WJIQMET4SADWX0N8372.pcm
SwiftExplicitDependencyGeneratePcm arm64 /Users/admin/builder/spi-builder-workspace/.derivedData/SDKExplicitPrecompiledModules/Foundation-8GON1KVEKRN3NOQI8RETBRWJP.pcm
SwiftExplicitDependencyGeneratePcm arm64 /Users/admin/builder/spi-builder-workspace/.derivedData/SDKExplicitPrecompiledModules/CoreText-6F9TY5TEPCCZ1K2KYM4GMEGHD.pcm
SwiftExplicitDependencyGeneratePcm arm64 /Users/admin/builder/spi-builder-workspace/.derivedData/SDKExplicitPrecompiledModules/ImageIO-5CC6COR9KJYI1UBL7CSHLU2OG.pcm
SwiftExplicitDependencyGeneratePcm arm64 /Users/admin/builder/spi-builder-workspace/.derivedData/SDKExplicitPrecompiledModules/DataDetection-BANTQ3WXXGKZJYC0LLB3MD9K0.pcm
SwiftExplicitDependencyGeneratePcm arm64 /Users/admin/builder/spi-builder-workspace/.derivedData/SDKExplicitPrecompiledModules/CoreTransferable-8TBYAKHCX6UC8QQSS7BD8GQK5.pcm
SwiftExplicitDependencyGeneratePcm arm64 /Users/admin/builder/spi-builder-workspace/.derivedData/SDKExplicitPrecompiledModules/IOSurface-5FE9U89GVFF9A7X7AGO2R8ENI.pcm
SwiftExplicitDependencyGeneratePcm arm64 /Users/admin/builder/spi-builder-workspace/.derivedData/SDKExplicitPrecompiledModules/UIUtilities-AOVGLUWEAN6CG2UZFNESGSP6C.pcm
SwiftExplicitDependencyGeneratePcm arm64 /Users/admin/builder/spi-builder-workspace/.derivedData/SDKExplicitPrecompiledModules/Symbols-8G2XC01RPQ5HYIZE6JNUT864I.pcm
SwiftExplicitDependencyGeneratePcm arm64 /Users/admin/builder/spi-builder-workspace/.derivedData/SDKExplicitPrecompiledModules/UserNotifications-8IIV1V1FPNAPA4LY1Y23LOM2N.pcm
SwiftExplicitDependencyGeneratePcm arm64 /Users/admin/builder/spi-builder-workspace/.derivedData/SDKExplicitPrecompiledModules/OSLog-BNGT87TS0GMBFF7TY70HHB69.pcm
SwiftExplicitDependencyGeneratePcm arm64 /Users/admin/builder/spi-builder-workspace/.derivedData/SDKExplicitPrecompiledModules/FileProvider-C9I28SI56F2SEVH1BCWTKGODO.pcm
SwiftExplicitDependencyGeneratePcm arm64 /Users/admin/builder/spi-builder-workspace/.derivedData/SDKExplicitPrecompiledModules/UniformTypeIdentifiers-E5KMWDZEKS4QW9RO1KBRDEXV6.pcm
SwiftExplicitDependencyGeneratePcm arm64 /Users/admin/builder/spi-builder-workspace/.derivedData/SDKExplicitPrecompiledModules/_LocationEssentials-8GQGFVARUE99D8VJX3TINY0VP.pcm
SwiftExplicitDependencyGeneratePcm arm64 /Users/admin/builder/spi-builder-workspace/.derivedData/SDKExplicitPrecompiledModules/Accessibility-1DR4J4YDVDGAYQTZ0FKZ1PU09.pcm
SwiftExplicitDependencyGeneratePcm arm64 /Users/admin/builder/spi-builder-workspace/.derivedData/SDKExplicitPrecompiledModules/CoreLocation-1SN37095DAPVJ068LLP9TBDQX.pcm
SwiftExplicitDependencyGeneratePcm arm64 /Users/admin/builder/spi-builder-workspace/.derivedData/SDKExplicitPrecompiledModules/Metal-EKNUM9P3PRIBHZK1ZBD6BA2T7.pcm
SwiftExplicitDependencyGeneratePcm arm64 /Users/admin/builder/spi-builder-workspace/.derivedData/SDKExplicitPrecompiledModules/OpenGLES-56BKSYXNVAP91BYZRWAKQZKGI.pcm
SwiftExplicitDependencyGeneratePcm arm64 /Users/admin/builder/spi-builder-workspace/.derivedData/SDKExplicitPrecompiledModules/CoreMotion-10LV922UPGE28QX2SOIO7ALIZ.pcm
SwiftExplicitDependencyGeneratePcm arm64 /Users/admin/builder/spi-builder-workspace/.derivedData/SDKExplicitPrecompiledModules/CoreVideo-E12HJSJSLO0YKWYBES11UKJ02.pcm
SwiftExplicitDependencyGeneratePcm arm64 /Users/admin/builder/spi-builder-workspace/.derivedData/SDKExplicitPrecompiledModules/CoreImage-8WF1P230U10QM666EQMNV7OF1.pcm
SwiftExplicitDependencyGeneratePcm arm64 /Users/admin/builder/spi-builder-workspace/.derivedData/SDKExplicitPrecompiledModules/QuartzCore-12T8WVKUNCL1N7VXH87MM4YOB.pcm
SwiftExplicitDependencyGeneratePcm arm64 /Users/admin/builder/spi-builder-workspace/.derivedData/SDKExplicitPrecompiledModules/SwiftUICore-6OBBMA39VFD4CB6SG2PE41FAP.pcm
SwiftExplicitDependencyGeneratePcm arm64 /Users/admin/builder/spi-builder-workspace/.derivedData/SDKExplicitPrecompiledModules/UIKit-2D2PMAAE45TMO6S28UCGCO5BR.pcm
SwiftEmitModule normal arm64 Emitting\ module\ for\ Bradel (in target 'Bradel' from project 'Bradel')
SwiftCompile normal arm64 (in target 'Bradel' from project 'Bradel')
cd /Users/admin/builder/spi-builder-workspace/.swiftpm/xcode
/Users/admin/builder/spi-builder-workspace/Sources/Bradel/TableViewVC.swift:272:15: error: cannot override 'tableView' which has been marked unavailable
270 | }
271 |
272 | open func tableView(_ tableView: UITableView, editActionsForRowAt indexPath: IndexPath) -> [UITableViewRowAction]? {
| `- error: cannot override 'tableView' which has been marked unavailable
273 | return []
274 | }
/Applications/Xcode-27.0.0-Release.Candidate.app/Contents/Developer/Platforms/XROS.platform/Developer/SDKs/XROS27.0.sdk/System/Library/Frameworks/UIKit.framework/Headers/UITableView.h:187:1: note: 'tableView(_:editActionsForRowAt:)' has been explicitly marked unavailable here
185 |
186 | // This method supersedes -tableView:titleForDeleteConfirmationButtonForRowAtIndexPath: if return value is non-nil
187 | - (nullable NSArray<UITableViewRowAction *> *)tableView:(UITableView *)tableView editActionsForRowAtIndexPath:(NSIndexPath *)indexPath API_DEPRECATED_WITH_REPLACEMENT("tableView:trailingSwipeActionsConfigurationForRowAtIndexPath:", ios(8.0, 13.0)) API_UNAVAILABLE(tvos) API_UNAVAILABLE(visionos, watchos);
| `- note: 'tableView(_:editActionsForRowAt:)' has been explicitly marked unavailable here
188 |
189 | // Swipe actions
/Users/admin/builder/spi-builder-workspace/Sources/Bradel/TableViewVC.swift:272:97: error: 'UITableViewRowAction' is unavailable in visionOS
270 | }
271 |
272 | open func tableView(_ tableView: UITableView, editActionsForRowAt indexPath: IndexPath) -> [UITableViewRowAction]? {
| `- error: 'UITableViewRowAction' is unavailable in visionOS
273 | return []
274 | }
/Applications/Xcode-27.0.0-Release.Candidate.app/Contents/Developer/Platforms/XROS.platform/Developer/SDKs/XROS27.0.sdk/System/Library/Frameworks/UIKit.framework/Headers/UITableView.h:77:12: note: 'UITableViewRowAction' has been explicitly marked unavailable here
75 |
76 | UIKIT_EXTERN API_DEPRECATED("Use UIContextualAction and related APIs instead.", ios(8.0, 13.0)) API_UNAVAILABLE(tvos) API_UNAVAILABLE(visionos, watchos) NS_SWIFT_UI_ACTOR
77 | @interface UITableViewRowAction : NSObject <NSCopying>
| `- note: 'UITableViewRowAction' has been explicitly marked unavailable here
78 |
79 | + (instancetype)rowActionWithStyle:(UITableViewRowActionStyle)style title:(nullable NSString *)title handler:(void (^)(UITableViewRowAction *action, NSIndexPath *indexPath))handler;
/Users/admin/builder/spi-builder-workspace/Sources/Bradel/TableViewVMs.swift:6:37: warning: using 'class' keyword to define a class-constrained protocol is deprecated; use 'AnyObject' instead [#deprecation]
4 | // Protocols definition
5 |
6 | public protocol ConfigurableWithVM: class {
| `- warning: using 'class' keyword to define a class-constrained protocol is deprecated; use 'AnyObject' instead [#deprecation]
7 | func configure(with viewModel: IdentifiableVMProtocol)
8 | }
Failed frontend command:
/Applications/Xcode-27.0.0-Release.Candidate.app/Contents/Developer/Toolchains/XcodeDefault.xctoolchain/usr/bin/swift-frontend -frontend -emit-module -experimental-skip-non-inlinable-function-bodies-without-types /Users/admin/builder/spi-builder-workspace/Sources/Bradel/TableViewVC.swift /Users/admin/builder/spi-builder-workspace/Sources/Bradel/TableViewVMs.swift /Users/admin/builder/spi-builder-workspace/Sources/Bradel/VMTypeID.swift -target arm64-apple-xros1.0 -module-can-import-version UIKit 9127.0.84.1 9127.0.84 -disable-cross-import-overlay-search -load-resolved-plugin /Applications/Xcode-27.0.0-Release.Candidate.app/Contents/Developer/Platforms/XROS.platform/Developer/usr/lib/swift/host/plugins/libFoundationMacros.dylib\#/Applications/Xcode-27.0.0-Release.Candidate.app/Contents/Developer/Platforms/XROS.platform/Developer/usr/bin/swift-plugin-server\#FoundationMacros -load-resolved-plugin /Applications/Xcode-27.0.0-Release.Candidate.app/Contents/Developer/Platforms/XROS.platform/Developer/usr/lib/swift/host/plugins/libObservationMacros.dylib\#/Applications/Xcode-27.0.0-Release.Candidate.app/Contents/Developer/Platforms/XROS.platform/Developer/usr/bin/swift-plugin-server\#ObservationMacros -load-resolved-plugin /Applications/Xcode-27.0.0-Release.Candidate.app/Contents/Developer/Platforms/XROS.platform/Developer/usr/lib/swift/host/plugins/libPreviewsMacros.dylib\#/Applications/Xcode-27.0.0-Release.Candidate.app/Contents/Developer/Platforms/XROS.platform/Developer/usr/bin/swift-plugin-server\#PreviewsMacros -load-resolved-plugin /Applications/Xcode-27.0.0-Release.Candidate.app/Contents/Developer/Platforms/XROS.platform/Developer/usr/lib/swift/host/plugins/libSwiftMacros.dylib\#/Applications/Xcode-27.0.0-Release.Candidate.app/Contents/Developer/Platforms/XROS.platform/Developer/usr/bin/swift-plugin-server\#SwiftMacros -load-resolved-plugin /Applications/Xcode-27.0.0-Release.Candidate.app/Contents/Developer/Platforms/XROS.platform/Developer/usr/lib/swift/host/plugins/libSwiftUIMacros.dylib\#/Applications/Xcode-27.0.0-Release.Candidate.app/Contents/Developer/Platforms/XROS.platform/Developer/usr/bin/swift-plugin-server\#SwiftUIMacros -disable-implicit-swift-modules -Xcc -fno-implicit-modules -Xcc -fno-implicit-module-maps -explicit-swift-module-map-file /Users/admin/builder/spi-builder-workspace/.derivedData/Build/Intermediates.noindex/Bradel.build/Debug-xros/Bradel-t.build/Objects-normal/arm64/Bradel-dependencies-1.json -Xllvm -aarch64-use-tbi -enable-objc-interop -stack-check -sdk /Applications/Xcode-27.0.0-Release.Candidate.app/Contents/Developer/Platforms/XROS.platform/Developer/SDKs/XROS27.0.sdk -I /Users/admin/builder/spi-builder-workspace/.derivedData/Build/Products/Debug-xros -Isystem /Applications/Xcode-27.0.0-Release.Candidate.app/Contents/Developer/Platforms/XROS.platform/Developer/usr/lib -F /Users/admin/builder/spi-builder-workspace/.derivedData/Build/Products/Debug-xros -F /Applications/Xcode-27.0.0-Release.Candidate.app/Contents/Developer/Platforms/XROS.platform/Developer/Library/Frameworks -F /Applications/Xcode-27.0.0-Release.Candidate.app/Contents/Developer/Platforms/XROS.platform/Developer/SDKs/XROS27.0.sdk/Developer/Library/Frameworks -module-cache-path /Users/admin/builder/spi-builder-workspace/.derivedData/Build/Intermediates.noindex/SwiftExplicitPrecompiledModules -no-color-diagnostics -Xcc -fno-color-diagnostics -enable-testing -g -debug-info-format\=dwarf -dwarf-version\=4 -profile-generate -profile-coverage-mapping -swift-version 5 -Onone -D SWIFT_PACKAGE -D DEBUG -D SWIFT_MODULE_RESOURCE_BUNDLE_UNAVAILABLE -D Xcode -serialize-debugging-options -enable-experimental-feature DebugDescriptionMacro -empty-abi-descriptor -validate-clang-modules-once -clang-build-session-file /Users/admin/builder/spi-builder-workspace/.derivedData/ModuleCache.noindex/Session.modulevalidation -Xcc -working-directory -Xcc /Users/admin/builder/spi-builder-workspace/.swiftpm/xcode -enable-anonymous-context-mangled-names -file-compilation-dir /Users/admin/builder/spi-builder-workspace/.swiftpm/xcode -Xcc -D_LIBCPP_HARDENING_MODE\=_LIBCPP_HARDENING_MODE_DEBUG -Xcc -ivfsstatcache -Xcc /Users/admin/builder/spi-builder-workspace/.derivedData/SDKStatCaches.noindex/xros27.0-24M361-e829b21a6f8c9b70876ba0858053c044735bd543db762f57723cac368afd1ce4.sdkstatcache -Xcc -fmodules-prune-interval\=86400 -Xcc -fmodules-prune-after\=345600 -Xcc -I/Users/admin/builder/spi-builder-workspace/.derivedData/Build/Products/Debug-xros/include -Xcc -I/Users/admin/builder/spi-builder-workspace/.derivedData/Build/Intermediates.noindex/Bradel.build/Debug-xros/Bradel-t.build/DerivedSources-normal/arm64 -Xcc -I/Users/admin/builder/spi-builder-workspace/.derivedData/Build/Intermediates.noindex/Bradel.build/Debug-xros/Bradel-t.build/DerivedSources/arm64 -Xcc -I/Users/admin/builder/spi-builder-workspace/.derivedData/Build/Intermediates.noindex/Bradel.build/Debug-xros/Bradel-t.build/DerivedSources -Xcc -DSWIFT_PACKAGE -Xcc -DDEBUG\=1 -no-auto-bridging-header-chaining -module-name Bradel -const-gather-protocols-file /Users/admin/builder/spi-builder-workspace/.derivedData/Build/Intermediates.noindex/Bradel.build/Debug-xros/Bradel-t.build/Objects-normal/arm64/Bradel_const_extract_protocols.json -disable-clang-spi -clang-target arm64-apple-xros27.0 -target-sdk-version 27.0 -target-sdk-name xros27.0 -in-process-plugin-server-path /Applications/Xcode-27.0.0-Release.Candidate.app/Contents/Developer/Toolchains/XcodeDefault.xctoolchain/usr/lib/swift/host/libSwiftInProcPluginServer.dylib -emit-module-doc-path /Users/admin/builder/spi-builder-workspace/.derivedData/Build/Intermediates.noindex/Bradel.build/Debug-xros/Bradel-t.build/Objects-normal/arm64/Bradel.swiftdoc -emit-module-source-info-path /Users/admin/builder/spi-builder-workspace/.derivedData/Build/Intermediates.noindex/Bradel.build/Debug-xros/Bradel-t.build/Objects-normal/arm64/Bradel.swiftsourceinfo -emit-objc-header-path /Users/admin/builder/spi-builder-workspace/.derivedData/Build/Intermediates.noindex/Bradel.build/Debug-xros/Bradel-t.build/Objects-normal/arm64/Bradel-Swift.h -serialize-diagnostics-path /Users/admin/builder/spi-builder-workspace/.derivedData/Build/Intermediates.noindex/Bradel.build/Debug-xros/Bradel-t.build/Objects-normal/arm64/Bradel-primary-emit-module.dia -emit-dependencies-path /Users/admin/builder/spi-builder-workspace/.derivedData/Build/Intermediates.noindex/Bradel.build/Debug-xros/Bradel-t.build/Objects-normal/arm64/Bradel-primary-emit-module.d -parse-as-library -o /Users/admin/builder/spi-builder-workspace/.derivedData/Build/Intermediates.noindex/Bradel.build/Debug-xros/Bradel-t.build/Objects-normal/arm64/Bradel.swiftmodule -emit-abi-descriptor-path /Users/admin/builder/spi-builder-workspace/.derivedData/Build/Intermediates.noindex/Bradel.build/Debug-xros/Bradel-t.build/Objects-normal/arm64/Bradel.abi.json
SwiftCompile normal arm64 Compiling\ TableViewVMs.swift /Users/admin/builder/spi-builder-workspace/Sources/Bradel/TableViewVMs.swift (in target 'Bradel' from project 'Bradel')
SwiftCompile normal arm64 /Users/admin/builder/spi-builder-workspace/Sources/Bradel/TableViewVMs.swift (in target 'Bradel' from project 'Bradel')
cd /Users/admin/builder/spi-builder-workspace/.swiftpm/xcode
builtin-SwiftPerFileCompile TableViewVMs.swift
SwiftCompile normal arm64 Compiling\ VMTypeID.swift /Users/admin/builder/spi-builder-workspace/Sources/Bradel/VMTypeID.swift (in target 'Bradel' from project 'Bradel')
SwiftCompile normal arm64 /Users/admin/builder/spi-builder-workspace/Sources/Bradel/VMTypeID.swift (in target 'Bradel' from project 'Bradel')
cd /Users/admin/builder/spi-builder-workspace/.swiftpm/xcode
builtin-SwiftPerFileCompile VMTypeID.swift
SwiftCompile normal arm64 Compiling\ TableViewVC.swift /Users/admin/builder/spi-builder-workspace/Sources/Bradel/TableViewVC.swift (in target 'Bradel' from project 'Bradel')
/Users/admin/builder/spi-builder-workspace/Sources/Bradel/TableViewVC.swift:272:15: error: cannot override 'tableView' which has been marked unavailable
270 | }
271 |
272 | open func tableView(_ tableView: UITableView, editActionsForRowAt indexPath: IndexPath) -> [UITableViewRowAction]? {
| `- error: cannot override 'tableView' which has been marked unavailable
273 | return []
274 | }
/Applications/Xcode-27.0.0-Release.Candidate.app/Contents/Developer/Platforms/XROS.platform/Developer/SDKs/XROS27.0.sdk/System/Library/Frameworks/UIKit.framework/Headers/UITableView.h:187:1: note: 'tableView(_:editActionsForRowAt:)' has been explicitly marked unavailable here
185 |
186 | // This method supersedes -tableView:titleForDeleteConfirmationButtonForRowAtIndexPath: if return value is non-nil
187 | - (nullable NSArray<UITableViewRowAction *> *)tableView:(UITableView *)tableView editActionsForRowAtIndexPath:(NSIndexPath *)indexPath API_DEPRECATED_WITH_REPLACEMENT("tableView:trailingSwipeActionsConfigurationForRowAtIndexPath:", ios(8.0, 13.0)) API_UNAVAILABLE(tvos) API_UNAVAILABLE(visionos, watchos);
| `- note: 'tableView(_:editActionsForRowAt:)' has been explicitly marked unavailable here
188 |
189 | // Swipe actions
/Users/admin/builder/spi-builder-workspace/Sources/Bradel/TableViewVC.swift:272:97: error: 'UITableViewRowAction' is unavailable in visionOS
270 | }
271 |
272 | open func tableView(_ tableView: UITableView, editActionsForRowAt indexPath: IndexPath) -> [UITableViewRowAction]? {
| `- error: 'UITableViewRowAction' is unavailable in visionOS
273 | return []
274 | }
/Applications/Xcode-27.0.0-Release.Candidate.app/Contents/Developer/Platforms/XROS.platform/Developer/SDKs/XROS27.0.sdk/System/Library/Frameworks/UIKit.framework/Headers/UITableView.h:77:12: note: 'UITableViewRowAction' has been explicitly marked unavailable here
75 |
76 | UIKIT_EXTERN API_DEPRECATED("Use UIContextualAction and related APIs instead.", ios(8.0, 13.0)) API_UNAVAILABLE(tvos) API_UNAVAILABLE(visionos, watchos) NS_SWIFT_UI_ACTOR
77 | @interface UITableViewRowAction : NSObject <NSCopying>
| `- note: 'UITableViewRowAction' has been explicitly marked unavailable here
78 |
79 | + (instancetype)rowActionWithStyle:(UITableViewRowActionStyle)style title:(nullable NSString *)title handler:(void (^)(UITableViewRowAction *action, NSIndexPath *indexPath))handler;
/Users/admin/builder/spi-builder-workspace/Sources/Bradel/TableViewVC.swift:35:31: warning: 'UINib' was deprecated in visionOS 1.0: Loading Interface Builder products will not be supported in a future version of visionOS. [#DeprecatedDeclaration]
33 | case is UITableViewCell.Type:
34 | if let nibPath = Bundle.main.path(forResource: nibName, ofType: "nib"), FileManager.default.fileExists(atPath: nibPath) {
35 | let nib = UINib(nibName: String(describing: view.value), bundle: nil)
| `- warning: 'UINib' was deprecated in visionOS 1.0: Loading Interface Builder products will not be supported in a future version of visionOS. [#DeprecatedDeclaration]
36 | tableView.register(nib, forCellReuseIdentifier: view.key.rawValue)
37 | } else {
/Users/admin/builder/spi-builder-workspace/Sources/Bradel/TableViewVC.swift:36:31: warning: 'register(_:forCellReuseIdentifier:)' was deprecated in visionOS 1.0: Loading Interface Builder products will not be supported in a future version of visionOS. [#DeprecatedDeclaration]
34 | if let nibPath = Bundle.main.path(forResource: nibName, ofType: "nib"), FileManager.default.fileExists(atPath: nibPath) {
35 | let nib = UINib(nibName: String(describing: view.value), bundle: nil)
36 | tableView.register(nib, forCellReuseIdentifier: view.key.rawValue)
| `- warning: 'register(_:forCellReuseIdentifier:)' was deprecated in visionOS 1.0: Loading Interface Builder products will not be supported in a future version of visionOS. [#DeprecatedDeclaration]
37 | } else {
38 | tableView.register(view.value, forCellReuseIdentifier: view.key.rawValue)
/Users/admin/builder/spi-builder-workspace/Sources/Bradel/TableViewVC.swift:43:31: warning: 'UINib' was deprecated in visionOS 1.0: Loading Interface Builder products will not be supported in a future version of visionOS. [#DeprecatedDeclaration]
41 | case is UITableViewHeaderFooterView.Type:
42 | if let nibPath = Bundle.main.path(forResource: nibName, ofType: "nib"), FileManager.default.fileExists(atPath: nibPath) {
43 | let nib = UINib(nibName: String(describing: view.value), bundle: nil)
| `- warning: 'UINib' was deprecated in visionOS 1.0: Loading Interface Builder products will not be supported in a future version of visionOS. [#DeprecatedDeclaration]
44 | tableView.register(nib, forHeaderFooterViewReuseIdentifier: view.key.rawValue)
45 | } else {
SwiftCompile normal arm64 /Users/admin/builder/spi-builder-workspace/Sources/Bradel/TableViewVC.swift (in target 'Bradel' from project 'Bradel')
cd /Users/admin/builder/spi-builder-workspace/.swiftpm/xcode
builtin-SwiftPerFileCompile TableViewVC.swift
PruneExplicitPrecompiledModules /Users/admin/builder/spi-builder-workspace/.derivedData/Build/Intermediates.noindex/SwiftExplicitPrecompiledModules
PruneExplicitPrecompiledModules /Users/admin/builder/spi-builder-workspace/.derivedData/SDKExplicitPrecompiledModules
PruneExplicitPrecompiledModules /Users/admin/builder/spi-builder-workspace/.derivedData/Build/Intermediates.noindex/ExplicitPrecompiledModules
2026-09-17 12:20:38.147 xcodebuild[651:4308] [MT] IDERunDestination: Supported platforms for the buildables in the current scheme is empty.
** BUILD FAILED **
The following build commands failed:
SwiftCompile normal arm64 (in target 'Bradel' from project 'Bradel')
SwiftEmitModule normal arm64 Emitting\ module\ for\ Bradel (in target 'Bradel' from project 'Bradel')
Building workspace Bradel with scheme Bradel
(3 failures)
Command line invocation:
/Applications/Xcode-27.0.0-Release.Candidate.app/Contents/Developer/usr/bin/xcodebuild -IDEClonedSourcePackagesDirPathOverride=/Users/admin/builder/spi-builder-workspace/.dependencies -resolvePackageDependencies
Resolve Package Graph
Resolved source packages:
Bradel: /Users/admin/builder/spi-builder-workspace
resolved source packages: Bradel
2026-09-17 12:20:45.353 xcodebuild[737:4670] [MT] IDERunDestination: Supported platforms for the buildables in the current scheme is empty.
{
"dependencies" : [
],
"manifest_display_name" : "Bradel",
"name" : "Bradel",
"path" : "/Users/admin/builder/spi-builder-workspace",
"platforms" : [
{
"name" : "ios",
"version" : "12.0"
},
{
"name" : "tvos",
"version" : "12.0"
}
],
"products" : [
{
"name" : "Bradel",
"targets" : [
"Bradel"
],
"type" : {
"library" : [
"automatic"
]
}
}
],
"targets" : [
{
"c99name" : "BradelTests",
"module_type" : "SwiftTarget",
"name" : "BradelTests",
"path" : "Tests/BradelTests",
"sources" : [
"BradelTests.swift",
"XCTestManifests.swift"
],
"target_dependencies" : [
"Bradel"
],
"type" : "test"
},
{
"c99name" : "Bradel",
"module_type" : "SwiftTarget",
"name" : "Bradel",
"path" : "Sources/Bradel",
"product_memberships" : [
"Bradel"
],
"sources" : [
"TableViewVC.swift",
"TableViewVMs.swift",
"VMTypeID.swift"
],
"type" : "library"
}
],
"tools_version" : "5.0"
}
{
"workspace" : {
"name" : "Bradel",
"schemes" : [
"Bradel"
]
}
}
2026-09-17 12:20:46.572 xcodebuild[745:4743] [MT] IDERunDestination: Supported platforms for the buildables in the current scheme is empty.
Running build ...
env DEVELOPER_DIR=/Applications/Xcode-27.0.0-Release.Candidate.app xcrun xcodebuild -IDEClonedSourcePackagesDirPathOverride=$PWD/.dependencies -skipMacroValidation -skipPackagePluginValidation -derivedDataPath $PWD/.derivedData build -scheme Bradel -destination generic/platform=xrOS
Command line invocation:
/Applications/Xcode-27.0.0-Release.Candidate.app/Contents/Developer/usr/bin/xcodebuild -IDEClonedSourcePackagesDirPathOverride=/Users/admin/builder/spi-builder-workspace/.dependencies -skipMacroValidation -skipPackagePluginValidation -derivedDataPath /Users/admin/builder/spi-builder-workspace/.derivedData build -scheme Bradel -destination generic/platform=xrOS
Resolve Package Graph
Resolved source packages:
Bradel: /Users/admin/builder/spi-builder-workspace
ComputePackagePrebuildTargetDependencyGraph
Prepare packages
CreateBuildRequest
SendProjectDescription
CreateBuildOperation
ComputeTargetDependencyGraph
note: Building targets in dependency order
note: Target dependency graph (2 targets)
Target 'Bradel-product' in project 'Bradel'
➜ Explicit dependency on target 'Bradel' in project 'Bradel'
Target 'Bradel' in project 'Bradel' (no dependencies)
GatherProvisioningInputs
CreateBuildDescription
ClangStatCache /Applications/Xcode-27.0.0-Release.Candidate.app/Contents/Developer/Toolchains/XcodeDefault.xctoolchain/usr/bin/clang-stat-cache /Applications/Xcode-27.0.0-Release.Candidate.app/Contents/Developer/Platforms/XROS.platform/Developer/SDKs/XROS27.0.sdk /Users/admin/builder/spi-builder-workspace/.derivedData/SDKStatCaches.noindex/xros27.0-24M361-e829b21a6f8c9b70876ba0858053c044735bd543db762f57723cac368afd1ce4.sdkstatcache
cd /Users/admin/builder/spi-builder-workspace/.swiftpm/xcode
/Applications/Xcode-27.0.0-Release.Candidate.app/Contents/Developer/Toolchains/XcodeDefault.xctoolchain/usr/bin/clang-stat-cache /Applications/Xcode-27.0.0-Release.Candidate.app/Contents/Developer/Platforms/XROS.platform/Developer/SDKs/XROS27.0.sdk -o /Users/admin/builder/spi-builder-workspace/.derivedData/SDKStatCaches.noindex/xros27.0-24M361-e829b21a6f8c9b70876ba0858053c044735bd543db762f57723cac368afd1ce4.sdkstatcache
SwiftDriver Bradel normal arm64 com.apple.xcode.tools.swift.compiler (in target 'Bradel' from project 'Bradel')
cd /Users/admin/builder/spi-builder-workspace/.swiftpm/xcode
builtin-SwiftDriver -- /Applications/Xcode-27.0.0-Release.Candidate.app/Contents/Developer/Toolchains/XcodeDefault.xctoolchain/usr/bin/swiftc -parse-as-library -module-name Bradel -Onone @/Users/admin/builder/spi-builder-workspace/.derivedData/Build/Intermediates.noindex/Bradel.build/Debug-xros/Bradel-t.build/Objects-normal/arm64/Bradel.SwiftFileList -DSWIFT_PACKAGE -DDEBUG -DSWIFT_MODULE_RESOURCE_BUNDLE_UNAVAILABLE -DXcode -plugin-path /Applications/Xcode-27.0.0-Release.Candidate.app/Contents/Developer/Toolchains/XcodeDefault.xctoolchain/usr/lib/swift/host/plugins/testing -enable-experimental-feature DebugDescriptionMacro -sdk /Applications/Xcode-27.0.0-Release.Candidate.app/Contents/Developer/Platforms/XROS.platform/Developer/SDKs/XROS27.0.sdk -target arm64-apple-xros1.0 -g -module-cache-path /Users/admin/builder/spi-builder-workspace/.derivedData/ModuleCache.noindex -Xfrontend -serialize-debugging-options -profile-coverage-mapping -profile-generate -enable-testing -index-store-path /Users/admin/builder/spi-builder-workspace/.derivedData/Index.noindex/DataStore -Xcc -D_LIBCPP_HARDENING_MODE\=_LIBCPP_HARDENING_MODE_DEBUG -swift-version 5 -I /Users/admin/builder/spi-builder-workspace/.derivedData/Build/Products/Debug-xros -Isystem /Applications/Xcode-27.0.0-Release.Candidate.app/Contents/Developer/Platforms/XROS.platform/Developer/usr/lib -F /Users/admin/builder/spi-builder-workspace/.derivedData/Build/Products/Debug-xros -F /Applications/Xcode-27.0.0-Release.Candidate.app/Contents/Developer/Platforms/XROS.platform/Developer/Library/Frameworks -F /Applications/Xcode-27.0.0-Release.Candidate.app/Contents/Developer/Platforms/XROS.platform/Developer/SDKs/XROS27.0.sdk/Developer/Library/Frameworks -c -j10 -enable-batch-mode -incremental -Xcc -ivfsstatcache -Xcc /Users/admin/builder/spi-builder-workspace/.derivedData/SDKStatCaches.noindex/xros27.0-24M361-e829b21a6f8c9b70876ba0858053c044735bd543db762f57723cac368afd1ce4.sdkstatcache -output-file-map /Users/admin/builder/spi-builder-workspace/.derivedData/Build/Intermediates.noindex/Bradel.build/Debug-xros/Bradel-t.build/Objects-normal/arm64/Bradel-OutputFileMap.json -save-temps -no-color-diagnostics -explicit-module-build -module-cache-path /Users/admin/builder/spi-builder-workspace/.derivedData/Build/Intermediates.noindex/SwiftExplicitPrecompiledModules -clang-scanner-module-cache-path /Users/admin/builder/spi-builder-workspace/.derivedData/ModuleCache.noindex -sdk-module-cache-path /Users/admin/builder/spi-builder-workspace/.derivedData/SDKExplicitPrecompiledModules -emit-dependencies -emit-module -emit-module-path /Users/admin/builder/spi-builder-workspace/.derivedData/Build/Intermediates.noindex/Bradel.build/Debug-xros/Bradel-t.build/Objects-normal/arm64/Bradel.swiftmodule -serialize-diagnostics -dependency-scan-serialize-diagnostics-path /Users/admin/builder/spi-builder-workspace/.derivedData/Build/Intermediates.noindex/Bradel.build/Debug-xros/Bradel-t.build/Objects-normal/arm64/Bradel-dependency-scan.dia -validate-clang-modules-once -clang-build-session-file /Users/admin/builder/spi-builder-workspace/.derivedData/ModuleCache.noindex/Session.modulevalidation -Xcc -fmodules-prune-interval\=86400 -Xcc -fmodules-prune-after\=345600 -emit-const-values -const-gather-protocols-list /Users/admin/builder/spi-builder-workspace/.derivedData/Build/Intermediates.noindex/Bradel.build/Debug-xros/Bradel-t.build/Objects-normal/arm64/Bradel_const_extract_protocols.json -Xcc -I/Users/admin/builder/spi-builder-workspace/.derivedData/Build/Products/Debug-xros/include -Xcc -I/Users/admin/builder/spi-builder-workspace/.derivedData/Build/Intermediates.noindex/Bradel.build/Debug-xros/Bradel-t.build/DerivedSources-normal/arm64 -Xcc -I/Users/admin/builder/spi-builder-workspace/.derivedData/Build/Intermediates.noindex/Bradel.build/Debug-xros/Bradel-t.build/DerivedSources/arm64 -Xcc -I/Users/admin/builder/spi-builder-workspace/.derivedData/Build/Intermediates.noindex/Bradel.build/Debug-xros/Bradel-t.build/DerivedSources -Xcc -DSWIFT_PACKAGE -Xcc -DDEBUG\=1 -emit-objc-header -emit-objc-header-path /Users/admin/builder/spi-builder-workspace/.derivedData/Build/Intermediates.noindex/Bradel.build/Debug-xros/Bradel-t.build/Objects-normal/arm64/Bradel-Swift.h -working-directory /Users/admin/builder/spi-builder-workspace/.swiftpm/xcode -experimental-emit-module-separately -disable-cmo
SwiftEmitModule normal arm64 Emitting\ module\ for\ Bradel (in target 'Bradel' from project 'Bradel')
SwiftCompile normal arm64 (in target 'Bradel' from project 'Bradel')
cd /Users/admin/builder/spi-builder-workspace/.swiftpm/xcode
/Users/admin/builder/spi-builder-workspace/Sources/Bradel/TableViewVC.swift:272:15: error: cannot override 'tableView' which has been marked unavailable
270 | }
271 |
272 | open func tableView(_ tableView: UITableView, editActionsForRowAt indexPath: IndexPath) -> [UITableViewRowAction]? {
| `- error: cannot override 'tableView' which has been marked unavailable
273 | return []
274 | }
/Applications/Xcode-27.0.0-Release.Candidate.app/Contents/Developer/Platforms/XROS.platform/Developer/SDKs/XROS27.0.sdk/System/Library/Frameworks/UIKit.framework/Headers/UITableView.h:187:1: note: 'tableView(_:editActionsForRowAt:)' has been explicitly marked unavailable here
185 |
186 | // This method supersedes -tableView:titleForDeleteConfirmationButtonForRowAtIndexPath: if return value is non-nil
187 | - (nullable NSArray<UITableViewRowAction *> *)tableView:(UITableView *)tableView editActionsForRowAtIndexPath:(NSIndexPath *)indexPath API_DEPRECATED_WITH_REPLACEMENT("tableView:trailingSwipeActionsConfigurationForRowAtIndexPath:", ios(8.0, 13.0)) API_UNAVAILABLE(tvos) API_UNAVAILABLE(visionos, watchos);
| `- note: 'tableView(_:editActionsForRowAt:)' has been explicitly marked unavailable here
188 |
189 | // Swipe actions
/Users/admin/builder/spi-builder-workspace/Sources/Bradel/TableViewVC.swift:272:97: error: 'UITableViewRowAction' is unavailable in visionOS
270 | }
271 |
272 | open func tableView(_ tableView: UITableView, editActionsForRowAt indexPath: IndexPath) -> [UITableViewRowAction]? {
| `- error: 'UITableViewRowAction' is unavailable in visionOS
273 | return []
274 | }
/Applications/Xcode-27.0.0-Release.Candidate.app/Contents/Developer/Platforms/XROS.platform/Developer/SDKs/XROS27.0.sdk/System/Library/Frameworks/UIKit.framework/Headers/UITableView.h:77:12: note: 'UITableViewRowAction' has been explicitly marked unavailable here
75 |
76 | UIKIT_EXTERN API_DEPRECATED("Use UIContextualAction and related APIs instead.", ios(8.0, 13.0)) API_UNAVAILABLE(tvos) API_UNAVAILABLE(visionos, watchos) NS_SWIFT_UI_ACTOR
77 | @interface UITableViewRowAction : NSObject <NSCopying>
| `- note: 'UITableViewRowAction' has been explicitly marked unavailable here
78 |
79 | + (instancetype)rowActionWithStyle:(UITableViewRowActionStyle)style title:(nullable NSString *)title handler:(void (^)(UITableViewRowAction *action, NSIndexPath *indexPath))handler;
/Users/admin/builder/spi-builder-workspace/Sources/Bradel/TableViewVMs.swift:6:37: warning: using 'class' keyword to define a class-constrained protocol is deprecated; use 'AnyObject' instead [#deprecation]
4 | // Protocols definition
5 |
6 | public protocol ConfigurableWithVM: class {
| `- warning: using 'class' keyword to define a class-constrained protocol is deprecated; use 'AnyObject' instead [#deprecation]
7 | func configure(with viewModel: IdentifiableVMProtocol)
8 | }
Failed frontend command:
/Applications/Xcode-27.0.0-Release.Candidate.app/Contents/Developer/Toolchains/XcodeDefault.xctoolchain/usr/bin/swift-frontend -frontend -emit-module -experimental-skip-non-inlinable-function-bodies-without-types /Users/admin/builder/spi-builder-workspace/Sources/Bradel/TableViewVC.swift /Users/admin/builder/spi-builder-workspace/Sources/Bradel/TableViewVMs.swift /Users/admin/builder/spi-builder-workspace/Sources/Bradel/VMTypeID.swift -target arm64-apple-xros1.0 -module-can-import-version UIKit 9127.0.84.1 9127.0.84 -disable-cross-import-overlay-search -load-resolved-plugin /Applications/Xcode-27.0.0-Release.Candidate.app/Contents/Developer/Platforms/XROS.platform/Developer/usr/lib/swift/host/plugins/libFoundationMacros.dylib\#/Applications/Xcode-27.0.0-Release.Candidate.app/Contents/Developer/Platforms/XROS.platform/Developer/usr/bin/swift-plugin-server\#FoundationMacros -load-resolved-plugin /Applications/Xcode-27.0.0-Release.Candidate.app/Contents/Developer/Platforms/XROS.platform/Developer/usr/lib/swift/host/plugins/libObservationMacros.dylib\#/Applications/Xcode-27.0.0-Release.Candidate.app/Contents/Developer/Platforms/XROS.platform/Developer/usr/bin/swift-plugin-server\#ObservationMacros -load-resolved-plugin /Applications/Xcode-27.0.0-Release.Candidate.app/Contents/Developer/Platforms/XROS.platform/Developer/usr/lib/swift/host/plugins/libPreviewsMacros.dylib\#/Applications/Xcode-27.0.0-Release.Candidate.app/Contents/Developer/Platforms/XROS.platform/Developer/usr/bin/swift-plugin-server\#PreviewsMacros -load-resolved-plugin /Applications/Xcode-27.0.0-Release.Candidate.app/Contents/Developer/Platforms/XROS.platform/Developer/usr/lib/swift/host/plugins/libSwiftMacros.dylib\#/Applications/Xcode-27.0.0-Release.Candidate.app/Contents/Developer/Platforms/XROS.platform/Developer/usr/bin/swift-plugin-server\#SwiftMacros -load-resolved-plugin /Applications/Xcode-27.0.0-Release.Candidate.app/Contents/Developer/Platforms/XROS.platform/Developer/usr/lib/swift/host/plugins/libSwiftUIMacros.dylib\#/Applications/Xcode-27.0.0-Release.Candidate.app/Contents/Developer/Platforms/XROS.platform/Developer/usr/bin/swift-plugin-server\#SwiftUIMacros -disable-implicit-swift-modules -Xcc -fno-implicit-modules -Xcc -fno-implicit-module-maps -explicit-swift-module-map-file /Users/admin/builder/spi-builder-workspace/.derivedData/Build/Intermediates.noindex/Bradel.build/Debug-xros/Bradel-t.build/Objects-normal/arm64/Bradel-dependencies-1.json -Xllvm -aarch64-use-tbi -enable-objc-interop -stack-check -sdk /Applications/Xcode-27.0.0-Release.Candidate.app/Contents/Developer/Platforms/XROS.platform/Developer/SDKs/XROS27.0.sdk -I /Users/admin/builder/spi-builder-workspace/.derivedData/Build/Products/Debug-xros -Isystem /Applications/Xcode-27.0.0-Release.Candidate.app/Contents/Developer/Platforms/XROS.platform/Developer/usr/lib -F /Users/admin/builder/spi-builder-workspace/.derivedData/Build/Products/Debug-xros -F /Applications/Xcode-27.0.0-Release.Candidate.app/Contents/Developer/Platforms/XROS.platform/Developer/Library/Frameworks -F /Applications/Xcode-27.0.0-Release.Candidate.app/Contents/Developer/Platforms/XROS.platform/Developer/SDKs/XROS27.0.sdk/Developer/Library/Frameworks -module-cache-path /Users/admin/builder/spi-builder-workspace/.derivedData/Build/Intermediates.noindex/SwiftExplicitPrecompiledModules -no-color-diagnostics -Xcc -fno-color-diagnostics -enable-testing -g -debug-info-format\=dwarf -dwarf-version\=4 -profile-generate -profile-coverage-mapping -swift-version 5 -Onone -D SWIFT_PACKAGE -D DEBUG -D SWIFT_MODULE_RESOURCE_BUNDLE_UNAVAILABLE -D Xcode -serialize-debugging-options -enable-experimental-feature DebugDescriptionMacro -empty-abi-descriptor -validate-clang-modules-once -clang-build-session-file /Users/admin/builder/spi-builder-workspace/.derivedData/ModuleCache.noindex/Session.modulevalidation -Xcc -working-directory -Xcc /Users/admin/builder/spi-builder-workspace/.swiftpm/xcode -enable-anonymous-context-mangled-names -file-compilation-dir /Users/admin/builder/spi-builder-workspace/.swiftpm/xcode -Xcc -D_LIBCPP_HARDENING_MODE\=_LIBCPP_HARDENING_MODE_DEBUG -Xcc -ivfsstatcache -Xcc /Users/admin/builder/spi-builder-workspace/.derivedData/SDKStatCaches.noindex/xros27.0-24M361-e829b21a6f8c9b70876ba0858053c044735bd543db762f57723cac368afd1ce4.sdkstatcache -Xcc -fmodules-prune-interval\=86400 -Xcc -fmodules-prune-after\=345600 -Xcc -I/Users/admin/builder/spi-builder-workspace/.derivedData/Build/Products/Debug-xros/include -Xcc -I/Users/admin/builder/spi-builder-workspace/.derivedData/Build/Intermediates.noindex/Bradel.build/Debug-xros/Bradel-t.build/DerivedSources-normal/arm64 -Xcc -I/Users/admin/builder/spi-builder-workspace/.derivedData/Build/Intermediates.noindex/Bradel.build/Debug-xros/Bradel-t.build/DerivedSources/arm64 -Xcc -I/Users/admin/builder/spi-builder-workspace/.derivedData/Build/Intermediates.noindex/Bradel.build/Debug-xros/Bradel-t.build/DerivedSources -Xcc -DSWIFT_PACKAGE -Xcc -DDEBUG\=1 -no-auto-bridging-header-chaining -module-name Bradel -const-gather-protocols-file /Users/admin/builder/spi-builder-workspace/.derivedData/Build/Intermediates.noindex/Bradel.build/Debug-xros/Bradel-t.build/Objects-normal/arm64/Bradel_const_extract_protocols.json -disable-clang-spi -clang-target arm64-apple-xros27.0 -target-sdk-version 27.0 -target-sdk-name xros27.0 -in-process-plugin-server-path /Applications/Xcode-27.0.0-Release.Candidate.app/Contents/Developer/Toolchains/XcodeDefault.xctoolchain/usr/lib/swift/host/libSwiftInProcPluginServer.dylib -emit-module-doc-path /Users/admin/builder/spi-builder-workspace/.derivedData/Build/Intermediates.noindex/Bradel.build/Debug-xros/Bradel-t.build/Objects-normal/arm64/Bradel.swiftdoc -emit-module-source-info-path /Users/admin/builder/spi-builder-workspace/.derivedData/Build/Intermediates.noindex/Bradel.build/Debug-xros/Bradel-t.build/Objects-normal/arm64/Bradel.swiftsourceinfo -emit-objc-header-path /Users/admin/builder/spi-builder-workspace/.derivedData/Build/Intermediates.noindex/Bradel.build/Debug-xros/Bradel-t.build/Objects-normal/arm64/Bradel-Swift.h -serialize-diagnostics-path /Users/admin/builder/spi-builder-workspace/.derivedData/Build/Intermediates.noindex/Bradel.build/Debug-xros/Bradel-t.build/Objects-normal/arm64/Bradel-primary-emit-module.dia -emit-dependencies-path /Users/admin/builder/spi-builder-workspace/.derivedData/Build/Intermediates.noindex/Bradel.build/Debug-xros/Bradel-t.build/Objects-normal/arm64/Bradel-primary-emit-module.d -parse-as-library -o /Users/admin/builder/spi-builder-workspace/.derivedData/Build/Intermediates.noindex/Bradel.build/Debug-xros/Bradel-t.build/Objects-normal/arm64/Bradel.swiftmodule -emit-abi-descriptor-path /Users/admin/builder/spi-builder-workspace/.derivedData/Build/Intermediates.noindex/Bradel.build/Debug-xros/Bradel-t.build/Objects-normal/arm64/Bradel.abi.json
SwiftCompile normal arm64 Compiling\ TableViewVC.swift /Users/admin/builder/spi-builder-workspace/Sources/Bradel/TableViewVC.swift (in target 'Bradel' from project 'Bradel')
SwiftCompile normal arm64 /Users/admin/builder/spi-builder-workspace/Sources/Bradel/TableViewVC.swift (in target 'Bradel' from project 'Bradel')
cd /Users/admin/builder/spi-builder-workspace/.swiftpm/xcode
builtin-SwiftPerFileCompile TableViewVC.swift
/Users/admin/builder/spi-builder-workspace/Sources/Bradel/TableViewVC.swift:272:15: error: cannot override 'tableView' which has been marked unavailable
270 | }
271 |
272 | open func tableView(_ tableView: UITableView, editActionsForRowAt indexPath: IndexPath) -> [UITableViewRowAction]? {
| `- error: cannot override 'tableView' which has been marked unavailable
273 | return []
274 | }
/Applications/Xcode-27.0.0-Release.Candidate.app/Contents/Developer/Platforms/XROS.platform/Developer/SDKs/XROS27.0.sdk/System/Library/Frameworks/UIKit.framework/Headers/UITableView.h:187:1: note: 'tableView(_:editActionsForRowAt:)' has been explicitly marked unavailable here
185 |
186 | // This method supersedes -tableView:titleForDeleteConfirmationButtonForRowAtIndexPath: if return value is non-nil
187 | - (nullable NSArray<UITableViewRowAction *> *)tableView:(UITableView *)tableView editActionsForRowAtIndexPath:(NSIndexPath *)indexPath API_DEPRECATED_WITH_REPLACEMENT("tableView:trailingSwipeActionsConfigurationForRowAtIndexPath:", ios(8.0, 13.0)) API_UNAVAILABLE(tvos) API_UNAVAILABLE(visionos, watchos);
| `- note: 'tableView(_:editActionsForRowAt:)' has been explicitly marked unavailable here
188 |
189 | // Swipe actions
/Users/admin/builder/spi-builder-workspace/Sources/Bradel/TableViewVC.swift:272:97: error: 'UITableViewRowAction' is unavailable in visionOS
270 | }
271 |
272 | open func tableView(_ tableView: UITableView, editActionsForRowAt indexPath: IndexPath) -> [UITableViewRowAction]? {
| `- error: 'UITableViewRowAction' is unavailable in visionOS
273 | return []
274 | }
/Applications/Xcode-27.0.0-Release.Candidate.app/Contents/Developer/Platforms/XROS.platform/Developer/SDKs/XROS27.0.sdk/System/Library/Frameworks/UIKit.framework/Headers/UITableView.h:77:12: note: 'UITableViewRowAction' has been explicitly marked unavailable here
75 |
76 | UIKIT_EXTERN API_DEPRECATED("Use UIContextualAction and related APIs instead.", ios(8.0, 13.0)) API_UNAVAILABLE(tvos) API_UNAVAILABLE(visionos, watchos) NS_SWIFT_UI_ACTOR
77 | @interface UITableViewRowAction : NSObject <NSCopying>
| `- note: 'UITableViewRowAction' has been explicitly marked unavailable here
78 |
79 | + (instancetype)rowActionWithStyle:(UITableViewRowActionStyle)style title:(nullable NSString *)title handler:(void (^)(UITableViewRowAction *action, NSIndexPath *indexPath))handler;
/Users/admin/builder/spi-builder-workspace/Sources/Bradel/TableViewVC.swift:35:31: warning: 'UINib' was deprecated in visionOS 1.0: Loading Interface Builder products will not be supported in a future version of visionOS. [#DeprecatedDeclaration]
33 | case is UITableViewCell.Type:
34 | if let nibPath = Bundle.main.path(forResource: nibName, ofType: "nib"), FileManager.default.fileExists(atPath: nibPath) {
35 | let nib = UINib(nibName: String(describing: view.value), bundle: nil)
| `- warning: 'UINib' was deprecated in visionOS 1.0: Loading Interface Builder products will not be supported in a future version of visionOS. [#DeprecatedDeclaration]
36 | tableView.register(nib, forCellReuseIdentifier: view.key.rawValue)
37 | } else {
/Users/admin/builder/spi-builder-workspace/Sources/Bradel/TableViewVC.swift:36:31: warning: 'register(_:forCellReuseIdentifier:)' was deprecated in visionOS 1.0: Loading Interface Builder products will not be supported in a future version of visionOS. [#DeprecatedDeclaration]
34 | if let nibPath = Bundle.main.path(forResource: nibName, ofType: "nib"), FileManager.default.fileExists(atPath: nibPath) {
35 | let nib = UINib(nibName: String(describing: view.value), bundle: nil)
36 | tableView.register(nib, forCellReuseIdentifier: view.key.rawValue)
| `- warning: 'register(_:forCellReuseIdentifier:)' was deprecated in visionOS 1.0: Loading Interface Builder products will not be supported in a future version of visionOS. [#DeprecatedDeclaration]
37 | } else {
38 | tableView.register(view.value, forCellReuseIdentifier: view.key.rawValue)
/Users/admin/builder/spi-builder-workspace/Sources/Bradel/TableViewVC.swift:43:31: warning: 'UINib' was deprecated in visionOS 1.0: Loading Interface Builder products will not be supported in a future version of visionOS. [#DeprecatedDeclaration]
41 | case is UITableViewHeaderFooterView.Type:
42 | if let nibPath = Bundle.main.path(forResource: nibName, ofType: "nib"), FileManager.default.fileExists(atPath: nibPath) {
43 | let nib = UINib(nibName: String(describing: view.value), bundle: nil)
| `- warning: 'UINib' was deprecated in visionOS 1.0: Loading Interface Builder products will not be supported in a future version of visionOS. [#DeprecatedDeclaration]
44 | tableView.register(nib, forHeaderFooterViewReuseIdentifier: view.key.rawValue)
45 | } else {
SwiftCompile normal arm64 Compiling\ TableViewVMs.swift /Users/admin/builder/spi-builder-workspace/Sources/Bradel/TableViewVMs.swift (in target 'Bradel' from project 'Bradel')
SwiftCompile normal arm64 /Users/admin/builder/spi-builder-workspace/Sources/Bradel/TableViewVMs.swift (in target 'Bradel' from project 'Bradel')
cd /Users/admin/builder/spi-builder-workspace/.swiftpm/xcode
builtin-SwiftPerFileCompile TableViewVMs.swift
SwiftCompile normal arm64 Compiling\ VMTypeID.swift /Users/admin/builder/spi-builder-workspace/Sources/Bradel/VMTypeID.swift (in target 'Bradel' from project 'Bradel')
SwiftCompile normal arm64 /Users/admin/builder/spi-builder-workspace/Sources/Bradel/VMTypeID.swift (in target 'Bradel' from project 'Bradel')
cd /Users/admin/builder/spi-builder-workspace/.swiftpm/xcode
builtin-SwiftPerFileCompile VMTypeID.swift
PruneExplicitPrecompiledModules /Users/admin/builder/spi-builder-workspace/.derivedData/SDKExplicitPrecompiledModules
PruneExplicitPrecompiledModules /Users/admin/builder/spi-builder-workspace/.derivedData/Build/Intermediates.noindex/ExplicitPrecompiledModules
PruneExplicitPrecompiledModules /Users/admin/builder/spi-builder-workspace/.derivedData/Build/Intermediates.noindex/SwiftExplicitPrecompiledModules
2026-09-17 12:20:47.555 xcodebuild[746:4771] [MT] IDERunDestination: Supported platforms for the buildables in the current scheme is empty.
** BUILD FAILED **
The following build commands failed:
SwiftCompile normal arm64 (in target 'Bradel' from project 'Bradel')
SwiftEmitModule normal arm64 Emitting\ module\ for\ Bradel (in target 'Bradel' from project 'Bradel')
Building workspace Bradel with scheme Bradel
(3 failures)
BUILD FAILURE 6.4 visionOS