The Swift Package Index logo.Swift Package Index

Build Information

Failed to build ConstExpr, reference main (7106f1), with Swift 6.1 for macOS (Xcode) using Xcode 16.3 on 18 Oct 2026 03:31:40 UTC.

Build Command

No build command. This typically means the build failed at an early stage where we determine the build command.

Build Log

========================================
RunAll
========================================
Builder version: 5.1.3
Interrupt handler set up.
========================================
Checkout
========================================
Clone URL: https://github.com/gonzalolarralde/swift-constexpr.git
Reference: main
Initialized empty Git repository in /Users/admin/builder/spi-builder-workspace/.git/
From https://github.com/gonzalolarralde/swift-constexpr
 * branch            main       -> FETCH_HEAD
 * [new branch]      main       -> origin/main
HEAD is now at 7106f1c Merge library-owned macros and Embedded support into main
Cloned https://github.com/gonzalolarralde/swift-constexpr.git
Revision (git rev-parse @):
7106f1cd5981d9077b1b8337005094c0b90f2a17
SUCCESS checkout https://github.com/gonzalolarralde/swift-constexpr.git at main
========================================
Build
========================================
Selected platform:         macosXcodebuild
Swift version:             6.1
Building package at path:  $PWD
https://github.com/gonzalolarralde/swift-constexpr.git
https://github.com/gonzalolarralde/swift-constexpr.git
error: 'spi-builder-workspace': package 'spi-builder-workspace' is using Swift tools version 6.3.0 but the installed version is 6.1.0
error: fatalError
Command line invocation:
    /Applications/Xcode-16.3.0.app/Contents/Developer/usr/bin/xcodebuild -IDEClonedSourcePackagesDirPathOverride=/Users/admin/builder/spi-builder-workspace/.dependencies -resolvePackageDependencies
Resolve Package Graph
package 'spi-builder-workspace' is using Swift tools version 6.3.0 but the installed version is 6.1.0
Resolved source packages:
  spi-builder-workspace: (null)
2026-10-17 20:31:39.340 xcodebuild[506:2910] Writing error result bundle to /var/folders/5k/5yc19ymj0jqd5v0zvgfqz0xw0000gn/T/ResultBundle_2026-17-10_20-31-0039.xcresult
xcodebuild: error: Could not resolve package dependencies:
  package 'spi-builder-workspace' is using Swift tools version 6.3.0 but the installed version is 6.1.0
Command line invocation:
    /Applications/Xcode-16.3.0.app/Contents/Developer/usr/bin/xcodebuild -IDEClonedSourcePackagesDirPathOverride=/Users/admin/builder/spi-builder-workspace/.dependencies -resolvePackageDependencies
Resolve Package Graph
package 'spi-builder-workspace' is using Swift tools version 6.3.0 but the installed version is 6.1.0
Resolved source packages:
  spi-builder-workspace: (null)
2026-10-17 20:31:40.088 xcodebuild[515:2991] Writing error result bundle to /var/folders/5k/5yc19ymj0jqd5v0zvgfqz0xw0000gn/T/ResultBundle_2026-17-10_20-31-0040.xcresult
xcodebuild: error: Could not resolve package dependencies:
  package 'spi-builder-workspace' is using Swift tools version 6.3.0 but the installed version is 6.1.0
BUILD FAILURE 6.1 macosXcodebuild