Build Information
Failed to build EFNavigationBar, reference master (21a249), with Swift 6.4 for watchOS using Xcode 27.0 on 19 Sep 2026 10:00:19 UTC.
Build Command
env DEVELOPER_DIR=/Applications/Xcode-27.0.0-Release.Candidate.app xcrun xcodebuild -IDEClonedSourcePackagesDirPathOverride=$PWD/.dependencies -skipMacroValidation -skipPackagePluginValidation -derivedDataPath $PWD/.derivedData build -scheme EFNavigationBar -destination generic/platform=watchOSBuild Log
SwiftCompile normal arm64 /Users/admin/builder/spi-builder-workspace/.dependencies/checkouts/EFFoundation/EFFoundation/Core/Extension/BinaryFloatingPoint+.swift (in target 'EFFoundation' from project 'EFFoundation')
cd /Users/admin/builder/spi-builder-workspace/.swiftpm/xcode
builtin-SwiftPerFileCompile BinaryFloatingPoint+.swift
SwiftCompile normal arm64 /Users/admin/builder/spi-builder-workspace/.dependencies/checkouts/EFFoundation/EFFoundation/Core/Extension/BinaryInteger+.swift (in target 'EFFoundation' from project 'EFFoundation')
cd /Users/admin/builder/spi-builder-workspace/.swiftpm/xcode
builtin-SwiftPerFileCompile BinaryInteger+.swift
SwiftCompile normal arm64 /Users/admin/builder/spi-builder-workspace/.dependencies/checkouts/EFFoundation/EFFoundation/Core/Extension/Bool+.swift (in target 'EFFoundation' from project 'EFFoundation')
cd /Users/admin/builder/spi-builder-workspace/.swiftpm/xcode
builtin-SwiftPerFileCompile Bool+.swift
SwiftCompile normal arm64 Compiling\ CIColor+.swift,\ CIImage+.swift,\ Character+.swift,\ Comparable+.swift,\ Data+.swift,\ Date+.swift /Users/admin/builder/spi-builder-workspace/.dependencies/checkouts/EFFoundation/EFFoundation/Core/Extension/CIColor+.swift /Users/admin/builder/spi-builder-workspace/.dependencies/checkouts/EFFoundation/EFFoundation/Core/Extension/CIImage+.swift /Users/admin/builder/spi-builder-workspace/.dependencies/checkouts/EFFoundation/EFFoundation/Core/Extension/Character+.swift /Users/admin/builder/spi-builder-workspace/.dependencies/checkouts/EFFoundation/EFFoundation/Core/Extension/Comparable+.swift /Users/admin/builder/spi-builder-workspace/.dependencies/checkouts/EFFoundation/EFFoundation/Core/Extension/Data+.swift /Users/admin/builder/spi-builder-workspace/.dependencies/checkouts/EFFoundation/EFFoundation/Core/Extension/Date+.swift (in target 'EFFoundation' from project 'EFFoundation')
SwiftCompile normal arm64 /Users/admin/builder/spi-builder-workspace/.dependencies/checkouts/EFFoundation/EFFoundation/Core/Extension/CIColor+.swift (in target 'EFFoundation' from project 'EFFoundation')
cd /Users/admin/builder/spi-builder-workspace/.swiftpm/xcode
builtin-SwiftPerFileCompile CIColor+.swift
SwiftCompile normal arm64 /Users/admin/builder/spi-builder-workspace/.dependencies/checkouts/EFFoundation/EFFoundation/Core/Extension/CIImage+.swift (in target 'EFFoundation' from project 'EFFoundation')
cd /Users/admin/builder/spi-builder-workspace/.swiftpm/xcode
builtin-SwiftPerFileCompile CIImage+.swift
SwiftCompile normal arm64 /Users/admin/builder/spi-builder-workspace/.dependencies/checkouts/EFFoundation/EFFoundation/Core/Extension/Character+.swift (in target 'EFFoundation' from project 'EFFoundation')
cd /Users/admin/builder/spi-builder-workspace/.swiftpm/xcode
builtin-SwiftPerFileCompile Character+.swift
SwiftCompile normal arm64 /Users/admin/builder/spi-builder-workspace/.dependencies/checkouts/EFFoundation/EFFoundation/Core/Extension/Comparable+.swift (in target 'EFFoundation' from project 'EFFoundation')
cd /Users/admin/builder/spi-builder-workspace/.swiftpm/xcode
builtin-SwiftPerFileCompile Comparable+.swift
SwiftCompile normal arm64 /Users/admin/builder/spi-builder-workspace/.dependencies/checkouts/EFFoundation/EFFoundation/Core/Extension/Data+.swift (in target 'EFFoundation' from project 'EFFoundation')
cd /Users/admin/builder/spi-builder-workspace/.swiftpm/xcode
builtin-SwiftPerFileCompile Data+.swift
SwiftCompile normal arm64 /Users/admin/builder/spi-builder-workspace/.dependencies/checkouts/EFFoundation/EFFoundation/Core/Extension/Date+.swift (in target 'EFFoundation' from project 'EFFoundation')
cd /Users/admin/builder/spi-builder-workspace/.swiftpm/xcode
builtin-SwiftPerFileCompile Date+.swift
SwiftEmitModule normal arm64_32 Emitting\ module\ for\ EFFoundation (in target 'EFFoundation' from project 'EFFoundation')
SwiftCompile normal arm64_32 (in target 'EFFoundation' from project 'EFFoundation')
cd /Users/admin/builder/spi-builder-workspace/.swiftpm/xcode
SwiftDriverJobDiscovery normal arm64 Emitting module for EFFoundation (in target 'EFFoundation' from project 'EFFoundation')
SwiftDriver\ Compilation\ Requirements EFFoundation normal arm64 com.apple.xcode.tools.swift.compiler (in target 'EFFoundation' from project 'EFFoundation')
cd /Users/admin/builder/spi-builder-workspace/.swiftpm/xcode
builtin-Swift-Compilation-Requirements -- /Applications/Xcode-27.0.0-Release.Candidate.app/Contents/Developer/Toolchains/XcodeDefault.xctoolchain/usr/bin/swiftc -parse-as-library -module-name EFFoundation -Onone @/Users/admin/builder/spi-builder-workspace/.derivedData/Build/Intermediates.noindex/EFFoundation.build/Debug-watchos/EFFoundation-t.build/Objects-normal/arm64/EFFoundation.SwiftFileList -DSWIFT_PACKAGE -DDEBUG -DSWIFT_MODULE_RESOURCE_BUNDLE_UNAVAILABLE -DXcode -plugin-path /Applications/Xcode-27.0.0-Release.Candidate.app/Contents/Developer/Toolchains/XcodeDefault.xctoolchain/usr/lib/swift/host/plugins/testing -enable-experimental-feature DebugDescriptionMacro -sdk /Applications/Xcode-27.0.0-Release.Candidate.app/Contents/Developer/Platforms/WatchOS.platform/Developer/SDKs/WatchOS27.0.sdk -target arm64-apple-watchos9.0 -g -module-cache-path /Users/admin/builder/spi-builder-workspace/.derivedData/ModuleCache.noindex -Xfrontend -serialize-debugging-options -enable-testing -suppress-warnings -index-store-path /Users/admin/builder/spi-builder-workspace/.derivedData/Index.noindex/DataStore -Xcc -D_LIBCPP_HARDENING_MODE\=_LIBCPP_HARDENING_MODE_DEBUG -swift-version 5 -I /Users/admin/builder/spi-builder-workspace/.derivedData/Build/Products/Debug-watchos -Isystem /Applications/Xcode-27.0.0-Release.Candidate.app/Contents/Developer/Platforms/WatchOS.platform/Developer/usr/lib -F /Users/admin/builder/spi-builder-workspace/.derivedData/Build/Products/Debug-watchos -F /Applications/Xcode-27.0.0-Release.Candidate.app/Contents/Developer/Platforms/WatchOS.platform/Developer/Library/Frameworks -F /Applications/Xcode-27.0.0-Release.Candidate.app/Contents/Developer/Platforms/WatchOS.platform/Developer/SDKs/WatchOS27.0.sdk/Developer/Library/Frameworks -c -j10 -enable-batch-mode -incremental -Xcc -ivfsstatcache -Xcc /Users/admin/builder/spi-builder-workspace/.derivedData/SDKStatCaches.noindex/watchos27.0-24R360-e829b21a6f8c9b70876ba0858053c04477534ef55a1706bf4c1112bbb242f0a2.sdkstatcache -output-file-map /Users/admin/builder/spi-builder-workspace/.derivedData/Build/Intermediates.noindex/EFFoundation.build/Debug-watchos/EFFoundation-t.build/Objects-normal/arm64/EFFoundation-OutputFileMap.json -save-temps -no-color-diagnostics -explicit-module-build -module-cache-path /Users/admin/builder/spi-builder-workspace/.derivedData/Build/Intermediates.noindex/SwiftExplicitPrecompiledModules -clang-scanner-module-cache-path /Users/admin/builder/spi-builder-workspace/.derivedData/ModuleCache.noindex -sdk-module-cache-path /Users/admin/builder/spi-builder-workspace/.derivedData/SDKExplicitPrecompiledModules -emit-dependencies -emit-module -emit-module-path /Users/admin/builder/spi-builder-workspace/.derivedData/Build/Intermediates.noindex/EFFoundation.build/Debug-watchos/EFFoundation-t.build/Objects-normal/arm64/EFFoundation.swiftmodule -serialize-diagnostics -dependency-scan-serialize-diagnostics-path /Users/admin/builder/spi-builder-workspace/.derivedData/Build/Intermediates.noindex/EFFoundation.build/Debug-watchos/EFFoundation-t.build/Objects-normal/arm64/EFFoundation-dependency-scan.dia -validate-clang-modules-once -clang-build-session-file /Users/admin/builder/spi-builder-workspace/.derivedData/ModuleCache.noindex/Session.modulevalidation -Xcc -fmodules-prune-interval\=86400 -Xcc -fmodules-prune-after\=345600 -emit-const-values -const-gather-protocols-list /Users/admin/builder/spi-builder-workspace/.derivedData/Build/Intermediates.noindex/EFFoundation.build/Debug-watchos/EFFoundation-t.build/Objects-normal/arm64/EFFoundation_const_extract_protocols.json -Xcc -I/Users/admin/builder/spi-builder-workspace/.derivedData/Build/Products/Debug-watchos/include -Xcc -I/Users/admin/builder/spi-builder-workspace/.derivedData/Build/Intermediates.noindex/EFFoundation.build/Debug-watchos/EFFoundation-t.build/DerivedSources-normal/arm64 -Xcc -I/Users/admin/builder/spi-builder-workspace/.derivedData/Build/Intermediates.noindex/EFFoundation.build/Debug-watchos/EFFoundation-t.build/DerivedSources/arm64 -Xcc -I/Users/admin/builder/spi-builder-workspace/.derivedData/Build/Intermediates.noindex/EFFoundation.build/Debug-watchos/EFFoundation-t.build/DerivedSources -Xcc -DSWIFT_PACKAGE -Xcc -DDEBUG\=1 -emit-objc-header -emit-objc-header-path /Users/admin/builder/spi-builder-workspace/.derivedData/Build/Intermediates.noindex/EFFoundation.build/Debug-watchos/EFFoundation-t.build/Objects-normal/arm64/EFFoundation-Swift.h -working-directory /Users/admin/builder/spi-builder-workspace/.swiftpm/xcode -experimental-emit-module-separately -disable-cmo
SwiftDriverJobDiscovery normal arm64_32 Emitting module for EFFoundation (in target 'EFFoundation' from project 'EFFoundation')
SwiftCompile normal arm64_32 Compiling\ CIColor+.swift,\ CIImage+.swift,\ Character+.swift,\ Comparable+.swift,\ Data+.swift,\ Date+.swift /Users/admin/builder/spi-builder-workspace/.dependencies/checkouts/EFFoundation/EFFoundation/Core/Extension/CIColor+.swift /Users/admin/builder/spi-builder-workspace/.dependencies/checkouts/EFFoundation/EFFoundation/Core/Extension/CIImage+.swift /Users/admin/builder/spi-builder-workspace/.dependencies/checkouts/EFFoundation/EFFoundation/Core/Extension/Character+.swift /Users/admin/builder/spi-builder-workspace/.dependencies/checkouts/EFFoundation/EFFoundation/Core/Extension/Comparable+.swift /Users/admin/builder/spi-builder-workspace/.dependencies/checkouts/EFFoundation/EFFoundation/Core/Extension/Data+.swift /Users/admin/builder/spi-builder-workspace/.dependencies/checkouts/EFFoundation/EFFoundation/Core/Extension/Date+.swift (in target 'EFFoundation' from project 'EFFoundation')
SwiftCompile normal arm64_32 /Users/admin/builder/spi-builder-workspace/.dependencies/checkouts/EFFoundation/EFFoundation/Core/Extension/CIColor+.swift (in target 'EFFoundation' from project 'EFFoundation')
cd /Users/admin/builder/spi-builder-workspace/.swiftpm/xcode
builtin-SwiftPerFileCompile CIColor+.swift
SwiftCompile normal arm64_32 /Users/admin/builder/spi-builder-workspace/.dependencies/checkouts/EFFoundation/EFFoundation/Core/Extension/CIImage+.swift (in target 'EFFoundation' from project 'EFFoundation')
cd /Users/admin/builder/spi-builder-workspace/.swiftpm/xcode
builtin-SwiftPerFileCompile CIImage+.swift
SwiftCompile normal arm64_32 /Users/admin/builder/spi-builder-workspace/.dependencies/checkouts/EFFoundation/EFFoundation/Core/Extension/Character+.swift (in target 'EFFoundation' from project 'EFFoundation')
cd /Users/admin/builder/spi-builder-workspace/.swiftpm/xcode
builtin-SwiftPerFileCompile Character+.swift
SwiftCompile normal arm64_32 /Users/admin/builder/spi-builder-workspace/.dependencies/checkouts/EFFoundation/EFFoundation/Core/Extension/Comparable+.swift (in target 'EFFoundation' from project 'EFFoundation')
cd /Users/admin/builder/spi-builder-workspace/.swiftpm/xcode
builtin-SwiftPerFileCompile Comparable+.swift
SwiftCompile normal arm64_32 /Users/admin/builder/spi-builder-workspace/.dependencies/checkouts/EFFoundation/EFFoundation/Core/Extension/Data+.swift (in target 'EFFoundation' from project 'EFFoundation')
cd /Users/admin/builder/spi-builder-workspace/.swiftpm/xcode
builtin-SwiftPerFileCompile Data+.swift
SwiftCompile normal arm64_32 /Users/admin/builder/spi-builder-workspace/.dependencies/checkouts/EFFoundation/EFFoundation/Core/Extension/Date+.swift (in target 'EFFoundation' from project 'EFFoundation')
cd /Users/admin/builder/spi-builder-workspace/.swiftpm/xcode
builtin-SwiftPerFileCompile Date+.swift
SwiftDriver\ Compilation\ Requirements EFFoundation normal arm64_32 com.apple.xcode.tools.swift.compiler (in target 'EFFoundation' from project 'EFFoundation')
cd /Users/admin/builder/spi-builder-workspace/.swiftpm/xcode
builtin-Swift-Compilation-Requirements -- /Applications/Xcode-27.0.0-Release.Candidate.app/Contents/Developer/Toolchains/XcodeDefault.xctoolchain/usr/bin/swiftc -parse-as-library -module-name EFFoundation -Onone @/Users/admin/builder/spi-builder-workspace/.derivedData/Build/Intermediates.noindex/EFFoundation.build/Debug-watchos/EFFoundation-t.build/Objects-normal/arm64_32/EFFoundation.SwiftFileList -DSWIFT_PACKAGE -DDEBUG -DSWIFT_MODULE_RESOURCE_BUNDLE_UNAVAILABLE -DXcode -plugin-path /Applications/Xcode-27.0.0-Release.Candidate.app/Contents/Developer/Toolchains/XcodeDefault.xctoolchain/usr/lib/swift/host/plugins/testing -enable-experimental-feature DebugDescriptionMacro -sdk /Applications/Xcode-27.0.0-Release.Candidate.app/Contents/Developer/Platforms/WatchOS.platform/Developer/SDKs/WatchOS27.0.sdk -target arm64_32-apple-watchos9.0 -g -module-cache-path /Users/admin/builder/spi-builder-workspace/.derivedData/ModuleCache.noindex -Xfrontend -serialize-debugging-options -enable-testing -suppress-warnings -index-store-path /Users/admin/builder/spi-builder-workspace/.derivedData/Index.noindex/DataStore -Xcc -D_LIBCPP_HARDENING_MODE\=_LIBCPP_HARDENING_MODE_DEBUG -swift-version 5 -I /Users/admin/builder/spi-builder-workspace/.derivedData/Build/Products/Debug-watchos -Isystem /Applications/Xcode-27.0.0-Release.Candidate.app/Contents/Developer/Platforms/WatchOS.platform/Developer/usr/lib -F /Users/admin/builder/spi-builder-workspace/.derivedData/Build/Products/Debug-watchos -F /Applications/Xcode-27.0.0-Release.Candidate.app/Contents/Developer/Platforms/WatchOS.platform/Developer/Library/Frameworks -F /Applications/Xcode-27.0.0-Release.Candidate.app/Contents/Developer/Platforms/WatchOS.platform/Developer/SDKs/WatchOS27.0.sdk/Developer/Library/Frameworks -c -j10 -enable-batch-mode -incremental -Xcc -ivfsstatcache -Xcc /Users/admin/builder/spi-builder-workspace/.derivedData/SDKStatCaches.noindex/watchos27.0-24R360-e829b21a6f8c9b70876ba0858053c04477534ef55a1706bf4c1112bbb242f0a2.sdkstatcache -output-file-map /Users/admin/builder/spi-builder-workspace/.derivedData/Build/Intermediates.noindex/EFFoundation.build/Debug-watchos/EFFoundation-t.build/Objects-normal/arm64_32/EFFoundation-OutputFileMap.json -save-temps -no-color-diagnostics -explicit-module-build -module-cache-path /Users/admin/builder/spi-builder-workspace/.derivedData/Build/Intermediates.noindex/SwiftExplicitPrecompiledModules -clang-scanner-module-cache-path /Users/admin/builder/spi-builder-workspace/.derivedData/ModuleCache.noindex -sdk-module-cache-path /Users/admin/builder/spi-builder-workspace/.derivedData/SDKExplicitPrecompiledModules -emit-dependencies -emit-module -emit-module-path /Users/admin/builder/spi-builder-workspace/.derivedData/Build/Intermediates.noindex/EFFoundation.build/Debug-watchos/EFFoundation-t.build/Objects-normal/arm64_32/EFFoundation.swiftmodule -serialize-diagnostics -dependency-scan-serialize-diagnostics-path /Users/admin/builder/spi-builder-workspace/.derivedData/Build/Intermediates.noindex/EFFoundation.build/Debug-watchos/EFFoundation-t.build/Objects-normal/arm64_32/EFFoundation-dependency-scan.dia -validate-clang-modules-once -clang-build-session-file /Users/admin/builder/spi-builder-workspace/.derivedData/ModuleCache.noindex/Session.modulevalidation -Xcc -fmodules-prune-interval\=86400 -Xcc -fmodules-prune-after\=345600 -emit-const-values -const-gather-protocols-list /Users/admin/builder/spi-builder-workspace/.derivedData/Build/Intermediates.noindex/EFFoundation.build/Debug-watchos/EFFoundation-t.build/Objects-normal/arm64_32/EFFoundation_const_extract_protocols.json -Xcc -I/Users/admin/builder/spi-builder-workspace/.derivedData/Build/Products/Debug-watchos/include -Xcc -I/Users/admin/builder/spi-builder-workspace/.derivedData/Build/Intermediates.noindex/EFFoundation.build/Debug-watchos/EFFoundation-t.build/DerivedSources-normal/arm64_32 -Xcc -I/Users/admin/builder/spi-builder-workspace/.derivedData/Build/Intermediates.noindex/EFFoundation.build/Debug-watchos/EFFoundation-t.build/DerivedSources/arm64_32 -Xcc -I/Users/admin/builder/spi-builder-workspace/.derivedData/Build/Intermediates.noindex/EFFoundation.build/Debug-watchos/EFFoundation-t.build/DerivedSources -Xcc -DSWIFT_PACKAGE -Xcc -DDEBUG\=1 -emit-objc-header -emit-objc-header-path /Users/admin/builder/spi-builder-workspace/.derivedData/Build/Intermediates.noindex/EFFoundation.build/Debug-watchos/EFFoundation-t.build/Objects-normal/arm64_32/EFFoundation-Swift.h -working-directory /Users/admin/builder/spi-builder-workspace/.swiftpm/xcode -experimental-emit-module-separately -disable-cmo
SwiftDriverJobDiscovery normal arm64 Compiling UINavigationController+.swift, UIRectCorner+.swift, UIView+.swift, UIViewController+.swift, UInt+.swift (in target 'EFFoundation' from project 'EFFoundation')
Copy /Users/admin/builder/spi-builder-workspace/.derivedData/Build/Products/Debug-watchos/EFFoundation.swiftmodule/arm64-apple-watchos.swiftmodule /Users/admin/builder/spi-builder-workspace/.derivedData/Build/Intermediates.noindex/EFFoundation.build/Debug-watchos/EFFoundation-t.build/Objects-normal/arm64/EFFoundation.swiftmodule (in target 'EFFoundation' from project 'EFFoundation')
cd /Users/admin/builder/spi-builder-workspace/.dependencies/checkouts/EFFoundation
builtin-copy -exclude .DS_Store -exclude CVS -exclude .svn -exclude .git -exclude .hg -resolve-src-symlinks -rename /Users/admin/builder/spi-builder-workspace/.derivedData/Build/Intermediates.noindex/EFFoundation.build/Debug-watchos/EFFoundation-t.build/Objects-normal/arm64/EFFoundation.swiftmodule /Users/admin/builder/spi-builder-workspace/.derivedData/Build/Products/Debug-watchos/EFFoundation.swiftmodule/arm64-apple-watchos.swiftmodule
SwiftMergeGeneratedHeaders /Users/admin/builder/spi-builder-workspace/.derivedData/Build/Intermediates.noindex/GeneratedModuleMaps-watchos/EFFoundation-Swift.h /Users/admin/builder/spi-builder-workspace/.derivedData/Build/Intermediates.noindex/EFFoundation.build/Debug-watchos/EFFoundation-t.build/Objects-normal/arm64/EFFoundation-Swift.h /Users/admin/builder/spi-builder-workspace/.derivedData/Build/Intermediates.noindex/EFFoundation.build/Debug-watchos/EFFoundation-t.build/Objects-normal/arm64_32/EFFoundation-Swift.h (in target 'EFFoundation' from project 'EFFoundation')
cd /Users/admin/builder/spi-builder-workspace/.dependencies/checkouts/EFFoundation
builtin-swiftHeaderTool -arch arm64 /Users/admin/builder/spi-builder-workspace/.derivedData/Build/Intermediates.noindex/EFFoundation.build/Debug-watchos/EFFoundation-t.build/Objects-normal/arm64/EFFoundation-Swift.h -arch arm64_32 /Users/admin/builder/spi-builder-workspace/.derivedData/Build/Intermediates.noindex/EFFoundation.build/Debug-watchos/EFFoundation-t.build/Objects-normal/arm64_32/EFFoundation-Swift.h -o /Users/admin/builder/spi-builder-workspace/.derivedData/Build/Intermediates.noindex/GeneratedModuleMaps-watchos/EFFoundation-Swift.h
SwiftDriverJobDiscovery normal arm64 Compiling UInt16+.swift, UInt32+.swift, UInt64+.swift, UInt8+.swift, URL+.swift (in target 'EFFoundation' from project 'EFFoundation')
Copy /Users/admin/builder/spi-builder-workspace/.derivedData/Build/Products/Debug-watchos/EFFoundation.swiftmodule/arm64_32-apple-watchos.swiftmodule /Users/admin/builder/spi-builder-workspace/.derivedData/Build/Intermediates.noindex/EFFoundation.build/Debug-watchos/EFFoundation-t.build/Objects-normal/arm64_32/EFFoundation.swiftmodule (in target 'EFFoundation' from project 'EFFoundation')
cd /Users/admin/builder/spi-builder-workspace/.dependencies/checkouts/EFFoundation
builtin-copy -exclude .DS_Store -exclude CVS -exclude .svn -exclude .git -exclude .hg -resolve-src-symlinks -rename /Users/admin/builder/spi-builder-workspace/.derivedData/Build/Intermediates.noindex/EFFoundation.build/Debug-watchos/EFFoundation-t.build/Objects-normal/arm64_32/EFFoundation.swiftmodule /Users/admin/builder/spi-builder-workspace/.derivedData/Build/Products/Debug-watchos/EFFoundation.swiftmodule/arm64_32-apple-watchos.swiftmodule
Copy /Users/admin/builder/spi-builder-workspace/.derivedData/Build/Products/Debug-watchos/EFFoundation.swiftmodule/arm64_32-apple-watchos.swiftdoc /Users/admin/builder/spi-builder-workspace/.derivedData/Build/Intermediates.noindex/EFFoundation.build/Debug-watchos/EFFoundation-t.build/Objects-normal/arm64_32/EFFoundation.swiftdoc (in target 'EFFoundation' from project 'EFFoundation')
cd /Users/admin/builder/spi-builder-workspace/.dependencies/checkouts/EFFoundation
builtin-copy -exclude .DS_Store -exclude CVS -exclude .svn -exclude .git -exclude .hg -resolve-src-symlinks -rename /Users/admin/builder/spi-builder-workspace/.derivedData/Build/Intermediates.noindex/EFFoundation.build/Debug-watchos/EFFoundation-t.build/Objects-normal/arm64_32/EFFoundation.swiftdoc /Users/admin/builder/spi-builder-workspace/.derivedData/Build/Products/Debug-watchos/EFFoundation.swiftmodule/arm64_32-apple-watchos.swiftdoc
Copy /Users/admin/builder/spi-builder-workspace/.derivedData/Build/Products/Debug-watchos/EFFoundation.swiftmodule/arm64_32-apple-watchos.abi.json /Users/admin/builder/spi-builder-workspace/.derivedData/Build/Intermediates.noindex/EFFoundation.build/Debug-watchos/EFFoundation-t.build/Objects-normal/arm64_32/EFFoundation.abi.json (in target 'EFFoundation' from project 'EFFoundation')
cd /Users/admin/builder/spi-builder-workspace/.dependencies/checkouts/EFFoundation
builtin-copy -exclude .DS_Store -exclude CVS -exclude .svn -exclude .git -exclude .hg -resolve-src-symlinks -rename /Users/admin/builder/spi-builder-workspace/.derivedData/Build/Intermediates.noindex/EFFoundation.build/Debug-watchos/EFFoundation-t.build/Objects-normal/arm64_32/EFFoundation.abi.json /Users/admin/builder/spi-builder-workspace/.derivedData/Build/Products/Debug-watchos/EFFoundation.swiftmodule/arm64_32-apple-watchos.abi.json
Copy /Users/admin/builder/spi-builder-workspace/.derivedData/Build/Products/Debug-watchos/EFFoundation.swiftmodule/arm64-apple-watchos.swiftdoc /Users/admin/builder/spi-builder-workspace/.derivedData/Build/Intermediates.noindex/EFFoundation.build/Debug-watchos/EFFoundation-t.build/Objects-normal/arm64/EFFoundation.swiftdoc (in target 'EFFoundation' from project 'EFFoundation')
cd /Users/admin/builder/spi-builder-workspace/.dependencies/checkouts/EFFoundation
builtin-copy -exclude .DS_Store -exclude CVS -exclude .svn -exclude .git -exclude .hg -resolve-src-symlinks -rename /Users/admin/builder/spi-builder-workspace/.derivedData/Build/Intermediates.noindex/EFFoundation.build/Debug-watchos/EFFoundation-t.build/Objects-normal/arm64/EFFoundation.swiftdoc /Users/admin/builder/spi-builder-workspace/.derivedData/Build/Products/Debug-watchos/EFFoundation.swiftmodule/arm64-apple-watchos.swiftdoc
Copy /Users/admin/builder/spi-builder-workspace/.derivedData/Build/Products/Debug-watchos/EFFoundation.swiftmodule/arm64-apple-watchos.abi.json /Users/admin/builder/spi-builder-workspace/.derivedData/Build/Intermediates.noindex/EFFoundation.build/Debug-watchos/EFFoundation-t.build/Objects-normal/arm64/EFFoundation.abi.json (in target 'EFFoundation' from project 'EFFoundation')
cd /Users/admin/builder/spi-builder-workspace/.dependencies/checkouts/EFFoundation
builtin-copy -exclude .DS_Store -exclude CVS -exclude .svn -exclude .git -exclude .hg -resolve-src-symlinks -rename /Users/admin/builder/spi-builder-workspace/.derivedData/Build/Intermediates.noindex/EFFoundation.build/Debug-watchos/EFFoundation-t.build/Objects-normal/arm64/EFFoundation.abi.json /Users/admin/builder/spi-builder-workspace/.derivedData/Build/Products/Debug-watchos/EFFoundation.swiftmodule/arm64-apple-watchos.abi.json
SwiftDriverJobDiscovery normal arm64 Compiling Dictionary+.swift, DispatchQueue+.swift, Double+.swift, Float+.swift, Int+.swift, Int16+.swift (in target 'EFFoundation' from project 'EFFoundation')
Copy /Users/admin/builder/spi-builder-workspace/.derivedData/Build/Products/Debug-watchos/EFFoundation.swiftmodule/Project/arm64_32-apple-watchos.swiftsourceinfo /Users/admin/builder/spi-builder-workspace/.derivedData/Build/Intermediates.noindex/EFFoundation.build/Debug-watchos/EFFoundation-t.build/Objects-normal/arm64_32/EFFoundation.swiftsourceinfo (in target 'EFFoundation' from project 'EFFoundation')
cd /Users/admin/builder/spi-builder-workspace/.dependencies/checkouts/EFFoundation
builtin-copy -exclude .DS_Store -exclude CVS -exclude .svn -exclude .git -exclude .hg -resolve-src-symlinks -rename /Users/admin/builder/spi-builder-workspace/.derivedData/Build/Intermediates.noindex/EFFoundation.build/Debug-watchos/EFFoundation-t.build/Objects-normal/arm64_32/EFFoundation.swiftsourceinfo /Users/admin/builder/spi-builder-workspace/.derivedData/Build/Products/Debug-watchos/EFFoundation.swiftmodule/Project/arm64_32-apple-watchos.swiftsourceinfo
SwiftCompile normal arm64_32 Compiling\ Int32+.swift,\ Int64+.swift,\ Int8+.swift,\ NSColor+.swift,\ NSImage+.swift,\ NSString+.swift /Users/admin/builder/spi-builder-workspace/.dependencies/checkouts/EFFoundation/EFFoundation/Core/Extension/Int32+.swift /Users/admin/builder/spi-builder-workspace/.dependencies/checkouts/EFFoundation/EFFoundation/Core/Extension/Int64+.swift /Users/admin/builder/spi-builder-workspace/.dependencies/checkouts/EFFoundation/EFFoundation/Core/Extension/Int8+.swift /Users/admin/builder/spi-builder-workspace/.dependencies/checkouts/EFFoundation/EFFoundation/Core/Extension/NSColor+.swift /Users/admin/builder/spi-builder-workspace/.dependencies/checkouts/EFFoundation/EFFoundation/Core/Extension/NSImage+.swift /Users/admin/builder/spi-builder-workspace/.dependencies/checkouts/EFFoundation/EFFoundation/Core/Extension/NSString+.swift (in target 'EFFoundation' from project 'EFFoundation')
SwiftCompile normal arm64_32 /Users/admin/builder/spi-builder-workspace/.dependencies/checkouts/EFFoundation/EFFoundation/Core/Extension/Int32+.swift (in target 'EFFoundation' from project 'EFFoundation')
cd /Users/admin/builder/spi-builder-workspace/.swiftpm/xcode
builtin-SwiftPerFileCompile Int32+.swift
SwiftCompile normal arm64_32 /Users/admin/builder/spi-builder-workspace/.dependencies/checkouts/EFFoundation/EFFoundation/Core/Extension/Int64+.swift (in target 'EFFoundation' from project 'EFFoundation')
cd /Users/admin/builder/spi-builder-workspace/.swiftpm/xcode
builtin-SwiftPerFileCompile Int64+.swift
SwiftCompile normal arm64_32 /Users/admin/builder/spi-builder-workspace/.dependencies/checkouts/EFFoundation/EFFoundation/Core/Extension/Int8+.swift (in target 'EFFoundation' from project 'EFFoundation')
cd /Users/admin/builder/spi-builder-workspace/.swiftpm/xcode
builtin-SwiftPerFileCompile Int8+.swift
SwiftCompile normal arm64_32 /Users/admin/builder/spi-builder-workspace/.dependencies/checkouts/EFFoundation/EFFoundation/Core/Extension/NSColor+.swift (in target 'EFFoundation' from project 'EFFoundation')
cd /Users/admin/builder/spi-builder-workspace/.swiftpm/xcode
builtin-SwiftPerFileCompile NSColor+.swift
SwiftCompile normal arm64_32 /Users/admin/builder/spi-builder-workspace/.dependencies/checkouts/EFFoundation/EFFoundation/Core/Extension/NSImage+.swift (in target 'EFFoundation' from project 'EFFoundation')
cd /Users/admin/builder/spi-builder-workspace/.swiftpm/xcode
builtin-SwiftPerFileCompile NSImage+.swift
SwiftCompile normal arm64_32 /Users/admin/builder/spi-builder-workspace/.dependencies/checkouts/EFFoundation/EFFoundation/Core/Extension/NSString+.swift (in target 'EFFoundation' from project 'EFFoundation')
cd /Users/admin/builder/spi-builder-workspace/.swiftpm/xcode
builtin-SwiftPerFileCompile NSString+.swift
Copy /Users/admin/builder/spi-builder-workspace/.derivedData/Build/Products/Debug-watchos/EFFoundation.swiftmodule/Project/arm64-apple-watchos.swiftsourceinfo /Users/admin/builder/spi-builder-workspace/.derivedData/Build/Intermediates.noindex/EFFoundation.build/Debug-watchos/EFFoundation-t.build/Objects-normal/arm64/EFFoundation.swiftsourceinfo (in target 'EFFoundation' from project 'EFFoundation')
cd /Users/admin/builder/spi-builder-workspace/.dependencies/checkouts/EFFoundation
builtin-copy -exclude .DS_Store -exclude CVS -exclude .svn -exclude .git -exclude .hg -resolve-src-symlinks -rename /Users/admin/builder/spi-builder-workspace/.derivedData/Build/Intermediates.noindex/EFFoundation.build/Debug-watchos/EFFoundation-t.build/Objects-normal/arm64/EFFoundation.swiftsourceinfo /Users/admin/builder/spi-builder-workspace/.derivedData/Build/Products/Debug-watchos/EFFoundation.swiftmodule/Project/arm64-apple-watchos.swiftsourceinfo
SwiftCompile normal arm64_32 Compiling\ CATransaction+.swift,\ CGColor+.swift,\ CGFloat+.swift,\ CGImage.swift,\ CGRect+.swift,\ CGSize+.swift /Users/admin/builder/spi-builder-workspace/.dependencies/checkouts/EFFoundation/EFFoundation/Core/Extension/CATransaction+.swift /Users/admin/builder/spi-builder-workspace/.dependencies/checkouts/EFFoundation/EFFoundation/Core/Extension/CGColor+.swift /Users/admin/builder/spi-builder-workspace/.dependencies/checkouts/EFFoundation/EFFoundation/Core/Extension/CGFloat+.swift /Users/admin/builder/spi-builder-workspace/.dependencies/checkouts/EFFoundation/EFFoundation/Core/Extension/CGImage.swift /Users/admin/builder/spi-builder-workspace/.dependencies/checkouts/EFFoundation/EFFoundation/Core/Extension/CGRect+.swift /Users/admin/builder/spi-builder-workspace/.dependencies/checkouts/EFFoundation/EFFoundation/Core/Extension/CGSize+.swift (in target 'EFFoundation' from project 'EFFoundation')
SwiftCompile normal arm64_32 /Users/admin/builder/spi-builder-workspace/.dependencies/checkouts/EFFoundation/EFFoundation/Core/Extension/CATransaction+.swift (in target 'EFFoundation' from project 'EFFoundation')
cd /Users/admin/builder/spi-builder-workspace/.swiftpm/xcode
builtin-SwiftPerFileCompile CATransaction+.swift
SwiftCompile normal arm64_32 /Users/admin/builder/spi-builder-workspace/.dependencies/checkouts/EFFoundation/EFFoundation/Core/Extension/CGColor+.swift (in target 'EFFoundation' from project 'EFFoundation')
cd /Users/admin/builder/spi-builder-workspace/.swiftpm/xcode
builtin-SwiftPerFileCompile CGColor+.swift
SwiftCompile normal arm64_32 /Users/admin/builder/spi-builder-workspace/.dependencies/checkouts/EFFoundation/EFFoundation/Core/Extension/CGFloat+.swift (in target 'EFFoundation' from project 'EFFoundation')
cd /Users/admin/builder/spi-builder-workspace/.swiftpm/xcode
builtin-SwiftPerFileCompile CGFloat+.swift
SwiftCompile normal arm64_32 /Users/admin/builder/spi-builder-workspace/.dependencies/checkouts/EFFoundation/EFFoundation/Core/Extension/CGImage.swift (in target 'EFFoundation' from project 'EFFoundation')
cd /Users/admin/builder/spi-builder-workspace/.swiftpm/xcode
builtin-SwiftPerFileCompile CGImage.swift
SwiftCompile normal arm64_32 /Users/admin/builder/spi-builder-workspace/.dependencies/checkouts/EFFoundation/EFFoundation/Core/Extension/CGRect+.swift (in target 'EFFoundation' from project 'EFFoundation')
cd /Users/admin/builder/spi-builder-workspace/.swiftpm/xcode
builtin-SwiftPerFileCompile CGRect+.swift
SwiftCompile normal arm64_32 /Users/admin/builder/spi-builder-workspace/.dependencies/checkouts/EFFoundation/EFFoundation/Core/Extension/CGSize+.swift (in target 'EFFoundation' from project 'EFFoundation')
cd /Users/admin/builder/spi-builder-workspace/.swiftpm/xcode
builtin-SwiftPerFileCompile CGSize+.swift
SwiftDriverJobDiscovery normal arm64 Compiling Int32+.swift, Int64+.swift, Int8+.swift, NSColor+.swift, NSImage+.swift, NSString+.swift (in target 'EFFoundation' from project 'EFFoundation')
SwiftCompile normal arm64_32 Compiling\ UIControl+.swift,\ UIEdgeInsets+.swift,\ UIFont+.swift,\ UIGestureRecognizer+.swift,\ UIImage+.swift,\ UIImageView+.swift /Users/admin/builder/spi-builder-workspace/.dependencies/checkouts/EFFoundation/EFFoundation/Core/Extension/UIControl+.swift /Users/admin/builder/spi-builder-workspace/.dependencies/checkouts/EFFoundation/EFFoundation/Core/Extension/UIEdgeInsets+.swift /Users/admin/builder/spi-builder-workspace/.dependencies/checkouts/EFFoundation/EFFoundation/Core/Extension/UIFont+.swift /Users/admin/builder/spi-builder-workspace/.dependencies/checkouts/EFFoundation/EFFoundation/Core/Extension/UIGestureRecognizer+.swift /Users/admin/builder/spi-builder-workspace/.dependencies/checkouts/EFFoundation/EFFoundation/Core/Extension/UIImage+.swift /Users/admin/builder/spi-builder-workspace/.dependencies/checkouts/EFFoundation/EFFoundation/Core/Extension/UIImageView+.swift (in target 'EFFoundation' from project 'EFFoundation')
SwiftCompile normal arm64_32 /Users/admin/builder/spi-builder-workspace/.dependencies/checkouts/EFFoundation/EFFoundation/Core/Extension/UIControl+.swift (in target 'EFFoundation' from project 'EFFoundation')
cd /Users/admin/builder/spi-builder-workspace/.swiftpm/xcode
builtin-SwiftPerFileCompile UIControl+.swift
SwiftCompile normal arm64_32 /Users/admin/builder/spi-builder-workspace/.dependencies/checkouts/EFFoundation/EFFoundation/Core/Extension/UIEdgeInsets+.swift (in target 'EFFoundation' from project 'EFFoundation')
cd /Users/admin/builder/spi-builder-workspace/.swiftpm/xcode
builtin-SwiftPerFileCompile UIEdgeInsets+.swift
SwiftCompile normal arm64_32 /Users/admin/builder/spi-builder-workspace/.dependencies/checkouts/EFFoundation/EFFoundation/Core/Extension/UIFont+.swift (in target 'EFFoundation' from project 'EFFoundation')
cd /Users/admin/builder/spi-builder-workspace/.swiftpm/xcode
builtin-SwiftPerFileCompile UIFont+.swift
SwiftCompile normal arm64_32 /Users/admin/builder/spi-builder-workspace/.dependencies/checkouts/EFFoundation/EFFoundation/Core/Extension/UIGestureRecognizer+.swift (in target 'EFFoundation' from project 'EFFoundation')
cd /Users/admin/builder/spi-builder-workspace/.swiftpm/xcode
builtin-SwiftPerFileCompile UIGestureRecognizer+.swift
SwiftCompile normal arm64_32 /Users/admin/builder/spi-builder-workspace/.dependencies/checkouts/EFFoundation/EFFoundation/Core/Extension/UIImage+.swift (in target 'EFFoundation' from project 'EFFoundation')
cd /Users/admin/builder/spi-builder-workspace/.swiftpm/xcode
builtin-SwiftPerFileCompile UIImage+.swift
SwiftCompile normal arm64_32 /Users/admin/builder/spi-builder-workspace/.dependencies/checkouts/EFFoundation/EFFoundation/Core/Extension/UIImageView+.swift (in target 'EFFoundation' from project 'EFFoundation')
cd /Users/admin/builder/spi-builder-workspace/.swiftpm/xcode
builtin-SwiftPerFileCompile UIImageView+.swift
SwiftCompile normal arm64_32 Compiling\ UInt16+.swift,\ UInt32+.swift,\ UInt64+.swift,\ UInt8+.swift,\ URL+.swift /Users/admin/builder/spi-builder-workspace/.dependencies/checkouts/EFFoundation/EFFoundation/Core/Extension/UInt16+.swift /Users/admin/builder/spi-builder-workspace/.dependencies/checkouts/EFFoundation/EFFoundation/Core/Extension/UInt32+.swift /Users/admin/builder/spi-builder-workspace/.dependencies/checkouts/EFFoundation/EFFoundation/Core/Extension/UInt64+.swift /Users/admin/builder/spi-builder-workspace/.dependencies/checkouts/EFFoundation/EFFoundation/Core/Extension/UInt8+.swift /Users/admin/builder/spi-builder-workspace/.dependencies/checkouts/EFFoundation/EFFoundation/Core/Extension/URL+.swift (in target 'EFFoundation' from project 'EFFoundation')
SwiftCompile normal arm64_32 /Users/admin/builder/spi-builder-workspace/.dependencies/checkouts/EFFoundation/EFFoundation/Core/Extension/UInt16+.swift (in target 'EFFoundation' from project 'EFFoundation')
cd /Users/admin/builder/spi-builder-workspace/.swiftpm/xcode
builtin-SwiftPerFileCompile UInt16+.swift
SwiftCompile normal arm64_32 /Users/admin/builder/spi-builder-workspace/.dependencies/checkouts/EFFoundation/EFFoundation/Core/Extension/UInt32+.swift (in target 'EFFoundation' from project 'EFFoundation')
cd /Users/admin/builder/spi-builder-workspace/.swiftpm/xcode
builtin-SwiftPerFileCompile UInt32+.swift
SwiftCompile normal arm64_32 /Users/admin/builder/spi-builder-workspace/.dependencies/checkouts/EFFoundation/EFFoundation/Core/Extension/UInt64+.swift (in target 'EFFoundation' from project 'EFFoundation')
cd /Users/admin/builder/spi-builder-workspace/.swiftpm/xcode
builtin-SwiftPerFileCompile UInt64+.swift
SwiftCompile normal arm64_32 /Users/admin/builder/spi-builder-workspace/.dependencies/checkouts/EFFoundation/EFFoundation/Core/Extension/UInt8+.swift (in target 'EFFoundation' from project 'EFFoundation')
cd /Users/admin/builder/spi-builder-workspace/.swiftpm/xcode
builtin-SwiftPerFileCompile UInt8+.swift
SwiftCompile normal arm64_32 /Users/admin/builder/spi-builder-workspace/.dependencies/checkouts/EFFoundation/EFFoundation/Core/Extension/URL+.swift (in target 'EFFoundation' from project 'EFFoundation')
cd /Users/admin/builder/spi-builder-workspace/.swiftpm/xcode
builtin-SwiftPerFileCompile URL+.swift
SwiftCompile normal arm64_32 Compiling\ UINavigationController+.swift,\ UIRectCorner+.swift,\ UIView+.swift,\ UIViewController+.swift,\ UInt+.swift /Users/admin/builder/spi-builder-workspace/.dependencies/checkouts/EFFoundation/EFFoundation/Core/Extension/UINavigationController+.swift /Users/admin/builder/spi-builder-workspace/.dependencies/checkouts/EFFoundation/EFFoundation/Core/Extension/UIRectCorner+.swift /Users/admin/builder/spi-builder-workspace/.dependencies/checkouts/EFFoundation/EFFoundation/Core/Extension/UIView+.swift /Users/admin/builder/spi-builder-workspace/.dependencies/checkouts/EFFoundation/EFFoundation/Core/Extension/UIViewController+.swift /Users/admin/builder/spi-builder-workspace/.dependencies/checkouts/EFFoundation/EFFoundation/Core/Extension/UInt+.swift (in target 'EFFoundation' from project 'EFFoundation')
SwiftCompile normal arm64_32 /Users/admin/builder/spi-builder-workspace/.dependencies/checkouts/EFFoundation/EFFoundation/Core/Extension/UINavigationController+.swift (in target 'EFFoundation' from project 'EFFoundation')
cd /Users/admin/builder/spi-builder-workspace/.swiftpm/xcode
builtin-SwiftPerFileCompile UINavigationController+.swift
SwiftCompile normal arm64_32 /Users/admin/builder/spi-builder-workspace/.dependencies/checkouts/EFFoundation/EFFoundation/Core/Extension/UIRectCorner+.swift (in target 'EFFoundation' from project 'EFFoundation')
cd /Users/admin/builder/spi-builder-workspace/.swiftpm/xcode
builtin-SwiftPerFileCompile UIRectCorner+.swift
SwiftCompile normal arm64_32 /Users/admin/builder/spi-builder-workspace/.dependencies/checkouts/EFFoundation/EFFoundation/Core/Extension/UIView+.swift (in target 'EFFoundation' from project 'EFFoundation')
cd /Users/admin/builder/spi-builder-workspace/.swiftpm/xcode
builtin-SwiftPerFileCompile UIView+.swift
SwiftCompile normal arm64_32 /Users/admin/builder/spi-builder-workspace/.dependencies/checkouts/EFFoundation/EFFoundation/Core/Extension/UIViewController+.swift (in target 'EFFoundation' from project 'EFFoundation')
cd /Users/admin/builder/spi-builder-workspace/.swiftpm/xcode
builtin-SwiftPerFileCompile UIViewController+.swift
SwiftCompile normal arm64_32 /Users/admin/builder/spi-builder-workspace/.dependencies/checkouts/EFFoundation/EFFoundation/Core/Extension/UInt+.swift (in target 'EFFoundation' from project 'EFFoundation')
cd /Users/admin/builder/spi-builder-workspace/.swiftpm/xcode
builtin-SwiftPerFileCompile UInt+.swift
SwiftDriverJobDiscovery normal arm64 Compiling CIColor+.swift, CIImage+.swift, Character+.swift, Comparable+.swift, Data+.swift, Date+.swift (in target 'EFFoundation' from project 'EFFoundation')
SwiftDriverJobDiscovery normal arm64 Compiling EFFoundation.swift, Array+.swift, ArraySlice+.swift, BinaryFloatingPoint+.swift, BinaryInteger+.swift, Bool+.swift (in target 'EFFoundation' from project 'EFFoundation')
SwiftCompile normal arm64_32 Compiling\ String+.swift,\ TimeInterval+.swift,\ UIApplication+.swift,\ UIButton+.swift,\ UICollectionView+.swift,\ UIColor+.swift /Users/admin/builder/spi-builder-workspace/.dependencies/checkouts/EFFoundation/EFFoundation/Core/Extension/String+.swift /Users/admin/builder/spi-builder-workspace/.dependencies/checkouts/EFFoundation/EFFoundation/Core/Extension/TimeInterval+.swift /Users/admin/builder/spi-builder-workspace/.dependencies/checkouts/EFFoundation/EFFoundation/Core/Extension/UIApplication+.swift /Users/admin/builder/spi-builder-workspace/.dependencies/checkouts/EFFoundation/EFFoundation/Core/Extension/UIButton+.swift /Users/admin/builder/spi-builder-workspace/.dependencies/checkouts/EFFoundation/EFFoundation/Core/Extension/UICollectionView+.swift /Users/admin/builder/spi-builder-workspace/.dependencies/checkouts/EFFoundation/EFFoundation/Core/Extension/UIColor+.swift (in target 'EFFoundation' from project 'EFFoundation')
SwiftCompile normal arm64_32 /Users/admin/builder/spi-builder-workspace/.dependencies/checkouts/EFFoundation/EFFoundation/Core/Extension/String+.swift (in target 'EFFoundation' from project 'EFFoundation')
cd /Users/admin/builder/spi-builder-workspace/.swiftpm/xcode
builtin-SwiftPerFileCompile String+.swift
SwiftCompile normal arm64_32 /Users/admin/builder/spi-builder-workspace/.dependencies/checkouts/EFFoundation/EFFoundation/Core/Extension/TimeInterval+.swift (in target 'EFFoundation' from project 'EFFoundation')
cd /Users/admin/builder/spi-builder-workspace/.swiftpm/xcode
builtin-SwiftPerFileCompile TimeInterval+.swift
SwiftCompile normal arm64_32 /Users/admin/builder/spi-builder-workspace/.dependencies/checkouts/EFFoundation/EFFoundation/Core/Extension/UIApplication+.swift (in target 'EFFoundation' from project 'EFFoundation')
cd /Users/admin/builder/spi-builder-workspace/.swiftpm/xcode
builtin-SwiftPerFileCompile UIApplication+.swift
SwiftCompile normal arm64_32 /Users/admin/builder/spi-builder-workspace/.dependencies/checkouts/EFFoundation/EFFoundation/Core/Extension/UIButton+.swift (in target 'EFFoundation' from project 'EFFoundation')
cd /Users/admin/builder/spi-builder-workspace/.swiftpm/xcode
builtin-SwiftPerFileCompile UIButton+.swift
SwiftCompile normal arm64_32 /Users/admin/builder/spi-builder-workspace/.dependencies/checkouts/EFFoundation/EFFoundation/Core/Extension/UICollectionView+.swift (in target 'EFFoundation' from project 'EFFoundation')
cd /Users/admin/builder/spi-builder-workspace/.swiftpm/xcode
builtin-SwiftPerFileCompile UICollectionView+.swift
SwiftCompile normal arm64_32 /Users/admin/builder/spi-builder-workspace/.dependencies/checkouts/EFFoundation/EFFoundation/Core/Extension/UIColor+.swift (in target 'EFFoundation' from project 'EFFoundation')
cd /Users/admin/builder/spi-builder-workspace/.swiftpm/xcode
builtin-SwiftPerFileCompile UIColor+.swift
SwiftDriverJobDiscovery normal arm64_32 Compiling Int32+.swift, Int64+.swift, Int8+.swift, NSColor+.swift, NSImage+.swift, NSString+.swift (in target 'EFFoundation' from project 'EFFoundation')
SwiftCompile normal arm64_32 Compiling\ BitSet.swift,\ Deque.swift,\ LinkedList.swift,\ Queue.swift,\ Stack.swift,\ Tree.swift /Users/admin/builder/spi-builder-workspace/.dependencies/checkouts/EFFoundation/EFFoundation/Core/DataStructure/BitSet.swift /Users/admin/builder/spi-builder-workspace/.dependencies/checkouts/EFFoundation/EFFoundation/Core/DataStructure/Deque.swift /Users/admin/builder/spi-builder-workspace/.dependencies/checkouts/EFFoundation/EFFoundation/Core/DataStructure/LinkedList.swift /Users/admin/builder/spi-builder-workspace/.dependencies/checkouts/EFFoundation/EFFoundation/Core/DataStructure/Queue.swift /Users/admin/builder/spi-builder-workspace/.dependencies/checkouts/EFFoundation/EFFoundation/Core/DataStructure/Stack.swift /Users/admin/builder/spi-builder-workspace/.dependencies/checkouts/EFFoundation/EFFoundation/Core/DataStructure/Tree.swift (in target 'EFFoundation' from project 'EFFoundation')
SwiftCompile normal arm64_32 /Users/admin/builder/spi-builder-workspace/.dependencies/checkouts/EFFoundation/EFFoundation/Core/DataStructure/BitSet.swift (in target 'EFFoundation' from project 'EFFoundation')
cd /Users/admin/builder/spi-builder-workspace/.swiftpm/xcode
builtin-SwiftPerFileCompile BitSet.swift
SwiftCompile normal arm64_32 /Users/admin/builder/spi-builder-workspace/.dependencies/checkouts/EFFoundation/EFFoundation/Core/DataStructure/Deque.swift (in target 'EFFoundation' from project 'EFFoundation')
cd /Users/admin/builder/spi-builder-workspace/.swiftpm/xcode
builtin-SwiftPerFileCompile Deque.swift
SwiftCompile normal arm64_32 /Users/admin/builder/spi-builder-workspace/.dependencies/checkouts/EFFoundation/EFFoundation/Core/DataStructure/LinkedList.swift (in target 'EFFoundation' from project 'EFFoundation')
cd /Users/admin/builder/spi-builder-workspace/.swiftpm/xcode
builtin-SwiftPerFileCompile LinkedList.swift
SwiftCompile normal arm64_32 /Users/admin/builder/spi-builder-workspace/.dependencies/checkouts/EFFoundation/EFFoundation/Core/DataStructure/Queue.swift (in target 'EFFoundation' from project 'EFFoundation')
cd /Users/admin/builder/spi-builder-workspace/.swiftpm/xcode
builtin-SwiftPerFileCompile Queue.swift
SwiftCompile normal arm64_32 /Users/admin/builder/spi-builder-workspace/.dependencies/checkouts/EFFoundation/EFFoundation/Core/DataStructure/Stack.swift (in target 'EFFoundation' from project 'EFFoundation')
cd /Users/admin/builder/spi-builder-workspace/.swiftpm/xcode
builtin-SwiftPerFileCompile Stack.swift
SwiftCompile normal arm64_32 /Users/admin/builder/spi-builder-workspace/.dependencies/checkouts/EFFoundation/EFFoundation/Core/DataStructure/Tree.swift (in target 'EFFoundation' from project 'EFFoundation')
cd /Users/admin/builder/spi-builder-workspace/.swiftpm/xcode
builtin-SwiftPerFileCompile Tree.swift
SwiftDriverJobDiscovery normal arm64_32 Compiling CIColor+.swift, CIImage+.swift, Character+.swift, Comparable+.swift, Data+.swift, Date+.swift (in target 'EFFoundation' from project 'EFFoundation')
SwiftCompile normal arm64_32 Compiling\ Dictionary+.swift,\ DispatchQueue+.swift,\ Double+.swift,\ Float+.swift,\ Int+.swift,\ Int16+.swift /Users/admin/builder/spi-builder-workspace/.dependencies/checkouts/EFFoundation/EFFoundation/Core/Extension/Dictionary+.swift /Users/admin/builder/spi-builder-workspace/.dependencies/checkouts/EFFoundation/EFFoundation/Core/Extension/DispatchQueue+.swift /Users/admin/builder/spi-builder-workspace/.dependencies/checkouts/EFFoundation/EFFoundation/Core/Extension/Double+.swift /Users/admin/builder/spi-builder-workspace/.dependencies/checkouts/EFFoundation/EFFoundation/Core/Extension/Float+.swift /Users/admin/builder/spi-builder-workspace/.dependencies/checkouts/EFFoundation/EFFoundation/Core/Extension/Int+.swift /Users/admin/builder/spi-builder-workspace/.dependencies/checkouts/EFFoundation/EFFoundation/Core/Extension/Int16+.swift (in target 'EFFoundation' from project 'EFFoundation')
SwiftCompile normal arm64_32 /Users/admin/builder/spi-builder-workspace/.dependencies/checkouts/EFFoundation/EFFoundation/Core/Extension/Dictionary+.swift (in target 'EFFoundation' from project 'EFFoundation')
cd /Users/admin/builder/spi-builder-workspace/.swiftpm/xcode
builtin-SwiftPerFileCompile Dictionary+.swift
SwiftCompile normal arm64_32 /Users/admin/builder/spi-builder-workspace/.dependencies/checkouts/EFFoundation/EFFoundation/Core/Extension/DispatchQueue+.swift (in target 'EFFoundation' from project 'EFFoundation')
cd /Users/admin/builder/spi-builder-workspace/.swiftpm/xcode
builtin-SwiftPerFileCompile DispatchQueue+.swift
SwiftCompile normal arm64_32 /Users/admin/builder/spi-builder-workspace/.dependencies/checkouts/EFFoundation/EFFoundation/Core/Extension/Double+.swift (in target 'EFFoundation' from project 'EFFoundation')
cd /Users/admin/builder/spi-builder-workspace/.swiftpm/xcode
builtin-SwiftPerFileCompile Double+.swift
SwiftCompile normal arm64_32 /Users/admin/builder/spi-builder-workspace/.dependencies/checkouts/EFFoundation/EFFoundation/Core/Extension/Float+.swift (in target 'EFFoundation' from project 'EFFoundation')
cd /Users/admin/builder/spi-builder-workspace/.swiftpm/xcode
builtin-SwiftPerFileCompile Float+.swift
SwiftCompile normal arm64_32 /Users/admin/builder/spi-builder-workspace/.dependencies/checkouts/EFFoundation/EFFoundation/Core/Extension/Int+.swift (in target 'EFFoundation' from project 'EFFoundation')
cd /Users/admin/builder/spi-builder-workspace/.swiftpm/xcode
builtin-SwiftPerFileCompile Int+.swift
SwiftCompile normal arm64_32 /Users/admin/builder/spi-builder-workspace/.dependencies/checkouts/EFFoundation/EFFoundation/Core/Extension/Int16+.swift (in target 'EFFoundation' from project 'EFFoundation')
cd /Users/admin/builder/spi-builder-workspace/.swiftpm/xcode
builtin-SwiftPerFileCompile Int16+.swift
SwiftCompile normal arm64 Compiling\ BitSet.swift,\ Deque.swift,\ LinkedList.swift,\ Queue.swift,\ Stack.swift,\ Tree.swift /Users/admin/builder/spi-builder-workspace/.dependencies/checkouts/EFFoundation/EFFoundation/Core/DataStructure/BitSet.swift /Users/admin/builder/spi-builder-workspace/.dependencies/checkouts/EFFoundation/EFFoundation/Core/DataStructure/Deque.swift /Users/admin/builder/spi-builder-workspace/.dependencies/checkouts/EFFoundation/EFFoundation/Core/DataStructure/LinkedList.swift /Users/admin/builder/spi-builder-workspace/.dependencies/checkouts/EFFoundation/EFFoundation/Core/DataStructure/Queue.swift /Users/admin/builder/spi-builder-workspace/.dependencies/checkouts/EFFoundation/EFFoundation/Core/DataStructure/Stack.swift /Users/admin/builder/spi-builder-workspace/.dependencies/checkouts/EFFoundation/EFFoundation/Core/DataStructure/Tree.swift (in target 'EFFoundation' from project 'EFFoundation')
SwiftCompile normal arm64 /Users/admin/builder/spi-builder-workspace/.dependencies/checkouts/EFFoundation/EFFoundation/Core/DataStructure/BitSet.swift (in target 'EFFoundation' from project 'EFFoundation')
cd /Users/admin/builder/spi-builder-workspace/.swiftpm/xcode
builtin-SwiftPerFileCompile BitSet.swift
SwiftCompile normal arm64 /Users/admin/builder/spi-builder-workspace/.dependencies/checkouts/EFFoundation/EFFoundation/Core/DataStructure/Deque.swift (in target 'EFFoundation' from project 'EFFoundation')
cd /Users/admin/builder/spi-builder-workspace/.swiftpm/xcode
builtin-SwiftPerFileCompile Deque.swift
SwiftCompile normal arm64 /Users/admin/builder/spi-builder-workspace/.dependencies/checkouts/EFFoundation/EFFoundation/Core/DataStructure/LinkedList.swift (in target 'EFFoundation' from project 'EFFoundation')
cd /Users/admin/builder/spi-builder-workspace/.swiftpm/xcode
builtin-SwiftPerFileCompile LinkedList.swift
SwiftCompile normal arm64 /Users/admin/builder/spi-builder-workspace/.dependencies/checkouts/EFFoundation/EFFoundation/Core/DataStructure/Queue.swift (in target 'EFFoundation' from project 'EFFoundation')
cd /Users/admin/builder/spi-builder-workspace/.swiftpm/xcode
builtin-SwiftPerFileCompile Queue.swift
SwiftCompile normal arm64 /Users/admin/builder/spi-builder-workspace/.dependencies/checkouts/EFFoundation/EFFoundation/Core/DataStructure/Stack.swift (in target 'EFFoundation' from project 'EFFoundation')
cd /Users/admin/builder/spi-builder-workspace/.swiftpm/xcode
builtin-SwiftPerFileCompile Stack.swift
SwiftCompile normal arm64 /Users/admin/builder/spi-builder-workspace/.dependencies/checkouts/EFFoundation/EFFoundation/Core/DataStructure/Tree.swift (in target 'EFFoundation' from project 'EFFoundation')
cd /Users/admin/builder/spi-builder-workspace/.swiftpm/xcode
builtin-SwiftPerFileCompile Tree.swift
SwiftDriverJobDiscovery normal arm64_32 Compiling UInt16+.swift, UInt32+.swift, UInt64+.swift, UInt8+.swift, URL+.swift (in target 'EFFoundation' from project 'EFFoundation')
SwiftDriverJobDiscovery normal arm64_32 Compiling UINavigationController+.swift, UIRectCorner+.swift, UIView+.swift, UIViewController+.swift, UInt+.swift (in target 'EFFoundation' from project 'EFFoundation')
SwiftCompile normal arm64_32 Compiling\ EFFoundation.swift,\ Array+.swift,\ ArraySlice+.swift,\ BinaryFloatingPoint+.swift,\ BinaryInteger+.swift,\ Bool+.swift /Users/admin/builder/spi-builder-workspace/.dependencies/checkouts/EFFoundation/EFFoundation/Core/EFFoundation.swift /Users/admin/builder/spi-builder-workspace/.dependencies/checkouts/EFFoundation/EFFoundation/Core/Extension/Array+.swift /Users/admin/builder/spi-builder-workspace/.dependencies/checkouts/EFFoundation/EFFoundation/Core/Extension/ArraySlice+.swift /Users/admin/builder/spi-builder-workspace/.dependencies/checkouts/EFFoundation/EFFoundation/Core/Extension/BinaryFloatingPoint+.swift /Users/admin/builder/spi-builder-workspace/.dependencies/checkouts/EFFoundation/EFFoundation/Core/Extension/BinaryInteger+.swift /Users/admin/builder/spi-builder-workspace/.dependencies/checkouts/EFFoundation/EFFoundation/Core/Extension/Bool+.swift (in target 'EFFoundation' from project 'EFFoundation')
SwiftCompile normal arm64_32 /Users/admin/builder/spi-builder-workspace/.dependencies/checkouts/EFFoundation/EFFoundation/Core/EFFoundation.swift (in target 'EFFoundation' from project 'EFFoundation')
cd /Users/admin/builder/spi-builder-workspace/.swiftpm/xcode
builtin-SwiftPerFileCompile EFFoundation.swift
SwiftCompile normal arm64_32 /Users/admin/builder/spi-builder-workspace/.dependencies/checkouts/EFFoundation/EFFoundation/Core/Extension/Array+.swift (in target 'EFFoundation' from project 'EFFoundation')
cd /Users/admin/builder/spi-builder-workspace/.swiftpm/xcode
builtin-SwiftPerFileCompile Array+.swift
SwiftCompile normal arm64_32 /Users/admin/builder/spi-builder-workspace/.dependencies/checkouts/EFFoundation/EFFoundation/Core/Extension/ArraySlice+.swift (in target 'EFFoundation' from project 'EFFoundation')
cd /Users/admin/builder/spi-builder-workspace/.swiftpm/xcode
builtin-SwiftPerFileCompile ArraySlice+.swift
SwiftCompile normal arm64_32 /Users/admin/builder/spi-builder-workspace/.dependencies/checkouts/EFFoundation/EFFoundation/Core/Extension/BinaryFloatingPoint+.swift (in target 'EFFoundation' from project 'EFFoundation')
cd /Users/admin/builder/spi-builder-workspace/.swiftpm/xcode
builtin-SwiftPerFileCompile BinaryFloatingPoint+.swift
SwiftCompile normal arm64_32 /Users/admin/builder/spi-builder-workspace/.dependencies/checkouts/EFFoundation/EFFoundation/Core/Extension/BinaryInteger+.swift (in target 'EFFoundation' from project 'EFFoundation')
cd /Users/admin/builder/spi-builder-workspace/.swiftpm/xcode
builtin-SwiftPerFileCompile BinaryInteger+.swift
SwiftCompile normal arm64_32 /Users/admin/builder/spi-builder-workspace/.dependencies/checkouts/EFFoundation/EFFoundation/Core/Extension/Bool+.swift (in target 'EFFoundation' from project 'EFFoundation')
cd /Users/admin/builder/spi-builder-workspace/.swiftpm/xcode
builtin-SwiftPerFileCompile Bool+.swift
SwiftDriverJobDiscovery normal arm64_32 Compiling Dictionary+.swift, DispatchQueue+.swift, Double+.swift, Float+.swift, Int+.swift, Int16+.swift (in target 'EFFoundation' from project 'EFFoundation')
SwiftDriver EFNavigationBar normal arm64_32 com.apple.xcode.tools.swift.compiler (in target 'EFNavigationBar' from project 'EFNavigationBar')
cd /Users/admin/builder/spi-builder-workspace/.swiftpm/xcode
builtin-SwiftDriver -- /Applications/Xcode-27.0.0-Release.Candidate.app/Contents/Developer/Toolchains/XcodeDefault.xctoolchain/usr/bin/swiftc -parse-as-library -module-name EFNavigationBar -Onone @/Users/admin/builder/spi-builder-workspace/.derivedData/Build/Intermediates.noindex/EFNavigationBar.build/Debug-watchos/EFNavigationBar-t.build/Objects-normal/arm64_32/EFNavigationBar.SwiftFileList -DSWIFT_PACKAGE -DDEBUG -DSWIFT_MODULE_RESOURCE_BUNDLE_UNAVAILABLE -DXcode -plugin-path /Applications/Xcode-27.0.0-Release.Candidate.app/Contents/Developer/Toolchains/XcodeDefault.xctoolchain/usr/lib/swift/host/plugins/testing -enable-experimental-feature DebugDescriptionMacro -sdk /Applications/Xcode-27.0.0-Release.Candidate.app/Contents/Developer/Platforms/WatchOS.platform/Developer/SDKs/WatchOS27.0.sdk -target arm64_32-apple-watchos9.0 -g -module-cache-path /Users/admin/builder/spi-builder-workspace/.derivedData/ModuleCache.noindex -Xfrontend -serialize-debugging-options -enable-testing -index-store-path /Users/admin/builder/spi-builder-workspace/.derivedData/Index.noindex/DataStore -Xcc -D_LIBCPP_HARDENING_MODE\=_LIBCPP_HARDENING_MODE_DEBUG -swift-version 6 -I /Users/admin/builder/spi-builder-workspace/.derivedData/Build/Products/Debug-watchos -Isystem /Applications/Xcode-27.0.0-Release.Candidate.app/Contents/Developer/Platforms/WatchOS.platform/Developer/usr/lib -F /Users/admin/builder/spi-builder-workspace/.derivedData/Build/Products/Debug-watchos/PackageFrameworks -F /Users/admin/builder/spi-builder-workspace/.derivedData/Build/Products/Debug-watchos -F /Applications/Xcode-27.0.0-Release.Candidate.app/Contents/Developer/Platforms/WatchOS.platform/Developer/Library/Frameworks -F /Applications/Xcode-27.0.0-Release.Candidate.app/Contents/Developer/Platforms/WatchOS.platform/Developer/SDKs/WatchOS27.0.sdk/Developer/Library/Frameworks -c -j10 -enable-batch-mode -incremental -Xcc -ivfsstatcache -Xcc /Users/admin/builder/spi-builder-workspace/.derivedData/SDKStatCaches.noindex/watchos27.0-24R360-e829b21a6f8c9b70876ba0858053c04477534ef55a1706bf4c1112bbb242f0a2.sdkstatcache -output-file-map /Users/admin/builder/spi-builder-workspace/.derivedData/Build/Intermediates.noindex/EFNavigationBar.build/Debug-watchos/EFNavigationBar-t.build/Objects-normal/arm64_32/EFNavigationBar-OutputFileMap.json -save-temps -no-color-diagnostics -explicit-module-build -module-cache-path /Users/admin/builder/spi-builder-workspace/.derivedData/Build/Intermediates.noindex/SwiftExplicitPrecompiledModules -clang-scanner-module-cache-path /Users/admin/builder/spi-builder-workspace/.derivedData/ModuleCache.noindex -sdk-module-cache-path /Users/admin/builder/spi-builder-workspace/.derivedData/SDKExplicitPrecompiledModules -emit-dependencies -emit-module -emit-module-path /Users/admin/builder/spi-builder-workspace/.derivedData/Build/Intermediates.noindex/EFNavigationBar.build/Debug-watchos/EFNavigationBar-t.build/Objects-normal/arm64_32/EFNavigationBar.swiftmodule -serialize-diagnostics -dependency-scan-serialize-diagnostics-path /Users/admin/builder/spi-builder-workspace/.derivedData/Build/Intermediates.noindex/EFNavigationBar.build/Debug-watchos/EFNavigationBar-t.build/Objects-normal/arm64_32/EFNavigationBar-dependency-scan.dia -validate-clang-modules-once -clang-build-session-file /Users/admin/builder/spi-builder-workspace/.derivedData/ModuleCache.noindex/Session.modulevalidation -Xcc -fmodules-prune-interval\=86400 -Xcc -fmodules-prune-after\=345600 -package-name spi_builder_workspace -emit-const-values -const-gather-protocols-list /Users/admin/builder/spi-builder-workspace/.derivedData/Build/Intermediates.noindex/EFNavigationBar.build/Debug-watchos/EFNavigationBar-t.build/Objects-normal/arm64_32/EFNavigationBar_const_extract_protocols.json -Xcc -I/Users/admin/builder/spi-builder-workspace/.derivedData/Build/Products/Debug-watchos/include -Xcc -I/Users/admin/builder/spi-builder-workspace/.derivedData/Build/Intermediates.noindex/EFNavigationBar.build/Debug-watchos/EFNavigationBar-t.build/DerivedSources-normal/arm64_32 -Xcc -I/Users/admin/builder/spi-builder-workspace/.derivedData/Build/Intermediates.noindex/EFNavigationBar.build/Debug-watchos/EFNavigationBar-t.build/DerivedSources/arm64_32 -Xcc -I/Users/admin/builder/spi-builder-workspace/.derivedData/Build/Intermediates.noindex/EFNavigationBar.build/Debug-watchos/EFNavigationBar-t.build/DerivedSources -Xcc -DSWIFT_PACKAGE -Xcc -DDEBUG\=1 -emit-objc-header -emit-objc-header-path /Users/admin/builder/spi-builder-workspace/.derivedData/Build/Intermediates.noindex/EFNavigationBar.build/Debug-watchos/EFNavigationBar-t.build/Objects-normal/arm64_32/EFNavigationBar-Swift.h -working-directory /Users/admin/builder/spi-builder-workspace/.swiftpm/xcode -experimental-emit-module-separately -disable-cmo
SwiftDriver EFNavigationBar normal arm64 com.apple.xcode.tools.swift.compiler (in target 'EFNavigationBar' from project 'EFNavigationBar')
cd /Users/admin/builder/spi-builder-workspace/.swiftpm/xcode
builtin-SwiftDriver -- /Applications/Xcode-27.0.0-Release.Candidate.app/Contents/Developer/Toolchains/XcodeDefault.xctoolchain/usr/bin/swiftc -parse-as-library -module-name EFNavigationBar -Onone @/Users/admin/builder/spi-builder-workspace/.derivedData/Build/Intermediates.noindex/EFNavigationBar.build/Debug-watchos/EFNavigationBar-t.build/Objects-normal/arm64/EFNavigationBar.SwiftFileList -DSWIFT_PACKAGE -DDEBUG -DSWIFT_MODULE_RESOURCE_BUNDLE_UNAVAILABLE -DXcode -plugin-path /Applications/Xcode-27.0.0-Release.Candidate.app/Contents/Developer/Toolchains/XcodeDefault.xctoolchain/usr/lib/swift/host/plugins/testing -enable-experimental-feature DebugDescriptionMacro -sdk /Applications/Xcode-27.0.0-Release.Candidate.app/Contents/Developer/Platforms/WatchOS.platform/Developer/SDKs/WatchOS27.0.sdk -target arm64-apple-watchos9.0 -g -module-cache-path /Users/admin/builder/spi-builder-workspace/.derivedData/ModuleCache.noindex -Xfrontend -serialize-debugging-options -enable-testing -index-store-path /Users/admin/builder/spi-builder-workspace/.derivedData/Index.noindex/DataStore -Xcc -D_LIBCPP_HARDENING_MODE\=_LIBCPP_HARDENING_MODE_DEBUG -swift-version 6 -I /Users/admin/builder/spi-builder-workspace/.derivedData/Build/Products/Debug-watchos -Isystem /Applications/Xcode-27.0.0-Release.Candidate.app/Contents/Developer/Platforms/WatchOS.platform/Developer/usr/lib -F /Users/admin/builder/spi-builder-workspace/.derivedData/Build/Products/Debug-watchos/PackageFrameworks -F /Users/admin/builder/spi-builder-workspace/.derivedData/Build/Products/Debug-watchos -F /Applications/Xcode-27.0.0-Release.Candidate.app/Contents/Developer/Platforms/WatchOS.platform/Developer/Library/Frameworks -F /Applications/Xcode-27.0.0-Release.Candidate.app/Contents/Developer/Platforms/WatchOS.platform/Developer/SDKs/WatchOS27.0.sdk/Developer/Library/Frameworks -c -j10 -enable-batch-mode -incremental -Xcc -ivfsstatcache -Xcc /Users/admin/builder/spi-builder-workspace/.derivedData/SDKStatCaches.noindex/watchos27.0-24R360-e829b21a6f8c9b70876ba0858053c04477534ef55a1706bf4c1112bbb242f0a2.sdkstatcache -output-file-map /Users/admin/builder/spi-builder-workspace/.derivedData/Build/Intermediates.noindex/EFNavigationBar.build/Debug-watchos/EFNavigationBar-t.build/Objects-normal/arm64/EFNavigationBar-OutputFileMap.json -save-temps -no-color-diagnostics -explicit-module-build -module-cache-path /Users/admin/builder/spi-builder-workspace/.derivedData/Build/Intermediates.noindex/SwiftExplicitPrecompiledModules -clang-scanner-module-cache-path /Users/admin/builder/spi-builder-workspace/.derivedData/ModuleCache.noindex -sdk-module-cache-path /Users/admin/builder/spi-builder-workspace/.derivedData/SDKExplicitPrecompiledModules -emit-dependencies -emit-module -emit-module-path /Users/admin/builder/spi-builder-workspace/.derivedData/Build/Intermediates.noindex/EFNavigationBar.build/Debug-watchos/EFNavigationBar-t.build/Objects-normal/arm64/EFNavigationBar.swiftmodule -serialize-diagnostics -dependency-scan-serialize-diagnostics-path /Users/admin/builder/spi-builder-workspace/.derivedData/Build/Intermediates.noindex/EFNavigationBar.build/Debug-watchos/EFNavigationBar-t.build/Objects-normal/arm64/EFNavigationBar-dependency-scan.dia -validate-clang-modules-once -clang-build-session-file /Users/admin/builder/spi-builder-workspace/.derivedData/ModuleCache.noindex/Session.modulevalidation -Xcc -fmodules-prune-interval\=86400 -Xcc -fmodules-prune-after\=345600 -package-name spi_builder_workspace -emit-const-values -const-gather-protocols-list /Users/admin/builder/spi-builder-workspace/.derivedData/Build/Intermediates.noindex/EFNavigationBar.build/Debug-watchos/EFNavigationBar-t.build/Objects-normal/arm64/EFNavigationBar_const_extract_protocols.json -Xcc -I/Users/admin/builder/spi-builder-workspace/.derivedData/Build/Products/Debug-watchos/include -Xcc -I/Users/admin/builder/spi-builder-workspace/.derivedData/Build/Intermediates.noindex/EFNavigationBar.build/Debug-watchos/EFNavigationBar-t.build/DerivedSources-normal/arm64 -Xcc -I/Users/admin/builder/spi-builder-workspace/.derivedData/Build/Intermediates.noindex/EFNavigationBar.build/Debug-watchos/EFNavigationBar-t.build/DerivedSources/arm64 -Xcc -I/Users/admin/builder/spi-builder-workspace/.derivedData/Build/Intermediates.noindex/EFNavigationBar.build/Debug-watchos/EFNavigationBar-t.build/DerivedSources -Xcc -DSWIFT_PACKAGE -Xcc -DDEBUG\=1 -emit-objc-header -emit-objc-header-path /Users/admin/builder/spi-builder-workspace/.derivedData/Build/Intermediates.noindex/EFNavigationBar.build/Debug-watchos/EFNavigationBar-t.build/Objects-normal/arm64/EFNavigationBar-Swift.h -working-directory /Users/admin/builder/spi-builder-workspace/.swiftpm/xcode -experimental-emit-module-separately -disable-cmo
SwiftDriverJobDiscovery normal arm64 Compiling CATransaction+.swift, CGColor+.swift, CGFloat+.swift, CGImage.swift, CGRect+.swift, CGSize+.swift (in target 'EFFoundation' from project 'EFFoundation')
SwiftDriverJobDiscovery normal arm64 Compiling String+.swift, TimeInterval+.swift, UIApplication+.swift, UIButton+.swift, UICollectionView+.swift, UIColor+.swift (in target 'EFFoundation' from project 'EFFoundation')
SwiftDriverJobDiscovery normal arm64 Compiling UIControl+.swift, UIEdgeInsets+.swift, UIFont+.swift, UIGestureRecognizer+.swift, UIImage+.swift, UIImageView+.swift (in target 'EFFoundation' from project 'EFFoundation')
SwiftDriverJobDiscovery normal arm64_32 Compiling EFFoundation.swift, Array+.swift, ArraySlice+.swift, BinaryFloatingPoint+.swift, BinaryInteger+.swift, Bool+.swift (in target 'EFFoundation' from project 'EFFoundation')
SwiftExplicitDependencyGeneratePcm arm64_32 /Users/admin/builder/spi-builder-workspace/.derivedData/SDKExplicitPrecompiledModules/_Builtin_stddef-2F9BFIPBQ5EWNSK5G7G7V4EKL.pcm
SwiftExplicitDependencyGeneratePcm arm64_32 /Users/admin/builder/spi-builder-workspace/.derivedData/SDKExplicitPrecompiledModules/_AvailabilityInternal-22ZP1ILSQW16KHXZS5GBZHOCS.pcm
SwiftExplicitDependencyGeneratePcm arm64_32 /Users/admin/builder/spi-builder-workspace/.derivedData/SDKExplicitPrecompiledModules/ptrcheck-EAZ3I917ZFA9H6ZCL6PGLG4TR.pcm
SwiftExplicitDependencyGeneratePcm arm64_32 /Users/admin/builder/spi-builder-workspace/.derivedData/SDKExplicitPrecompiledModules/SwiftShims-D9VBB138U50XYYGW2C2V21N3L.pcm
SwiftExplicitDependencyGeneratePcm arm64_32 /Users/admin/builder/spi-builder-workspace/.derivedData/SDKExplicitPrecompiledModules/_Builtin_stdarg-EYJP6DFYQL9GJLH1TJ84A8MHV.pcm
SwiftExplicitDependencyGeneratePcm arm64_32 /Users/admin/builder/spi-builder-workspace/.derivedData/SDKExplicitPrecompiledModules/_Builtin_float-372PLGDQ1U3B6Z5EA5DJMDORJ.pcm
SwiftDriverJobDiscovery normal arm64_32 Compiling BitSet.swift, Deque.swift, LinkedList.swift, Queue.swift, Stack.swift, Tree.swift (in target 'EFFoundation' from project 'EFFoundation')
SwiftDriverJobDiscovery normal arm64 Compiling BitSet.swift, Deque.swift, LinkedList.swift, Queue.swift, Stack.swift, Tree.swift (in target 'EFFoundation' from project 'EFFoundation')
SwiftExplicitDependencyGeneratePcm arm64_32 /Users/admin/builder/spi-builder-workspace/.derivedData/SDKExplicitPrecompiledModules/_SwiftConcurrencyShims-58G4ISYSYDV3AT1DDGEE0QCUF.pcm
SwiftExplicitDependencyGeneratePcm arm64_32 /Users/admin/builder/spi-builder-workspace/.derivedData/SDKExplicitPrecompiledModules/_Builtin_stdbool-84ZA1VDW90AGWZ2LF5KOCM8DZ.pcm
SwiftExplicitDependencyGeneratePcm arm64_32 /Users/admin/builder/spi-builder-workspace/.derivedData/SDKExplicitPrecompiledModules/DeveloperToolsSupport-3FQKKPF3BW0SWE1YUZ86OZWIB.pcm
SwiftExplicitDependencyGeneratePcm arm64_32 /Users/admin/builder/spi-builder-workspace/.derivedData/SDKExplicitPrecompiledModules/ptrauth-EW7YZZ7LEZE1QZF2T8148IPSA.pcm
SwiftDriver\ Compilation EFFoundation normal arm64 com.apple.xcode.tools.swift.compiler (in target 'EFFoundation' from project 'EFFoundation')
cd /Users/admin/builder/spi-builder-workspace/.swiftpm/xcode
builtin-Swift-Compilation -- /Applications/Xcode-27.0.0-Release.Candidate.app/Contents/Developer/Toolchains/XcodeDefault.xctoolchain/usr/bin/swiftc -parse-as-library -module-name EFFoundation -Onone @/Users/admin/builder/spi-builder-workspace/.derivedData/Build/Intermediates.noindex/EFFoundation.build/Debug-watchos/EFFoundation-t.build/Objects-normal/arm64/EFFoundation.SwiftFileList -DSWIFT_PACKAGE -DDEBUG -DSWIFT_MODULE_RESOURCE_BUNDLE_UNAVAILABLE -DXcode -plugin-path /Applications/Xcode-27.0.0-Release.Candidate.app/Contents/Developer/Toolchains/XcodeDefault.xctoolchain/usr/lib/swift/host/plugins/testing -enable-experimental-feature DebugDescriptionMacro -sdk /Applications/Xcode-27.0.0-Release.Candidate.app/Contents/Developer/Platforms/WatchOS.platform/Developer/SDKs/WatchOS27.0.sdk -target arm64-apple-watchos9.0 -g -module-cache-path /Users/admin/builder/spi-builder-workspace/.derivedData/ModuleCache.noindex -Xfrontend -serialize-debugging-options -enable-testing -suppress-warnings -index-store-path /Users/admin/builder/spi-builder-workspace/.derivedData/Index.noindex/DataStore -Xcc -D_LIBCPP_HARDENING_MODE\=_LIBCPP_HARDENING_MODE_DEBUG -swift-version 5 -I /Users/admin/builder/spi-builder-workspace/.derivedData/Build/Products/Debug-watchos -Isystem /Applications/Xcode-27.0.0-Release.Candidate.app/Contents/Developer/Platforms/WatchOS.platform/Developer/usr/lib -F /Users/admin/builder/spi-builder-workspace/.derivedData/Build/Products/Debug-watchos -F /Applications/Xcode-27.0.0-Release.Candidate.app/Contents/Developer/Platforms/WatchOS.platform/Developer/Library/Frameworks -F /Applications/Xcode-27.0.0-Release.Candidate.app/Contents/Developer/Platforms/WatchOS.platform/Developer/SDKs/WatchOS27.0.sdk/Developer/Library/Frameworks -c -j10 -enable-batch-mode -incremental -Xcc -ivfsstatcache -Xcc /Users/admin/builder/spi-builder-workspace/.derivedData/SDKStatCaches.noindex/watchos27.0-24R360-e829b21a6f8c9b70876ba0858053c04477534ef55a1706bf4c1112bbb242f0a2.sdkstatcache -output-file-map /Users/admin/builder/spi-builder-workspace/.derivedData/Build/Intermediates.noindex/EFFoundation.build/Debug-watchos/EFFoundation-t.build/Objects-normal/arm64/EFFoundation-OutputFileMap.json -save-temps -no-color-diagnostics -explicit-module-build -module-cache-path /Users/admin/builder/spi-builder-workspace/.derivedData/Build/Intermediates.noindex/SwiftExplicitPrecompiledModules -clang-scanner-module-cache-path /Users/admin/builder/spi-builder-workspace/.derivedData/ModuleCache.noindex -sdk-module-cache-path /Users/admin/builder/spi-builder-workspace/.derivedData/SDKExplicitPrecompiledModules -emit-dependencies -emit-module -emit-module-path /Users/admin/builder/spi-builder-workspace/.derivedData/Build/Intermediates.noindex/EFFoundation.build/Debug-watchos/EFFoundation-t.build/Objects-normal/arm64/EFFoundation.swiftmodule -serialize-diagnostics -dependency-scan-serialize-diagnostics-path /Users/admin/builder/spi-builder-workspace/.derivedData/Build/Intermediates.noindex/EFFoundation.build/Debug-watchos/EFFoundation-t.build/Objects-normal/arm64/EFFoundation-dependency-scan.dia -validate-clang-modules-once -clang-build-session-file /Users/admin/builder/spi-builder-workspace/.derivedData/ModuleCache.noindex/Session.modulevalidation -Xcc -fmodules-prune-interval\=86400 -Xcc -fmodules-prune-after\=345600 -emit-const-values -const-gather-protocols-list /Users/admin/builder/spi-builder-workspace/.derivedData/Build/Intermediates.noindex/EFFoundation.build/Debug-watchos/EFFoundation-t.build/Objects-normal/arm64/EFFoundation_const_extract_protocols.json -Xcc -I/Users/admin/builder/spi-builder-workspace/.derivedData/Build/Products/Debug-watchos/include -Xcc -I/Users/admin/builder/spi-builder-workspace/.derivedData/Build/Intermediates.noindex/EFFoundation.build/Debug-watchos/EFFoundation-t.build/DerivedSources-normal/arm64 -Xcc -I/Users/admin/builder/spi-builder-workspace/.derivedData/Build/Intermediates.noindex/EFFoundation.build/Debug-watchos/EFFoundation-t.build/DerivedSources/arm64 -Xcc -I/Users/admin/builder/spi-builder-workspace/.derivedData/Build/Intermediates.noindex/EFFoundation.build/Debug-watchos/EFFoundation-t.build/DerivedSources -Xcc -DSWIFT_PACKAGE -Xcc -DDEBUG\=1 -emit-objc-header -emit-objc-header-path /Users/admin/builder/spi-builder-workspace/.derivedData/Build/Intermediates.noindex/EFFoundation.build/Debug-watchos/EFFoundation-t.build/Objects-normal/arm64/EFFoundation-Swift.h -working-directory /Users/admin/builder/spi-builder-workspace/.swiftpm/xcode -experimental-emit-module-separately -disable-cmo
SwiftExplicitDependencyGeneratePcm arm64_32 /Users/admin/builder/spi-builder-workspace/.derivedData/SDKExplicitPrecompiledModules/_DarwinFoundation1-5SNIO0SFHX9KJZTLQGIPAPXUZ.pcm
Ld /Users/admin/builder/spi-builder-workspace/.derivedData/Build/Intermediates.noindex/EFFoundation.build/Debug-watchos/EFFoundation-t.build/Objects-normal/arm64/Binary/EFFoundation.o normal arm64 (in target 'EFFoundation' from project 'EFFoundation')
cd /Users/admin/builder/spi-builder-workspace/.dependencies/checkouts/EFFoundation
/Applications/Xcode-27.0.0-Release.Candidate.app/Contents/Developer/Toolchains/XcodeDefault.xctoolchain/usr/bin/clang -Xlinker -reproducible -target arm64-apple-watchos9.0 -r -isysroot /Applications/Xcode-27.0.0-Release.Candidate.app/Contents/Developer/Platforms/WatchOS.platform/Developer/SDKs/WatchOS27.0.sdk -O0 -w -Xlinker -no_warn_duplicate_libraries -F/Users/admin/builder/spi-builder-workspace/.derivedData/Build/Intermediates.noindex/EagerLinkingTBDs/Debug-watchos -F/Users/admin/builder/spi-builder-workspace/.derivedData/Build/Products/Debug-watchos -iframework /Applications/Xcode-27.0.0-Release.Candidate.app/Contents/Developer/Platforms/WatchOS.platform/Developer/Library/Frameworks -iframework /Applications/Xcode-27.0.0-Release.Candidate.app/Contents/Developer/Platforms/WatchOS.platform/Developer/SDKs/WatchOS27.0.sdk/Developer/Library/Frameworks -filelist /Users/admin/builder/spi-builder-workspace/.derivedData/Build/Intermediates.noindex/EFFoundation.build/Debug-watchos/EFFoundation-t.build/Objects-normal/arm64/EFFoundation.LinkFileList -nostdlib -Xlinker -object_path_lto -Xlinker /Users/admin/builder/spi-builder-workspace/.derivedData/Build/Intermediates.noindex/EFFoundation.build/Debug-watchos/EFFoundation-t.build/Objects-normal/arm64/EFFoundation_lto.o -Xlinker -no_deduplicate -Xlinker -dependency_info -Xlinker /Users/admin/builder/spi-builder-workspace/.derivedData/Build/Intermediates.noindex/EFFoundation.build/Debug-watchos/EFFoundation-t.build/Objects-normal/arm64/EFFoundation_dependency_info.dat -fobjc-link-runtime -L/Applications/Xcode-27.0.0-Release.Candidate.app/Contents/Developer/Toolchains/XcodeDefault.xctoolchain/usr/lib/swift/watchos -L/usr/lib/swift -Xlinker -add_ast_path -Xlinker /Users/admin/builder/spi-builder-workspace/.derivedData/Build/Intermediates.noindex/EFFoundation.build/Debug-watchos/EFFoundation-t.build/Objects-normal/arm64/EFFoundation.swiftmodule -o /Users/admin/builder/spi-builder-workspace/.derivedData/Build/Intermediates.noindex/EFFoundation.build/Debug-watchos/EFFoundation-t.build/Objects-normal/arm64/Binary/EFFoundation.o
SwiftDriverJobDiscovery normal arm64_32 Compiling CATransaction+.swift, CGColor+.swift, CGFloat+.swift, CGImage.swift, CGRect+.swift, CGSize+.swift (in target 'EFFoundation' from project 'EFFoundation')
SwiftDriverJobDiscovery normal arm64_32 Compiling UIControl+.swift, UIEdgeInsets+.swift, UIFont+.swift, UIGestureRecognizer+.swift, UIImage+.swift, UIImageView+.swift (in target 'EFFoundation' from project 'EFFoundation')
SwiftExplicitDependencyGeneratePcm arm64 /Users/admin/builder/spi-builder-workspace/.derivedData/SDKExplicitPrecompiledModules/ptrauth-C7VQASAJ967Q4Q6SRD4I3CFWZ.pcm
SwiftExplicitDependencyGeneratePcm arm64 /Users/admin/builder/spi-builder-workspace/.derivedData/SDKExplicitPrecompiledModules/_Builtin_stdarg-3X4KLXUYEI0UGBILP4X7D0CYW.pcm
SwiftExplicitDependencyGeneratePcm arm64 /Users/admin/builder/spi-builder-workspace/.derivedData/SDKExplicitPrecompiledModules/_Builtin_stdbool-B692L2PMR118794VVYBG37897.pcm
SwiftExplicitDependencyGeneratePcm arm64 /Users/admin/builder/spi-builder-workspace/.derivedData/SDKExplicitPrecompiledModules/_SwiftConcurrencyShims-CTPSFSTDCBVSSQFHL6I305U72.pcm
SwiftExplicitDependencyGeneratePcm arm64 /Users/admin/builder/spi-builder-workspace/.derivedData/SDKExplicitPrecompiledModules/ptrcheck-8K07997SIHO7YGY7UQ3LOQ3TJ.pcm
SwiftExplicitDependencyGeneratePcm arm64 /Users/admin/builder/spi-builder-workspace/.derivedData/SDKExplicitPrecompiledModules/DeveloperToolsSupport-CL5QT3CW0ZM498PFTWG64QMLA.pcm
SwiftExplicitDependencyGeneratePcm arm64 /Users/admin/builder/spi-builder-workspace/.derivedData/SDKExplicitPrecompiledModules/_Builtin_stddef-5OH846KKUPSJJT7GCX9XU1TKG.pcm
SwiftExplicitDependencyGeneratePcm arm64 /Users/admin/builder/spi-builder-workspace/.derivedData/SDKExplicitPrecompiledModules/_AvailabilityInternal-42EVAC8Q6P1ZT6G3A168N97G4.pcm
SwiftExplicitDependencyGeneratePcm arm64 /Users/admin/builder/spi-builder-workspace/.derivedData/SDKExplicitPrecompiledModules/_Builtin_float-E4M4A8689VXF1T7P7BV56IKBT.pcm
SwiftExplicitDependencyGeneratePcm arm64 /Users/admin/builder/spi-builder-workspace/.derivedData/SDKExplicitPrecompiledModules/SwiftShims-AJ4AZYHQNC33R5RLN7AGEIOMP.pcm
SwiftDriverJobDiscovery normal arm64_32 Compiling String+.swift, TimeInterval+.swift, UIApplication+.swift, UIButton+.swift, UICollectionView+.swift, UIColor+.swift (in target 'EFFoundation' from project 'EFFoundation')
SwiftExplicitDependencyGeneratePcm arm64_32 /Users/admin/builder/spi-builder-workspace/.derivedData/SDKExplicitPrecompiledModules/_Builtin_limits-AQMEC9CLG0FZQN6TLGDQ6WF78.pcm
SwiftExplicitDependencyGeneratePcm arm64_32 /Users/admin/builder/spi-builder-workspace/.derivedData/SDKExplicitPrecompiledModules/_DarwinFoundation2-FP2Q8F1Q2HR151SBYKTU6Q8B.pcm
SwiftDriver\ Compilation EFFoundation normal arm64_32 com.apple.xcode.tools.swift.compiler (in target 'EFFoundation' from project 'EFFoundation')
cd /Users/admin/builder/spi-builder-workspace/.swiftpm/xcode
builtin-Swift-Compilation -- /Applications/Xcode-27.0.0-Release.Candidate.app/Contents/Developer/Toolchains/XcodeDefault.xctoolchain/usr/bin/swiftc -parse-as-library -module-name EFFoundation -Onone @/Users/admin/builder/spi-builder-workspace/.derivedData/Build/Intermediates.noindex/EFFoundation.build/Debug-watchos/EFFoundation-t.build/Objects-normal/arm64_32/EFFoundation.SwiftFileList -DSWIFT_PACKAGE -DDEBUG -DSWIFT_MODULE_RESOURCE_BUNDLE_UNAVAILABLE -DXcode -plugin-path /Applications/Xcode-27.0.0-Release.Candidate.app/Contents/Developer/Toolchains/XcodeDefault.xctoolchain/usr/lib/swift/host/plugins/testing -enable-experimental-feature DebugDescriptionMacro -sdk /Applications/Xcode-27.0.0-Release.Candidate.app/Contents/Developer/Platforms/WatchOS.platform/Developer/SDKs/WatchOS27.0.sdk -target arm64_32-apple-watchos9.0 -g -module-cache-path /Users/admin/builder/spi-builder-workspace/.derivedData/ModuleCache.noindex -Xfrontend -serialize-debugging-options -enable-testing -suppress-warnings -index-store-path /Users/admin/builder/spi-builder-workspace/.derivedData/Index.noindex/DataStore -Xcc -D_LIBCPP_HARDENING_MODE\=_LIBCPP_HARDENING_MODE_DEBUG -swift-version 5 -I /Users/admin/builder/spi-builder-workspace/.derivedData/Build/Products/Debug-watchos -Isystem /Applications/Xcode-27.0.0-Release.Candidate.app/Contents/Developer/Platforms/WatchOS.platform/Developer/usr/lib -F /Users/admin/builder/spi-builder-workspace/.derivedData/Build/Products/Debug-watchos -F /Applications/Xcode-27.0.0-Release.Candidate.app/Contents/Developer/Platforms/WatchOS.platform/Developer/Library/Frameworks -F /Applications/Xcode-27.0.0-Release.Candidate.app/Contents/Developer/Platforms/WatchOS.platform/Developer/SDKs/WatchOS27.0.sdk/Developer/Library/Frameworks -c -j10 -enable-batch-mode -incremental -Xcc -ivfsstatcache -Xcc /Users/admin/builder/spi-builder-workspace/.derivedData/SDKStatCaches.noindex/watchos27.0-24R360-e829b21a6f8c9b70876ba0858053c04477534ef55a1706bf4c1112bbb242f0a2.sdkstatcache -output-file-map /Users/admin/builder/spi-builder-workspace/.derivedData/Build/Intermediates.noindex/EFFoundation.build/Debug-watchos/EFFoundation-t.build/Objects-normal/arm64_32/EFFoundation-OutputFileMap.json -save-temps -no-color-diagnostics -explicit-module-build -module-cache-path /Users/admin/builder/spi-builder-workspace/.derivedData/Build/Intermediates.noindex/SwiftExplicitPrecompiledModules -clang-scanner-module-cache-path /Users/admin/builder/spi-builder-workspace/.derivedData/ModuleCache.noindex -sdk-module-cache-path /Users/admin/builder/spi-builder-workspace/.derivedData/SDKExplicitPrecompiledModules -emit-dependencies -emit-module -emit-module-path /Users/admin/builder/spi-builder-workspace/.derivedData/Build/Intermediates.noindex/EFFoundation.build/Debug-watchos/EFFoundation-t.build/Objects-normal/arm64_32/EFFoundation.swiftmodule -serialize-diagnostics -dependency-scan-serialize-diagnostics-path /Users/admin/builder/spi-builder-workspace/.derivedData/Build/Intermediates.noindex/EFFoundation.build/Debug-watchos/EFFoundation-t.build/Objects-normal/arm64_32/EFFoundation-dependency-scan.dia -validate-clang-modules-once -clang-build-session-file /Users/admin/builder/spi-builder-workspace/.derivedData/ModuleCache.noindex/Session.modulevalidation -Xcc -fmodules-prune-interval\=86400 -Xcc -fmodules-prune-after\=345600 -emit-const-values -const-gather-protocols-list /Users/admin/builder/spi-builder-workspace/.derivedData/Build/Intermediates.noindex/EFFoundation.build/Debug-watchos/EFFoundation-t.build/Objects-normal/arm64_32/EFFoundation_const_extract_protocols.json -Xcc -I/Users/admin/builder/spi-builder-workspace/.derivedData/Build/Products/Debug-watchos/include -Xcc -I/Users/admin/builder/spi-builder-workspace/.derivedData/Build/Intermediates.noindex/EFFoundation.build/Debug-watchos/EFFoundation-t.build/DerivedSources-normal/arm64_32 -Xcc -I/Users/admin/builder/spi-builder-workspace/.derivedData/Build/Intermediates.noindex/EFFoundation.build/Debug-watchos/EFFoundation-t.build/DerivedSources/arm64_32 -Xcc -I/Users/admin/builder/spi-builder-workspace/.derivedData/Build/Intermediates.noindex/EFFoundation.build/Debug-watchos/EFFoundation-t.build/DerivedSources -Xcc -DSWIFT_PACKAGE -Xcc -DDEBUG\=1 -emit-objc-header -emit-objc-header-path /Users/admin/builder/spi-builder-workspace/.derivedData/Build/Intermediates.noindex/EFFoundation.build/Debug-watchos/EFFoundation-t.build/Objects-normal/arm64_32/EFFoundation-Swift.h -working-directory /Users/admin/builder/spi-builder-workspace/.swiftpm/xcode -experimental-emit-module-separately -disable-cmo
Ld /Users/admin/builder/spi-builder-workspace/.derivedData/Build/Intermediates.noindex/EFFoundation.build/Debug-watchos/EFFoundation-t.build/Objects-normal/arm64_32/Binary/EFFoundation.o normal arm64_32 (in target 'EFFoundation' from project 'EFFoundation')
cd /Users/admin/builder/spi-builder-workspace/.dependencies/checkouts/EFFoundation
/Applications/Xcode-27.0.0-Release.Candidate.app/Contents/Developer/Toolchains/XcodeDefault.xctoolchain/usr/bin/clang -Xlinker -reproducible -target arm64_32-apple-watchos9.0 -r -isysroot /Applications/Xcode-27.0.0-Release.Candidate.app/Contents/Developer/Platforms/WatchOS.platform/Developer/SDKs/WatchOS27.0.sdk -O0 -w -Xlinker -no_warn_duplicate_libraries -F/Users/admin/builder/spi-builder-workspace/.derivedData/Build/Intermediates.noindex/EagerLinkingTBDs/Debug-watchos -F/Users/admin/builder/spi-builder-workspace/.derivedData/Build/Products/Debug-watchos -iframework /Applications/Xcode-27.0.0-Release.Candidate.app/Contents/Developer/Platforms/WatchOS.platform/Developer/Library/Frameworks -iframework /Applications/Xcode-27.0.0-Release.Candidate.app/Contents/Developer/Platforms/WatchOS.platform/Developer/SDKs/WatchOS27.0.sdk/Developer/Library/Frameworks -filelist /Users/admin/builder/spi-builder-workspace/.derivedData/Build/Intermediates.noindex/EFFoundation.build/Debug-watchos/EFFoundation-t.build/Objects-normal/arm64_32/EFFoundation.LinkFileList -nostdlib -Xlinker -object_path_lto -Xlinker /Users/admin/builder/spi-builder-workspace/.derivedData/Build/Intermediates.noindex/EFFoundation.build/Debug-watchos/EFFoundation-t.build/Objects-normal/arm64_32/EFFoundation_lto.o -Xlinker -no_deduplicate -Xlinker -dependency_info -Xlinker /Users/admin/builder/spi-builder-workspace/.derivedData/Build/Intermediates.noindex/EFFoundation.build/Debug-watchos/EFFoundation-t.build/Objects-normal/arm64_32/EFFoundation_dependency_info.dat -fobjc-link-runtime -L/Applications/Xcode-27.0.0-Release.Candidate.app/Contents/Developer/Toolchains/XcodeDefault.xctoolchain/usr/lib/swift/watchos -L/usr/lib/swift -Xlinker -add_ast_path -Xlinker /Users/admin/builder/spi-builder-workspace/.derivedData/Build/Intermediates.noindex/EFFoundation.build/Debug-watchos/EFFoundation-t.build/Objects-normal/arm64_32/EFFoundation.swiftmodule -o /Users/admin/builder/spi-builder-workspace/.derivedData/Build/Intermediates.noindex/EFFoundation.build/Debug-watchos/EFFoundation-t.build/Objects-normal/arm64_32/Binary/EFFoundation.o
SwiftExplicitDependencyGeneratePcm arm64 /Users/admin/builder/spi-builder-workspace/.derivedData/SDKExplicitPrecompiledModules/_DarwinFoundation1-7YQ9TVI7XTOGQU9OADRXP33D1.pcm
CreateUniversalBinary /Users/admin/builder/spi-builder-workspace/.derivedData/Build/Products/Debug-watchos/EFFoundation.o normal arm64\ arm64_32 (in target 'EFFoundation' from project 'EFFoundation')
cd /Users/admin/builder/spi-builder-workspace/.dependencies/checkouts/EFFoundation
/Applications/Xcode-27.0.0-Release.Candidate.app/Contents/Developer/Toolchains/XcodeDefault.xctoolchain/usr/bin/lipo -create /Users/admin/builder/spi-builder-workspace/.derivedData/Build/Intermediates.noindex/EFFoundation.build/Debug-watchos/EFFoundation-t.build/Objects-normal/arm64/Binary/EFFoundation.o /Users/admin/builder/spi-builder-workspace/.derivedData/Build/Intermediates.noindex/EFFoundation.build/Debug-watchos/EFFoundation-t.build/Objects-normal/arm64_32/Binary/EFFoundation.o -output /Users/admin/builder/spi-builder-workspace/.derivedData/Build/Products/Debug-watchos/EFFoundation.o
ExtractAppIntentsMetadata (in target 'EFFoundation' from project 'EFFoundation')
cd /Users/admin/builder/spi-builder-workspace/.dependencies/checkouts/EFFoundation
/Applications/Xcode-27.0.0-Release.Candidate.app/Contents/Developer/Toolchains/XcodeDefault.xctoolchain/usr/bin/appintentsmetadataprocessor --toolchain-dir /var/run/com.apple.security.cryptexd/mnt/com.apple.MobileAsset.MetalToolchain-v27.1.266.1.LtV4Uv/Metal.xctoolchain --module-name EFFoundation --sdk-root /Applications/Xcode-27.0.0-Release.Candidate.app/Contents/Developer/Platforms/WatchOS.platform/Developer/SDKs/WatchOS27.0.sdk --xcode-version 27A266a --platform-family watchOS --deployment-target 9.0 --bundle-identifier effoundation.EFFoundation --output /Users/admin/builder/spi-builder-workspace/.derivedData/Build/Products/Debug-watchos/EFFoundation.appintents --target-triple arm64-apple-watchos9.0 --target-triple arm64_32-apple-watchos9.0 --binary-file /Users/admin/builder/spi-builder-workspace/.derivedData/Build/Products/Debug-watchos/EFFoundation.o --dependency-file /Users/admin/builder/spi-builder-workspace/.derivedData/Build/Intermediates.noindex/EFFoundation.build/Debug-watchos/EFFoundation-t.build/Objects-normal/arm64/EFFoundation_dependency_info.dat --dependency-file /Users/admin/builder/spi-builder-workspace/.derivedData/Build/Intermediates.noindex/EFFoundation.build/Debug-watchos/EFFoundation-t.build/Objects-normal/arm64_32/EFFoundation_dependency_info.dat --stringsdata-file /Users/admin/builder/spi-builder-workspace/.derivedData/Build/Intermediates.noindex/EFFoundation.build/Debug-watchos/EFFoundation-t.build/Objects-normal/arm64/ExtractedAppShortcutsMetadata.stringsdata --stringsdata-file /Users/admin/builder/spi-builder-workspace/.derivedData/Build/Intermediates.noindex/EFFoundation.build/Debug-watchos/EFFoundation-t.build/Objects-normal/arm64_32/ExtractedAppShortcutsMetadata.stringsdata --source-file-list /Users/admin/builder/spi-builder-workspace/.derivedData/Build/Intermediates.noindex/EFFoundation.build/Debug-watchos/EFFoundation-t.build/Objects-normal/arm64/EFFoundation.SwiftFileList --source-file-list /Users/admin/builder/spi-builder-workspace/.derivedData/Build/Intermediates.noindex/EFFoundation.build/Debug-watchos/EFFoundation-t.build/Objects-normal/arm64_32/EFFoundation.SwiftFileList --metadata-file-list /Users/admin/builder/spi-builder-workspace/.derivedData/Build/Intermediates.noindex/EFFoundation.build/Debug-watchos/EFFoundation-t.build/EFFoundation.DependencyMetadataFileList --static-metadata-file-list /Users/admin/builder/spi-builder-workspace/.derivedData/Build/Intermediates.noindex/EFFoundation.build/Debug-watchos/EFFoundation-t.build/EFFoundation.DependencyStaticMetadataFileList --swift-const-vals-list /Users/admin/builder/spi-builder-workspace/.derivedData/Build/Intermediates.noindex/EFFoundation.build/Debug-watchos/EFFoundation-t.build/Objects-normal/arm64/EFFoundation.SwiftConstValuesFileList --swift-const-vals-list /Users/admin/builder/spi-builder-workspace/.derivedData/Build/Intermediates.noindex/EFFoundation.build/Debug-watchos/EFFoundation-t.build/Objects-normal/arm64_32/EFFoundation.SwiftConstValuesFileList --force --compile-time-extraction --deployment-aware-processing --no-app-shortcuts-localization
2026-09-19 06:00:12.654 appintentsmetadataprocessor[908:5370] Starting appintentsmetadataprocessor export
2026-09-19 06:00:12.757 appintentsmetadataprocessor[908:5370] Extracted no relevant App Intents symbols, skipping writing output
SwiftExplicitDependencyGeneratePcm arm64 /Users/admin/builder/spi-builder-workspace/.derivedData/SDKExplicitPrecompiledModules/_DarwinFoundation2-CUPL4FH2SA95GMALQP4M6O8UA.pcm
SwiftExplicitDependencyGeneratePcm arm64 /Users/admin/builder/spi-builder-workspace/.derivedData/SDKExplicitPrecompiledModules/_Builtin_limits-75TRA1C7IHYOFCG3KJXQVTHJ4.pcm
SwiftExplicitDependencyGeneratePcm arm64_32 /Users/admin/builder/spi-builder-workspace/.derivedData/SDKExplicitPrecompiledModules/_Builtin_tgmath-414CVW1GW3IL0HRLCNNCS6Q0U.pcm
SwiftExplicitDependencyGeneratePcm arm64_32 /Users/admin/builder/spi-builder-workspace/.derivedData/SDKExplicitPrecompiledModules/sys_types-65NN51P1G7GN2GUAUPC53JJ7N.pcm
SwiftExplicitDependencyGeneratePcm arm64_32 /Users/admin/builder/spi-builder-workspace/.derivedData/SDKExplicitPrecompiledModules/_Builtin_stdint-6IWJLTRH2WB6RCG4THPA65RDS.pcm
SwiftExplicitDependencyGeneratePcm arm64_32 /Users/admin/builder/spi-builder-workspace/.derivedData/SDKExplicitPrecompiledModules/string_h-8QY7P4ZQXQAF14WVDITTM4R70.pcm
SwiftExplicitDependencyGeneratePcm arm64_32 /Users/admin/builder/spi-builder-workspace/.derivedData/SDKExplicitPrecompiledModules/_Builtin_intrinsics-2K07JIG9ZANIKHSNPO3O6L1K6.pcm
SwiftExplicitDependencyGeneratePcm arm64_32 /Users/admin/builder/spi-builder-workspace/.derivedData/SDKExplicitPrecompiledModules/_Builtin_stdatomic-D2FE5M7JS5NQA5JDADVERWJM4.pcm
SwiftExplicitDependencyGeneratePcm arm64_32 /Users/admin/builder/spi-builder-workspace/.derivedData/SDKExplicitPrecompiledModules/_DarwinFoundation3-3YOBOPIW2MF1LRNQH7JBUBY4G.pcm
SwiftExplicitDependencyGeneratePcm arm64 /Users/admin/builder/spi-builder-workspace/.derivedData/SDKExplicitPrecompiledModules/_Builtin_stdint-6TUACK4YPMARFT56PLIO388SJ.pcm
SwiftExplicitDependencyGeneratePcm arm64 /Users/admin/builder/spi-builder-workspace/.derivedData/SDKExplicitPrecompiledModules/string_h-4N9Z22C0HUO8GV7GFPCLZRZA2.pcm
SwiftExplicitDependencyGeneratePcm arm64 /Users/admin/builder/spi-builder-workspace/.derivedData/SDKExplicitPrecompiledModules/sys_types-9KPVYINL86WUSHF45TU8PWZZ1.pcm
SwiftExplicitDependencyGeneratePcm arm64 /Users/admin/builder/spi-builder-workspace/.derivedData/SDKExplicitPrecompiledModules/_Builtin_tgmath-7JP2AE1NQHA1DV5JYP2OHQ3BF.pcm
SwiftExplicitDependencyGeneratePcm arm64 /Users/admin/builder/spi-builder-workspace/.derivedData/SDKExplicitPrecompiledModules/_Builtin_stdatomic-25T9UW3XDYID74302F31PX0RP.pcm
SwiftExplicitDependencyGeneratePcm arm64 /Users/admin/builder/spi-builder-workspace/.derivedData/SDKExplicitPrecompiledModules/_DarwinFoundation3-EJXZKD8LN9EYM9OWP9VLJ49PK.pcm
SwiftExplicitDependencyGeneratePcm arm64 /Users/admin/builder/spi-builder-workspace/.derivedData/SDKExplicitPrecompiledModules/_Builtin_intrinsics-SQV576LJA0QE7RW5HF7CQ1BX.pcm
SwiftExplicitDependencyGeneratePcm arm64_32 /Users/admin/builder/spi-builder-workspace/.derivedData/SDKExplicitPrecompiledModules/_Builtin_inttypes-BPZJ68HW1IMYWSHROAZ0IMUJP.pcm
SwiftExplicitDependencyGeneratePcm arm64_32 /Users/admin/builder/spi-builder-workspace/.derivedData/SDKExplicitPrecompiledModules/Darwin-10D35ZJWCWG7LJAF579U7I5V7.pcm
SwiftExplicitDependencyGeneratePcm arm64 /Users/admin/builder/spi-builder-workspace/.derivedData/SDKExplicitPrecompiledModules/_Builtin_inttypes-86YTNV5YADPJXFMJ82N3R4GWQ.pcm
SwiftExplicitDependencyGeneratePcm arm64_32 /Users/admin/builder/spi-builder-workspace/.derivedData/SDKExplicitPrecompiledModules/simd-1W6O8NR1QUSWJGAN44DNNWVHX.pcm
SwiftExplicitDependencyGeneratePcm arm64 /Users/admin/builder/spi-builder-workspace/.derivedData/SDKExplicitPrecompiledModules/Darwin-CSB8C43KELVSFIQVR0803IZPN.pcm
SwiftExplicitDependencyGeneratePcm arm64 /Users/admin/builder/spi-builder-workspace/.derivedData/SDKExplicitPrecompiledModules/simd-2C11HKTI5TJB05T724EWNFZXD.pcm
SwiftExplicitDependencyGeneratePcm arm64_32 /Users/admin/builder/spi-builder-workspace/.derivedData/SDKExplicitPrecompiledModules/MachO-F47JQRYVH1SLPOQSJD8RK9MSX.pcm
SwiftExplicitDependencyGeneratePcm arm64_32 /Users/admin/builder/spi-builder-workspace/.derivedData/SDKExplicitPrecompiledModules/ObjectiveC-71AGZNHLBMR2QK817EJNUN54E.pcm
SwiftExplicitDependencyGeneratePcm arm64_32 /Users/admin/builder/spi-builder-workspace/.derivedData/SDKExplicitPrecompiledModules/os_object-CTXVQBCWDOH6JHUXIFDUOWFRL.pcm
SwiftExplicitDependencyGeneratePcm arm64 /Users/admin/builder/spi-builder-workspace/.derivedData/SDKExplicitPrecompiledModules/ObjectiveC-22CZPC4WYQC9G8T393WT2KKLW.pcm
SwiftExplicitDependencyGeneratePcm arm64 /Users/admin/builder/spi-builder-workspace/.derivedData/SDKExplicitPrecompiledModules/MachO-4RYXFVY68ZDEUZYFMVL57WEKU.pcm
SwiftExplicitDependencyGeneratePcm arm64_32 /Users/admin/builder/spi-builder-workspace/.derivedData/SDKExplicitPrecompiledModules/os_workgroup-9L9R05BT5LTFRZ2NM68BZTVV2.pcm
SwiftExplicitDependencyGeneratePcm arm64 /Users/admin/builder/spi-builder-workspace/.derivedData/SDKExplicitPrecompiledModules/os_object-6KYGGZ4DPVZ3BBAZ6QICZN8LI.pcm
SwiftExplicitDependencyGeneratePcm arm64_32 /Users/admin/builder/spi-builder-workspace/.derivedData/SDKExplicitPrecompiledModules/Spatial-4XS0QRL16224ZE9KE9TMKASKT.pcm
SwiftExplicitDependencyGeneratePcm arm64_32 /Users/admin/builder/spi-builder-workspace/.derivedData/SDKExplicitPrecompiledModules/Dispatch-CGIMI9KQKHNRQHR2IECIPRG14.pcm
SwiftExplicitDependencyGeneratePcm arm64 /Users/admin/builder/spi-builder-workspace/.derivedData/SDKExplicitPrecompiledModules/os_workgroup-AHE7ULDQBKER38CYPIKDTZF4M.pcm
SwiftExplicitDependencyGeneratePcm arm64_32 /Users/admin/builder/spi-builder-workspace/.derivedData/SDKExplicitPrecompiledModules/CoreFoundation-76B9WJP9MDYT33HZQVSNNZQZD.pcm
SwiftExplicitDependencyGeneratePcm arm64_32 /Users/admin/builder/spi-builder-workspace/.derivedData/SDKExplicitPrecompiledModules/XPC-7SLKI45KYLKXH9QET2WYS3UZ4.pcm
SwiftExplicitDependencyGeneratePcm arm64 /Users/admin/builder/spi-builder-workspace/.derivedData/SDKExplicitPrecompiledModules/Spatial-EZKKX4XFW72RZCTOIG80Z93AP.pcm
SwiftExplicitDependencyGeneratePcm arm64 /Users/admin/builder/spi-builder-workspace/.derivedData/SDKExplicitPrecompiledModules/Dispatch-39VR0G01IUJ09PQKMFGOHXZ4L.pcm
SwiftExplicitDependencyGeneratePcm arm64_32 /Users/admin/builder/spi-builder-workspace/.derivedData/SDKExplicitPrecompiledModules/os-D9NWGT7PQGY2OD43XMA2KGLJK.pcm
SwiftExplicitDependencyGeneratePcm arm64 /Users/admin/builder/spi-builder-workspace/.derivedData/SDKExplicitPrecompiledModules/XPC-650JAZBTM6I0OMHYO6CKM0CWJ.pcm
SwiftExplicitDependencyGeneratePcm arm64 /Users/admin/builder/spi-builder-workspace/.derivedData/SDKExplicitPrecompiledModules/CoreFoundation-59XKO8YNRGGYNC5U5LK8B4EM.pcm
SwiftExplicitDependencyGeneratePcm arm64_32 /Users/admin/builder/spi-builder-workspace/.derivedData/SDKExplicitPrecompiledModules/Security-1W411BS4UH2UNMNII2341429S.pcm
SwiftExplicitDependencyGeneratePcm arm64_32 /Users/admin/builder/spi-builder-workspace/.derivedData/SDKExplicitPrecompiledModules/CoreGraphics-A4WOQTM8SYZAQP223LI6RRPEK.pcm
SwiftExplicitDependencyGeneratePcm arm64 /Users/admin/builder/spi-builder-workspace/.derivedData/SDKExplicitPrecompiledModules/os-6BCTB8I5DCBBKFJ0Y0G4WQDDJ.pcm
SwiftExplicitDependencyGeneratePcm arm64 /Users/admin/builder/spi-builder-workspace/.derivedData/SDKExplicitPrecompiledModules/CoreGraphics-5488DA9QVJJ7QOFXPYOYIYFUX.pcm
SwiftExplicitDependencyGeneratePcm arm64 /Users/admin/builder/spi-builder-workspace/.derivedData/SDKExplicitPrecompiledModules/Security-69WNGEAVQP55EDBQHP3BLE8QU.pcm
SwiftExplicitDependencyGeneratePcm arm64_32 /Users/admin/builder/spi-builder-workspace/.derivedData/SDKExplicitPrecompiledModules/Foundation-AIQ30TCDC2B0LBUU6FPQZ0HWI.pcm
SwiftExplicitDependencyGeneratePcm arm64_32 /Users/admin/builder/spi-builder-workspace/.derivedData/SDKExplicitPrecompiledModules/ImageIO-1Y1Q4PQ9AWXOU9XVEVXMK77JZ.pcm
SwiftExplicitDependencyGeneratePcm arm64_32 /Users/admin/builder/spi-builder-workspace/.derivedData/SDKExplicitPrecompiledModules/CoreText-34U50N378SZT64826L0B62MN6.pcm
SwiftExplicitDependencyGeneratePcm arm64_32 /Users/admin/builder/spi-builder-workspace/.derivedData/SDKExplicitPrecompiledModules/CoreVideo-BX0NALWCB2F1YOTF0NZGV9FWU.pcm
SwiftExplicitDependencyGeneratePcm arm64 /Users/admin/builder/spi-builder-workspace/.derivedData/SDKExplicitPrecompiledModules/Foundation-B3IXODHI7VO4VRX2RWRXLVJZT.pcm
SwiftExplicitDependencyGeneratePcm arm64 /Users/admin/builder/spi-builder-workspace/.derivedData/SDKExplicitPrecompiledModules/CoreVideo-2YRZ292TS6QDW2V2V92NZMPWM.pcm
SwiftExplicitDependencyGeneratePcm arm64 /Users/admin/builder/spi-builder-workspace/.derivedData/SDKExplicitPrecompiledModules/ImageIO-EE4TF8Z36B37IKXD8A42499DY.pcm
SwiftExplicitDependencyGeneratePcm arm64 /Users/admin/builder/spi-builder-workspace/.derivedData/SDKExplicitPrecompiledModules/CoreText-BEC0M2J7FJN53VXNFDZDKL9U2.pcm
SwiftExplicitDependencyGeneratePcm arm64_32 /Users/admin/builder/spi-builder-workspace/.derivedData/SDKExplicitPrecompiledModules/DataDetection-8EDL8T61430CB5CU94L1E3L0C.pcm
SwiftExplicitDependencyGeneratePcm arm64_32 /Users/admin/builder/spi-builder-workspace/.derivedData/SDKExplicitPrecompiledModules/Symbols-DP67QJL9W7VSYP70ZVEBE3KRT.pcm
SwiftExplicitDependencyGeneratePcm arm64_32 /Users/admin/builder/spi-builder-workspace/.derivedData/SDKExplicitPrecompiledModules/UniformTypeIdentifiers-EH256724QTCKT0XATY095QHVP.pcm
SwiftExplicitDependencyGeneratePcm arm64_32 /Users/admin/builder/spi-builder-workspace/.derivedData/SDKExplicitPrecompiledModules/CoreTransferable-DSXZOKFM7XQLZ0FRNNKFDWZT0.pcm
SwiftExplicitDependencyGeneratePcm arm64_32 /Users/admin/builder/spi-builder-workspace/.derivedData/SDKExplicitPrecompiledModules/_LocationEssentials-1XWTF8V96VX3IAHKJO7PJZDU0.pcm
SwiftExplicitDependencyGeneratePcm arm64_32 /Users/admin/builder/spi-builder-workspace/.derivedData/SDKExplicitPrecompiledModules/Accessibility-BBXP8Z81UOB3UBBTO3GG9FEEO.pcm
SwiftExplicitDependencyGeneratePcm arm64_32 /Users/admin/builder/spi-builder-workspace/.derivedData/SDKExplicitPrecompiledModules/UserNotifications-F5AOMF9V2Y10QV8U00QNX8B7Q.pcm
SwiftExplicitDependencyGeneratePcm arm64_32 /Users/admin/builder/spi-builder-workspace/.derivedData/SDKExplicitPrecompiledModules/OSLog-DXCLJ0K1EEBRV5MFYJOV1HIUX.pcm
SwiftExplicitDependencyGeneratePcm arm64_32 /Users/admin/builder/spi-builder-workspace/.derivedData/SDKExplicitPrecompiledModules/UIUtilities-ABH83C7CSGMIJAARTF384TV0L.pcm
SwiftExplicitDependencyGeneratePcm arm64_32 /Users/admin/builder/spi-builder-workspace/.derivedData/SDKExplicitPrecompiledModules/QuartzCore-72UYR37X0O2APTD1XMSJ20X5X.pcm
SwiftExplicitDependencyGeneratePcm arm64_32 /Users/admin/builder/spi-builder-workspace/.derivedData/SDKExplicitPrecompiledModules/CoreLocation-4AZRAZ8X3W0CS36SZ1GS4LT05.pcm
SwiftExplicitDependencyGeneratePcm arm64 /Users/admin/builder/spi-builder-workspace/.derivedData/SDKExplicitPrecompiledModules/Symbols-B8SNL2YULCKW9SYIL0T5QLMV.pcm
SwiftExplicitDependencyGeneratePcm arm64 /Users/admin/builder/spi-builder-workspace/.derivedData/SDKExplicitPrecompiledModules/OSLog-ESJZZ70KT229YQNKF5CWYQVLA.pcm
SwiftExplicitDependencyGeneratePcm arm64 /Users/admin/builder/spi-builder-workspace/.derivedData/SDKExplicitPrecompiledModules/QuartzCore-BRDP6VIMJ6A6HG4W4NYXZ8BI3.pcm
SwiftExplicitDependencyGeneratePcm arm64 /Users/admin/builder/spi-builder-workspace/.derivedData/SDKExplicitPrecompiledModules/UserNotifications-7VIERZPAA371031RT8VBKFYKJ.pcm
SwiftExplicitDependencyGeneratePcm arm64 /Users/admin/builder/spi-builder-workspace/.derivedData/SDKExplicitPrecompiledModules/_LocationEssentials-C3HYVW8P89QAUDLD9VRHUF48Q.pcm
SwiftExplicitDependencyGeneratePcm arm64 /Users/admin/builder/spi-builder-workspace/.derivedData/SDKExplicitPrecompiledModules/DataDetection-8RQ09UCIV0XSYRF8TQQD54MWN.pcm
SwiftExplicitDependencyGeneratePcm arm64 /Users/admin/builder/spi-builder-workspace/.derivedData/SDKExplicitPrecompiledModules/Accessibility-DB0V1GY4JDAXG2CZ5MW826DDE.pcm
SwiftExplicitDependencyGeneratePcm arm64 /Users/admin/builder/spi-builder-workspace/.derivedData/SDKExplicitPrecompiledModules/UniformTypeIdentifiers-47SS6PHE8KOUZX5UOQUNKH397.pcm
SwiftExplicitDependencyGeneratePcm arm64 /Users/admin/builder/spi-builder-workspace/.derivedData/SDKExplicitPrecompiledModules/UIUtilities-AR3EDJH6PMDGNUXQGV2JND65S.pcm
SwiftExplicitDependencyGeneratePcm arm64 /Users/admin/builder/spi-builder-workspace/.derivedData/SDKExplicitPrecompiledModules/CoreTransferable-EULYJN53RZTIP2D6F171CT1YZ.pcm
SwiftExplicitDependencyGeneratePcm arm64 /Users/admin/builder/spi-builder-workspace/.derivedData/SDKExplicitPrecompiledModules/CoreLocation-B0A9Z3B1UDU8OLBQROLWD03N3.pcm
SwiftExplicitDependencyGeneratePcm arm64_32 /Users/admin/builder/spi-builder-workspace/.derivedData/SDKExplicitPrecompiledModules/CoreMotion-E9C6K7MOTJF3RC93DULCZ130U.pcm
SwiftExplicitDependencyGeneratePcm arm64_32 /Users/admin/builder/spi-builder-workspace/.derivedData/SDKExplicitPrecompiledModules/SwiftUICore-TURER010MQ2QH6SN4BGDJJKP.pcm
SwiftExplicitDependencyGeneratePcm arm64 /Users/admin/builder/spi-builder-workspace/.derivedData/SDKExplicitPrecompiledModules/SwiftUICore-D4BOUT6VJWDXKNATG8P2F95W3.pcm
SwiftExplicitDependencyGeneratePcm arm64 /Users/admin/builder/spi-builder-workspace/.derivedData/SDKExplicitPrecompiledModules/CoreMotion-70RNUQRT1QM2F8WR42WPP4KQV.pcm
SwiftExplicitDependencyGeneratePcm arm64_32 /Users/admin/builder/spi-builder-workspace/.derivedData/SDKExplicitPrecompiledModules/UIKit-BGAQE5HOOTG6M9C46O1HHPCDR.pcm
SwiftExplicitDependencyGeneratePcm arm64 /Users/admin/builder/spi-builder-workspace/.derivedData/SDKExplicitPrecompiledModules/UIKit-2XWL6VFNA7WRWSTXI42YLU909.pcm
SwiftCompile normal arm64_32 Compiling\ UIViewController+.swift /Users/admin/builder/spi-builder-workspace/EFNavigationBar/UIViewController+.swift (in target 'EFNavigationBar' from project 'EFNavigationBar')
SwiftCompile normal arm64_32 /Users/admin/builder/spi-builder-workspace/EFNavigationBar/UIViewController+.swift (in target 'EFNavigationBar' from project 'EFNavigationBar')
cd /Users/admin/builder/spi-builder-workspace/.swiftpm/xcode
builtin-SwiftPerFileCompile UIViewController+.swift
/Users/admin/builder/spi-builder-workspace/EFNavigationBar/UIViewController+.swift:36:25: error: 'UIStatusBarStyle' is unavailable in watchOS
34 | public extension UIViewController {
35 |
36 | var statusBarStyle: UIStatusBarStyle {
| `- error: 'UIStatusBarStyle' is unavailable in watchOS
37 | get {
38 | guard let style = objc_getAssociatedObject(self, &AssociatedKeys.statusBarStyle) as? UIStatusBarStyle else {
/Applications/Xcode-27.0.0-Release.Candidate.app/Contents/Developer/Platforms/WatchOS.platform/Developer/SDKs/WatchOS27.0.sdk/System/Library/Frameworks/UIKit.framework/Headers/UIApplication.h:22:28: note: 'UIStatusBarStyle' has been explicitly marked unavailable here
20 | NS_HEADER_AUDIT_BEGIN(nullability, sendability)
21 |
22 | typedef NS_ENUM(NSInteger, UIStatusBarStyle) {
| `- note: 'UIStatusBarStyle' has been explicitly marked unavailable here
23 | UIStatusBarStyleDefault = 0, // Automatically chooses light or dark content based on the user interface style
24 | UIStatusBarStyleLightContent API_AVAILABLE(ios(7.0)) = 1, // Light content, for use on dark backgrounds
/Users/admin/builder/spi-builder-workspace/EFNavigationBar/UIViewController+.swift:34:18: error: 'UIViewController' is unavailable in watchOS
32 | }
33 |
34 | public extension UIViewController {
| `- error: 'UIViewController' is unavailable in watchOS
35 |
36 | var statusBarStyle: UIStatusBarStyle {
/Applications/Xcode-27.0.0-Release.Candidate.app/Contents/Developer/Platforms/WatchOS.platform/Developer/SDKs/WatchOS27.0.sdk/System/Library/Frameworks/UIKit.framework/Headers/UIViewController.h:104:12: note: 'UIViewController' has been explicitly marked unavailable here
102 |
103 | UIKIT_EXTERN API_AVAILABLE(ios(2.0)) API_UNAVAILABLE(watchos) NS_SWIFT_UI_ACTOR
104 | @interface UIViewController : UIResponder <NSCoding, UIAppearanceContainer, UITraitEnvironment, UIContentContainer, UIFocusEnvironment>
| `- note: 'UIViewController' has been explicitly marked unavailable here
105 |
106 | /*
/Users/admin/builder/spi-builder-workspace/EFNavigationBar/UIViewController+.swift:38:98: error: 'UIStatusBarStyle' is unavailable in watchOS
36 | var statusBarStyle: UIStatusBarStyle {
37 | get {
38 | guard let style = objc_getAssociatedObject(self, &AssociatedKeys.statusBarStyle) as? UIStatusBarStyle else {
| `- error: 'UIStatusBarStyle' is unavailable in watchOS
39 | return EFNavigationBar.defaultStyle.statusBarStyle
40 | }
/Applications/Xcode-27.0.0-Release.Candidate.app/Contents/Developer/Platforms/WatchOS.platform/Developer/SDKs/WatchOS27.0.sdk/System/Library/Frameworks/UIKit.framework/Headers/UIApplication.h:22:28: note: 'UIStatusBarStyle' has been explicitly marked unavailable here
20 | NS_HEADER_AUDIT_BEGIN(nullability, sendability)
21 |
22 | typedef NS_ENUM(NSInteger, UIStatusBarStyle) {
| `- note: 'UIStatusBarStyle' has been explicitly marked unavailable here
23 | UIStatusBarStyleDefault = 0, // Automatically chooses light or dark content based on the user interface style
24 | UIStatusBarStyleLightContent API_AVAILABLE(ios(7.0)) = 1, // Light content, for use on dark backgrounds
SwiftCompile normal arm64_32 Compiling\ EFNavigationBarConfig.swift /Users/admin/builder/spi-builder-workspace/EFNavigationBar/EFNavigationBarConfig.swift (in target 'EFNavigationBar' from project 'EFNavigationBar')
/Users/admin/builder/spi-builder-workspace/EFNavigationBar/EFNavigationBarConfig.swift:35:51: error: 'UIStatusBarStyle' is unavailable in watchOS
33 | private static let defaultNavigationBarHeight: CGFloat = 44
34 |
35 | public var statusBarStyle: UIStatusBarStyle = UIStatusBarStyle.default
| `- error: 'UIStatusBarStyle' is unavailable in watchOS
36 | public var title: String?
37 | public var backgroundColor: UIColor = UIColor.white
/Applications/Xcode-27.0.0-Release.Candidate.app/Contents/Developer/Platforms/WatchOS.platform/Developer/SDKs/WatchOS27.0.sdk/System/Library/Frameworks/UIKit.framework/Headers/UIApplication.h:22:28: note: 'UIStatusBarStyle' has been explicitly marked unavailable here
20 | NS_HEADER_AUDIT_BEGIN(nullability, sendability)
21 |
22 | typedef NS_ENUM(NSInteger, UIStatusBarStyle) {
| `- note: 'UIStatusBarStyle' has been explicitly marked unavailable here
23 | UIStatusBarStyleDefault = 0, // Automatically chooses light or dark content based on the user interface style
24 | UIStatusBarStyleLightContent API_AVAILABLE(ios(7.0)) = 1, // Light content, for use on dark backgrounds
/Users/admin/builder/spi-builder-workspace/EFNavigationBar/EFNavigationBarConfig.swift:42:57: error: type 'CGFloat' has no member 'screenWidth'
40 | public var titleFont: UIFont = UIFont.pingFangSCMedium(ofSize: 16)
41 | public var titleHeight: CGFloat = EFNavigationBarConfig.defaultNavigationBarHeight
42 | @MainActor public var titleWidth: CGFloat = CGFloat.screenWidth - 2 * EFNavigationBarConfig.defaultNavigationBarHeight
| `- error: type 'CGFloat' has no member 'screenWidth'
43 | @MainActor public var buttonTitleColor: UIColor = UIApplication.shared()?.keyWindow()?.tintColor ?? UIColor.black
44 | public var buttonTitleFont: UIFont = UIFont.systemFont(ofSize: UIFont.labelFontSize)
/Users/admin/builder/spi-builder-workspace/EFNavigationBar/EFNavigationBarConfig.swift:43:69: error: cannot call value of non-function type 'UIApplication'
41 | public var titleHeight: CGFloat = EFNavigationBarConfig.defaultNavigationBarHeight
42 | @MainActor public var titleWidth: CGFloat = CGFloat.screenWidth - 2 * EFNavigationBarConfig.defaultNavigationBarHeight
43 | @MainActor public var buttonTitleColor: UIColor = UIApplication.shared()?.keyWindow()?.tintColor ?? UIColor.black
| `- error: cannot call value of non-function type 'UIApplication'
44 | public var buttonTitleFont: UIFont = UIFont.systemFont(ofSize: UIFont.labelFontSize)
45 | public var buttonMargin: CGFloat = 0
/Users/admin/builder/spi-builder-workspace/EFNavigationBar/EFNavigationBarConfig.swift:44:75: error: 'labelFontSize' is unavailable in watchOS
42 | @MainActor public var titleWidth: CGFloat = CGFloat.screenWidth - 2 * EFNavigationBarConfig.defaultNavigationBarHeight
43 | @MainActor public var buttonTitleColor: UIColor = UIApplication.shared()?.keyWindow()?.tintColor ?? UIColor.black
44 | public var buttonTitleFont: UIFont = UIFont.systemFont(ofSize: UIFont.labelFontSize)
| `- error: 'labelFontSize' is unavailable in watchOS
45 | public var buttonMargin: CGFloat = 0
46 | public var buttonWidth: CGFloat = EFNavigationBarConfig.defaultNavigationBarHeight
/Applications/Xcode-27.0.0-Release.Candidate.app/Contents/Developer/Platforms/WatchOS.platform/Developer/SDKs/WatchOS27.0.sdk/System/Library/Frameworks/UIKit.framework/Headers/UIInterface.h:268:47: note: 'labelFontSize' has been explicitly marked unavailable here
266 |
267 | @interface UIFont (UIFontSystemFonts)
268 | @property(class, nonatomic, readonly) CGFloat labelFontSize API_UNAVAILABLE(tvos, watchos);
| `- note: 'labelFontSize' has been explicitly marked unavailable here
269 | @property(class, nonatomic, readonly) CGFloat buttonFontSize API_UNAVAILABLE(tvos, watchos);
270 | @property(class, nonatomic, readonly) CGFloat smallSystemFontSize API_UNAVAILABLE(tvos, watchos);
SwiftCompile normal arm64_32 /Users/admin/builder/spi-builder-workspace/EFNavigationBar/EFNavigationBarConfig.swift (in target 'EFNavigationBar' from project 'EFNavigationBar')
cd /Users/admin/builder/spi-builder-workspace/.swiftpm/xcode
builtin-SwiftPerFileCompile EFNavigationBarConfig.swift
SwiftCompile normal arm64_32 Compiling\ EFNavigationBar.swift /Users/admin/builder/spi-builder-workspace/EFNavigationBar/EFNavigationBar.swift (in target 'EFNavigationBar' from project 'EFNavigationBar')
/Users/admin/builder/spi-builder-workspace/EFNavigationBar/EFNavigationBarConfig.swift:35:51: error: 'UIStatusBarStyle' is unavailable in watchOS
33 | private static let defaultNavigationBarHeight: CGFloat = 44
34 |
35 | public var statusBarStyle: UIStatusBarStyle = UIStatusBarStyle.default
| `- error: 'UIStatusBarStyle' is unavailable in watchOS
36 | public var title: String?
37 | public var backgroundColor: UIColor = UIColor.white
/Applications/Xcode-27.0.0-Release.Candidate.app/Contents/Developer/Platforms/WatchOS.platform/Developer/SDKs/WatchOS27.0.sdk/System/Library/Frameworks/UIKit.framework/Headers/UIApplication.h:22:28: note: 'UIStatusBarStyle' has been explicitly marked unavailable here
20 | NS_HEADER_AUDIT_BEGIN(nullability, sendability)
21 |
22 | typedef NS_ENUM(NSInteger, UIStatusBarStyle) {
| `- note: 'UIStatusBarStyle' has been explicitly marked unavailable here
23 | UIStatusBarStyleDefault = 0, // Automatically chooses light or dark content based on the user interface style
24 | UIStatusBarStyleLightContent API_AVAILABLE(ios(7.0)) = 1, // Light content, for use on dark backgrounds
/Users/admin/builder/spi-builder-workspace/EFNavigationBar/EFNavigationBarConfig.swift:42:57: error: type 'CGFloat' has no member 'screenWidth'
40 | public var titleFont: UIFont = UIFont.pingFangSCMedium(ofSize: 16)
41 | public var titleHeight: CGFloat = EFNavigationBarConfig.defaultNavigationBarHeight
42 | @MainActor public var titleWidth: CGFloat = CGFloat.screenWidth - 2 * EFNavigationBarConfig.defaultNavigationBarHeight
| `- error: type 'CGFloat' has no member 'screenWidth'
43 | @MainActor public var buttonTitleColor: UIColor = UIApplication.shared()?.keyWindow()?.tintColor ?? UIColor.black
44 | public var buttonTitleFont: UIFont = UIFont.systemFont(ofSize: UIFont.labelFontSize)
/Users/admin/builder/spi-builder-workspace/EFNavigationBar/EFNavigationBarConfig.swift:43:69: error: cannot call value of non-function type 'UIApplication'
41 | public var titleHeight: CGFloat = EFNavigationBarConfig.defaultNavigationBarHeight
42 | @MainActor public var titleWidth: CGFloat = CGFloat.screenWidth - 2 * EFNavigationBarConfig.defaultNavigationBarHeight
43 | @MainActor public var buttonTitleColor: UIColor = UIApplication.shared()?.keyWindow()?.tintColor ?? UIColor.black
| `- error: cannot call value of non-function type 'UIApplication'
44 | public var buttonTitleFont: UIFont = UIFont.systemFont(ofSize: UIFont.labelFontSize)
45 | public var buttonMargin: CGFloat = 0
/Users/admin/builder/spi-builder-workspace/EFNavigationBar/EFNavigationBarConfig.swift:44:75: error: 'labelFontSize' is unavailable in watchOS
42 | @MainActor public var titleWidth: CGFloat = CGFloat.screenWidth - 2 * EFNavigationBarConfig.defaultNavigationBarHeight
43 | @MainActor public var buttonTitleColor: UIColor = UIApplication.shared()?.keyWindow()?.tintColor ?? UIColor.black
44 | public var buttonTitleFont: UIFont = UIFont.systemFont(ofSize: UIFont.labelFontSize)
| `- error: 'labelFontSize' is unavailable in watchOS
45 | public var buttonMargin: CGFloat = 0
46 | public var buttonWidth: CGFloat = EFNavigationBarConfig.defaultNavigationBarHeight
/Applications/Xcode-27.0.0-Release.Candidate.app/Contents/Developer/Platforms/WatchOS.platform/Developer/SDKs/WatchOS27.0.sdk/System/Library/Frameworks/UIKit.framework/Headers/UIInterface.h:268:47: note: 'labelFontSize' has been explicitly marked unavailable here
266 |
267 | @interface UIFont (UIFontSystemFonts)
268 | @property(class, nonatomic, readonly) CGFloat labelFontSize API_UNAVAILABLE(tvos, watchos);
| `- note: 'labelFontSize' has been explicitly marked unavailable here
269 | @property(class, nonatomic, readonly) CGFloat buttonFontSize API_UNAVAILABLE(tvos, watchos);
270 | @property(class, nonatomic, readonly) CGFloat smallSystemFontSize API_UNAVAILABLE(tvos, watchos);
/Users/admin/builder/spi-builder-workspace/EFNavigationBar/EFNavigationBar.swift:58:33: error: 'UILabel' is unavailable in watchOS
56 |
57 | // UI variable
58 | public lazy var titleLabel: UILabel = {
| `- error: 'UILabel' is unavailable in watchOS
59 | let label = UILabel()
60 | label.text = EFNavigationBar.defaultStyle.title
/Applications/Xcode-27.0.0-Release.Candidate.app/Contents/Developer/Platforms/WatchOS.platform/Developer/SDKs/WatchOS27.0.sdk/System/Library/Frameworks/UIKit.framework/Headers/UILabel.h:33:12: note: 'UILabel' has been explicitly marked unavailable here
31 |
32 | UIKIT_EXTERN API_AVAILABLE(ios(2.0)) API_UNAVAILABLE(watchos) NS_SWIFT_UI_ACTOR
33 | @interface UILabel : UIView <NSCoding, UIContentSizeCategoryAdjusting, UILetterformAwareAdjusting>
| `- note: 'UILabel' has been explicitly marked unavailable here
34 |
35 | @property(nullable, nonatomic,copy) NSString *text; // default is nil
/Users/admin/builder/spi-builder-workspace/EFNavigationBar/EFNavigationBar.swift:59:21: error: 'UILabel' is unavailable in watchOS
57 | // UI variable
58 | public lazy var titleLabel: UILabel = {
59 | let label = UILabel()
| `- error: 'UILabel' is unavailable in watchOS
60 | label.text = EFNavigationBar.defaultStyle.title
61 | label.textColor = EFNavigationBar.defaultStyle.titleColor
/Applications/Xcode-27.0.0-Release.Candidate.app/Contents/Developer/Platforms/WatchOS.platform/Developer/SDKs/WatchOS27.0.sdk/System/Library/Frameworks/UIKit.framework/Headers/UILabel.h:33:12: note: 'UILabel' has been explicitly marked unavailable here
31 |
32 | UIKIT_EXTERN API_AVAILABLE(ios(2.0)) API_UNAVAILABLE(watchos) NS_SWIFT_UI_ACTOR
33 | @interface UILabel : UIView <NSCoding, UIContentSizeCategoryAdjusting, UILetterformAwareAdjusting>
| `- note: 'UILabel' has been explicitly marked unavailable here
34 |
35 | @property(nullable, nonatomic,copy) NSString *text; // default is nil
/Users/admin/builder/spi-builder-workspace/EFNavigationBar/EFNavigationBar.swift:59:21: error: 'init()' is unavailable in watchOS
57 | // UI variable
58 | public lazy var titleLabel: UILabel = {
59 | let label = UILabel()
| `- error: 'init()' is unavailable in watchOS
60 | label.text = EFNavigationBar.defaultStyle.title
61 | label.textColor = EFNavigationBar.defaultStyle.titleColor
/Applications/Xcode-27.0.0-Release.Candidate.app/Contents/Developer/Platforms/WatchOS.platform/Developer/SDKs/WatchOS27.0.sdk/System/Library/Frameworks/UIKit.framework/Headers/UIView.h:158:1: note: 'init()' has been explicitly marked unavailable here
156 | - (instancetype)initWithFrame:(CGRect)frame NS_DESIGNATED_INITIALIZER;
157 | - (nullable instancetype)initWithCoder:(NSCoder *)coder NS_DESIGNATED_INITIALIZER;
158 | - (instancetype)init API_AVAILABLE(ios(2.0), tvos(9.0), visionos(1.0)) API_UNAVAILABLE(watchos);
| `- note: 'init()' has been explicitly marked unavailable here
159 |
160 | @property(nonatomic,getter=isUserInteractionEnabled) BOOL userInteractionEnabled; // default is YES. if set to NO, user events (touch, keys) are ignored and removed from the event queue.
SwiftCompile normal arm64_32 /Users/admin/builder/spi-builder-workspace/EFNavigationBar/EFNavigationBar.swift (in target 'EFNavigationBar' from project 'EFNavigationBar')
cd /Users/admin/builder/spi-builder-workspace/.swiftpm/xcode
builtin-SwiftPerFileCompile EFNavigationBar.swift
SwiftCompile normal arm64_32 Compiling\ UINavigationController+.swift /Users/admin/builder/spi-builder-workspace/EFNavigationBar/UINavigationController+.swift (in target 'EFNavigationBar' from project 'EFNavigationBar')
/Users/admin/builder/spi-builder-workspace/EFNavigationBar/UINavigationController+.swift:32:5: warning: 'open' modifier conflicts with extension's default access of 'public'
30 | public extension UINavigationController {
31 |
32 | open override var preferredStatusBarStyle: UIStatusBarStyle {
| `- warning: 'open' modifier conflicts with extension's default access of 'public'
33 | return UIViewController.topViewController?.statusBarStyle ?? EFNavigationBar.defaultStyle.statusBarStyle
34 | }
/Users/admin/builder/spi-builder-workspace/EFNavigationBar/UINavigationController+.swift:32:48: error: 'UIStatusBarStyle' is unavailable in watchOS
30 | public extension UINavigationController {
31 |
32 | open override var preferredStatusBarStyle: UIStatusBarStyle {
| `- error: 'UIStatusBarStyle' is unavailable in watchOS
33 | return UIViewController.topViewController?.statusBarStyle ?? EFNavigationBar.defaultStyle.statusBarStyle
34 | }
/Applications/Xcode-27.0.0-Release.Candidate.app/Contents/Developer/Platforms/WatchOS.platform/Developer/SDKs/WatchOS27.0.sdk/System/Library/Frameworks/UIKit.framework/Headers/UIApplication.h:22:28: note: 'UIStatusBarStyle' has been explicitly marked unavailable here
20 | NS_HEADER_AUDIT_BEGIN(nullability, sendability)
21 |
22 | typedef NS_ENUM(NSInteger, UIStatusBarStyle) {
| `- note: 'UIStatusBarStyle' has been explicitly marked unavailable here
23 | UIStatusBarStyleDefault = 0, // Automatically chooses light or dark content based on the user interface style
24 | UIStatusBarStyleLightContent API_AVAILABLE(ios(7.0)) = 1, // Light content, for use on dark backgrounds
/Users/admin/builder/spi-builder-workspace/EFNavigationBar/UINavigationController+.swift:30:18: error: 'UINavigationController' is unavailable in watchOS
28 | import EFFoundation
29 |
30 | public extension UINavigationController {
| `- error: 'UINavigationController' is unavailable in watchOS
31 |
32 | open override var preferredStatusBarStyle: UIStatusBarStyle {
/Applications/Xcode-27.0.0-Release.Candidate.app/Contents/Developer/Platforms/WatchOS.platform/Developer/SDKs/WatchOS27.0.sdk/System/Library/Frameworks/UIKit.framework/Headers/UINavigationController.h:46:12: note: 'UINavigationController' has been explicitly marked unavailable here
44 |
45 | UIKIT_EXTERN API_AVAILABLE(ios(2.0)) API_UNAVAILABLE(watchos) NS_SWIFT_UI_ACTOR
46 | @interface UINavigationController : UIViewController
| `- note: 'UINavigationController' has been explicitly marked unavailable here
47 |
48 |
/Users/admin/builder/spi-builder-workspace/EFNavigationBar/UINavigationController+.swift:33:33: error: type 'UIViewController' has no member 'topViewController'
31 |
32 | open override var preferredStatusBarStyle: UIStatusBarStyle {
33 | return UIViewController.topViewController?.statusBarStyle ?? EFNavigationBar.defaultStyle.statusBarStyle
| `- error: type 'UIViewController' has no member 'topViewController'
34 | }
35 | }
Failed frontend command:
/Applications/Xcode-27.0.0-Release.Candidate.app/Contents/Developer/Toolchains/XcodeDefault.xctoolchain/usr/bin/swift-frontend -frontend -c /Users/admin/builder/spi-builder-workspace/EFNavigationBar/EFNavigationBar.swift /Users/admin/builder/spi-builder-workspace/EFNavigationBar/EFNavigationBarConfig.swift -primary-file /Users/admin/builder/spi-builder-workspace/EFNavigationBar/UINavigationController+.swift /Users/admin/builder/spi-builder-workspace/EFNavigationBar/UIViewController+.swift -emit-dependencies-path /Users/admin/builder/spi-builder-workspace/.derivedData/Build/Intermediates.noindex/EFNavigationBar.build/Debug-watchos/EFNavigationBar-t.build/Objects-normal/arm64_32/UINavigationController+.d -emit-const-values-path /Users/admin/builder/spi-builder-workspace/.derivedData/Build/Intermediates.noindex/EFNavigationBar.build/Debug-watchos/EFNavigationBar-t.build/Objects-normal/arm64_32/UINavigationController+.swiftconstvalues -emit-reference-dependencies-path /Users/admin/builder/spi-builder-workspace/.derivedData/Build/Intermediates.noindex/EFNavigationBar.build/Debug-watchos/EFNavigationBar-t.build/Objects-normal/arm64_32/UINavigationController+.swiftdeps -serialize-diagnostics-path /Users/admin/builder/spi-builder-workspace/.derivedData/Build/Intermediates.noindex/EFNavigationBar.build/Debug-watchos/EFNavigationBar-t.build/Objects-normal/arm64_32/UINavigationController+.dia -target arm64_32-apple-watchos9.0 -disable-cross-import-overlay-search -load-resolved-plugin /Applications/Xcode-27.0.0-Release.Candidate.app/Contents/Developer/Platforms/WatchOS.platform/Developer/usr/lib/swift/host/plugins/libFoundationMacros.dylib\#/Applications/Xcode-27.0.0-Release.Candidate.app/Contents/Developer/Platforms/WatchOS.platform/Developer/usr/bin/swift-plugin-server\#FoundationMacros -load-resolved-plugin /Applications/Xcode-27.0.0-Release.Candidate.app/Contents/Developer/Platforms/WatchOS.platform/Developer/usr/lib/swift/host/plugins/libObservationMacros.dylib\#/Applications/Xcode-27.0.0-Release.Candidate.app/Contents/Developer/Platforms/WatchOS.platform/Developer/usr/bin/swift-plugin-server\#ObservationMacros -load-resolved-plugin /Applications/Xcode-27.0.0-Release.Candidate.app/Contents/Developer/Platforms/WatchOS.platform/Developer/usr/lib/swift/host/plugins/libSwiftMacros.dylib\#/Applications/Xcode-27.0.0-Release.Candidate.app/Contents/Developer/Platforms/WatchOS.platform/Developer/usr/bin/swift-plugin-server\#SwiftMacros -load-resolved-plugin /Applications/Xcode-27.0.0-Release.Candidate.app/Contents/Developer/Platforms/WatchOS.platform/Developer/usr/lib/swift/host/plugins/libSwiftUIMacros.dylib\#/Applications/Xcode-27.0.0-Release.Candidate.app/Contents/Developer/Platforms/WatchOS.platform/Developer/usr/bin/swift-plugin-server\#SwiftUIMacros -disable-implicit-swift-modules -Xcc -fno-implicit-modules -Xcc -fno-implicit-module-maps -explicit-swift-module-map-file /Users/admin/builder/spi-builder-workspace/.derivedData/Build/Intermediates.noindex/EFNavigationBar.build/Debug-watchos/EFNavigationBar-t.build/Objects-normal/arm64_32/EFNavigationBar-dependencies-1.json -enable-objc-interop -sdk /Applications/Xcode-27.0.0-Release.Candidate.app/Contents/Developer/Platforms/WatchOS.platform/Developer/SDKs/WatchOS27.0.sdk -I /Users/admin/builder/spi-builder-workspace/.derivedData/Build/Products/Debug-watchos -Isystem /Applications/Xcode-27.0.0-Release.Candidate.app/Contents/Developer/Platforms/WatchOS.platform/Developer/usr/lib -F /Users/admin/builder/spi-builder-workspace/.derivedData/Build/Products/Debug-watchos/PackageFrameworks -F /Users/admin/builder/spi-builder-workspace/.derivedData/Build/Products/Debug-watchos -F /Applications/Xcode-27.0.0-Release.Candidate.app/Contents/Developer/Platforms/WatchOS.platform/Developer/Library/Frameworks -F /Applications/Xcode-27.0.0-Release.Candidate.app/Contents/Developer/Platforms/WatchOS.platform/Developer/SDKs/WatchOS27.0.sdk/Developer/Library/Frameworks -module-cache-path /Users/admin/builder/spi-builder-workspace/.derivedData/Build/Intermediates.noindex/SwiftExplicitPrecompiledModules -no-color-diagnostics -Xcc -fno-color-diagnostics -enable-testing -g -debug-info-format\=dwarf -dwarf-version\=4 -swift-version 6 -Onone -D SWIFT_PACKAGE -D DEBUG -D SWIFT_MODULE_RESOURCE_BUNDLE_UNAVAILABLE -D Xcode -serialize-debugging-options -enable-experimental-feature DebugDescriptionMacro -empty-abi-descriptor -validate-clang-modules-once -clang-build-session-file /Users/admin/builder/spi-builder-workspace/.derivedData/ModuleCache.noindex/Session.modulevalidation -Xcc -working-directory -Xcc /Users/admin/builder/spi-builder-workspace/.swiftpm/xcode -enable-anonymous-context-mangled-names -file-compilation-dir /Users/admin/builder/spi-builder-workspace/.swiftpm/xcode -Xcc -D_LIBCPP_HARDENING_MODE\=_LIBCPP_HARDENING_MODE_DEBUG -Xcc -ivfsstatcache -Xcc /Users/admin/builder/spi-builder-workspace/.derivedData/SDKStatCaches.noindex/watchos27.0-24R360-e829b21a6f8c9b70876ba0858053c04477534ef55a1706bf4c1112bbb242f0a2.sdkstatcache -Xcc -fmodules-prune-interval\=86400 -Xcc -fmodules-prune-after\=345600 -Xcc -I/Users/admin/builder/spi-builder-workspace/.derivedData/Build/Products/Debug-watchos/include -Xcc -I/Users/admin/builder/spi-builder-workspace/.derivedData/Build/Intermediates.noindex/EFNavigationBar.build/Debug-watchos/EFNavigationBar-t.build/DerivedSources-normal/arm64_32 -Xcc -I/Users/admin/builder/spi-builder-workspace/.derivedData/Build/Intermediates.noindex/EFNavigationBar.build/Debug-watchos/EFNavigationBar-t.build/DerivedSources/arm64_32 -Xcc -I/Users/admin/builder/spi-builder-workspace/.derivedData/Build/Intermediates.noindex/EFNavigationBar.build/Debug-watchos/EFNavigationBar-t.build/DerivedSources -Xcc -DSWIFT_PACKAGE -Xcc -DDEBUG\=1 -no-auto-bridging-header-chaining -module-name EFNavigationBar -package-name spi_builder_workspace -const-gather-protocols-file /Users/admin/builder/spi-builder-workspace/.derivedData/Build/Intermediates.noindex/EFNavigationBar.build/Debug-watchos/EFNavigationBar-t.build/Objects-normal/arm64_32/EFNavigationBar_const_extract_protocols.json -disable-clang-spi -clang-target arm64_32-apple-watchos27.0 -target-sdk-version 27.0 -target-sdk-name watchos27.0 -in-process-plugin-server-path /Applications/Xcode-27.0.0-Release.Candidate.app/Contents/Developer/Toolchains/XcodeDefault.xctoolchain/usr/lib/swift/host/libSwiftInProcPluginServer.dylib -parse-as-library -o /Users/admin/builder/spi-builder-workspace/.derivedData/Build/Intermediates.noindex/EFNavigationBar.build/Debug-watchos/EFNavigationBar-t.build/Objects-normal/arm64_32/UINavigationController+.o -debug-module-path /Users/admin/builder/spi-builder-workspace/.derivedData/Build/Intermediates.noindex/EFNavigationBar.build/Debug-watchos/EFNavigationBar-t.build/Objects-normal/arm64_32/EFNavigationBar.swiftmodule -index-unit-output-path /EFNavigationBar.build/Debug-watchos/EFNavigationBar-t.build/Objects-normal/arm64_32/UINavigationController+.o -index-store-path /Users/admin/builder/spi-builder-workspace/.derivedData/Index.noindex/DataStore -index-system-modules
SwiftCompile normal arm64_32 /Users/admin/builder/spi-builder-workspace/EFNavigationBar/UINavigationController+.swift (in target 'EFNavigationBar' from project 'EFNavigationBar')
cd /Users/admin/builder/spi-builder-workspace/.swiftpm/xcode
builtin-SwiftPerFileCompile UINavigationController+.swift
SwiftEmitModule normal arm64_32 Emitting\ module\ for\ EFNavigationBar (in target 'EFNavigationBar' from project 'EFNavigationBar')
/Users/admin/builder/spi-builder-workspace/EFNavigationBar/EFNavigationBarConfig.swift:35:51: error: 'UIStatusBarStyle' is unavailable in watchOS
33 | private static let defaultNavigationBarHeight: CGFloat = 44
34 |
35 | public var statusBarStyle: UIStatusBarStyle = UIStatusBarStyle.default
| `- error: 'UIStatusBarStyle' is unavailable in watchOS
36 | public var title: String?
37 | public var backgroundColor: UIColor = UIColor.white
/Applications/Xcode-27.0.0-Release.Candidate.app/Contents/Developer/Platforms/WatchOS.platform/Developer/SDKs/WatchOS27.0.sdk/System/Library/Frameworks/UIKit.framework/Headers/UIApplication.h:22:28: note: 'UIStatusBarStyle' has been explicitly marked unavailable here
20 | NS_HEADER_AUDIT_BEGIN(nullability, sendability)
21 |
22 | typedef NS_ENUM(NSInteger, UIStatusBarStyle) {
| `- note: 'UIStatusBarStyle' has been explicitly marked unavailable here
23 | UIStatusBarStyleDefault = 0, // Automatically chooses light or dark content based on the user interface style
24 | UIStatusBarStyleLightContent API_AVAILABLE(ios(7.0)) = 1, // Light content, for use on dark backgrounds
/Users/admin/builder/spi-builder-workspace/EFNavigationBar/EFNavigationBarConfig.swift:42:57: error: type 'CGFloat' has no member 'screenWidth'
40 | public var titleFont: UIFont = UIFont.pingFangSCMedium(ofSize: 16)
41 | public var titleHeight: CGFloat = EFNavigationBarConfig.defaultNavigationBarHeight
42 | @MainActor public var titleWidth: CGFloat = CGFloat.screenWidth - 2 * EFNavigationBarConfig.defaultNavigationBarHeight
| `- error: type 'CGFloat' has no member 'screenWidth'
43 | @MainActor public var buttonTitleColor: UIColor = UIApplication.shared()?.keyWindow()?.tintColor ?? UIColor.black
44 | public var buttonTitleFont: UIFont = UIFont.systemFont(ofSize: UIFont.labelFontSize)
/Users/admin/builder/spi-builder-workspace/EFNavigationBar/EFNavigationBarConfig.swift:43:69: error: cannot call value of non-function type 'UIApplication'
41 | public var titleHeight: CGFloat = EFNavigationBarConfig.defaultNavigationBarHeight
42 | @MainActor public var titleWidth: CGFloat = CGFloat.screenWidth - 2 * EFNavigationBarConfig.defaultNavigationBarHeight
43 | @MainActor public var buttonTitleColor: UIColor = UIApplication.shared()?.keyWindow()?.tintColor ?? UIColor.black
| `- error: cannot call value of non-function type 'UIApplication'
44 | public var buttonTitleFont: UIFont = UIFont.systemFont(ofSize: UIFont.labelFontSize)
45 | public var buttonMargin: CGFloat = 0
/Users/admin/builder/spi-builder-workspace/EFNavigationBar/EFNavigationBarConfig.swift:44:75: error: 'labelFontSize' is unavailable in watchOS
42 | @MainActor public var titleWidth: CGFloat = CGFloat.screenWidth - 2 * EFNavigationBarConfig.defaultNavigationBarHeight
43 | @MainActor public var buttonTitleColor: UIColor = UIApplication.shared()?.keyWindow()?.tintColor ?? UIColor.black
44 | public var buttonTitleFont: UIFont = UIFont.systemFont(ofSize: UIFont.labelFontSize)
| `- error: 'labelFontSize' is unavailable in watchOS
45 | public var buttonMargin: CGFloat = 0
46 | public var buttonWidth: CGFloat = EFNavigationBarConfig.defaultNavigationBarHeight
/Applications/Xcode-27.0.0-Release.Candidate.app/Contents/Developer/Platforms/WatchOS.platform/Developer/SDKs/WatchOS27.0.sdk/System/Library/Frameworks/UIKit.framework/Headers/UIInterface.h:268:47: note: 'labelFontSize' has been explicitly marked unavailable here
266 |
267 | @interface UIFont (UIFontSystemFonts)
268 | @property(class, nonatomic, readonly) CGFloat labelFontSize API_UNAVAILABLE(tvos, watchos);
| `- note: 'labelFontSize' has been explicitly marked unavailable here
269 | @property(class, nonatomic, readonly) CGFloat buttonFontSize API_UNAVAILABLE(tvos, watchos);
270 | @property(class, nonatomic, readonly) CGFloat smallSystemFontSize API_UNAVAILABLE(tvos, watchos);
/Users/admin/builder/spi-builder-workspace/EFNavigationBar/EFNavigationBar.swift:58:33: error: 'UILabel' is unavailable in watchOS
56 |
57 | // UI variable
58 | public lazy var titleLabel: UILabel = {
| `- error: 'UILabel' is unavailable in watchOS
59 | let label = UILabel()
60 | label.text = EFNavigationBar.defaultStyle.title
/Applications/Xcode-27.0.0-Release.Candidate.app/Contents/Developer/Platforms/WatchOS.platform/Developer/SDKs/WatchOS27.0.sdk/System/Library/Frameworks/UIKit.framework/Headers/UILabel.h:33:12: note: 'UILabel' has been explicitly marked unavailable here
31 |
32 | UIKIT_EXTERN API_AVAILABLE(ios(2.0)) API_UNAVAILABLE(watchos) NS_SWIFT_UI_ACTOR
33 | @interface UILabel : UIView <NSCoding, UIContentSizeCategoryAdjusting, UILetterformAwareAdjusting>
| `- note: 'UILabel' has been explicitly marked unavailable here
34 |
35 | @property(nullable, nonatomic,copy) NSString *text; // default is nil
/Users/admin/builder/spi-builder-workspace/EFNavigationBar/EFNavigationBar.swift:59:21: error: 'UILabel' is unavailable in watchOS
57 | // UI variable
58 | public lazy var titleLabel: UILabel = {
59 | let label = UILabel()
| `- error: 'UILabel' is unavailable in watchOS
60 | label.text = EFNavigationBar.defaultStyle.title
61 | label.textColor = EFNavigationBar.defaultStyle.titleColor
/Applications/Xcode-27.0.0-Release.Candidate.app/Contents/Developer/Platforms/WatchOS.platform/Developer/SDKs/WatchOS27.0.sdk/System/Library/Frameworks/UIKit.framework/Headers/UILabel.h:33:12: note: 'UILabel' has been explicitly marked unavailable here
31 |
32 | UIKIT_EXTERN API_AVAILABLE(ios(2.0)) API_UNAVAILABLE(watchos) NS_SWIFT_UI_ACTOR
33 | @interface UILabel : UIView <NSCoding, UIContentSizeCategoryAdjusting, UILetterformAwareAdjusting>
| `- note: 'UILabel' has been explicitly marked unavailable here
34 |
35 | @property(nullable, nonatomic,copy) NSString *text; // default is nil
/Users/admin/builder/spi-builder-workspace/EFNavigationBar/EFNavigationBar.swift:59:21: error: 'init()' is unavailable in watchOS
57 | // UI variable
58 | public lazy var titleLabel: UILabel = {
59 | let label = UILabel()
| `- error: 'init()' is unavailable in watchOS
60 | label.text = EFNavigationBar.defaultStyle.title
61 | label.textColor = EFNavigationBar.defaultStyle.titleColor
/Applications/Xcode-27.0.0-Release.Candidate.app/Contents/Developer/Platforms/WatchOS.platform/Developer/SDKs/WatchOS27.0.sdk/System/Library/Frameworks/UIKit.framework/Headers/UIView.h:158:1: note: 'init()' has been explicitly marked unavailable here
156 | - (instancetype)initWithFrame:(CGRect)frame NS_DESIGNATED_INITIALIZER;
157 | - (nullable instancetype)initWithCoder:(NSCoder *)coder NS_DESIGNATED_INITIALIZER;
158 | - (instancetype)init API_AVAILABLE(ios(2.0), tvos(9.0), visionos(1.0)) API_UNAVAILABLE(watchos);
| `- note: 'init()' has been explicitly marked unavailable here
159 |
160 | @property(nonatomic,getter=isUserInteractionEnabled) BOOL userInteractionEnabled; // default is YES. if set to NO, user events (touch, keys) are ignored and removed from the event queue.
SwiftCompile normal arm64_32 (in target 'EFNavigationBar' from project 'EFNavigationBar')
cd /Users/admin/builder/spi-builder-workspace/.swiftpm/xcode
SwiftCompile normal arm64 Compiling\ EFNavigationBar.swift /Users/admin/builder/spi-builder-workspace/EFNavigationBar/EFNavigationBar.swift (in target 'EFNavigationBar' from project 'EFNavigationBar')
SwiftCompile normal arm64 /Users/admin/builder/spi-builder-workspace/EFNavigationBar/EFNavigationBar.swift (in target 'EFNavigationBar' from project 'EFNavigationBar')
cd /Users/admin/builder/spi-builder-workspace/.swiftpm/xcode
builtin-SwiftPerFileCompile EFNavigationBar.swift
SwiftEmitModule normal arm64 Emitting\ module\ for\ EFNavigationBar (in target 'EFNavigationBar' from project 'EFNavigationBar')
SwiftCompile normal arm64 (in target 'EFNavigationBar' from project 'EFNavigationBar')
cd /Users/admin/builder/spi-builder-workspace/.swiftpm/xcode
SwiftCompile normal arm64 Compiling\ UINavigationController+.swift /Users/admin/builder/spi-builder-workspace/EFNavigationBar/UINavigationController+.swift (in target 'EFNavigationBar' from project 'EFNavigationBar')
/Users/admin/builder/spi-builder-workspace/EFNavigationBar/UINavigationController+.swift:32:5: warning: 'open' modifier conflicts with extension's default access of 'public'
30 | public extension UINavigationController {
31 |
32 | open override var preferredStatusBarStyle: UIStatusBarStyle {
| `- warning: 'open' modifier conflicts with extension's default access of 'public'
33 | return UIViewController.topViewController?.statusBarStyle ?? EFNavigationBar.defaultStyle.statusBarStyle
34 | }
/Users/admin/builder/spi-builder-workspace/EFNavigationBar/UINavigationController+.swift:32:48: error: 'UIStatusBarStyle' is unavailable in watchOS
30 | public extension UINavigationController {
31 |
32 | open override var preferredStatusBarStyle: UIStatusBarStyle {
| `- error: 'UIStatusBarStyle' is unavailable in watchOS
33 | return UIViewController.topViewController?.statusBarStyle ?? EFNavigationBar.defaultStyle.statusBarStyle
34 | }
/Applications/Xcode-27.0.0-Release.Candidate.app/Contents/Developer/Platforms/WatchOS.platform/Developer/SDKs/WatchOS27.0.sdk/System/Library/Frameworks/UIKit.framework/Headers/UIApplication.h:22:28: note: 'UIStatusBarStyle' has been explicitly marked unavailable here
20 | NS_HEADER_AUDIT_BEGIN(nullability, sendability)
21 |
22 | typedef NS_ENUM(NSInteger, UIStatusBarStyle) {
| `- note: 'UIStatusBarStyle' has been explicitly marked unavailable here
23 | UIStatusBarStyleDefault = 0, // Automatically chooses light or dark content based on the user interface style
24 | UIStatusBarStyleLightContent API_AVAILABLE(ios(7.0)) = 1, // Light content, for use on dark backgrounds
/Users/admin/builder/spi-builder-workspace/EFNavigationBar/UINavigationController+.swift:30:18: error: 'UINavigationController' is unavailable in watchOS
28 | import EFFoundation
29 |
30 | public extension UINavigationController {
| `- error: 'UINavigationController' is unavailable in watchOS
31 |
32 | open override var preferredStatusBarStyle: UIStatusBarStyle {
/Applications/Xcode-27.0.0-Release.Candidate.app/Contents/Developer/Platforms/WatchOS.platform/Developer/SDKs/WatchOS27.0.sdk/System/Library/Frameworks/UIKit.framework/Headers/UINavigationController.h:46:12: note: 'UINavigationController' has been explicitly marked unavailable here
44 |
45 | UIKIT_EXTERN API_AVAILABLE(ios(2.0)) API_UNAVAILABLE(watchos) NS_SWIFT_UI_ACTOR
46 | @interface UINavigationController : UIViewController
| `- note: 'UINavigationController' has been explicitly marked unavailable here
47 |
48 |
SwiftCompile normal arm64 /Users/admin/builder/spi-builder-workspace/EFNavigationBar/UINavigationController+.swift (in target 'EFNavigationBar' from project 'EFNavigationBar')
cd /Users/admin/builder/spi-builder-workspace/.swiftpm/xcode
builtin-SwiftPerFileCompile UINavigationController+.swift
SwiftCompile normal arm64 Compiling\ EFNavigationBarConfig.swift /Users/admin/builder/spi-builder-workspace/EFNavigationBar/EFNavigationBarConfig.swift (in target 'EFNavigationBar' from project 'EFNavigationBar')
/Users/admin/builder/spi-builder-workspace/EFNavigationBar/EFNavigationBarConfig.swift:35:51: error: 'UIStatusBarStyle' is unavailable in watchOS
33 | private static let defaultNavigationBarHeight: CGFloat = 44
34 |
35 | public var statusBarStyle: UIStatusBarStyle = UIStatusBarStyle.default
| `- error: 'UIStatusBarStyle' is unavailable in watchOS
36 | public var title: String?
37 | public var backgroundColor: UIColor = UIColor.white
/Applications/Xcode-27.0.0-Release.Candidate.app/Contents/Developer/Platforms/WatchOS.platform/Developer/SDKs/WatchOS27.0.sdk/System/Library/Frameworks/UIKit.framework/Headers/UIApplication.h:22:28: note: 'UIStatusBarStyle' has been explicitly marked unavailable here
20 | NS_HEADER_AUDIT_BEGIN(nullability, sendability)
21 |
22 | typedef NS_ENUM(NSInteger, UIStatusBarStyle) {
| `- note: 'UIStatusBarStyle' has been explicitly marked unavailable here
23 | UIStatusBarStyleDefault = 0, // Automatically chooses light or dark content based on the user interface style
24 | UIStatusBarStyleLightContent API_AVAILABLE(ios(7.0)) = 1, // Light content, for use on dark backgrounds
SwiftCompile normal arm64 /Users/admin/builder/spi-builder-workspace/EFNavigationBar/EFNavigationBarConfig.swift (in target 'EFNavigationBar' from project 'EFNavigationBar')
cd /Users/admin/builder/spi-builder-workspace/.swiftpm/xcode
builtin-SwiftPerFileCompile EFNavigationBarConfig.swift
SwiftCompile normal arm64 Compiling\ UIViewController+.swift /Users/admin/builder/spi-builder-workspace/EFNavigationBar/UIViewController+.swift (in target 'EFNavigationBar' from project 'EFNavigationBar')
/Users/admin/builder/spi-builder-workspace/EFNavigationBar/UIViewController+.swift:36:25: error: 'UIStatusBarStyle' is unavailable in watchOS
34 | public extension UIViewController {
35 |
36 | var statusBarStyle: UIStatusBarStyle {
| `- error: 'UIStatusBarStyle' is unavailable in watchOS
37 | get {
38 | guard let style = objc_getAssociatedObject(self, &AssociatedKeys.statusBarStyle) as? UIStatusBarStyle else {
/Applications/Xcode-27.0.0-Release.Candidate.app/Contents/Developer/Platforms/WatchOS.platform/Developer/SDKs/WatchOS27.0.sdk/System/Library/Frameworks/UIKit.framework/Headers/UIApplication.h:22:28: note: 'UIStatusBarStyle' has been explicitly marked unavailable here
20 | NS_HEADER_AUDIT_BEGIN(nullability, sendability)
21 |
22 | typedef NS_ENUM(NSInteger, UIStatusBarStyle) {
| `- note: 'UIStatusBarStyle' has been explicitly marked unavailable here
23 | UIStatusBarStyleDefault = 0, // Automatically chooses light or dark content based on the user interface style
24 | UIStatusBarStyleLightContent API_AVAILABLE(ios(7.0)) = 1, // Light content, for use on dark backgrounds
/Users/admin/builder/spi-builder-workspace/EFNavigationBar/UIViewController+.swift:34:18: error: 'UIViewController' is unavailable in watchOS
32 | }
33 |
34 | public extension UIViewController {
| `- error: 'UIViewController' is unavailable in watchOS
35 |
36 | var statusBarStyle: UIStatusBarStyle {
/Applications/Xcode-27.0.0-Release.Candidate.app/Contents/Developer/Platforms/WatchOS.platform/Developer/SDKs/WatchOS27.0.sdk/System/Library/Frameworks/UIKit.framework/Headers/UIViewController.h:104:12: note: 'UIViewController' has been explicitly marked unavailable here
102 |
103 | UIKIT_EXTERN API_AVAILABLE(ios(2.0)) API_UNAVAILABLE(watchos) NS_SWIFT_UI_ACTOR
104 | @interface UIViewController : UIResponder <NSCoding, UIAppearanceContainer, UITraitEnvironment, UIContentContainer, UIFocusEnvironment>
| `- note: 'UIViewController' has been explicitly marked unavailable here
105 |
106 | /*
SwiftCompile normal arm64 /Users/admin/builder/spi-builder-workspace/EFNavigationBar/UIViewController+.swift (in target 'EFNavigationBar' from project 'EFNavigationBar')
cd /Users/admin/builder/spi-builder-workspace/.swiftpm/xcode
builtin-SwiftPerFileCompile UIViewController+.swift
PruneExplicitPrecompiledModules /Users/admin/builder/spi-builder-workspace/.derivedData/SDKExplicitPrecompiledModules
PruneExplicitPrecompiledModules /Users/admin/builder/spi-builder-workspace/.derivedData/Build/Intermediates.noindex/ExplicitPrecompiledModules
PruneExplicitPrecompiledModules /Users/admin/builder/spi-builder-workspace/.derivedData/Build/Intermediates.noindex/SwiftExplicitPrecompiledModules
2026-09-19 06:00:04.407 xcodebuild[720:4459] [MT] IDERunDestination: Supported platforms for the buildables in the current scheme is empty.
** BUILD FAILED **
The following build commands failed:
SwiftCompile normal arm64_32 Compiling\ UINavigationController+.swift /Users/admin/builder/spi-builder-workspace/EFNavigationBar/UINavigationController+.swift (in target 'EFNavigationBar' from project 'EFNavigationBar')
SwiftCompile normal arm64_32 /Users/admin/builder/spi-builder-workspace/EFNavigationBar/UINavigationController+.swift (in target 'EFNavigationBar' from project 'EFNavigationBar')
Building workspace EFNavigationBar with scheme EFNavigationBar
(3 failures)
Command line invocation:
/Applications/Xcode-27.0.0-Release.Candidate.app/Contents/Developer/usr/bin/xcodebuild -IDEClonedSourcePackagesDirPathOverride=/Users/admin/builder/spi-builder-workspace/.dependencies -resolvePackageDependencies
Resolve Package Graph
Resolved source packages:
EFNavigationBar: /Users/admin/builder/spi-builder-workspace
EFFoundation: https://github.com/EFPrefix/EFFoundation.git @ 1.7.1
resolved source packages: EFNavigationBar, EFFoundation
2026-09-19 06:00:16.144 xcodebuild[999:5592] [MT] IDERunDestination: Supported platforms for the buildables in the current scheme is empty.
{
"dependencies" : [
{
"identity" : "effoundation",
"requirement" : {
"range" : [
{
"lower_bound" : "1.7.0",
"upper_bound" : "1.8.0"
}
]
},
"type" : "sourceControl",
"url" : "https://github.com/EFPrefix/EFFoundation.git"
}
],
"manifest_display_name" : "EFNavigationBar",
"name" : "EFNavigationBar",
"path" : "/Users/admin/builder/spi-builder-workspace",
"platforms" : [
{
"name" : "ios",
"version" : "12.0"
}
],
"products" : [
{
"name" : "EFNavigationBar",
"targets" : [
"EFNavigationBar"
],
"type" : {
"library" : [
"automatic"
]
}
}
],
"targets" : [
{
"c99name" : "EFNavigationBar",
"module_type" : "SwiftTarget",
"name" : "EFNavigationBar",
"path" : "EFNavigationBar",
"product_dependencies" : [
"EFFoundation"
],
"product_memberships" : [
"EFNavigationBar"
],
"sources" : [
"EFNavigationBar.swift",
"EFNavigationBarConfig.swift",
"UINavigationController+.swift",
"UIViewController+.swift"
],
"type" : "library"
}
],
"tools_version" : "6.0"
}
{
"workspace" : {
"name" : "EFNavigationBar",
"schemes" : [
"EFNavigationBar"
]
}
}
2026-09-19 06:00:17.369 xcodebuild[1007:5657] [MT] IDERunDestination: Supported platforms for the buildables in the current scheme is empty.
Running build ...
env DEVELOPER_DIR=/Applications/Xcode-27.0.0-Release.Candidate.app xcrun xcodebuild -IDEClonedSourcePackagesDirPathOverride=$PWD/.dependencies -skipMacroValidation -skipPackagePluginValidation -derivedDataPath $PWD/.derivedData build -scheme EFNavigationBar -destination generic/platform=watchOS
Command line invocation:
/Applications/Xcode-27.0.0-Release.Candidate.app/Contents/Developer/usr/bin/xcodebuild -IDEClonedSourcePackagesDirPathOverride=/Users/admin/builder/spi-builder-workspace/.dependencies -skipMacroValidation -skipPackagePluginValidation -derivedDataPath /Users/admin/builder/spi-builder-workspace/.derivedData build -scheme EFNavigationBar -destination generic/platform=watchOS
Resolve Package Graph
Resolved source packages:
EFFoundation: https://github.com/EFPrefix/EFFoundation.git @ 1.7.1
EFNavigationBar: /Users/admin/builder/spi-builder-workspace
ComputePackagePrebuildTargetDependencyGraph
Prepare packages
CreateBuildRequest
SendProjectDescription
CreateBuildOperation
ComputeTargetDependencyGraph
note: Building targets in dependency order
note: Target dependency graph (4 targets)
Target 'EFNavigationBar-product' in project 'EFNavigationBar'
➜ Explicit dependency on target 'EFNavigationBar' in project 'EFNavigationBar'
➜ Explicit dependency on target 'EFFoundation-product' in project 'EFFoundation'
Target 'EFNavigationBar' in project 'EFNavigationBar'
➜ Explicit dependency on target 'EFFoundation-product' in project 'EFFoundation'
Target 'EFFoundation-product' in project 'EFFoundation'
➜ Explicit dependency on target 'EFFoundation' in project 'EFFoundation'
Target 'EFFoundation' in project 'EFFoundation' (no dependencies)
GatherProvisioningInputs
CreateBuildDescription
ClangStatCache /Applications/Xcode-27.0.0-Release.Candidate.app/Contents/Developer/Toolchains/XcodeDefault.xctoolchain/usr/bin/clang-stat-cache /Applications/Xcode-27.0.0-Release.Candidate.app/Contents/Developer/Platforms/WatchOS.platform/Developer/SDKs/WatchOS27.0.sdk /Users/admin/builder/spi-builder-workspace/.derivedData/SDKStatCaches.noindex/watchos27.0-24R360-e829b21a6f8c9b70876ba0858053c04477534ef55a1706bf4c1112bbb242f0a2.sdkstatcache
cd /Users/admin/builder/spi-builder-workspace/.swiftpm/xcode
/Applications/Xcode-27.0.0-Release.Candidate.app/Contents/Developer/Toolchains/XcodeDefault.xctoolchain/usr/bin/clang-stat-cache /Applications/Xcode-27.0.0-Release.Candidate.app/Contents/Developer/Platforms/WatchOS.platform/Developer/SDKs/WatchOS27.0.sdk -o /Users/admin/builder/spi-builder-workspace/.derivedData/SDKStatCaches.noindex/watchos27.0-24R360-e829b21a6f8c9b70876ba0858053c04477534ef55a1706bf4c1112bbb242f0a2.sdkstatcache
SwiftDriver EFNavigationBar normal arm64 com.apple.xcode.tools.swift.compiler (in target 'EFNavigationBar' from project 'EFNavigationBar')
cd /Users/admin/builder/spi-builder-workspace/.swiftpm/xcode
builtin-SwiftDriver -- /Applications/Xcode-27.0.0-Release.Candidate.app/Contents/Developer/Toolchains/XcodeDefault.xctoolchain/usr/bin/swiftc -parse-as-library -module-name EFNavigationBar -Onone @/Users/admin/builder/spi-builder-workspace/.derivedData/Build/Intermediates.noindex/EFNavigationBar.build/Debug-watchos/EFNavigationBar-t.build/Objects-normal/arm64/EFNavigationBar.SwiftFileList -DSWIFT_PACKAGE -DDEBUG -DSWIFT_MODULE_RESOURCE_BUNDLE_UNAVAILABLE -DXcode -plugin-path /Applications/Xcode-27.0.0-Release.Candidate.app/Contents/Developer/Toolchains/XcodeDefault.xctoolchain/usr/lib/swift/host/plugins/testing -enable-experimental-feature DebugDescriptionMacro -sdk /Applications/Xcode-27.0.0-Release.Candidate.app/Contents/Developer/Platforms/WatchOS.platform/Developer/SDKs/WatchOS27.0.sdk -target arm64-apple-watchos9.0 -g -module-cache-path /Users/admin/builder/spi-builder-workspace/.derivedData/ModuleCache.noindex -Xfrontend -serialize-debugging-options -enable-testing -index-store-path /Users/admin/builder/spi-builder-workspace/.derivedData/Index.noindex/DataStore -Xcc -D_LIBCPP_HARDENING_MODE\=_LIBCPP_HARDENING_MODE_DEBUG -swift-version 6 -I /Users/admin/builder/spi-builder-workspace/.derivedData/Build/Products/Debug-watchos -Isystem /Applications/Xcode-27.0.0-Release.Candidate.app/Contents/Developer/Platforms/WatchOS.platform/Developer/usr/lib -F /Users/admin/builder/spi-builder-workspace/.derivedData/Build/Products/Debug-watchos/PackageFrameworks -F /Users/admin/builder/spi-builder-workspace/.derivedData/Build/Products/Debug-watchos -F /Applications/Xcode-27.0.0-Release.Candidate.app/Contents/Developer/Platforms/WatchOS.platform/Developer/Library/Frameworks -F /Applications/Xcode-27.0.0-Release.Candidate.app/Contents/Developer/Platforms/WatchOS.platform/Developer/SDKs/WatchOS27.0.sdk/Developer/Library/Frameworks -c -j10 -enable-batch-mode -incremental -Xcc -ivfsstatcache -Xcc /Users/admin/builder/spi-builder-workspace/.derivedData/SDKStatCaches.noindex/watchos27.0-24R360-e829b21a6f8c9b70876ba0858053c04477534ef55a1706bf4c1112bbb242f0a2.sdkstatcache -output-file-map /Users/admin/builder/spi-builder-workspace/.derivedData/Build/Intermediates.noindex/EFNavigationBar.build/Debug-watchos/EFNavigationBar-t.build/Objects-normal/arm64/EFNavigationBar-OutputFileMap.json -save-temps -no-color-diagnostics -explicit-module-build -module-cache-path /Users/admin/builder/spi-builder-workspace/.derivedData/Build/Intermediates.noindex/SwiftExplicitPrecompiledModules -clang-scanner-module-cache-path /Users/admin/builder/spi-builder-workspace/.derivedData/ModuleCache.noindex -sdk-module-cache-path /Users/admin/builder/spi-builder-workspace/.derivedData/SDKExplicitPrecompiledModules -emit-dependencies -emit-module -emit-module-path /Users/admin/builder/spi-builder-workspace/.derivedData/Build/Intermediates.noindex/EFNavigationBar.build/Debug-watchos/EFNavigationBar-t.build/Objects-normal/arm64/EFNavigationBar.swiftmodule -serialize-diagnostics -dependency-scan-serialize-diagnostics-path /Users/admin/builder/spi-builder-workspace/.derivedData/Build/Intermediates.noindex/EFNavigationBar.build/Debug-watchos/EFNavigationBar-t.build/Objects-normal/arm64/EFNavigationBar-dependency-scan.dia -validate-clang-modules-once -clang-build-session-file /Users/admin/builder/spi-builder-workspace/.derivedData/ModuleCache.noindex/Session.modulevalidation -Xcc -fmodules-prune-interval\=86400 -Xcc -fmodules-prune-after\=345600 -package-name spi_builder_workspace -emit-const-values -const-gather-protocols-list /Users/admin/builder/spi-builder-workspace/.derivedData/Build/Intermediates.noindex/EFNavigationBar.build/Debug-watchos/EFNavigationBar-t.build/Objects-normal/arm64/EFNavigationBar_const_extract_protocols.json -Xcc -I/Users/admin/builder/spi-builder-workspace/.derivedData/Build/Products/Debug-watchos/include -Xcc -I/Users/admin/builder/spi-builder-workspace/.derivedData/Build/Intermediates.noindex/EFNavigationBar.build/Debug-watchos/EFNavigationBar-t.build/DerivedSources-normal/arm64 -Xcc -I/Users/admin/builder/spi-builder-workspace/.derivedData/Build/Intermediates.noindex/EFNavigationBar.build/Debug-watchos/EFNavigationBar-t.build/DerivedSources/arm64 -Xcc -I/Users/admin/builder/spi-builder-workspace/.derivedData/Build/Intermediates.noindex/EFNavigationBar.build/Debug-watchos/EFNavigationBar-t.build/DerivedSources -Xcc -DSWIFT_PACKAGE -Xcc -DDEBUG\=1 -emit-objc-header -emit-objc-header-path /Users/admin/builder/spi-builder-workspace/.derivedData/Build/Intermediates.noindex/EFNavigationBar.build/Debug-watchos/EFNavigationBar-t.build/Objects-normal/arm64/EFNavigationBar-Swift.h -working-directory /Users/admin/builder/spi-builder-workspace/.swiftpm/xcode -experimental-emit-module-separately -disable-cmo
SwiftDriver EFNavigationBar normal arm64_32 com.apple.xcode.tools.swift.compiler (in target 'EFNavigationBar' from project 'EFNavigationBar')
cd /Users/admin/builder/spi-builder-workspace/.swiftpm/xcode
builtin-SwiftDriver -- /Applications/Xcode-27.0.0-Release.Candidate.app/Contents/Developer/Toolchains/XcodeDefault.xctoolchain/usr/bin/swiftc -parse-as-library -module-name EFNavigationBar -Onone @/Users/admin/builder/spi-builder-workspace/.derivedData/Build/Intermediates.noindex/EFNavigationBar.build/Debug-watchos/EFNavigationBar-t.build/Objects-normal/arm64_32/EFNavigationBar.SwiftFileList -DSWIFT_PACKAGE -DDEBUG -DSWIFT_MODULE_RESOURCE_BUNDLE_UNAVAILABLE -DXcode -plugin-path /Applications/Xcode-27.0.0-Release.Candidate.app/Contents/Developer/Toolchains/XcodeDefault.xctoolchain/usr/lib/swift/host/plugins/testing -enable-experimental-feature DebugDescriptionMacro -sdk /Applications/Xcode-27.0.0-Release.Candidate.app/Contents/Developer/Platforms/WatchOS.platform/Developer/SDKs/WatchOS27.0.sdk -target arm64_32-apple-watchos9.0 -g -module-cache-path /Users/admin/builder/spi-builder-workspace/.derivedData/ModuleCache.noindex -Xfrontend -serialize-debugging-options -enable-testing -index-store-path /Users/admin/builder/spi-builder-workspace/.derivedData/Index.noindex/DataStore -Xcc -D_LIBCPP_HARDENING_MODE\=_LIBCPP_HARDENING_MODE_DEBUG -swift-version 6 -I /Users/admin/builder/spi-builder-workspace/.derivedData/Build/Products/Debug-watchos -Isystem /Applications/Xcode-27.0.0-Release.Candidate.app/Contents/Developer/Platforms/WatchOS.platform/Developer/usr/lib -F /Users/admin/builder/spi-builder-workspace/.derivedData/Build/Products/Debug-watchos/PackageFrameworks -F /Users/admin/builder/spi-builder-workspace/.derivedData/Build/Products/Debug-watchos -F /Applications/Xcode-27.0.0-Release.Candidate.app/Contents/Developer/Platforms/WatchOS.platform/Developer/Library/Frameworks -F /Applications/Xcode-27.0.0-Release.Candidate.app/Contents/Developer/Platforms/WatchOS.platform/Developer/SDKs/WatchOS27.0.sdk/Developer/Library/Frameworks -c -j10 -enable-batch-mode -incremental -Xcc -ivfsstatcache -Xcc /Users/admin/builder/spi-builder-workspace/.derivedData/SDKStatCaches.noindex/watchos27.0-24R360-e829b21a6f8c9b70876ba0858053c04477534ef55a1706bf4c1112bbb242f0a2.sdkstatcache -output-file-map /Users/admin/builder/spi-builder-workspace/.derivedData/Build/Intermediates.noindex/EFNavigationBar.build/Debug-watchos/EFNavigationBar-t.build/Objects-normal/arm64_32/EFNavigationBar-OutputFileMap.json -save-temps -no-color-diagnostics -explicit-module-build -module-cache-path /Users/admin/builder/spi-builder-workspace/.derivedData/Build/Intermediates.noindex/SwiftExplicitPrecompiledModules -clang-scanner-module-cache-path /Users/admin/builder/spi-builder-workspace/.derivedData/ModuleCache.noindex -sdk-module-cache-path /Users/admin/builder/spi-builder-workspace/.derivedData/SDKExplicitPrecompiledModules -emit-dependencies -emit-module -emit-module-path /Users/admin/builder/spi-builder-workspace/.derivedData/Build/Intermediates.noindex/EFNavigationBar.build/Debug-watchos/EFNavigationBar-t.build/Objects-normal/arm64_32/EFNavigationBar.swiftmodule -serialize-diagnostics -dependency-scan-serialize-diagnostics-path /Users/admin/builder/spi-builder-workspace/.derivedData/Build/Intermediates.noindex/EFNavigationBar.build/Debug-watchos/EFNavigationBar-t.build/Objects-normal/arm64_32/EFNavigationBar-dependency-scan.dia -validate-clang-modules-once -clang-build-session-file /Users/admin/builder/spi-builder-workspace/.derivedData/ModuleCache.noindex/Session.modulevalidation -Xcc -fmodules-prune-interval\=86400 -Xcc -fmodules-prune-after\=345600 -package-name spi_builder_workspace -emit-const-values -const-gather-protocols-list /Users/admin/builder/spi-builder-workspace/.derivedData/Build/Intermediates.noindex/EFNavigationBar.build/Debug-watchos/EFNavigationBar-t.build/Objects-normal/arm64_32/EFNavigationBar_const_extract_protocols.json -Xcc -I/Users/admin/builder/spi-builder-workspace/.derivedData/Build/Products/Debug-watchos/include -Xcc -I/Users/admin/builder/spi-builder-workspace/.derivedData/Build/Intermediates.noindex/EFNavigationBar.build/Debug-watchos/EFNavigationBar-t.build/DerivedSources-normal/arm64_32 -Xcc -I/Users/admin/builder/spi-builder-workspace/.derivedData/Build/Intermediates.noindex/EFNavigationBar.build/Debug-watchos/EFNavigationBar-t.build/DerivedSources/arm64_32 -Xcc -I/Users/admin/builder/spi-builder-workspace/.derivedData/Build/Intermediates.noindex/EFNavigationBar.build/Debug-watchos/EFNavigationBar-t.build/DerivedSources -Xcc -DSWIFT_PACKAGE -Xcc -DDEBUG\=1 -emit-objc-header -emit-objc-header-path /Users/admin/builder/spi-builder-workspace/.derivedData/Build/Intermediates.noindex/EFNavigationBar.build/Debug-watchos/EFNavigationBar-t.build/Objects-normal/arm64_32/EFNavigationBar-Swift.h -working-directory /Users/admin/builder/spi-builder-workspace/.swiftpm/xcode -experimental-emit-module-separately -disable-cmo
SwiftEmitModule normal arm64_32 Emitting\ module\ for\ EFNavigationBar (in target 'EFNavigationBar' from project 'EFNavigationBar')
SwiftCompile normal arm64_32 (in target 'EFNavigationBar' from project 'EFNavigationBar')
cd /Users/admin/builder/spi-builder-workspace/.swiftpm/xcode
SwiftCompile normal arm64_32 Compiling\ EFNavigationBarConfig.swift /Users/admin/builder/spi-builder-workspace/EFNavigationBar/EFNavigationBarConfig.swift (in target 'EFNavigationBar' from project 'EFNavigationBar')
/Users/admin/builder/spi-builder-workspace/EFNavigationBar/EFNavigationBarConfig.swift:35:51: error: 'UIStatusBarStyle' is unavailable in watchOS
33 | private static let defaultNavigationBarHeight: CGFloat = 44
34 |
35 | public var statusBarStyle: UIStatusBarStyle = UIStatusBarStyle.default
| `- error: 'UIStatusBarStyle' is unavailable in watchOS
36 | public var title: String?
37 | public var backgroundColor: UIColor = UIColor.white
/Applications/Xcode-27.0.0-Release.Candidate.app/Contents/Developer/Platforms/WatchOS.platform/Developer/SDKs/WatchOS27.0.sdk/System/Library/Frameworks/UIKit.framework/Headers/UIApplication.h:22:28: note: 'UIStatusBarStyle' has been explicitly marked unavailable here
20 | NS_HEADER_AUDIT_BEGIN(nullability, sendability)
21 |
22 | typedef NS_ENUM(NSInteger, UIStatusBarStyle) {
| `- note: 'UIStatusBarStyle' has been explicitly marked unavailable here
23 | UIStatusBarStyleDefault = 0, // Automatically chooses light or dark content based on the user interface style
24 | UIStatusBarStyleLightContent API_AVAILABLE(ios(7.0)) = 1, // Light content, for use on dark backgrounds
/Users/admin/builder/spi-builder-workspace/EFNavigationBar/EFNavigationBarConfig.swift:42:57: error: type 'CGFloat' has no member 'screenWidth'
40 | public var titleFont: UIFont = UIFont.pingFangSCMedium(ofSize: 16)
41 | public var titleHeight: CGFloat = EFNavigationBarConfig.defaultNavigationBarHeight
42 | @MainActor public var titleWidth: CGFloat = CGFloat.screenWidth - 2 * EFNavigationBarConfig.defaultNavigationBarHeight
| `- error: type 'CGFloat' has no member 'screenWidth'
43 | @MainActor public var buttonTitleColor: UIColor = UIApplication.shared()?.keyWindow()?.tintColor ?? UIColor.black
44 | public var buttonTitleFont: UIFont = UIFont.systemFont(ofSize: UIFont.labelFontSize)
/Users/admin/builder/spi-builder-workspace/EFNavigationBar/EFNavigationBarConfig.swift:43:69: error: cannot call value of non-function type 'UIApplication'
41 | public var titleHeight: CGFloat = EFNavigationBarConfig.defaultNavigationBarHeight
42 | @MainActor public var titleWidth: CGFloat = CGFloat.screenWidth - 2 * EFNavigationBarConfig.defaultNavigationBarHeight
43 | @MainActor public var buttonTitleColor: UIColor = UIApplication.shared()?.keyWindow()?.tintColor ?? UIColor.black
| `- error: cannot call value of non-function type 'UIApplication'
44 | public var buttonTitleFont: UIFont = UIFont.systemFont(ofSize: UIFont.labelFontSize)
45 | public var buttonMargin: CGFloat = 0
SwiftCompile normal arm64_32 /Users/admin/builder/spi-builder-workspace/EFNavigationBar/EFNavigationBarConfig.swift (in target 'EFNavigationBar' from project 'EFNavigationBar')
cd /Users/admin/builder/spi-builder-workspace/.swiftpm/xcode
builtin-SwiftPerFileCompile EFNavigationBarConfig.swift
SwiftCompile normal arm64 Compiling\ EFNavigationBar.swift /Users/admin/builder/spi-builder-workspace/EFNavigationBar/EFNavigationBar.swift (in target 'EFNavigationBar' from project 'EFNavigationBar')
SwiftCompile normal arm64 /Users/admin/builder/spi-builder-workspace/EFNavigationBar/EFNavigationBar.swift (in target 'EFNavigationBar' from project 'EFNavigationBar')
cd /Users/admin/builder/spi-builder-workspace/.swiftpm/xcode
builtin-SwiftPerFileCompile EFNavigationBar.swift
SwiftCompile normal arm64_32 Compiling\ UIViewController+.swift /Users/admin/builder/spi-builder-workspace/EFNavigationBar/UIViewController+.swift (in target 'EFNavigationBar' from project 'EFNavigationBar')
/Users/admin/builder/spi-builder-workspace/EFNavigationBar/UIViewController+.swift:36:25: error: 'UIStatusBarStyle' is unavailable in watchOS
34 | public extension UIViewController {
35 |
36 | var statusBarStyle: UIStatusBarStyle {
| `- error: 'UIStatusBarStyle' is unavailable in watchOS
37 | get {
38 | guard let style = objc_getAssociatedObject(self, &AssociatedKeys.statusBarStyle) as? UIStatusBarStyle else {
/Applications/Xcode-27.0.0-Release.Candidate.app/Contents/Developer/Platforms/WatchOS.platform/Developer/SDKs/WatchOS27.0.sdk/System/Library/Frameworks/UIKit.framework/Headers/UIApplication.h:22:28: note: 'UIStatusBarStyle' has been explicitly marked unavailable here
20 | NS_HEADER_AUDIT_BEGIN(nullability, sendability)
21 |
22 | typedef NS_ENUM(NSInteger, UIStatusBarStyle) {
| `- note: 'UIStatusBarStyle' has been explicitly marked unavailable here
23 | UIStatusBarStyleDefault = 0, // Automatically chooses light or dark content based on the user interface style
24 | UIStatusBarStyleLightContent API_AVAILABLE(ios(7.0)) = 1, // Light content, for use on dark backgrounds
/Users/admin/builder/spi-builder-workspace/EFNavigationBar/UIViewController+.swift:34:18: error: 'UIViewController' is unavailable in watchOS
32 | }
33 |
34 | public extension UIViewController {
| `- error: 'UIViewController' is unavailable in watchOS
35 |
36 | var statusBarStyle: UIStatusBarStyle {
/Applications/Xcode-27.0.0-Release.Candidate.app/Contents/Developer/Platforms/WatchOS.platform/Developer/SDKs/WatchOS27.0.sdk/System/Library/Frameworks/UIKit.framework/Headers/UIViewController.h:104:12: note: 'UIViewController' has been explicitly marked unavailable here
102 |
103 | UIKIT_EXTERN API_AVAILABLE(ios(2.0)) API_UNAVAILABLE(watchos) NS_SWIFT_UI_ACTOR
104 | @interface UIViewController : UIResponder <NSCoding, UIAppearanceContainer, UITraitEnvironment, UIContentContainer, UIFocusEnvironment>
| `- note: 'UIViewController' has been explicitly marked unavailable here
105 |
106 | /*
/Users/admin/builder/spi-builder-workspace/EFNavigationBar/UIViewController+.swift:38:98: error: 'UIStatusBarStyle' is unavailable in watchOS
36 | var statusBarStyle: UIStatusBarStyle {
37 | get {
38 | guard let style = objc_getAssociatedObject(self, &AssociatedKeys.statusBarStyle) as? UIStatusBarStyle else {
| `- error: 'UIStatusBarStyle' is unavailable in watchOS
39 | return EFNavigationBar.defaultStyle.statusBarStyle
40 | }
/Applications/Xcode-27.0.0-Release.Candidate.app/Contents/Developer/Platforms/WatchOS.platform/Developer/SDKs/WatchOS27.0.sdk/System/Library/Frameworks/UIKit.framework/Headers/UIApplication.h:22:28: note: 'UIStatusBarStyle' has been explicitly marked unavailable here
20 | NS_HEADER_AUDIT_BEGIN(nullability, sendability)
21 |
22 | typedef NS_ENUM(NSInteger, UIStatusBarStyle) {
| `- note: 'UIStatusBarStyle' has been explicitly marked unavailable here
23 | UIStatusBarStyleDefault = 0, // Automatically chooses light or dark content based on the user interface style
24 | UIStatusBarStyleLightContent API_AVAILABLE(ios(7.0)) = 1, // Light content, for use on dark backgrounds
Failed frontend command:
/Applications/Xcode-27.0.0-Release.Candidate.app/Contents/Developer/Toolchains/XcodeDefault.xctoolchain/usr/bin/swift-frontend -frontend -c /Users/admin/builder/spi-builder-workspace/EFNavigationBar/EFNavigationBar.swift /Users/admin/builder/spi-builder-workspace/EFNavigationBar/EFNavigationBarConfig.swift /Users/admin/builder/spi-builder-workspace/EFNavigationBar/UINavigationController+.swift -primary-file /Users/admin/builder/spi-builder-workspace/EFNavigationBar/UIViewController+.swift -emit-dependencies-path /Users/admin/builder/spi-builder-workspace/.derivedData/Build/Intermediates.noindex/EFNavigationBar.build/Debug-watchos/EFNavigationBar-t.build/Objects-normal/arm64_32/UIViewController+.d -emit-const-values-path /Users/admin/builder/spi-builder-workspace/.derivedData/Build/Intermediates.noindex/EFNavigationBar.build/Debug-watchos/EFNavigationBar-t.build/Objects-normal/arm64_32/UIViewController+.swiftconstvalues -emit-reference-dependencies-path /Users/admin/builder/spi-builder-workspace/.derivedData/Build/Intermediates.noindex/EFNavigationBar.build/Debug-watchos/EFNavigationBar-t.build/Objects-normal/arm64_32/UIViewController+.swiftdeps -serialize-diagnostics-path /Users/admin/builder/spi-builder-workspace/.derivedData/Build/Intermediates.noindex/EFNavigationBar.build/Debug-watchos/EFNavigationBar-t.build/Objects-normal/arm64_32/UIViewController+.dia -target arm64_32-apple-watchos9.0 -disable-cross-import-overlay-search -load-resolved-plugin /Applications/Xcode-27.0.0-Release.Candidate.app/Contents/Developer/Platforms/WatchOS.platform/Developer/usr/lib/swift/host/plugins/libFoundationMacros.dylib\#/Applications/Xcode-27.0.0-Release.Candidate.app/Contents/Developer/Platforms/WatchOS.platform/Developer/usr/bin/swift-plugin-server\#FoundationMacros -load-resolved-plugin /Applications/Xcode-27.0.0-Release.Candidate.app/Contents/Developer/Platforms/WatchOS.platform/Developer/usr/lib/swift/host/plugins/libObservationMacros.dylib\#/Applications/Xcode-27.0.0-Release.Candidate.app/Contents/Developer/Platforms/WatchOS.platform/Developer/usr/bin/swift-plugin-server\#ObservationMacros -load-resolved-plugin /Applications/Xcode-27.0.0-Release.Candidate.app/Contents/Developer/Platforms/WatchOS.platform/Developer/usr/lib/swift/host/plugins/libSwiftMacros.dylib\#/Applications/Xcode-27.0.0-Release.Candidate.app/Contents/Developer/Platforms/WatchOS.platform/Developer/usr/bin/swift-plugin-server\#SwiftMacros -load-resolved-plugin /Applications/Xcode-27.0.0-Release.Candidate.app/Contents/Developer/Platforms/WatchOS.platform/Developer/usr/lib/swift/host/plugins/libSwiftUIMacros.dylib\#/Applications/Xcode-27.0.0-Release.Candidate.app/Contents/Developer/Platforms/WatchOS.platform/Developer/usr/bin/swift-plugin-server\#SwiftUIMacros -disable-implicit-swift-modules -Xcc -fno-implicit-modules -Xcc -fno-implicit-module-maps -explicit-swift-module-map-file /Users/admin/builder/spi-builder-workspace/.derivedData/Build/Intermediates.noindex/EFNavigationBar.build/Debug-watchos/EFNavigationBar-t.build/Objects-normal/arm64_32/EFNavigationBar-dependencies-2.json -enable-objc-interop -sdk /Applications/Xcode-27.0.0-Release.Candidate.app/Contents/Developer/Platforms/WatchOS.platform/Developer/SDKs/WatchOS27.0.sdk -I /Users/admin/builder/spi-builder-workspace/.derivedData/Build/Products/Debug-watchos -Isystem /Applications/Xcode-27.0.0-Release.Candidate.app/Contents/Developer/Platforms/WatchOS.platform/Developer/usr/lib -F /Users/admin/builder/spi-builder-workspace/.derivedData/Build/Products/Debug-watchos/PackageFrameworks -F /Users/admin/builder/spi-builder-workspace/.derivedData/Build/Products/Debug-watchos -F /Applications/Xcode-27.0.0-Release.Candidate.app/Contents/Developer/Platforms/WatchOS.platform/Developer/Library/Frameworks -F /Applications/Xcode-27.0.0-Release.Candidate.app/Contents/Developer/Platforms/WatchOS.platform/Developer/SDKs/WatchOS27.0.sdk/Developer/Library/Frameworks -module-cache-path /Users/admin/builder/spi-builder-workspace/.derivedData/Build/Intermediates.noindex/SwiftExplicitPrecompiledModules -no-color-diagnostics -Xcc -fno-color-diagnostics -enable-testing -g -debug-info-format\=dwarf -dwarf-version\=4 -swift-version 6 -Onone -D SWIFT_PACKAGE -D DEBUG -D SWIFT_MODULE_RESOURCE_BUNDLE_UNAVAILABLE -D Xcode -serialize-debugging-options -enable-experimental-feature DebugDescriptionMacro -empty-abi-descriptor -validate-clang-modules-once -clang-build-session-file /Users/admin/builder/spi-builder-workspace/.derivedData/ModuleCache.noindex/Session.modulevalidation -Xcc -working-directory -Xcc /Users/admin/builder/spi-builder-workspace/.swiftpm/xcode -enable-anonymous-context-mangled-names -file-compilation-dir /Users/admin/builder/spi-builder-workspace/.swiftpm/xcode -Xcc -D_LIBCPP_HARDENING_MODE\=_LIBCPP_HARDENING_MODE_DEBUG -Xcc -ivfsstatcache -Xcc /Users/admin/builder/spi-builder-workspace/.derivedData/SDKStatCaches.noindex/watchos27.0-24R360-e829b21a6f8c9b70876ba0858053c04477534ef55a1706bf4c1112bbb242f0a2.sdkstatcache -Xcc -fmodules-prune-interval\=86400 -Xcc -fmodules-prune-after\=345600 -Xcc -I/Users/admin/builder/spi-builder-workspace/.derivedData/Build/Products/Debug-watchos/include -Xcc -I/Users/admin/builder/spi-builder-workspace/.derivedData/Build/Intermediates.noindex/EFNavigationBar.build/Debug-watchos/EFNavigationBar-t.build/DerivedSources-normal/arm64_32 -Xcc -I/Users/admin/builder/spi-builder-workspace/.derivedData/Build/Intermediates.noindex/EFNavigationBar.build/Debug-watchos/EFNavigationBar-t.build/DerivedSources/arm64_32 -Xcc -I/Users/admin/builder/spi-builder-workspace/.derivedData/Build/Intermediates.noindex/EFNavigationBar.build/Debug-watchos/EFNavigationBar-t.build/DerivedSources -Xcc -DSWIFT_PACKAGE -Xcc -DDEBUG\=1 -no-auto-bridging-header-chaining -module-name EFNavigationBar -package-name spi_builder_workspace -const-gather-protocols-file /Users/admin/builder/spi-builder-workspace/.derivedData/Build/Intermediates.noindex/EFNavigationBar.build/Debug-watchos/EFNavigationBar-t.build/Objects-normal/arm64_32/EFNavigationBar_const_extract_protocols.json -disable-clang-spi -clang-target arm64_32-apple-watchos27.0 -target-sdk-version 27.0 -target-sdk-name watchos27.0 -in-process-plugin-server-path /Applications/Xcode-27.0.0-Release.Candidate.app/Contents/Developer/Toolchains/XcodeDefault.xctoolchain/usr/lib/swift/host/libSwiftInProcPluginServer.dylib -parse-as-library -o /Users/admin/builder/spi-builder-workspace/.derivedData/Build/Intermediates.noindex/EFNavigationBar.build/Debug-watchos/EFNavigationBar-t.build/Objects-normal/arm64_32/UIViewController+.o -debug-module-path /Users/admin/builder/spi-builder-workspace/.derivedData/Build/Intermediates.noindex/EFNavigationBar.build/Debug-watchos/EFNavigationBar-t.build/Objects-normal/arm64_32/EFNavigationBar.swiftmodule -index-unit-output-path /EFNavigationBar.build/Debug-watchos/EFNavigationBar-t.build/Objects-normal/arm64_32/UIViewController+.o -index-store-path /Users/admin/builder/spi-builder-workspace/.derivedData/Index.noindex/DataStore -index-system-modules
SwiftCompile normal arm64_32 /Users/admin/builder/spi-builder-workspace/EFNavigationBar/UIViewController+.swift (in target 'EFNavigationBar' from project 'EFNavigationBar')
cd /Users/admin/builder/spi-builder-workspace/.swiftpm/xcode
builtin-SwiftPerFileCompile UIViewController+.swift
SwiftCompile normal arm64_32 Compiling\ UINavigationController+.swift /Users/admin/builder/spi-builder-workspace/EFNavigationBar/UINavigationController+.swift (in target 'EFNavigationBar' from project 'EFNavigationBar')
/Users/admin/builder/spi-builder-workspace/EFNavigationBar/UINavigationController+.swift:32:5: warning: 'open' modifier conflicts with extension's default access of 'public'
30 | public extension UINavigationController {
31 |
32 | open override var preferredStatusBarStyle: UIStatusBarStyle {
| `- warning: 'open' modifier conflicts with extension's default access of 'public'
33 | return UIViewController.topViewController?.statusBarStyle ?? EFNavigationBar.defaultStyle.statusBarStyle
34 | }
/Users/admin/builder/spi-builder-workspace/EFNavigationBar/UINavigationController+.swift:32:48: error: 'UIStatusBarStyle' is unavailable in watchOS
30 | public extension UINavigationController {
31 |
32 | open override var preferredStatusBarStyle: UIStatusBarStyle {
| `- error: 'UIStatusBarStyle' is unavailable in watchOS
33 | return UIViewController.topViewController?.statusBarStyle ?? EFNavigationBar.defaultStyle.statusBarStyle
34 | }
/Applications/Xcode-27.0.0-Release.Candidate.app/Contents/Developer/Platforms/WatchOS.platform/Developer/SDKs/WatchOS27.0.sdk/System/Library/Frameworks/UIKit.framework/Headers/UIApplication.h:22:28: note: 'UIStatusBarStyle' has been explicitly marked unavailable here
20 | NS_HEADER_AUDIT_BEGIN(nullability, sendability)
21 |
22 | typedef NS_ENUM(NSInteger, UIStatusBarStyle) {
| `- note: 'UIStatusBarStyle' has been explicitly marked unavailable here
23 | UIStatusBarStyleDefault = 0, // Automatically chooses light or dark content based on the user interface style
24 | UIStatusBarStyleLightContent API_AVAILABLE(ios(7.0)) = 1, // Light content, for use on dark backgrounds
/Users/admin/builder/spi-builder-workspace/EFNavigationBar/UINavigationController+.swift:30:18: error: 'UINavigationController' is unavailable in watchOS
28 | import EFFoundation
29 |
30 | public extension UINavigationController {
| `- error: 'UINavigationController' is unavailable in watchOS
31 |
32 | open override var preferredStatusBarStyle: UIStatusBarStyle {
/Applications/Xcode-27.0.0-Release.Candidate.app/Contents/Developer/Platforms/WatchOS.platform/Developer/SDKs/WatchOS27.0.sdk/System/Library/Frameworks/UIKit.framework/Headers/UINavigationController.h:46:12: note: 'UINavigationController' has been explicitly marked unavailable here
44 |
45 | UIKIT_EXTERN API_AVAILABLE(ios(2.0)) API_UNAVAILABLE(watchos) NS_SWIFT_UI_ACTOR
46 | @interface UINavigationController : UIViewController
| `- note: 'UINavigationController' has been explicitly marked unavailable here
47 |
48 |
/Users/admin/builder/spi-builder-workspace/EFNavigationBar/UINavigationController+.swift:33:33: error: type 'UIViewController' has no member 'topViewController'
31 |
32 | open override var preferredStatusBarStyle: UIStatusBarStyle {
33 | return UIViewController.topViewController?.statusBarStyle ?? EFNavigationBar.defaultStyle.statusBarStyle
| `- error: type 'UIViewController' has no member 'topViewController'
34 | }
35 | }
Failed frontend command:
/Applications/Xcode-27.0.0-Release.Candidate.app/Contents/Developer/Toolchains/XcodeDefault.xctoolchain/usr/bin/swift-frontend -frontend -c /Users/admin/builder/spi-builder-workspace/EFNavigationBar/EFNavigationBar.swift /Users/admin/builder/spi-builder-workspace/EFNavigationBar/EFNavigationBarConfig.swift -primary-file /Users/admin/builder/spi-builder-workspace/EFNavigationBar/UINavigationController+.swift /Users/admin/builder/spi-builder-workspace/EFNavigationBar/UIViewController+.swift -emit-dependencies-path /Users/admin/builder/spi-builder-workspace/.derivedData/Build/Intermediates.noindex/EFNavigationBar.build/Debug-watchos/EFNavigationBar-t.build/Objects-normal/arm64_32/UINavigationController+.d -emit-const-values-path /Users/admin/builder/spi-builder-workspace/.derivedData/Build/Intermediates.noindex/EFNavigationBar.build/Debug-watchos/EFNavigationBar-t.build/Objects-normal/arm64_32/UINavigationController+.swiftconstvalues -emit-reference-dependencies-path /Users/admin/builder/spi-builder-workspace/.derivedData/Build/Intermediates.noindex/EFNavigationBar.build/Debug-watchos/EFNavigationBar-t.build/Objects-normal/arm64_32/UINavigationController+.swiftdeps -serialize-diagnostics-path /Users/admin/builder/spi-builder-workspace/.derivedData/Build/Intermediates.noindex/EFNavigationBar.build/Debug-watchos/EFNavigationBar-t.build/Objects-normal/arm64_32/UINavigationController+.dia -target arm64_32-apple-watchos9.0 -disable-cross-import-overlay-search -load-resolved-plugin /Applications/Xcode-27.0.0-Release.Candidate.app/Contents/Developer/Platforms/WatchOS.platform/Developer/usr/lib/swift/host/plugins/libFoundationMacros.dylib\#/Applications/Xcode-27.0.0-Release.Candidate.app/Contents/Developer/Platforms/WatchOS.platform/Developer/usr/bin/swift-plugin-server\#FoundationMacros -load-resolved-plugin /Applications/Xcode-27.0.0-Release.Candidate.app/Contents/Developer/Platforms/WatchOS.platform/Developer/usr/lib/swift/host/plugins/libObservationMacros.dylib\#/Applications/Xcode-27.0.0-Release.Candidate.app/Contents/Developer/Platforms/WatchOS.platform/Developer/usr/bin/swift-plugin-server\#ObservationMacros -load-resolved-plugin /Applications/Xcode-27.0.0-Release.Candidate.app/Contents/Developer/Platforms/WatchOS.platform/Developer/usr/lib/swift/host/plugins/libSwiftMacros.dylib\#/Applications/Xcode-27.0.0-Release.Candidate.app/Contents/Developer/Platforms/WatchOS.platform/Developer/usr/bin/swift-plugin-server\#SwiftMacros -load-resolved-plugin /Applications/Xcode-27.0.0-Release.Candidate.app/Contents/Developer/Platforms/WatchOS.platform/Developer/usr/lib/swift/host/plugins/libSwiftUIMacros.dylib\#/Applications/Xcode-27.0.0-Release.Candidate.app/Contents/Developer/Platforms/WatchOS.platform/Developer/usr/bin/swift-plugin-server\#SwiftUIMacros -disable-implicit-swift-modules -Xcc -fno-implicit-modules -Xcc -fno-implicit-module-maps -explicit-swift-module-map-file /Users/admin/builder/spi-builder-workspace/.derivedData/Build/Intermediates.noindex/EFNavigationBar.build/Debug-watchos/EFNavigationBar-t.build/Objects-normal/arm64_32/EFNavigationBar-dependencies-2.json -enable-objc-interop -sdk /Applications/Xcode-27.0.0-Release.Candidate.app/Contents/Developer/Platforms/WatchOS.platform/Developer/SDKs/WatchOS27.0.sdk -I /Users/admin/builder/spi-builder-workspace/.derivedData/Build/Products/Debug-watchos -Isystem /Applications/Xcode-27.0.0-Release.Candidate.app/Contents/Developer/Platforms/WatchOS.platform/Developer/usr/lib -F /Users/admin/builder/spi-builder-workspace/.derivedData/Build/Products/Debug-watchos/PackageFrameworks -F /Users/admin/builder/spi-builder-workspace/.derivedData/Build/Products/Debug-watchos -F /Applications/Xcode-27.0.0-Release.Candidate.app/Contents/Developer/Platforms/WatchOS.platform/Developer/Library/Frameworks -F /Applications/Xcode-27.0.0-Release.Candidate.app/Contents/Developer/Platforms/WatchOS.platform/Developer/SDKs/WatchOS27.0.sdk/Developer/Library/Frameworks -module-cache-path /Users/admin/builder/spi-builder-workspace/.derivedData/Build/Intermediates.noindex/SwiftExplicitPrecompiledModules -no-color-diagnostics -Xcc -fno-color-diagnostics -enable-testing -g -debug-info-format\=dwarf -dwarf-version\=4 -swift-version 6 -Onone -D SWIFT_PACKAGE -D DEBUG -D SWIFT_MODULE_RESOURCE_BUNDLE_UNAVAILABLE -D Xcode -serialize-debugging-options -enable-experimental-feature DebugDescriptionMacro -empty-abi-descriptor -validate-clang-modules-once -clang-build-session-file /Users/admin/builder/spi-builder-workspace/.derivedData/ModuleCache.noindex/Session.modulevalidation -Xcc -working-directory -Xcc /Users/admin/builder/spi-builder-workspace/.swiftpm/xcode -enable-anonymous-context-mangled-names -file-compilation-dir /Users/admin/builder/spi-builder-workspace/.swiftpm/xcode -Xcc -D_LIBCPP_HARDENING_MODE\=_LIBCPP_HARDENING_MODE_DEBUG -Xcc -ivfsstatcache -Xcc /Users/admin/builder/spi-builder-workspace/.derivedData/SDKStatCaches.noindex/watchos27.0-24R360-e829b21a6f8c9b70876ba0858053c04477534ef55a1706bf4c1112bbb242f0a2.sdkstatcache -Xcc -fmodules-prune-interval\=86400 -Xcc -fmodules-prune-after\=345600 -Xcc -I/Users/admin/builder/spi-builder-workspace/.derivedData/Build/Products/Debug-watchos/include -Xcc -I/Users/admin/builder/spi-builder-workspace/.derivedData/Build/Intermediates.noindex/EFNavigationBar.build/Debug-watchos/EFNavigationBar-t.build/DerivedSources-normal/arm64_32 -Xcc -I/Users/admin/builder/spi-builder-workspace/.derivedData/Build/Intermediates.noindex/EFNavigationBar.build/Debug-watchos/EFNavigationBar-t.build/DerivedSources/arm64_32 -Xcc -I/Users/admin/builder/spi-builder-workspace/.derivedData/Build/Intermediates.noindex/EFNavigationBar.build/Debug-watchos/EFNavigationBar-t.build/DerivedSources -Xcc -DSWIFT_PACKAGE -Xcc -DDEBUG\=1 -no-auto-bridging-header-chaining -module-name EFNavigationBar -package-name spi_builder_workspace -const-gather-protocols-file /Users/admin/builder/spi-builder-workspace/.derivedData/Build/Intermediates.noindex/EFNavigationBar.build/Debug-watchos/EFNavigationBar-t.build/Objects-normal/arm64_32/EFNavigationBar_const_extract_protocols.json -disable-clang-spi -clang-target arm64_32-apple-watchos27.0 -target-sdk-version 27.0 -target-sdk-name watchos27.0 -in-process-plugin-server-path /Applications/Xcode-27.0.0-Release.Candidate.app/Contents/Developer/Toolchains/XcodeDefault.xctoolchain/usr/lib/swift/host/libSwiftInProcPluginServer.dylib -parse-as-library -o /Users/admin/builder/spi-builder-workspace/.derivedData/Build/Intermediates.noindex/EFNavigationBar.build/Debug-watchos/EFNavigationBar-t.build/Objects-normal/arm64_32/UINavigationController+.o -debug-module-path /Users/admin/builder/spi-builder-workspace/.derivedData/Build/Intermediates.noindex/EFNavigationBar.build/Debug-watchos/EFNavigationBar-t.build/Objects-normal/arm64_32/EFNavigationBar.swiftmodule -index-unit-output-path /EFNavigationBar.build/Debug-watchos/EFNavigationBar-t.build/Objects-normal/arm64_32/UINavigationController+.o -index-store-path /Users/admin/builder/spi-builder-workspace/.derivedData/Index.noindex/DataStore -index-system-modules
SwiftCompile normal arm64_32 /Users/admin/builder/spi-builder-workspace/EFNavigationBar/UINavigationController+.swift (in target 'EFNavigationBar' from project 'EFNavigationBar')
cd /Users/admin/builder/spi-builder-workspace/.swiftpm/xcode
builtin-SwiftPerFileCompile UINavigationController+.swift
SwiftCompile normal arm64_32 Compiling\ EFNavigationBar.swift /Users/admin/builder/spi-builder-workspace/EFNavigationBar/EFNavigationBar.swift (in target 'EFNavigationBar' from project 'EFNavigationBar')
SwiftCompile normal arm64_32 /Users/admin/builder/spi-builder-workspace/EFNavigationBar/EFNavigationBar.swift (in target 'EFNavigationBar' from project 'EFNavigationBar')
cd /Users/admin/builder/spi-builder-workspace/.swiftpm/xcode
builtin-SwiftPerFileCompile EFNavigationBar.swift
SwiftCompile normal arm64 Compiling\ UINavigationController+.swift /Users/admin/builder/spi-builder-workspace/EFNavigationBar/UINavigationController+.swift (in target 'EFNavigationBar' from project 'EFNavigationBar')
/Users/admin/builder/spi-builder-workspace/EFNavigationBar/UINavigationController+.swift:32:5: warning: 'open' modifier conflicts with extension's default access of 'public'
30 | public extension UINavigationController {
31 |
32 | open override var preferredStatusBarStyle: UIStatusBarStyle {
| `- warning: 'open' modifier conflicts with extension's default access of 'public'
33 | return UIViewController.topViewController?.statusBarStyle ?? EFNavigationBar.defaultStyle.statusBarStyle
34 | }
/Users/admin/builder/spi-builder-workspace/EFNavigationBar/UINavigationController+.swift:32:48: error: 'UIStatusBarStyle' is unavailable in watchOS
30 | public extension UINavigationController {
31 |
32 | open override var preferredStatusBarStyle: UIStatusBarStyle {
| `- error: 'UIStatusBarStyle' is unavailable in watchOS
33 | return UIViewController.topViewController?.statusBarStyle ?? EFNavigationBar.defaultStyle.statusBarStyle
34 | }
/Applications/Xcode-27.0.0-Release.Candidate.app/Contents/Developer/Platforms/WatchOS.platform/Developer/SDKs/WatchOS27.0.sdk/System/Library/Frameworks/UIKit.framework/Headers/UIApplication.h:22:28: note: 'UIStatusBarStyle' has been explicitly marked unavailable here
20 | NS_HEADER_AUDIT_BEGIN(nullability, sendability)
21 |
22 | typedef NS_ENUM(NSInteger, UIStatusBarStyle) {
| `- note: 'UIStatusBarStyle' has been explicitly marked unavailable here
23 | UIStatusBarStyleDefault = 0, // Automatically chooses light or dark content based on the user interface style
24 | UIStatusBarStyleLightContent API_AVAILABLE(ios(7.0)) = 1, // Light content, for use on dark backgrounds
/Users/admin/builder/spi-builder-workspace/EFNavigationBar/UINavigationController+.swift:30:18: error: 'UINavigationController' is unavailable in watchOS
28 | import EFFoundation
29 |
30 | public extension UINavigationController {
| `- error: 'UINavigationController' is unavailable in watchOS
31 |
32 | open override var preferredStatusBarStyle: UIStatusBarStyle {
/Applications/Xcode-27.0.0-Release.Candidate.app/Contents/Developer/Platforms/WatchOS.platform/Developer/SDKs/WatchOS27.0.sdk/System/Library/Frameworks/UIKit.framework/Headers/UINavigationController.h:46:12: note: 'UINavigationController' has been explicitly marked unavailable here
44 |
45 | UIKIT_EXTERN API_AVAILABLE(ios(2.0)) API_UNAVAILABLE(watchos) NS_SWIFT_UI_ACTOR
46 | @interface UINavigationController : UIViewController
| `- note: 'UINavigationController' has been explicitly marked unavailable here
47 |
48 |
SwiftCompile normal arm64 /Users/admin/builder/spi-builder-workspace/EFNavigationBar/UINavigationController+.swift (in target 'EFNavigationBar' from project 'EFNavigationBar')
cd /Users/admin/builder/spi-builder-workspace/.swiftpm/xcode
builtin-SwiftPerFileCompile UINavigationController+.swift
SwiftEmitModule normal arm64 Emitting\ module\ for\ EFNavigationBar (in target 'EFNavigationBar' from project 'EFNavigationBar')
SwiftCompile normal arm64 (in target 'EFNavigationBar' from project 'EFNavigationBar')
cd /Users/admin/builder/spi-builder-workspace/.swiftpm/xcode
SwiftCompile normal arm64 Compiling\ EFNavigationBarConfig.swift /Users/admin/builder/spi-builder-workspace/EFNavigationBar/EFNavigationBarConfig.swift (in target 'EFNavigationBar' from project 'EFNavigationBar')
/Users/admin/builder/spi-builder-workspace/EFNavigationBar/EFNavigationBarConfig.swift:35:51: error: 'UIStatusBarStyle' is unavailable in watchOS
33 | private static let defaultNavigationBarHeight: CGFloat = 44
34 |
35 | public var statusBarStyle: UIStatusBarStyle = UIStatusBarStyle.default
| `- error: 'UIStatusBarStyle' is unavailable in watchOS
36 | public var title: String?
37 | public var backgroundColor: UIColor = UIColor.white
/Applications/Xcode-27.0.0-Release.Candidate.app/Contents/Developer/Platforms/WatchOS.platform/Developer/SDKs/WatchOS27.0.sdk/System/Library/Frameworks/UIKit.framework/Headers/UIApplication.h:22:28: note: 'UIStatusBarStyle' has been explicitly marked unavailable here
20 | NS_HEADER_AUDIT_BEGIN(nullability, sendability)
21 |
22 | typedef NS_ENUM(NSInteger, UIStatusBarStyle) {
| `- note: 'UIStatusBarStyle' has been explicitly marked unavailable here
23 | UIStatusBarStyleDefault = 0, // Automatically chooses light or dark content based on the user interface style
24 | UIStatusBarStyleLightContent API_AVAILABLE(ios(7.0)) = 1, // Light content, for use on dark backgrounds
SwiftCompile normal arm64 /Users/admin/builder/spi-builder-workspace/EFNavigationBar/EFNavigationBarConfig.swift (in target 'EFNavigationBar' from project 'EFNavigationBar')
cd /Users/admin/builder/spi-builder-workspace/.swiftpm/xcode
builtin-SwiftPerFileCompile EFNavigationBarConfig.swift
SwiftCompile normal arm64 Compiling\ UIViewController+.swift /Users/admin/builder/spi-builder-workspace/EFNavigationBar/UIViewController+.swift (in target 'EFNavigationBar' from project 'EFNavigationBar')
/Users/admin/builder/spi-builder-workspace/EFNavigationBar/UIViewController+.swift:36:25: error: 'UIStatusBarStyle' is unavailable in watchOS
34 | public extension UIViewController {
35 |
36 | var statusBarStyle: UIStatusBarStyle {
| `- error: 'UIStatusBarStyle' is unavailable in watchOS
37 | get {
38 | guard let style = objc_getAssociatedObject(self, &AssociatedKeys.statusBarStyle) as? UIStatusBarStyle else {
/Applications/Xcode-27.0.0-Release.Candidate.app/Contents/Developer/Platforms/WatchOS.platform/Developer/SDKs/WatchOS27.0.sdk/System/Library/Frameworks/UIKit.framework/Headers/UIApplication.h:22:28: note: 'UIStatusBarStyle' has been explicitly marked unavailable here
20 | NS_HEADER_AUDIT_BEGIN(nullability, sendability)
21 |
22 | typedef NS_ENUM(NSInteger, UIStatusBarStyle) {
| `- note: 'UIStatusBarStyle' has been explicitly marked unavailable here
23 | UIStatusBarStyleDefault = 0, // Automatically chooses light or dark content based on the user interface style
24 | UIStatusBarStyleLightContent API_AVAILABLE(ios(7.0)) = 1, // Light content, for use on dark backgrounds
/Users/admin/builder/spi-builder-workspace/EFNavigationBar/UIViewController+.swift:34:18: error: 'UIViewController' is unavailable in watchOS
32 | }
33 |
34 | public extension UIViewController {
| `- error: 'UIViewController' is unavailable in watchOS
35 |
36 | var statusBarStyle: UIStatusBarStyle {
/Applications/Xcode-27.0.0-Release.Candidate.app/Contents/Developer/Platforms/WatchOS.platform/Developer/SDKs/WatchOS27.0.sdk/System/Library/Frameworks/UIKit.framework/Headers/UIViewController.h:104:12: note: 'UIViewController' has been explicitly marked unavailable here
102 |
103 | UIKIT_EXTERN API_AVAILABLE(ios(2.0)) API_UNAVAILABLE(watchos) NS_SWIFT_UI_ACTOR
104 | @interface UIViewController : UIResponder <NSCoding, UIAppearanceContainer, UITraitEnvironment, UIContentContainer, UIFocusEnvironment>
| `- note: 'UIViewController' has been explicitly marked unavailable here
105 |
106 | /*
SwiftCompile normal arm64 /Users/admin/builder/spi-builder-workspace/EFNavigationBar/UIViewController+.swift (in target 'EFNavigationBar' from project 'EFNavigationBar')
cd /Users/admin/builder/spi-builder-workspace/.swiftpm/xcode
builtin-SwiftPerFileCompile UIViewController+.swift
PruneExplicitPrecompiledModules /Users/admin/builder/spi-builder-workspace/.derivedData/Build/Intermediates.noindex/ExplicitPrecompiledModules
PruneExplicitPrecompiledModules /Users/admin/builder/spi-builder-workspace/.derivedData/Build/Intermediates.noindex/SwiftExplicitPrecompiledModules
PruneExplicitPrecompiledModules /Users/admin/builder/spi-builder-workspace/.derivedData/SDKExplicitPrecompiledModules
2026-09-19 06:00:18.336 xcodebuild[1008:5683] [MT] IDERunDestination: Supported platforms for the buildables in the current scheme is empty.
** BUILD FAILED **
The following build commands failed:
SwiftCompile normal arm64_32 Compiling\ UIViewController+.swift /Users/admin/builder/spi-builder-workspace/EFNavigationBar/UIViewController+.swift (in target 'EFNavigationBar' from project 'EFNavigationBar')
SwiftCompile normal arm64_32 /Users/admin/builder/spi-builder-workspace/EFNavigationBar/UIViewController+.swift (in target 'EFNavigationBar' from project 'EFNavigationBar')
SwiftCompile normal arm64_32 Compiling\ UINavigationController+.swift /Users/admin/builder/spi-builder-workspace/EFNavigationBar/UINavigationController+.swift (in target 'EFNavigationBar' from project 'EFNavigationBar')
SwiftCompile normal arm64_32 /Users/admin/builder/spi-builder-workspace/EFNavigationBar/UINavigationController+.swift (in target 'EFNavigationBar' from project 'EFNavigationBar')
Building workspace EFNavigationBar with scheme EFNavigationBar
(5 failures)
BUILD FAILURE 6.4 watchOS