The Swift Package Index logo.Swift Package Index

Build Information

Failed to build AleteEdge, reference main (4da9b7), with Swift 6.1 for Wasm on 29 Jun 2026 11:18:46 UTC.

Build Command

bash -c docker run --pull=always --rm -v "checkouts-53886768-0":/host -w "$PWD" -e JAVA_HOME="/root/.sdkman/candidates/java/current" -e SPI_BUILD="1" -e SPI_PROCESSING="1" registry.gitlab.com/saguaro1/spi-images:wasm-6.1-latest swift build --swift-sdk wasm32-unknown-wasi 2>&1

Build Log

========================================
RunAll
========================================
Builder version: 0e64495ecc1688c3b3e031a5ef1348b5c05091ae
Interrupt handler set up.
========================================
Checkout
========================================
Clone URL: https://github.com/alete-ai/edge.git
Reference: main
Initialized empty Git repository in /host/spi-builder-workspace/.git/
hint: Using 'master' as the name for the initial branch. This default branch name
hint: is subject to change. To configure the initial branch name to use in all
hint: of your new repositories, which will suppress this warning, call:
hint:
hint: 	git config --global init.defaultBranch <name>
hint:
hint: Names commonly chosen instead of 'master' are 'main', 'trunk' and
hint: 'development'. The just-created branch can be renamed via this command:
hint:
hint: 	git branch -m <name>
From https://github.com/alete-ai/edge
 * branch            main       -> FETCH_HEAD
 * [new branch]      main       -> origin/main
HEAD is now at 4da9b71 feat: add head metadata extraction support and align classification init logs
Cloned https://github.com/alete-ai/edge.git
Revision (git rev-parse @):
4da9b71ed8b6f0bb96c41c0401a39ad2008f4664
SUCCESS checkout https://github.com/alete-ai/edge.git at main
========================================
Build
========================================
Selected platform:         wasm
Swift version:             6.1
Building package at path:  $PWD
https://github.com/alete-ai/edge.git
https://github.com/alete-ai/edge.git
WARNING: environment variable SUPPRESS_SWIFT_6_FLAGS is not set
Running build ...
bash -c docker run --pull=always --rm -v "checkouts-53886768-0":/host -w "$PWD" -e JAVA_HOME="/root/.sdkman/candidates/java/current" -e SPI_BUILD="1" -e SPI_PROCESSING="1" registry.gitlab.com/saguaro1/spi-images:wasm-6.1-latest swift build --swift-sdk wasm32-unknown-wasi -Xswiftc -Xfrontend -Xswiftc -stats-output-dir -Xswiftc -Xfrontend -Xswiftc .stats -Xswiftc -strict-concurrency=complete -Xswiftc -enable-upcoming-feature -Xswiftc StrictConcurrency -Xswiftc -enable-upcoming-feature -Xswiftc DisableOutwardActorInference -Xswiftc -enable-upcoming-feature -Xswiftc GlobalActorIsolatedTypesUsability -Xswiftc -enable-upcoming-feature -Xswiftc InferSendableFromCaptures 2>&1
wasm-6.1-latest: Pulling from saguaro1/spi-images
Digest: sha256:1ad245dad3d2ae0004e1afbc92334bd39884ed9ca587cf04d0a8d5f640fb02e9
Status: Image is up to date for registry.gitlab.com/saguaro1/spi-images:wasm-6.1-latest
Building for debugging...
[0/7] Write sources
[0/7] Copying m2v_quant_meta.json
[0/7] Copying PrivacyInfo.xcprivacy
[3/7] Copying tokenizer.json
[4/7] Copying m2v_head.json
[5/7] Copying m2v_embeddings.bin
[6/7] Write swift-version-24593BA9C3E375BF.txt
[8/15] Compiling AleteClassifierKit ContentPreprocessor.swift
/host/spi-builder-workspace/ios/AleteClassifier/Sources/AleteClassifierKit/AleteClassifierEngine.swift:2:8: error: no such module 'Accelerate'
  1 | import Foundation
  2 | import Accelerate
    |        `- error: no such module 'Accelerate'
  3 |
  4 | public class AleteClassifierEngine {
[9/16] Compiling AleteClassifierKit ModelLoader.swift
/host/spi-builder-workspace/ios/AleteClassifier/Sources/AleteClassifierKit/AleteClassifierEngine.swift:2:8: error: no such module 'Accelerate'
  1 | import Foundation
  2 | import Accelerate
    |        `- error: no such module 'Accelerate'
  3 |
  4 | public class AleteClassifierEngine {
[10/16] Compiling AleteClassifierKit ClassifierLabel.swift
/host/spi-builder-workspace/ios/AleteClassifier/Sources/AleteClassifierKit/AleteClassifierEngine.swift:2:8: error: no such module 'Accelerate'
  1 | import Foundation
  2 | import Accelerate
    |        `- error: no such module 'Accelerate'
  3 |
  4 | public class AleteClassifierEngine {
[11/16] Compiling AleteClassifierKit Config.swift
/host/spi-builder-workspace/ios/AleteClassifier/Sources/AleteClassifierKit/AleteClassifierEngine.swift:2:8: error: no such module 'Accelerate'
  1 | import Foundation
  2 | import Accelerate
    |        `- error: no such module 'Accelerate'
  3 |
  4 | public class AleteClassifierEngine {
[12/16] Compiling AleteClassifierKit resource_bundle_accessor.swift
/host/spi-builder-workspace/ios/AleteClassifier/Sources/AleteClassifierKit/AleteClassifierEngine.swift:2:8: error: no such module 'Accelerate'
  1 | import Foundation
  2 | import Accelerate
    |        `- error: no such module 'Accelerate'
  3 |
  4 | public class AleteClassifierEngine {
error: emit-module command failed with exit code 1 (use -v to see invocation)
[13/16] Emitting module AleteClassifierKit
/host/spi-builder-workspace/ios/AleteClassifier/Sources/AleteClassifierKit/AleteClassifierEngine.swift:2:8: error: no such module 'Accelerate'
  1 | import Foundation
  2 | import Accelerate
    |        `- error: no such module 'Accelerate'
  3 |
  4 | public class AleteClassifierEngine {
[14/16] Compiling AleteClassifierKit AleteBertTokenizer.swift
/host/spi-builder-workspace/ios/AleteClassifier/Sources/AleteClassifierKit/AleteClassifierEngine.swift:2:8: error: no such module 'Accelerate'
  1 | import Foundation
  2 | import Accelerate
    |        `- error: no such module 'Accelerate'
  3 |
  4 | public class AleteClassifierEngine {
[15/16] Compiling AleteClassifierKit AleteClassifier.swift
/host/spi-builder-workspace/ios/AleteClassifier/Sources/AleteClassifierKit/AleteClassifierEngine.swift:2:8: error: no such module 'Accelerate'
  1 | import Foundation
  2 | import Accelerate
    |        `- error: no such module 'Accelerate'
  3 |
  4 | public class AleteClassifierEngine {
[16/16] Compiling AleteClassifierKit AleteClassifierEngine.swift
/host/spi-builder-workspace/ios/AleteClassifier/Sources/AleteClassifierKit/AleteClassifierEngine.swift:2:8: error: no such module 'Accelerate'
  1 | import Foundation
  2 | import Accelerate
    |        `- error: no such module 'Accelerate'
  3 |
  4 | public class AleteClassifierEngine {
Running build ...
bash -c docker run --pull=always --rm -v "checkouts-53886768-0":/host -w "$PWD" -e JAVA_HOME="/root/.sdkman/candidates/java/current" -e SPI_BUILD="1" -e SPI_PROCESSING="1" registry.gitlab.com/saguaro1/spi-images:wasm-6.1-latest swift build --swift-sdk wasm32-unknown-wasi 2>&1
wasm-6.1-latest: Pulling from saguaro1/spi-images
Digest: sha256:1ad245dad3d2ae0004e1afbc92334bd39884ed9ca587cf04d0a8d5f640fb02e9
Status: Image is up to date for registry.gitlab.com/saguaro1/spi-images:wasm-6.1-latest
[0/1] Planning build
Building for debugging...
[0/1] Write swift-version-24593BA9C3E375BF.txt
[2/9] Compiling AleteClassifierKit Config.swift
/host/spi-builder-workspace/ios/AleteClassifier/Sources/AleteClassifierKit/AleteClassifierEngine.swift:2:8: error: no such module 'Accelerate'
  1 | import Foundation
  2 | import Accelerate
    |        `- error: no such module 'Accelerate'
  3 |
  4 | public class AleteClassifierEngine {
[3/10] Compiling AleteClassifierKit ClassifierLabel.swift
/host/spi-builder-workspace/ios/AleteClassifier/Sources/AleteClassifierKit/AleteClassifierEngine.swift:2:8: error: no such module 'Accelerate'
  1 | import Foundation
  2 | import Accelerate
    |        `- error: no such module 'Accelerate'
  3 |
  4 | public class AleteClassifierEngine {
[4/10] Compiling AleteClassifierKit ContentPreprocessor.swift
/host/spi-builder-workspace/ios/AleteClassifier/Sources/AleteClassifierKit/AleteClassifierEngine.swift:2:8: error: no such module 'Accelerate'
  1 | import Foundation
  2 | import Accelerate
    |        `- error: no such module 'Accelerate'
  3 |
  4 | public class AleteClassifierEngine {
[5/10] Compiling AleteClassifierKit ModelLoader.swift
/host/spi-builder-workspace/ios/AleteClassifier/Sources/AleteClassifierKit/AleteClassifierEngine.swift:2:8: error: no such module 'Accelerate'
  1 | import Foundation
  2 | import Accelerate
    |        `- error: no such module 'Accelerate'
  3 |
  4 | public class AleteClassifierEngine {
[6/10] Compiling AleteClassifierKit resource_bundle_accessor.swift
/host/spi-builder-workspace/ios/AleteClassifier/Sources/AleteClassifierKit/AleteClassifierEngine.swift:2:8: error: no such module 'Accelerate'
  1 | import Foundation
  2 | import Accelerate
    |        `- error: no such module 'Accelerate'
  3 |
  4 | public class AleteClassifierEngine {
error: emit-module command failed with exit code 1 (use -v to see invocation)
[7/10] Emitting module AleteClassifierKit
/host/spi-builder-workspace/ios/AleteClassifier/Sources/AleteClassifierKit/AleteClassifierEngine.swift:2:8: error: no such module 'Accelerate'
  1 | import Foundation
  2 | import Accelerate
    |        `- error: no such module 'Accelerate'
  3 |
  4 | public class AleteClassifierEngine {
[8/10] Compiling AleteClassifierKit AleteClassifier.swift
/host/spi-builder-workspace/ios/AleteClassifier/Sources/AleteClassifierKit/AleteClassifierEngine.swift:2:8: error: no such module 'Accelerate'
  1 | import Foundation
  2 | import Accelerate
    |        `- error: no such module 'Accelerate'
  3 |
  4 | public class AleteClassifierEngine {
[9/10] Compiling AleteClassifierKit AleteBertTokenizer.swift
/host/spi-builder-workspace/ios/AleteClassifier/Sources/AleteClassifierKit/AleteClassifierEngine.swift:2:8: error: no such module 'Accelerate'
  1 | import Foundation
  2 | import Accelerate
    |        `- error: no such module 'Accelerate'
  3 |
  4 | public class AleteClassifierEngine {
[10/10] Compiling AleteClassifierKit AleteClassifierEngine.swift
/host/spi-builder-workspace/ios/AleteClassifier/Sources/AleteClassifierKit/AleteClassifierEngine.swift:2:8: error: no such module 'Accelerate'
  1 | import Foundation
  2 | import Accelerate
    |        `- error: no such module 'Accelerate'
  3 |
  4 | public class AleteClassifierEngine {
BUILD FAILURE 6.1 wasm