Build Information
Failed to build Puppy, reference main (984bba), with Swift 6.3 for Wasm on 22 Sep 2026 10:15:38 UTC.
Build Command
bash -c docker run --pull=always --rm -v "checkouts-53886769-0":/host -w "$PWD" -e JAVA_HOME="/root/.sdkman/candidates/java/current" -e SPI_BUILD="1" -e SPI_PROCESSING="1" registry.gitlab.com/saguaro1/spi-images:wasm-6.3-latest swift build --swift-sdk swift-6.3.2-RELEASE_wasm 2>&1Build Log
========================================
RunAll
========================================
Builder version: 5.1.0
Interrupt handler set up.
========================================
Checkout
========================================
Clone URL: https://github.com/sushichop/Puppy.git
Reference: main
Initialized empty Git repository in /host/spi-builder-workspace/.git/
hint: Using 'master' as the name for the initial branch. This default branch name
hint: is subject to change. To configure the initial branch name to use in all
hint: of your new repositories, which will suppress this warning, call:
hint:
hint: git config --global init.defaultBranch <name>
hint:
hint: Names commonly chosen instead of 'master' are 'main', 'trunk' and
hint: 'development'. The just-created branch can be renamed via this command:
hint:
hint: git branch -m <name>
From https://github.com/sushichop/Puppy
* branch main -> FETCH_HEAD
* [new branch] main -> origin/main
HEAD is now at 984bbac Bump github.com/apple/swift-log in the dependencies group (#120)
Cloned https://github.com/sushichop/Puppy.git
Revision (git rev-parse @):
984bbac7522535ffa594faeda3543f6be848cc2a
SUCCESS checkout https://github.com/sushichop/Puppy.git at main
========================================
Build
========================================
Selected platform: wasm
Swift version: 6.3
Building package at path: $PWD
https://github.com/sushichop/Puppy.git
Running build ...
bash -c docker run --pull=always --rm -v "checkouts-53886769-0":/host -w "$PWD" -e JAVA_HOME="/root/.sdkman/candidates/java/current" -e SPI_BUILD="1" -e SPI_PROCESSING="1" registry.gitlab.com/saguaro1/spi-images:wasm-6.3-latest swift build --swift-sdk swift-6.3.2-RELEASE_wasm 2>&1
wasm-6.3-latest: Pulling from saguaro1/spi-images
Digest: sha256:253aad7f5b11d25cf9eaef34120b94cd8a325782929c57fb304a7711494a3f9a
Status: Image is up to date for registry.gitlab.com/saguaro1/spi-images:wasm-6.3-latest
Fetching https://github.com/apple/swift-log.git
[1/8140] Fetching swift-log
Fetched https://github.com/apple/swift-log.git from cache (0.57s)
Computing version for https://github.com/apple/swift-log.git
Computed https://github.com/apple/swift-log.git at 1.15.1 (0.74s)
Creating working copy for https://github.com/apple/swift-log.git
Working copy of https://github.com/apple/swift-log.git resolved at 1.15.1
Building for debugging...
[0/3] Write sources
[2/3] Write swift-version-24593BA9C3E375BF.txt
[4/14] Compiling Logging Logger.swift
[5/14] Compiling Logging LoggingSystem.swift
[6/15] Compiling Logging MetadataProvider.swift
[7/15] Emitting module Logging
[8/15] Compiling Logging MultiplexLogHandler.swift
[9/15] Compiling Logging StreamLogHandler.swift
[10/15] Compiling Logging SwiftLogNoOpLogHandler.swift
[11/15] Compiling Logging Locks.swift
[12/15] Compiling Logging LogEvent.swift
[13/15] Compiling Logging LogHandler.swift
[14/15] Compiling Logging Logger+Attributes.swift
[15/15] Compiling Logging Logger+With.swift
[17/30] Compiling Puppy LogColor.swift
/host/spi-builder-workspace/Sources/Puppy/ConsoleLogger.swift:1:24: error: no such module 'Dispatch'
1 | @preconcurrency import Dispatch
| `- error: no such module 'Dispatch'
2 | import Foundation
3 |
[18/30] Compiling Puppy LogFormatter.swift
/host/spi-builder-workspace/Sources/Puppy/ConsoleLogger.swift:1:24: error: no such module 'Dispatch'
1 | @preconcurrency import Dispatch
| `- error: no such module 'Dispatch'
2 | import Foundation
3 |
error: emit-module command failed with exit code 1 (use -v to see invocation)
[19/31] Emitting module Puppy
/host/spi-builder-workspace/Sources/Puppy/ConsoleLogger.swift:1:24: error: no such module 'Dispatch'
1 | @preconcurrency import Dispatch
| `- error: no such module 'Dispatch'
2 | import Foundation
3 |
[20/31] Compiling Puppy ConsoleLogger.swift
/host/spi-builder-workspace/Sources/Puppy/ConsoleLogger.swift:1:24: error: no such module 'Dispatch'
1 | @preconcurrency import Dispatch
| `- error: no such module 'Dispatch'
2 | import Foundation
3 |
[21/31] Compiling Puppy FileError.swift
/host/spi-builder-workspace/Sources/Puppy/ConsoleLogger.swift:1:24: error: no such module 'Dispatch'
1 | @preconcurrency import Dispatch
| `- error: no such module 'Dispatch'
2 | import Foundation
3 |
[22/31] Compiling Puppy FileLogger.swift
/host/spi-builder-workspace/Sources/Puppy/ConsoleLogger.swift:1:24: error: no such module 'Dispatch'
1 | @preconcurrency import Dispatch
| `- error: no such module 'Dispatch'
2 | import Foundation
3 |
[23/31] Compiling Puppy FileLoggerable.swift
/host/spi-builder-workspace/Sources/Puppy/ConsoleLogger.swift:1:24: error: no such module 'Dispatch'
1 | @preconcurrency import Dispatch
| `- error: no such module 'Dispatch'
2 | import Foundation
3 |
[24/31] Compiling Puppy SystemLogger.swift
/host/spi-builder-workspace/Sources/Puppy/ConsoleLogger.swift:1:24: error: no such module 'Dispatch'
1 | @preconcurrency import Dispatch
| `- error: no such module 'Dispatch'
2 | import Foundation
3 |
[25/31] Compiling Puppy OSLogger.swift
/host/spi-builder-workspace/Sources/Puppy/ConsoleLogger.swift:1:24: error: no such module 'Dispatch'
1 | @preconcurrency import Dispatch
| `- error: no such module 'Dispatch'
2 | import Foundation
3 |
[26/31] Compiling Puppy Puppy.swift
/host/spi-builder-workspace/Sources/Puppy/ConsoleLogger.swift:1:24: error: no such module 'Dispatch'
1 | @preconcurrency import Dispatch
| `- error: no such module 'Dispatch'
2 | import Foundation
3 |
[27/31] Compiling Puppy LogLevel.swift
/host/spi-builder-workspace/Sources/Puppy/ConsoleLogger.swift:1:24: error: no such module 'Dispatch'
1 | @preconcurrency import Dispatch
| `- error: no such module 'Dispatch'
2 | import Foundation
3 |
[28/31] Compiling Puppy Loggerable.swift
/host/spi-builder-workspace/Sources/Puppy/ConsoleLogger.swift:1:24: error: no such module 'Dispatch'
1 | @preconcurrency import Dispatch
| `- error: no such module 'Dispatch'
2 | import Foundation
3 |
[29/31] Compiling Puppy PuppyLogHandler.swift
/host/spi-builder-workspace/Sources/Puppy/ConsoleLogger.swift:1:24: error: no such module 'Dispatch'
1 | @preconcurrency import Dispatch
| `- error: no such module 'Dispatch'
2 | import Foundation
3 |
[30/31] Compiling Puppy FileManager+Windows.swift
/host/spi-builder-workspace/Sources/Puppy/ConsoleLogger.swift:1:24: error: no such module 'Dispatch'
1 | @preconcurrency import Dispatch
| `- error: no such module 'Dispatch'
2 | import Foundation
3 |
[31/31] Compiling Puppy FileRotationLogger.swift
/host/spi-builder-workspace/Sources/Puppy/ConsoleLogger.swift:1:24: error: no such module 'Dispatch'
1 | @preconcurrency import Dispatch
| `- error: no such module 'Dispatch'
2 | import Foundation
3 |
BUILD FAILURE 6.3 wasm