Build Information
Failed to build GoogleCloudTpuV2, reference main (88baee), with Swift 6.2 for Android on 11 Oct 2026 17:59:55 UTC.
Build Command
bash -c docker run --pull=always --rm -v "checkouts-53886768-1":/host -w "$PWD" -e JAVA_HOME="/root/.sdkman/candidates/java/current" -e SPI_BUILD="1" -e SPI_PROCESSING="1" registry.gitlab.com/saguaro1/spi-images:android-6.2-latest swift build --swift-sdk aarch64-unknown-linux-android28 2>&1Build Log
========================================
RunAll
========================================
Builder version: 5.1.1
Interrupt handler set up.
========================================
Checkout
========================================
Clone URL: https://github.com/googleapis/swift-google-cloud-tpu-v2.git
Reference: main
Initialized empty Git repository in /host/spi-builder-workspace/.git/
hint: Using 'master' as the name for the initial branch. This default branch name
hint: is subject to change. To configure the initial branch name to use in all
hint: of your new repositories, which will suppress this warning, call:
hint:
hint: git config --global init.defaultBranch <name>
hint:
hint: Names commonly chosen instead of 'master' are 'main', 'trunk' and
hint: 'development'. The just-created branch can be renamed via this command:
hint:
hint: git branch -m <name>
From https://github.com/googleapis/swift-google-cloud-tpu-v2
* branch main -> FETCH_HEAD
* [new branch] main -> origin/main
HEAD is now at 88baeef chore: release circa 2026-10-07 (#1382)
Cloned https://github.com/googleapis/swift-google-cloud-tpu-v2.git
Revision (git rev-parse @):
88baeef5f4a8e7ce2e2bb22814942deb5ee0e1b9
SPI manifest file found: $PWD/.spi.yml
SUCCESS checkout https://github.com/googleapis/swift-google-cloud-tpu-v2.git at main
========================================
Build
========================================
Selected platform: android
Swift version: 6.2
Building package at path: $PWD
https://github.com/googleapis/swift-google-cloud-tpu-v2.git
Running build ...
bash -c docker run --pull=always --rm -v "checkouts-53886768-1":/host -w "$PWD" -e JAVA_HOME="/root/.sdkman/candidates/java/current" -e SPI_BUILD="1" -e SPI_PROCESSING="1" registry.gitlab.com/saguaro1/spi-images:android-6.2-latest swift build --swift-sdk aarch64-unknown-linux-android28 2>&1
android-6.2-latest: Pulling from saguaro1/spi-images
Digest: sha256:a839c9ce201f1dacc8eb056626ec7ab0a1c6d53d7b77c83feda395f4507c51be
Status: Image is up to date for registry.gitlab.com/saguaro1/spi-images:android-6.2-latest
Fetching https://github.com/googleapis/swift-google-wkt
Fetching https://github.com/apple/swift-log
Fetching https://github.com/googleapis/swift-google-type
[1/437] Fetching swift-google-type
[10/1460] Fetching swift-google-type, swift-google-wkt
[314/9717] Fetching swift-google-type, swift-google-wkt, swift-log
Fetched https://github.com/googleapis/swift-google-type from cache (0.51s)
Fetching https://github.com/googleapis/swift-google-cloud-location
[1540/9280] Fetching swift-google-wkt, swift-log
Fetching https://github.com/googleapis/swift-google-rpc
Fetched https://github.com/googleapis/swift-google-wkt from cache (0.53s)
Fetching https://github.com/googleapis/swift-google-gax
Fetching https://github.com/googleapis/swift-google-longrunning
[661/8257] Fetching swift-log
Fetching https://github.com/googleapis/swift-google-auth
Fetched https://github.com/apple/swift-log from cache (0.82s)
[1/552] Fetching swift-google-cloud-location
[24/974] Fetching swift-google-cloud-location, swift-google-rpc
[513/1593] Fetching swift-google-cloud-location, swift-google-rpc, swift-google-longrunning
[886/2616] Fetching swift-google-cloud-location, swift-google-rpc, swift-google-longrunning, swift-google-auth
Fetched https://github.com/googleapis/swift-google-cloud-location from cache (0.44s)
[1142/2064] Fetching swift-google-rpc, swift-google-longrunning, swift-google-auth
[1196/3812] Fetching swift-google-rpc, swift-google-longrunning, swift-google-auth, swift-google-gax
Fetched https://github.com/googleapis/swift-google-auth from cache (0.50s)
Fetched https://github.com/googleapis/swift-google-longrunning from cache (0.51s)
[562/2170] Fetching swift-google-rpc, swift-google-gax
Fetched https://github.com/googleapis/swift-google-rpc from cache (0.63s)
Fetched https://github.com/googleapis/swift-google-gax from cache (0.64s)
Computing version for https://github.com/googleapis/swift-google-wkt
Computed https://github.com/googleapis/swift-google-wkt at 0.5.0 (1.47s)
Fetching https://github.com/swift-extras/swift-extras-base64
[1/954] Fetching swift-extras-base64
Fetched https://github.com/swift-extras/swift-extras-base64 from cache (0.43s)
Computing version for https://github.com/googleapis/swift-google-type
Computed https://github.com/googleapis/swift-google-type at 0.5.0 (0.76s)
Computing version for https://github.com/googleapis/swift-google-rpc
Computed https://github.com/googleapis/swift-google-rpc at 0.5.0 (0.24s)
Computing version for https://github.com/googleapis/swift-google-longrunning
Computed https://github.com/googleapis/swift-google-longrunning at 0.5.0 (0.26s)
Computing version for https://github.com/googleapis/swift-google-gax
Computed https://github.com/googleapis/swift-google-gax at 0.5.0 (0.31s)
Fetching https://github.com/swift-server/async-http-client.git
Fetching https://github.com/apple/swift-nio
[1/16464] Fetching async-http-client
[16465/102838] Fetching async-http-client, swift-nio
Fetched https://github.com/swift-server/async-http-client.git from cache (1.33s)
[34550/86374] Fetching swift-nio
Fetched https://github.com/apple/swift-nio from cache (5.19s)
Computing version for https://github.com/googleapis/swift-google-cloud-location
Computed https://github.com/googleapis/swift-google-cloud-location at 0.5.0 (5.50s)
Computing version for https://github.com/googleapis/swift-google-auth
Computed https://github.com/googleapis/swift-google-auth at 0.5.0 (0.24s)
Fetching https://github.com/apple/swift-system.git
Fetching https://github.com/vapor/jwt-kit.git
[1/10254] Fetching jwt-kit
[104/17495] Fetching jwt-kit, swift-system
Fetched https://github.com/apple/swift-system.git from cache (1.15s)
Fetched https://github.com/vapor/jwt-kit.git from cache (1.15s)
Computing version for https://github.com/swift-extras/swift-extras-base64
Computed https://github.com/swift-extras/swift-extras-base64 at 1.2.0 (1.44s)
Computing version for https://github.com/swift-server/async-http-client.git
Computed https://github.com/swift-server/async-http-client.git at 1.36.2 (0.38s)
Fetching https://github.com/apple/swift-service-context.git
Fetching https://github.com/apple/swift-nio-ssl.git
Fetching https://github.com/apple/swift-nio-http2.git
Fetching https://github.com/apple/swift-nio-transport-services.git
[1/1501] Fetching swift-service-context
[287/4368] Fetching swift-service-context, swift-nio-transport-services
[2477/21239] Fetching swift-service-context, swift-nio-transport-services, swift-nio-ssl
Fetching https://github.com/apple/swift-distributed-tracing.git
[5213/33533] Fetching swift-service-context, swift-nio-transport-services, swift-nio-ssl, swift-nio-http2
[22062/40084] Fetching swift-service-context, swift-nio-transport-services, swift-nio-ssl, swift-nio-http2, swift-distributed-tracing
Fetched https://github.com/apple/swift-distributed-tracing.git from cache (0.74s)
Fetching https://github.com/apple/swift-nio-extras.git
Fetched https://github.com/apple/swift-nio-transport-services.git from cache (1.62s)
Fetching https://github.com/apple/swift-configuration.git
Fetched https://github.com/apple/swift-nio-http2.git from cache (1.63s)
Fetching https://github.com/apple/swift-algorithms.git
[1/6703] Fetching swift-nio-extras
[6704/10631] Fetching swift-nio-extras, swift-configuration
Fetched https://github.com/apple/swift-nio-extras.git from cache (0.84s)
[237/10092] Fetching swift-configuration, swift-algorithms
Fetched https://github.com/apple/swift-configuration.git from cache (0.61s)
Fetched https://github.com/apple/swift-algorithms.git from cache (0.67s)
Fetching https://github.com/apple/swift-atomics.git
Fetched https://github.com/apple/swift-service-context.git from cache (2.35s)
Fetched https://github.com/apple/swift-nio-ssl.git from cache (2.38s)
[19/1889] Fetching swift-atomics
Fetched https://github.com/apple/swift-atomics.git from cache (0.56s)
Computing version for https://github.com/apple/swift-service-context.git
Computed https://github.com/apple/swift-service-context.git at 1.3.0 (3.12s)
Computing version for https://github.com/apple/swift-algorithms.git
Computed https://github.com/apple/swift-algorithms.git at 1.2.1 (1.65s)
Fetching https://github.com/apple/swift-numerics.git
[1/6733] Fetching swift-numerics
Fetched https://github.com/apple/swift-numerics.git from cache (0.55s)
Computing version for https://github.com/apple/swift-log
Computed https://github.com/apple/swift-log at 1.16.1 (0.83s)
Computing version for https://github.com/apple/swift-distributed-tracing.git
Computed https://github.com/apple/swift-distributed-tracing.git at 1.5.0 (0.31s)
Computing version for https://github.com/apple/swift-atomics.git
Computed https://github.com/apple/swift-atomics.git at 1.3.1 (0.21s)
Computing version for https://github.com/apple/swift-numerics.git
Computed https://github.com/apple/swift-numerics.git at 1.1.1 (0.23s)
Computing version for https://github.com/apple/swift-nio
Computed https://github.com/apple/swift-nio at 2.104.0 (0.62s)
Fetching https://github.com/apple/swift-collections.git
[1/28703] Fetching swift-collections
Fetched https://github.com/apple/swift-collections.git from cache (1.65s)
Computing version for https://github.com/apple/swift-configuration.git
Computed https://github.com/apple/swift-configuration.git at 1.2.2 (3.07s)
Fetching https://github.com/swift-server/swift-service-lifecycle
[1/2867] Fetching swift-service-lifecycle
Fetched https://github.com/swift-server/swift-service-lifecycle from cache (0.53s)
Computing version for https://github.com/apple/swift-nio-transport-services.git
Computed https://github.com/apple/swift-nio-transport-services.git at 1.28.0 (0.85s)
Computing version for https://github.com/swift-server/swift-service-lifecycle
Computed https://github.com/swift-server/swift-service-lifecycle at 2.12.1 (0.27s)
Fetching https://github.com/apple/swift-async-algorithms.git
[1/6820] Fetching swift-async-algorithms
Fetched https://github.com/apple/swift-async-algorithms.git from cache (0.59s)
Computing version for https://github.com/apple/swift-async-algorithms.git
Computed https://github.com/apple/swift-async-algorithms.git at 1.1.7 (1.04s)
Computing version for https://github.com/apple/swift-collections.git
Computed https://github.com/apple/swift-collections.git at 1.7.2 (0.44s)
Computing version for https://github.com/apple/swift-nio-http2.git
Computed https://github.com/apple/swift-nio-http2.git at 1.46.0 (0.35s)
Computing version for https://github.com/vapor/jwt-kit.git
Computed https://github.com/vapor/jwt-kit.git at 5.7.1 (0.23s)
Fetching https://github.com/apple/swift-certificates.git
Fetching https://github.com/apple/swift-crypto.git
[1/18629] Fetching swift-crypto
[2/26242] Fetching swift-crypto, swift-certificates
Fetched https://github.com/apple/swift-certificates.git from cache (1.81s)
Fetched https://github.com/apple/swift-crypto.git from cache (1.83s)
Computing version for https://github.com/apple/swift-crypto.git
Computed https://github.com/apple/swift-crypto.git at 4.5.2 (2.78s)
Fetching https://github.com/apple/swift-asn1.git
[1/2009] Fetching swift-asn1
Fetched https://github.com/apple/swift-asn1.git from cache (0.43s)
Computing version for https://github.com/apple/swift-asn1.git
Computed https://github.com/apple/swift-asn1.git at 1.7.3 (0.70s)
Computing version for https://github.com/apple/swift-certificates.git
Computed https://github.com/apple/swift-certificates.git at 1.21.0 (0.33s)
Computing version for https://github.com/apple/swift-nio-ssl.git
Computed https://github.com/apple/swift-nio-ssl.git at 2.37.5 (0.32s)
Computing version for https://github.com/apple/swift-system.git
Computed https://github.com/apple/swift-system.git at 1.8.1 (0.31s)
Computing version for https://github.com/apple/swift-nio-extras.git
Computed https://github.com/apple/swift-nio-extras.git at 1.35.1 (0.42s)
Fetching https://github.com/apple/swift-http-structured-headers.git
Fetching https://github.com/apple/swift-http-types.git
[1/1253] Fetching swift-http-structured-headers
[1254/3192] Fetching swift-http-structured-headers, swift-http-types
Fetched https://github.com/apple/swift-http-structured-headers.git from cache (0.48s)
Fetched https://github.com/apple/swift-http-types.git from cache (0.48s)
Computing version for https://github.com/apple/swift-http-structured-headers.git
Computed https://github.com/apple/swift-http-structured-headers.git at 1.7.0 (0.75s)
Computing version for https://github.com/apple/swift-http-types.git
Computed https://github.com/apple/swift-http-types.git at 1.8.0 (0.36s)
Creating working copy for https://github.com/googleapis/swift-google-rpc
Working copy of https://github.com/googleapis/swift-google-rpc resolved at 0.5.0
Creating working copy for https://github.com/googleapis/swift-google-type
Working copy of https://github.com/googleapis/swift-google-type resolved at 0.5.0
Creating working copy for https://github.com/apple/swift-distributed-tracing.git
Working copy of https://github.com/apple/swift-distributed-tracing.git resolved at 1.5.0
Creating working copy for https://github.com/vapor/jwt-kit.git
Working copy of https://github.com/vapor/jwt-kit.git resolved at 5.7.1
Creating working copy for https://github.com/googleapis/swift-google-wkt
Working copy of https://github.com/googleapis/swift-google-wkt resolved at 0.5.0
Creating working copy for https://github.com/googleapis/swift-google-longrunning
Working copy of https://github.com/googleapis/swift-google-longrunning resolved at 0.5.0
Creating working copy for https://github.com/apple/swift-service-context.git
Working copy of https://github.com/apple/swift-service-context.git resolved at 1.3.0
Creating working copy for https://github.com/apple/swift-algorithms.git
Working copy of https://github.com/apple/swift-algorithms.git resolved at 1.2.1
Creating working copy for https://github.com/googleapis/swift-google-gax
Working copy of https://github.com/googleapis/swift-google-gax resolved at 0.5.0
Creating working copy for https://github.com/apple/swift-atomics.git
Working copy of https://github.com/apple/swift-atomics.git resolved at 1.3.1
Creating working copy for https://github.com/swift-extras/swift-extras-base64
Working copy of https://github.com/swift-extras/swift-extras-base64 resolved at 1.2.0
Creating working copy for https://github.com/apple/swift-numerics.git
Working copy of https://github.com/apple/swift-numerics.git resolved at 1.1.1
Creating working copy for https://github.com/apple/swift-nio
Working copy of https://github.com/apple/swift-nio resolved at 2.104.0
Creating working copy for https://github.com/apple/swift-configuration.git
Working copy of https://github.com/apple/swift-configuration.git resolved at 1.2.2
Creating working copy for https://github.com/apple/swift-crypto.git
Working copy of https://github.com/apple/swift-crypto.git resolved at 4.5.2
Creating working copy for https://github.com/apple/swift-nio-ssl.git
Working copy of https://github.com/apple/swift-nio-ssl.git resolved at 2.37.5
Creating working copy for https://github.com/apple/swift-http-types.git
Working copy of https://github.com/apple/swift-http-types.git resolved at 1.8.0
Creating working copy for https://github.com/googleapis/swift-google-auth
Working copy of https://github.com/googleapis/swift-google-auth resolved at 0.5.0
Creating working copy for https://github.com/apple/swift-log
Working copy of https://github.com/apple/swift-log resolved at 1.16.1
Creating working copy for https://github.com/apple/swift-nio-transport-services.git
Working copy of https://github.com/apple/swift-nio-transport-services.git resolved at 1.28.0
Creating working copy for https://github.com/apple/swift-nio-http2.git
Working copy of https://github.com/apple/swift-nio-http2.git resolved at 1.46.0
Creating working copy for https://github.com/apple/swift-certificates.git
Working copy of https://github.com/apple/swift-certificates.git resolved at 1.21.0
Creating working copy for https://github.com/apple/swift-http-structured-headers.git
Working copy of https://github.com/apple/swift-http-structured-headers.git resolved at 1.7.0
Creating working copy for https://github.com/apple/swift-nio-extras.git
Working copy of https://github.com/apple/swift-nio-extras.git resolved at 1.35.1
Creating working copy for https://github.com/apple/swift-collections.git
Working copy of https://github.com/apple/swift-collections.git resolved at 1.7.2
Creating working copy for https://github.com/swift-server/async-http-client.git
Working copy of https://github.com/swift-server/async-http-client.git resolved at 1.36.2
Creating working copy for https://github.com/apple/swift-async-algorithms.git
Working copy of https://github.com/apple/swift-async-algorithms.git resolved at 1.1.7
Creating working copy for https://github.com/apple/swift-asn1.git
Working copy of https://github.com/apple/swift-asn1.git resolved at 1.7.3
Creating working copy for https://github.com/swift-server/swift-service-lifecycle
Working copy of https://github.com/swift-server/swift-service-lifecycle resolved at 2.12.1
Creating working copy for https://github.com/apple/swift-system.git
Working copy of https://github.com/apple/swift-system.git resolved at 1.8.1
Creating working copy for https://github.com/googleapis/swift-google-cloud-location
Working copy of https://github.com/googleapis/swift-google-cloud-location resolved at 0.5.0
Building for debugging...
[0/988] Write sources
[33/988] Compiling chacha-armv8-win.S
[34/988] Compiling chacha-x86-linux.S
[34/988] Write sources
[39/988] Compiling chacha-x86_64-apple.S
[39/988] Compiling chacha20_poly1305_armv8-apple.S
[40/988] Write sources
[71/988] Compiling chacha-x86-apple.S
[72/988] Compiling chacha-x86_64-linux.S
[73/988] Compiling chacha-armv8-linux.S
[74/988] Write swift-version--11D90AFD9DD3AB2.txt
[75/988] Compiling _NumericsShims _NumericsShims.c
[76/988] Compiling _AtomicsShims.c
[77/988] Compiling CXKCPShims shims.c
[78/988] Compiling SimpleFIPS202.c
[79/988] Compiling KeccakHash.c
[80/988] Compiling KeccakSponge.c
[81/1038] Compiling KeccakP-1600-opt64.c
[83/1066] Emitting module InternalCollectionsUtilities
[84/1069] Compiling InternalCollectionsUtilities FixedWidthInteger+roundUpToPowerOfTwo.swift
[85/1069] Compiling InternalCollectionsUtilities Integer rank.swift
[86/1069] Compiling InternalCollectionsUtilities BorrowingIteratorProtocol+Equality.swift
[87/1069] Compiling InternalCollectionsUtilities BorrowingIteratorProtocol+Extras.swift
[88/1071] Compiling InternalCollectionsUtilities UnsafeRawBufferPointer+Extras.swift
[89/1071] Compiling InternalCollectionsUtilities _SortedCollection.swift
[90/1071] Compiling InternalCollectionsUtilities _UniqueCollection.swift
[91/1071] Compiling InternalCollectionsUtilities UInt+first and last set bit.swift
[92/1071] Compiling InternalCollectionsUtilities UInt+reversed.swift
[93/1071] Compiling InternalCollectionsUtilities Debugging.swift
[94/1071] Compiling InternalCollectionsUtilities Descriptions.swift
[95/1071] Compiling InternalCollectionsUtilities Iterable+CopyContents.swift
[96/1071] Emitting module RealModule
[105/1072] Compiling InternalCollectionsUtilities MutableSpan+Extras.swift
[106/1072] Compiling InternalCollectionsUtilities OutputSpan+Extras.swift
[107/1072] Compiling InternalCollectionsUtilities RandomAccessCollection+Offsets.swift
[108/1072] Compiling InternalCollectionsUtilities Span+Extras.swift
[110/1072] Compiling InternalCollectionsUtilities Iterable+Equality.swift
[111/1072] Compiling InternalCollectionsUtilities LifetimeOverride.swift
[112/1072] Compiling InternalCollectionsUtilities MutableRef.swift
[113/1072] Compiling Logging Logger+With.swift
[116/1072] Compiling RealModule Real.swift
[117/1073] Compiling RealModule RealFunctions.swift
[118/1073] Compiling RealModule Float80+Real.swift
[119/1073] Compiling InternalCollectionsUtilities UnsafeMutablePointer+Extras.swift
[120/1073] Compiling InternalCollectionsUtilities UnsafeMutableRawBufferPointer+Extras.swift
[121/1073] Compiling InternalCollectionsUtilities UnsafePointer+Extras.swift
[122/1073] Compiling InternalCollectionsUtilities _UnsafeBitSet+_Word.swift
[123/1073] Compiling InternalCollectionsUtilities _UnsafeBitSet.swift
[124/1073] Compiling InternalCollectionsUtilities UnsafeBufferPointer+Extras.swift
[125/1073] Compiling InternalCollectionsUtilities UnsafeMutableBufferPointer+Extras.swift
[126/1073] Compiling SwiftASN1 DER.swift
[127/1073] Compiling SwiftASN1 Errors.swift
[128/1073] Compiling InternalCollectionsUtilities TemporaryAllocation.swift
[129/1073] Compiling InternalCollectionsUtilities _UnsafeBitSet+Index.swift
[132/1074] Emitting module ServiceContextModule
[133/1074] Compiling ServiceContextModule ServiceContext.swift
[134/1074] Compiling ServiceContextModule ServiceContextKey.swift
[135/1074] Compiling _NIOBase64 Base64.swift
[136/1074] Compiling RealModule Float16+Real.swift
[137/1074] Emitting module _NIOBase64
[142/1076] Emitting module _NIODataStructures
[143/1076] Compiling RealModule RelaxedArithmetic.swift
[150/1077] Compiling Logging Logger+Attributes.swift
[151/1083] Compiling _NIODataStructures PriorityQueue.swift
[152/1084] Compiling _NIODataStructures _TinyArray.swift
[153/1086] Compiling _NIODataStructures Heap.swift
[154/1086] Compiling SpanPreview MutableSpan+InputSpanHelpers.swift
[155/1093] Compiling _CertificateInternals _TinyArray.swift
[156/1093] Emitting module _CertificateInternals
[157/1093] Compiling SpanPreview InputSpan.swift
[158/1094] Wrapping AST for _NIOBase64 for debugging
[160/1094] Emitting module SpanPreview
[161/1094] Compiling SpanPreview OutputSpan+InputSpanHelpers.swift
[162/1095] Compiling Logging Logger.swift
[163/1095] Compiling Logging LoggingSystem.swift
[164/1095] Wrapping AST for RealModule for debugging
[166/1095] Wrapping AST for ServiceContextModule for debugging
[167/1095] Wrapping AST for _CertificateInternals for debugging
[168/1095] Wrapping AST for _NIODataStructures for debugging
[169/1095] Wrapping AST for InternalCollectionsUtilities for debugging
[171/1095] Compiling Instrumentation NoOpInstrument.swift
[171/1095] Compiling CNIOWindows shim.c
[172/1095] Compiling CNIOWindows WSAStartup.c
[173/1095] Compiling CSystem shims.c
[175/1095] Emitting module Instrumentation
[175/1095] Wrapping AST for SpanPreview for debugging
[177/1095] Compiling Instrumentation MultiplexInstrument.swift
[177/1095] Compiling CNIOWASI CNIOWASI.c
[178/1128] Compiling CNIOOpenBSD shim.c
[179/1137] Compiling CNIOPosix event_loop_id.c
[180/1137] Compiling CNIOLinux liburing_shims.c
[182/1137] Compiling Instrumentation Instrument.swift
[182/1174] Compiling CNIOLinux shim.c
[183/1174] Compiling CNIOLLHTTP c_nio_http.c
[185/1174] Compiling SystemPackage RawIORequest.swift
[186/1174] Compiling DequeModule UniqueDeque+ContainerOperations.swift
[187/1174] Compiling DequeModule UniqueDeque+Deprecations.swift
[188/1174] Compiling DequeModule UniqueDeque+Descriptions.swift
[189/1174] Compiling DequeModule UniqueDeque+Equatable.swift
[190/1174] Compiling DequeModule UniqueDeque+Hashable.swift
[190/1179] Compiling CNIOLLHTTP c_nio_api.c
[191/1179] Compiling CNIOFreeBSD shim.c
[192/1179] Compiling CNIOLLHTTP c_nio_llhttp.c
[193/1179] Compiling CNIOExtrasZlib zutil.c
[195/1179] Compiling SystemPackage RawBuffer.swift
[196/1179] Compiling SystemPackage Syscalls.swift
[197/1179] Compiling SystemPackage ErrnoWindows.swift
[198/1179] Compiling SystemPackage FileDescriptor.swift
[199/1179] Compiling SystemPackage FileHelpers.swift
[200/1179] Compiling SystemPackage FileOperations.swift
[201/1179] Compiling SystemPackage FilePath.swift
[202/1179] Compiling SystemPackage Backcompat.swift
[202/1179] Compiling CNIOExtrasZlib inftrees.c
[204/1179] Compiling SystemPackage Stat.swift
[205/1179] Compiling SystemPackage IOCompletion.swift
[206/1179] Compiling SystemPackage IORequest.swift
[207/1179] Compiling SystemPackage IORing+Util.swift
[208/1179] Compiling SystemPackage IORing.swift
[208/1179] Compiling CNIOExtrasZlib trees.c
[209/1179] Compiling CNIOExtrasZlib inffast.c
[210/1179] Compiling CNIOExtrasZlib inflate.c
[212/1179] Compiling SystemPackage WindowsSyscallAdapters.swift
[213/1179] Compiling SystemPackage MachPort.swift
[214/1179] Compiling SystemPackage PlatformString.swift
[215/1179] Compiling SystemPackage FilePathTemp.swift
[216/1179] Compiling SystemPackage FilePathTempPosix.swift
[217/1179] Compiling SystemPackage FilePathTempWindows.swift
[218/1179] Compiling SystemPackage FilePathWindows.swift
[219/1179] Compiling SystemPackage FilePermissions.swift
[220/1179] Compiling SystemPackage FileFlags.swift
[221/1179] Compiling SystemPackage FileMode.swift
[222/1179] Compiling SystemPackage FileType.swift
[223/1179] Compiling SystemPackage Identifiers.swift
[223/1179] Compiling CNIOExtrasZlib crc32.c
[224/1179] Compiling CNIOExtrasZlib adler32.c
[225/1179] Compiling CNIOExtrasZlib deflate.c
[226/1179] Compiling CNIODarwin shim.c
[227/1179] Compiling fiat_p256_adx_sqr.S
[228/1179] Compiling fiat_p256_adx_mul.S
[229/1179] Compiling fiat_curve25519_adx_square.S
[230/1179] Compiling fiat_curve25519_adx_mul.S
[232/1179] Compiling SystemPackage FilePathParsing.swift
[233/1179] Compiling SystemPackage FilePathString.swift
[234/1179] Compiling SystemPackage FilePathComponentView.swift
[235/1179] Compiling SystemPackage FilePathComponents.swift
[236/1179] Emitting module Logging
[253/1184] Compiling SystemPackage CInterop.swift
[254/1184] Compiling SystemPackage Constants.swift
[255/1184] Compiling SystemPackage Exports.swift
[256/1184] Compiling SystemPackage Mocking.swift
[256/1184] Compiling CNIOBoringSSLShims shims.c
[258/1184] Compiling Logging MetadataProvider.swift
[259/1185] Compiling Instrumentation Locks.swift
[260/1185] Compiling Instrumentation InstrumentationSystem.swift
[263/1186] Emitting module SwiftASN1
[269/1188] Wrapping AST for Logging for debugging
[275/1195] Wrapping AST for SwiftASN1 for debugging
[281/1195] Compiling SystemPackage FilePathSyntax.swift
[282/1195] Compiling SystemPackage Errno.swift
[288/1195] Wrapping AST for Instrumentation for debugging
[290/1195] Compiling Tracing InstrumentationSystem+Tracing.swift
[291/1196] Emitting module SystemPackage
[292/1196] Compiling Tracing WithTracer.swift
[293/1196] Compiling Tracing TracerProtocol+Legacy.swift
[294/1196] Emitting module Tracing
[295/1196] Compiling Tracing TracingTime.swift
[296/1196] Compiling Tracing TracerProtocol.swift
[297/1196] Compiling Tracing Tracer.swift
[309/1196] Compiling Tracing NoOpTracer.swift
[310/1196] Compiling Tracing SpanProtocol.swift
[311/1197] Compiling tls_record.cc
[312/1197] Compiling tls_method.cc
[313/1197] Wrapping AST for Tracing for debugging
[315/1197] Compiling SystemPackage SystemString.swift
[316/1197] Compiling SystemPackage Util+StringArray.swift
[317/1197] Compiling SystemPackage Util.swift
[318/1197] Compiling SystemPackage UtilConsumers.swift
[319/1197] Compiling SystemPackage WinSDK+Overlay.swift
[320/1198] Compiling tls13_server.cc
[321/1198] Wrapping AST for SystemPackage for debugging
[322/1198] Compiling tls13_enc.cc
[324/1198] Emitting module DequeModule
[325/1198] Compiling DequeModule UniqueDeque+Replacements.swift
[326/1198] Compiling DequeModule UniqueDeque.swift
[327/1198] Compiling DequeModule _DequeSlot.swift
[328/1198] Compiling DequeModule _UnsafeDequeHandle.swift
[329/1198] Compiling DequeModule _UnsafeDequeSegments.swift
[329/1198] Compiling tls13_client.cc
[331/1199] Compiling tls13_both.cc
[332/1199] Compiling t1_enc.cc
[333/1199] Wrapping AST for DequeModule for debugging
[334/1242] Compiling ssl_x509.cc
[335/1242] Compiling ssl_transcript.cc
[336/1242] Compiling ssl_versions.cc
[336/1242] Compiling ssl_stat.cc
[339/1242] Compiling Configuration Deprecations.swift
[340/1242] Compiling Configuration ExpressibleByConfigInt.swift
[341/1242] Compiling Configuration ExpressibleByConfigString.swift
[342/1242] Compiling Configuration CLIKeyEncoder.swift
[343/1242] Compiling Configuration ConfigKeyEncoder.swift
[344/1242] Compiling Configuration DotSeparatorKeyDecoder.swift
[345/1247] Emitting module Configuration
[346/1247] Compiling Configuration EnvironmentKeyEncoder.swift
[347/1247] Compiling Configuration EnvironmentVariablesProvider.swift
[348/1247] Compiling Configuration CommonProviderFileSystem.swift
[349/1247] Compiling Configuration DirectoryFilesProvider.swift
[350/1247] Compiling Configuration FileProvider.swift
[351/1247] Compiling Configuration FileProviderSnapshot.swift
[351/1247] Compiling ssl_session.cc
[352/1247] Compiling ssl_privkey.cc
[353/1247] Compiling ssl_key_share.cc
[354/1247] Compiling ssl_credential.cc
[355/1247] Compiling ssl_lib.cc
[356/1247] Compiling ssl_file.cc
[358/1247] Emitting module ExtrasBase64
[359/1247] Compiling ExtrasBase64 Base32.swift
[360/1247] Compiling ExtrasBase64 Base64+Span.swift
[361/1247] Compiling ExtrasBase64 Base64.swift
[362/1247] Compiling ExtrasBase64 Base32+Span.swift
[363/1279] Compiling ssl_cipher.cc
[364/1279] Wrapping AST for ExtrasBase64 for debugging
[365/1279] Compiling ssl_cert.cc
[367/1279] Compiling Configuration CombineLatestManyStorage.swift
[368/1279] Compiling Configuration AsyncSequences.swift
[369/1279] Compiling Configuration FoundationExtensions.swift
[370/1279] Compiling Configuration Span.swift
[371/1279] Compiling Configuration ConfigBytesFromStringDecoder.swift
[371/1279] Compiling s3_pkt.cc
[373/1279] Compiling GoogleWKT AnyPackable.swift
[374/1279] Compiling GoogleWKT DecodeToDefault.swift
[375/1279] Compiling GoogleWKT DiscoveryBase64.swift
[376/1279] Compiling GoogleWKT ProtoJSONDecoder.swift
[377/1279] Compiling GoogleWKT ProtoJSONEncoder.swift
[378/1279] Compiling GoogleWKT UnknownFields.swift
[379/1279] Compiling Configuration SeparatorKeyEncoder.swift
[380/1279] Compiling Configuration MultiProvider.swift
[381/1279] Compiling Configuration CLIArgumentParser.swift
[382/1279] Compiling Configuration CLISnapshot.swift
[383/1279] Compiling Configuration CommandLineArgumentsProvider.swift
[384/1279] Compiling Configuration EnvironmentFileParser.swift
[385/1279] Compiling GoogleWKT WKTEnum.swift
[386/1279] Compiling GoogleWKT WKTEnumValue.swift
[387/1279] Compiling GoogleWKT WKTField.swift
[388/1279] Compiling GoogleWKT WKTMethod.swift
[389/1279] Compiling GoogleWKT WKTMixin.swift
[390/1279] Compiling GoogleWKT WKTOption.swift
[391/1279] Compiling Configuration JSONSnapshot.swift
[392/1279] Compiling Configuration PropertyListSnapshot.swift
[393/1279] Compiling Configuration ReloadingFileProvider.swift
[394/1279] Compiling Configuration ReloadingFileProviderMetrics.swift
[395/1279] Compiling Configuration YAMLSnapshot.swift
[396/1279] Compiling Configuration InMemoryProvider.swift
[396/1279] Compiling ssl_buffer.cc
[397/1279] Compiling ssl_asn1.cc
[398/1279] Compiling ssl_aead_ctx.cc
[400/1279] Emitting module GoogleWKT
[402/1283] Compiling GoogleWKT WKTAny.swift
[403/1283] Compiling GoogleWKT WKTAnyError.swift
[404/1283] Compiling GoogleWKT WKTBoolValue.swift
[405/1283] Compiling GoogleWKT WKTBytesValue.swift
[406/1283] Compiling GoogleWKT WKTFloatValue.swift
[407/1283] Compiling GoogleWKT WKTInt32Value.swift
[408/1283] Compiling GoogleWKT WKTInt64Value.swift
[409/1283] Compiling GoogleWKT WKTRecursive.swift
[410/1283] Compiling GoogleWKT WKTDoubleValue.swift
[411/1283] Compiling GoogleWKT WKTDuration.swift
[412/1283] Compiling GoogleWKT WKTEmpty.swift
[413/1283] Compiling GoogleWKT WKTFieldMask.swift
[414/1283] Compiling GoogleWKT WKTStringValue.swift
[415/1283] Compiling GoogleWKT WKTTimestamp.swift
[416/1283] Compiling GoogleWKT WKTUInt32Value.swift
[417/1283] Compiling GoogleWKT WKTUInt64Value.swift
[422/1283] Compiling GoogleWKT WKTValue.swift
[423/1283] Compiling GoogleWKT WKTApi.swift
[425/1283] Compiling s3_lib.cc
[427/1283] Compiling GoogleWKT WKTSourceContext.swift
[428/1283] Compiling GoogleWKT WKTSyntax.swift
[429/1283] Compiling GoogleWKT WKTType.swift
[430/1283] Compiling GoogleWKT PackageVersion.swift
[430/1283] Compiling s3_both.cc
[436/1283] Compiling handshake_server.cc
[445/1303] Compiling handshake.cc
[446/1303] Compiling handoff.cc
[447/1318] Wrapping AST for GoogleWKT for debugging
[448/1318] Wrapping AST for Configuration for debugging
[449/1318] Compiling handshake_client.cc
[451/1318] Emitting module GoogleType
[452/1320] Compiling GoogleRpc LocalizedMessage.swift
[453/1320] Compiling GoogleRpc PackageVersion.swift
[454/1322] Compiling GoogleRpc ErrorInfo.swift
[455/1322] Compiling GoogleRpc HttpRequest.swift
[458/1322] Compiling GoogleRpc PreconditionFailure.swift
[459/1322] Compiling GoogleRpc RequestInfo.swift
[460/1322] Compiling GoogleRpc ResourceInfo.swift
[461/1322] Compiling GoogleRpc QuotaFailure.swift
[463/1322] Compiling GoogleRpc Status.swift
[464/1322] Compiling GoogleType Quaternion.swift
[466/1322] Compiling GoogleRpc RetryInfo.swift
[468/1322] Compiling GoogleRpc HttpResponse.swift
[469/1322] Compiling GoogleRpc Help.swift
[470/1322] Compiling GoogleRpc HttpHeader.swift
[471/1322] Compiling GoogleRpc DebugInfo.swift
[473/1322] Compiling GoogleRpc BadRequest.swift
[474/1322] Compiling GoogleRpc Code.swift
[475/1322] Emitting module GoogleRpc
[486/1322] Compiling GoogleType TimeOfDay.swift
[487/1322] Compiling GoogleType TimeZone.swift
[489/1324] Compiling extensions.cc
[490/1324] Compiling d1_srtp.cc
[491/1324] Wrapping AST for GoogleType for debugging
[492/1324] Wrapping AST for GoogleRpc for debugging
[493/1324] Compiling dtls_record.cc
[494/1324] Compiling md5-x86_64-linux.S
[495/1324] Compiling md5-x86_64-apple.S
[496/1324] Compiling md5-586-linux.S
[497/1324] Compiling md5-586-apple.S
[498/1324] Compiling encrypted_client_hello.cc
[499/1324] Compiling chacha20_poly1305_x86_64-linux.S
[500/1324] Compiling dtls_method.cc
[501/1324] Compiling chacha20_poly1305_x86_64-apple.S
[502/1324] Compiling chacha20_poly1305_armv8-win.S
[503/1324] Compiling chacha-x86_64-linux.S
[504/1324] Compiling chacha20_poly1305_armv8-apple.S
[505/1324] Compiling chacha-x86-linux.S
[506/1324] Compiling chacha20_poly1305_armv8-linux.S
[507/1324] Compiling chacha-x86_64-apple.S
[508/1324] Compiling d1_pkt.cc
[509/1324] Compiling chacha-armv8-win.S
[510/1324] Compiling chacha-x86-apple.S
[511/1324] Compiling chacha-armv8-linux.S
[512/1324] Compiling chacha-armv4-linux.S
[513/1324] Compiling err_data.cc
[514/1324] Compiling chacha-armv8-apple.S
[515/1324] Compiling aes128gcmsiv-x86_64-linux.S
[516/1324] Compiling aes128gcmsiv-x86_64-apple.S
[517/1324] Compiling x86_64-mont5-apple.S
[518/1324] Compiling x86_64-mont-linux.S
[519/1324] Compiling x86_64-mont5-linux.S
[520/1324] Compiling x86-mont-linux.S
[521/1324] Compiling x86_64-mont-apple.S
[522/1324] Compiling x86-mont-apple.S
[523/1324] Compiling vpaes-x86_64-linux.S
[524/1324] Compiling vpaes-x86_64-apple.S
[525/1324] Compiling vpaes-x86-linux.S
[526/1324] Compiling vpaes-armv8-win.S
[527/1324] Compiling vpaes-x86-apple.S
[528/1324] Compiling vpaes-armv8-apple.S
[529/1324] Compiling vpaes-armv8-linux.S
[530/1324] Compiling vpaes-armv7-linux.S
[531/1324] Compiling sha512-x86_64-linux.S
[532/1324] Compiling sha512-x86_64-apple.S
[533/1324] Compiling sha512-armv8-win.S
[534/1324] Compiling sha512-armv8-apple.S
[535/1324] Compiling sha512-armv8-linux.S
[536/1324] Compiling sha512-armv4-linux.S
[537/1324] Compiling sha512-586-linux.S
[538/1324] Compiling sha256-x86_64-linux.S
[539/1324] Compiling sha512-586-apple.S
[540/1324] Compiling sha256-armv8-win.S
[541/1324] Compiling sha256-x86_64-apple.S
[542/1324] Compiling sha256-armv8-linux.S
[543/1324] Compiling sha256-armv4-linux.S
[544/1324] Compiling sha256-586-apple.S
[545/1324] Compiling sha256-armv8-apple.S
[546/1324] Compiling sha256-586-linux.S
[547/1324] Compiling sha1-x86_64-linux.S
[548/1324] Compiling sha1-armv8-win.S
[549/1324] Compiling sha1-x86_64-apple.S
[550/1324] Compiling sha1-armv4-large-linux.S
[551/1324] Compiling sha1-armv8-apple.S
[552/1324] Compiling sha1-armv8-linux.S
[553/1324] Compiling sha1-586-apple.S
[554/1324] Compiling bio_ssl.cc
[555/1324] Compiling rsaz-avx2-linux.S
[556/1324] Compiling sha1-586-linux.S
[557/1324] Compiling rdrand-x86_64-linux.S
[558/1324] Compiling rsaz-avx2-apple.S
[559/1324] Compiling p256_beeu-x86_64-asm-apple.S
[560/1324] Compiling d1_lib.cc
[561/1324] Compiling rdrand-x86_64-apple.S
[562/1324] Compiling p256_beeu-x86_64-asm-linux.S
[563/1324] Compiling p256_beeu-armv8-asm-win.S
[564/1324] Compiling p256_beeu-armv8-asm-apple.S
[565/1324] Compiling p256-x86_64-asm-linux.S
[566/1324] Compiling p256_beeu-armv8-asm-linux.S
[567/1324] Compiling p256-x86_64-asm-apple.S
[568/1324] Compiling p256-armv8-asm-apple.S
[569/1324] Compiling p256-armv8-asm-win.S
[570/1324] Compiling ghashv8-armv8-linux.S
[571/1324] Compiling p256-armv8-asm-linux.S
[572/1324] Compiling ghashv8-armv8-win.S
[573/1324] Compiling ghashv8-armv8-apple.S
[574/1324] Compiling ghashv8-armv7-linux.S
[575/1324] Compiling ghash-x86_64-linux.S
[576/1324] Compiling ghash-x86-apple.S
[577/1324] Compiling ghash-x86_64-apple.S
[578/1324] Compiling ghash-x86-linux.S
[579/1324] Compiling ghash-ssse3-x86_64-linux.S
[580/1324] Compiling ghash-ssse3-x86_64-apple.S
[581/1324] Compiling ghash-ssse3-x86-linux.S
[582/1324] Compiling ghash-neon-armv8-win.S
[583/1324] Compiling ghash-neon-armv8-linux.S
[584/1324] Compiling ghash-ssse3-x86-apple.S
[585/1324] Compiling ghash-armv4-linux.S
[586/1324] Compiling bn-armv8-win.S
[587/1324] Compiling ghash-neon-armv8-apple.S
[588/1324] Compiling co-586-linux.S
[588/1324] Compiling bsaes-armv7-linux.S
[590/1324] Compiling co-586-apple.S
[591/1324] Compiling bn-armv8-apple.S
[592/1324] Compiling bn-586-linux.S
[593/1324] Compiling bn-armv8-linux.S
[594/1324] Compiling bn-586-apple.S
[595/1324] Compiling armv8-mont-win.S
[596/1324] Compiling armv8-mont-apple.S
[597/1324] Compiling aesv8-gcm-armv8-win.S
[598/1324] Compiling armv4-mont-linux.S
[599/1324] Compiling armv8-mont-linux.S
[600/1324] Compiling aesv8-gcm-armv8-apple.S
[601/1324] Compiling aesv8-armv8-linux.S
[602/1324] Compiling aesv8-gcm-armv8-linux.S
[603/1324] Compiling aesv8-armv8-win.S
[604/1324] Compiling aesv8-armv7-linux.S
[605/1324] Compiling aesv8-armv8-apple.S
[606/1324] Compiling aesni-x86_64-linux.S
[607/1324] Compiling aesni-x86_64-apple.S
[608/1324] Compiling d1_both.cc
[609/1324] Compiling aesni-x86-apple.S
[610/1324] Compiling aesni-gcm-x86_64-apple.S
[610/1324] Compiling aesni-gcm-x86_64-linux.S
[612/1324] Compiling aesni-x86-linux.S
[613/1324] Compiling aes-gcm-avx2-x86_64-linux.S
[614/1324] Compiling aes-gcm-avx10-x86_64-linux.S
[615/1324] Compiling aes-gcm-avx10-x86_64-apple.S
[616/1324] Compiling aes-gcm-avx2-x86_64-apple.S
[617/1324] Compiling x_spki.cc
[618/1324] Compiling x_x509a.cc
[619/1324] Compiling x_val.cc
[620/1324] Compiling x_sig.cc
[621/1324] Compiling x_req.cc
[622/1324] Compiling x_x509.cc
[623/1324] Compiling x_pubkey.cc
[624/1324] Compiling x_exten.cc
[625/1324] Compiling x_crl.cc
[626/1324] Compiling x_name.cc
[627/1324] Compiling x_attrib.cc
[628/1324] Compiling x509name.cc
[629/1324] Compiling x509rset.cc
[630/1324] Compiling x_all.cc
[631/1324] Compiling x509spki.cc
[632/1324] Compiling x509cset.cc
[633/1324] Compiling x_algor.cc
[634/1324] Compiling x509_vpm.cc
[635/1324] Compiling x509_set.cc
[636/1324] Compiling x509_vfy.cc
[637/1324] Compiling x509_req.cc
[638/1324] Compiling x509_v3.cc
[639/1324] Compiling x509_txt.cc
[640/1324] Compiling x509_trs.cc
[641/1324] Compiling x509_obj.cc
[642/1324] Compiling x509_lu.cc
[643/1324] Compiling x509_def.cc
[644/1324] Compiling x509_att.cc
[645/1324] Compiling x509_ext.cc
[646/1324] Compiling x509_cmp.cc
[647/1324] Compiling x509_d2.cc
[648/1324] Compiling x509.cc
[649/1324] Compiling v3_skey.cc
[650/1324] Compiling v3_utl.cc
[651/1324] Compiling v3_purp.cc
[652/1324] Compiling v3_prn.cc
[653/1324] Compiling v3_pcons.cc
[654/1324] Compiling v3_pmaps.cc
[655/1324] Compiling v3_ocsp.cc
[656/1324] Compiling v3_ncons.cc
[657/1324] Compiling v3_lib.cc
[658/1324] Compiling v3_int.cc
[659/1324] Compiling v3_ia5.cc
[660/1324] Compiling v3_info.cc
[661/1324] Compiling v3_genn.cc
[662/1324] Compiling v3_extku.cc
[663/1324] Compiling v3_bcons.cc
[664/1324] Compiling v3_enum.cc
[665/1324] Compiling v3_crld.cc
[666/1324] Compiling v3_bitst.cc
[667/1324] Compiling v3_conf.cc
[668/1324] Compiling v3_cpols.cc
[669/1324] Compiling v3_akeya.cc
[670/1324] Compiling v3_alt.cc
[671/1324] Compiling t_crl.cc
[672/1324] Compiling t_x509a.cc
[673/1324] Compiling v3_akey.cc
[674/1324] Compiling t_x509.cc
[675/1324] Compiling t_req.cc
[676/1324] Compiling rsa_pss.cc
[677/1324] Compiling policy.cc
[678/1324] Compiling i2d_pr.cc
[679/1324] Compiling name_print.cc
[680/1324] Compiling asn1_gen.cc
[681/1324] Compiling algorithm.cc
[682/1324] Compiling by_file.cc
[683/1324] Compiling by_dir.cc
[684/1324] Compiling a_verify.cc
[685/1324] Compiling a_digest.cc
[686/1324] Compiling thread_win.cc
[687/1324] Compiling a_sign.cc
[688/1324] Compiling thread_pthread.cc
[689/1324] Compiling voprf.cc
[690/1324] Compiling thread.cc
[691/1324] Compiling trust_token.cc
[692/1324] Compiling thread_none.cc
[693/1324] Compiling pmbtoken.cc
[694/1324] Compiling stack.cc
[695/1324] Compiling siphash.cc
[696/1324] Compiling sha512.cc
[697/1324] Compiling slhdsa.cc
[698/1324] Compiling spake2plus.cc
[699/1324] Compiling sha256.cc
[700/1324] Compiling rsa_extra.cc
[701/1324] Compiling sha1.cc
[702/1324] Compiling rsa_print.cc
[703/1324] Compiling rsa_crypt.cc
[704/1324] Compiling refcount.cc
[705/1324] Compiling rc4.cc
[706/1324] Compiling windows.cc
[707/1324] Compiling urandom.cc
[708/1324] Compiling rsa_asn1.cc
[709/1324] Compiling trusty.cc
[710/1324] Compiling rand.cc
[711/1324] Compiling passive.cc
[712/1324] Compiling poly1305_arm_asm.S
[713/1324] Compiling deterministic.cc
[714/1324] Compiling forkunsafe.cc
[715/1324] Compiling getentropy.cc
[716/1324] Compiling ios.cc
[717/1324] Compiling fork_detect.cc
[718/1324] Compiling poly1305_vec.cc
[719/1324] Compiling pool.cc
[720/1324] Compiling poly1305.cc
[721/1324] Compiling poly1305_arm.cc
[722/1324] Compiling pkcs8.cc
[723/1324] Compiling p5_pbev2.cc
[724/1324] Compiling pkcs7_x509.cc
[725/1324] Compiling pkcs8_x509.cc
[725/1324] Compiling pkcs7.cc
[727/1324] Compiling pem_x509.cc
[728/1324] Compiling pem_xaux.cc
[729/1324] Compiling pem_pkey.cc
[730/1324] Compiling pem_pk8.cc
[731/1324] Compiling obj_xref.cc
[732/1324] Compiling pem_all.cc
[733/1324] Compiling pem_lib.cc
[734/1324] Compiling pem_oth.cc
[735/1324] Compiling mlkem.cc
[736/1324] Compiling pem_info.cc
[737/1324] Compiling mldsa.cc
[738/1324] Compiling poly_rq_mul.S
[739/1324] Compiling mem.cc
[740/1324] Compiling obj.cc
[741/1324] Compiling fips_shared_support.cc
[742/1324] Compiling lhash.cc
[743/1324] Compiling md5.cc
[744/1324] Compiling md4.cc
[745/1324] Compiling hpke.cc
[746/1324] Compiling kyber.cc
[747/1324] Compiling ex_data.cc
[748/1324] Compiling sign.cc
[749/1324] Compiling scrypt.cc
[750/1324] Compiling hrss.cc
[751/1324] Compiling print.cc
[752/1324] Compiling pbkdf.cc
[753/1324] Compiling p_x25519.cc
[754/1324] Compiling p_rsa_asn1.cc
[755/1324] Compiling p_x25519_asn1.cc
[756/1324] Compiling p_ed25519.cc
[757/1324] Compiling p_hkdf.cc
[758/1324] Compiling p_rsa.cc
[759/1324] Compiling p_ed25519_asn1.cc
[760/1324] Compiling p_ec_asn1.cc
[761/1324] Compiling p_ec.cc
[762/1324] Compiling evp_ctx.cc
[763/1324] Compiling p_dh_asn1.cc
[764/1324] Compiling p_dh.cc
[765/1324] Compiling p_dsa_asn1.cc
[766/1324] Compiling err.cc
[767/1324] Compiling evp_asn1.cc
[768/1324] Compiling evp.cc
[769/1324] Compiling engine.cc
[770/1324] Compiling ecdh.cc
[771/1324] Compiling hash_to_curve.cc
[772/1324] Compiling ecdsa_asn1.cc
[773/1324] Compiling ec_derive.cc
[774/1324] Compiling dsa.cc
[775/1324] Compiling ec_asn1.cc
[776/1324] Compiling dsa_asn1.cc
[777/1324] Compiling bcm.cc
[778/1324] Compiling x25519-asm-arm.S
[779/1324] Compiling params.cc
[780/1324] Compiling digest_extra.cc
[781/1324] Compiling des.cc
[782/1324] Compiling dh_asn1.cc
[783/1324] Compiling curve25519_64_adx.cc
[784/1324] Compiling crypto.cc
[785/1324] Compiling spake25519.cc
[785/1324] Compiling cpu_intel.cc
[787/1324] Compiling cpu_arm_freebsd.cc
[788/1324] Compiling cpu_arm_linux.cc
[789/1324] Compiling curve25519.cc
[790/1324] Compiling cpu_aarch64_win.cc
[791/1324] Compiling cpu_aarch64_openbsd.cc
[792/1324] Compiling cpu_aarch64_sysreg.cc
[793/1324] Compiling cpu_aarch64_fuchsia.cc
[794/1324] Compiling cpu_aarch64_linux.cc
[795/1324] Compiling cpu_aarch64_apple.cc
[796/1324] Compiling conf.cc
[797/1324] Compiling get_cipher.cc
[798/1324] Compiling tls_cbc.cc
[799/1324] Compiling e_rc4.cc
[800/1324] Compiling e_rc2.cc
[801/1324] Compiling e_tls.cc
[802/1324] Compiling e_null.cc
[803/1324] Compiling e_des.cc
[804/1324] Compiling e_chacha20poly1305.cc
[805/1324] Compiling e_aesctrhmac.cc
[806/1324] Compiling e_aesgcmsiv.cc
[807/1324] Compiling derive_key.cc
[808/1324] Compiling chacha.cc
[809/1324] Compiling unicode.cc
[810/1324] Compiling buf.cc
[811/1324] Compiling ber.cc
[812/1324] Compiling cbs.cc
[813/1324] Compiling asn1_compat.cc
[814/1324] Compiling cbb.cc
[815/1324] Compiling convert.cc
[816/1324] Compiling bn_asn1.cc
[817/1324] Compiling socket_helper.cc
[818/1324] Compiling blake2.cc
[819/1324] Compiling socket.cc
[820/1324] Compiling printf.cc
[821/1324] Compiling pair.cc
[822/1324] Compiling hexdump.cc
[823/1324] Compiling errno.cc
[824/1324] Compiling fd.cc
[825/1324] Compiling file.cc
[826/1324] Compiling connect.cc
[827/1324] Compiling bio_mem.cc
[828/1324] Compiling base64.cc
[829/1324] Compiling bio.cc
[830/1324] Compiling tasn_fre.cc
[831/1324] Compiling tasn_typ.cc
[832/1324] Compiling tasn_enc.cc
[833/1324] Compiling tasn_utl.cc
[834/1324] Compiling posix_time.cc
[835/1324] Compiling f_string.cc
[836/1324] Compiling tasn_new.cc
[837/1324] Compiling tasn_dec.cc
[838/1324] Compiling f_int.cc
[839/1324] Compiling asn1_par.cc
[840/1324] Compiling asn_pack.cc
[841/1324] Compiling asn1_lib.cc
[842/1324] Compiling a_utctm.cc
[843/1324] Compiling a_time.cc
[844/1324] Compiling a_octet.cc
[845/1324] Compiling a_type.cc
[846/1324] Compiling a_strnid.cc
[847/1324] Compiling a_strex.cc
[848/1324] Compiling a_object.cc
[849/1324] Compiling a_i2d_fp.cc
[850/1324] Compiling a_dup.cc
[851/1324] Compiling a_mbstr.cc
[852/1324] Compiling CGoogleGaxCRC32C CGoogleGaxCRC32C.c
[853/1324] Compiling a_int.cc
[854/1324] Compiling a_d2i_fp.cc
[855/1324] Compiling a_gentm.cc
[856/1324] Compiling fiat_p256_adx_sqr.S
[857/1324] Compiling fiat_curve25519_adx_mul.S
[858/1324] Compiling fiat_p256_adx_mul.S
[859/1324] Compiling fiat_curve25519_adx_square.S
[860/1324] Compiling md5-x86_64-apple.S
[861/1324] Compiling md5-x86_64-linux.S
[862/1324] Compiling md5-586-linux.S
[863/1324] Compiling md5-586-apple.S
[864/1324] Compiling chacha20_poly1305_x86_64-linux.S
[865/1324] Compiling chacha20_poly1305_x86_64-apple.S
[866/1324] Compiling a_bitstr.cc
[867/1324] Compiling chacha20_poly1305_armv8-win.S
[868/1324] Compiling a_bool.cc
[869/1324] Compiling chacha-armv8-apple.S
[870/1324] Compiling chacha-armv4-linux.S
[871/1324] Compiling chacha20_poly1305_armv8-linux.S
[872/1324] Compiling aes128gcmsiv-x86_64-apple.S
[873/1324] Compiling aes128gcmsiv-x86_64-linux.S
[873/1324] Compiling CCryptoBoringSSLShims shims.c
[875/1324] Compiling x86_64-mont5-linux.S
[876/1324] Compiling x86_64-mont5-apple.S
[877/1324] Compiling x86_64-mont-linux.S
[878/1324] Compiling x86-mont-apple.S
[879/1324] Compiling x86-mont-linux.S
[880/1324] Compiling x86_64-mont-apple.S
[881/1324] Compiling vpaes-x86_64-apple.S
[882/1324] Compiling vpaes-x86_64-linux.S
[883/1324] Compiling vpaes-armv8-win.S
[884/1324] Compiling vpaes-x86-apple.S
[885/1324] Compiling vpaes-x86-linux.S
[886/1324] Compiling vpaes-armv8-linux.S
[887/1324] Compiling vpaes-armv7-linux.S
[888/1324] Compiling vpaes-armv8-apple.S
[889/1324] Compiling sha512-x86_64-linux.S
[890/1324] Compiling sha512-x86_64-apple.S
[891/1324] Compiling sha512-armv8-win.S
[892/1324] Compiling sha512-armv8-apple.S
[893/1324] Compiling sha512-armv8-linux.S
[894/1324] Compiling sha512-armv4-linux.S
[895/1324] Compiling sha512-586-linux.S
[896/1324] Compiling sha512-586-apple.S
[897/1324] Compiling sha256-x86_64-linux.S
[898/1324] Compiling sha256-x86_64-apple.S
[899/1324] Compiling sha256-armv8-linux.S
[900/1324] Compiling sha256-armv8-apple.S
[901/1324] Compiling sha256-armv8-win.S
[902/1324] Compiling sha256-armv4-linux.S
[903/1324] Compiling sha256-586-linux.S
[904/1324] Compiling sha256-586-apple.S
[905/1324] Compiling sha1-x86_64-linux.S
[905/1324] Compiling sha1-armv8-apple.S
[907/1324] Compiling sha1-armv8-win.S
[908/1324] Compiling sha1-armv8-linux.S
[909/1324] Compiling sha1-x86_64-apple.S
[910/1324] Compiling err_data.cc
[911/1324] Compiling sha1-586-apple.S
[912/1324] Compiling sha1-armv4-large-linux.S
[913/1324] Compiling sha1-586-linux.S
[914/1324] Compiling rsaz-avx2-linux.S
[914/1324] Compiling rsaz-avx2-apple.S
[916/1324] Compiling rdrand-x86_64-linux.S
[917/1324] Compiling p256_beeu-x86_64-asm-linux.S
[918/1324] Compiling p256_beeu-x86_64-asm-apple.S
[919/1324] Compiling p256_beeu-armv8-asm-win.S
[920/1324] Compiling p256_beeu-armv8-asm-linux.S
[921/1324] Compiling rdrand-x86_64-apple.S
[922/1324] Compiling p256-x86_64-asm-linux.S
[923/1324] Compiling p256_beeu-armv8-asm-apple.S
[924/1324] Compiling p256-x86_64-asm-apple.S
[925/1324] Compiling p256-armv8-asm-apple.S
[926/1324] Compiling p256-armv8-asm-win.S
[927/1324] Compiling ghashv8-armv8-win.S
[928/1324] Compiling p256-armv8-asm-linux.S
[929/1324] Compiling ghashv8-armv8-linux.S
[930/1324] Compiling ghashv8-armv8-apple.S
[931/1324] Compiling ghashv8-armv7-linux.S
[932/1324] Compiling ghash-x86_64-linux.S
[933/1324] Compiling ghash-x86-linux.S
[934/1324] Compiling ghash-x86_64-apple.S
[934/1324] Compiling ghash-x86-apple.S
[936/1324] Compiling ghash-ssse3-x86_64-linux.S
[937/1324] Compiling ghash-ssse3-x86_64-apple.S
[938/1324] Compiling ghash-ssse3-x86-linux.S
[939/1324] Compiling ghash-neon-armv8-linux.S
[940/1324] Compiling ghash-ssse3-x86-apple.S
[941/1324] Compiling ghash-neon-armv8-win.S
[942/1324] Compiling ghash-neon-armv8-apple.S
[943/1324] Compiling ghash-armv4-linux.S
[944/1324] Compiling co-586-linux.S
[945/1324] Compiling co-586-apple.S
[946/1324] Compiling bsaes-armv7-linux.S
[947/1324] Compiling bn-armv8-linux.S
[948/1324] Compiling bn-armv8-apple.S
[949/1324] Compiling bn-armv8-win.S
[950/1324] Compiling bn-586-linux.S
[951/1324] Compiling bn-586-apple.S
[952/1324] Compiling armv8-mont-win.S
[953/1324] Compiling armv8-mont-apple.S
[954/1324] Compiling armv4-mont-linux.S
[955/1324] Compiling armv8-mont-linux.S
[956/1324] Compiling aesv8-gcm-armv8-apple.S
[957/1324] Compiling aesv8-gcm-armv8-win.S
[958/1324] Compiling aesv8-armv8-win.S
[959/1324] Compiling aesv8-armv8-linux.S
[960/1324] Compiling aesv8-gcm-armv8-linux.S
[961/1324] Compiling aesv8-armv8-apple.S
[962/1324] Compiling aesv8-armv7-linux.S
[963/1324] Compiling aesni-x86_64-apple.S
[963/1324] Compiling aesni-x86_64-linux.S
[965/1324] Compiling aesni-x86-linux.S
[966/1324] Compiling aesni-x86-apple.S
[967/1324] Compiling aesni-gcm-x86_64-apple.S
[967/1324] Compiling aesni-gcm-x86_64-linux.S
[969/1324] Compiling aes-gcm-avx512-x86_64-apple.S
[970/1324] Compiling aes-gcm-avx512-x86_64-linux.S
[971/1324] Compiling aes-gcm-avx2-x86_64-linux.S
[972/1324] Compiling aes-gcm-avx2-x86_64-apple.S
[973/1324] Compiling xwing.cc
[974/1324] Compiling x_req.cc
[975/1324] Compiling x_sig.cc
[976/1324] Compiling x_x509a.cc
[977/1324] Compiling x_spki.cc
[978/1324] Compiling x_x509.cc
[979/1324] Compiling c-nioatomics.c
[980/1324] Compiling c-atomics.c
[981/1324] Compiling x_exten.cc
[982/1324] Compiling x_pubkey.cc
[983/1331] Compiling x_crl.cc
[984/1331] Compiling x_attrib.cc
[985/1331] Compiling x_name.cc
[986/1331] Compiling x_all.cc
[988/1331] Compiling NIOConcurrencyHelpers lock.swift
[989/1331] Compiling NIOConcurrencyHelpers NIOAtomic.swift
[990/1331] Emitting module NIOConcurrencyHelpers
[991/1331] Compiling NIOConcurrencyHelpers NIOLockedValueBox.swift
[992/1331] Compiling NIOConcurrencyHelpers atomics.swift
[993/1331] Compiling NIOConcurrencyHelpers NIOLock.swift
[994/1331] Compiling NIOConcurrencyHelpers NIOThreadPoolWorkAvailable.swift
[995/1332] Compiling x509spki.cc
[996/1332] Wrapping AST for NIOConcurrencyHelpers for debugging
[997/1332] Compiling x_algor.cc
[998/1332] Compiling x509name.cc
[999/1332] Compiling x509rset.cc
[1000/1332] Compiling x509cset.cc
[1001/1332] Compiling x509_vpm.cc
[1002/1332] Compiling x509_vfy.cc
[1003/1332] Compiling x509_trs.cc
[1004/1332] Compiling x509_v3.cc
[1005/1332] Compiling x509_txt.cc
[1006/1332] Compiling x509_set.cc
[1007/1332] Compiling x509_obj.cc
[1008/1332] Compiling x509_req.cc
[1009/1332] Compiling x509_lu.cc
[1010/1332] Compiling x509_ext.cc
[1011/1332] Compiling x509_def.cc
[1012/1332] Compiling x509_d2.cc
[1013/1332] Compiling x509_cmp.cc
[1014/1332] Compiling x509.cc
[1015/1332] Compiling x509_att.cc
[1016/1332] Compiling v3_utl.cc
[1017/1332] Compiling v3_skey.cc
[1018/1332] Compiling v3_pcons.cc
[1019/1332] Compiling v3_purp.cc
[1020/1332] Compiling v3_prn.cc
[1021/1332] Compiling v3_pmaps.cc
[1022/1332] Compiling v3_ocsp.cc
[1023/1332] Compiling v3_ncons.cc
[1024/1332] Compiling v3_int.cc
[1025/1332] Compiling v3_lib.cc
[1026/1332] Compiling v3_info.cc
[1027/1332] Compiling v3_genn.cc
[1028/1332] Compiling v3_ia5.cc
[1029/1332] Compiling v3_extku.cc
[1030/1332] Compiling v3_crld.cc
[1031/1332] Compiling v3_enum.cc
[1032/1332] Compiling v3_cpols.cc
[1033/1332] Compiling v3_bcons.cc
[1034/1332] Compiling v3_conf.cc
[1035/1332] Compiling v3_bitst.cc
[1036/1332] Compiling v3_alt.cc
[1037/1332] Compiling t_x509.cc
[1038/1332] Compiling v3_akeya.cc
[1039/1332] Compiling v3_akey.cc
[1040/1332] Compiling t_x509a.cc
[1041/1332] Compiling rsa_pss.cc
[1042/1332] Compiling t_crl.cc
[1043/1332] Compiling t_req.cc
[1044/1332] Compiling i2d_pr.cc
[1045/1332] Compiling by_dir.cc
[1046/1332] Compiling name_print.cc
[1047/1332] Compiling policy.cc
[1048/1332] Compiling by_file.cc
[1049/1332] Compiling algorithm.cc
[1050/1332] Compiling asn1_gen.cc
[1051/1332] Compiling trust_token.cc
[1052/1332] Compiling a_verify.cc
[1053/1332] Compiling a_digest.cc
[1054/1332] Compiling a_sign.cc
[1055/1332] Compiling voprf.cc
[1056/1332] Compiling pmbtoken.cc
[1057/1332] Compiling thread_win.cc
[1058/1332] Compiling stack.cc
[1059/1332] Compiling thread_pthread.cc
[1060/1332] Compiling thread_none.cc
[1061/1332] Compiling thread.cc
[1062/1332] Compiling siphash.cc
[1063/1332] Compiling sha1.cc
[1064/1332] Compiling sha256.cc
[1065/1332] Compiling spake2plus.cc
[1066/1332] Compiling sha512.cc
[1067/1332] Compiling rsa_print.cc
[1068/1332] Compiling slhdsa.cc
[1069/1332] Compiling rsa_extra.cc
[1070/1332] Compiling rc4.cc
[1071/1332] Compiling urandom.cc
[1072/1332] Compiling refcount.cc
[1073/1332] Compiling windows.cc
[1074/1332] Compiling trusty.cc
[1075/1332] Compiling rsa_crypt.cc
[1076/1332] Compiling rand.cc
[1077/1332] Compiling passive.cc
[1078/1332] Compiling fork_detect.cc
[1079/1332] Compiling poly1305_arm_asm.S
[1080/1332] Compiling ios.cc
[1081/1332] Compiling forkunsafe.cc
[1082/1332] Compiling rsa_asn1.cc
[1083/1332] Compiling getentropy.cc
[1084/1332] Compiling deterministic.cc
[1085/1332] Compiling pool.cc
[1086/1332] Compiling poly1305_vec.cc
[1087/1332] Compiling poly1305_arm.cc
[1088/1332] Compiling poly1305.cc
[1089/1332] Compiling pkcs8.cc
[1090/1332] Compiling p5_pbev2.cc
[1091/1332] Compiling pkcs7_x509.cc
[1092/1332] Compiling pkcs8_x509.cc
[1093/1332] Compiling pkcs7.cc
[1094/1332] Compiling pem_x509.cc
[1095/1332] Compiling pem_xaux.cc
[1096/1332] Compiling pem_pkey.cc
[1097/1332] Compiling pem_pk8.cc
[1098/1332] Compiling pem_lib.cc
[1099/1332] Compiling pem_oth.cc
[1100/1332] Compiling pem_info.cc
[1101/1332] Compiling mlkem.cc
[1102/1332] Compiling obj_xref.cc
[1103/1332] Compiling pem_all.cc
[1104/1332] Compiling mldsa.cc
[1105/1332] Compiling mem.cc
[1106/1332] Compiling obj.cc
[1107/1332] Compiling poly_rq_mul.S
[1108/1332] Compiling fips_shared_support.cc
[1109/1332] Compiling lhash.cc
[1110/1332] Compiling fuzzer_mode.cc
[1111/1332] Compiling md5.cc
[1112/1332] Compiling md4.cc
[1113/1332] Compiling kyber.cc
[1114/1332] Compiling hrss.cc
[1115/1332] Compiling hpke.cc
[1116/1332] Compiling ex_data.cc
[1117/1332] Compiling print.cc
[1118/1332] Compiling scrypt.cc
[1119/1332] Compiling sign.cc
[1120/1332] Compiling pbkdf.cc
[1121/1332] Compiling p_rsa_asn1.cc
[1122/1332] Compiling p_x25519_asn1.cc
[1123/1332] Compiling p_x25519.cc
[1124/1332] Compiling p_rsa.cc
[1125/1332] Compiling p_hkdf.cc
[1126/1332] Compiling p_ed25519_asn1.cc
[1127/1332] Compiling p_ec.cc
[1128/1332] Compiling p_ed25519.cc
[1129/1332] Compiling p_ec_asn1.cc
[1130/1332] Compiling p_dh_asn1.cc
[1131/1332] Compiling p_dsa_asn1.cc
[1132/1332] Compiling p_dh.cc
[1133/1332] Compiling err.cc
[1134/1332] Compiling evp_ctx.cc
[1135/1332] Compiling evp.cc
[1136/1332] Compiling engine.cc
[1137/1332] Compiling evp_asn1.cc
[1138/1332] Compiling ecdsa_p1363.cc
[1139/1332] Compiling ecdh.cc
[1140/1332] Compiling hash_to_curve.cc
[1141/1332] Compiling ec_derive.cc
[1142/1332] Compiling ecdsa_asn1.cc
[1143/1332] Compiling dsa.cc
[1144/1332] Compiling params.cc
[1145/1332] Compiling ec_asn1.cc
[1146/1332] Compiling dsa_asn1.cc
[1147/1332] Compiling x25519-asm-arm.S
[1148/1332] Compiling digest_extra.cc
[1149/1332] Compiling des.cc
[1150/1332] Compiling curve25519_64_adx.cc
[1151/1332] Compiling dh_asn1.cc
[1152/1332] Compiling spake25519.cc
[1153/1332] Compiling crypto.cc
[1154/1332] Compiling cpu_intel.cc
[1155/1332] Compiling cpu_arm_freebsd.cc
[1156/1332] Compiling curve25519.cc
[1157/1332] Compiling cpu_arm_linux.cc
[1158/1332] Compiling cpu_aarch64_win.cc
[1159/1332] Compiling cpu_aarch64_openbsd.cc
[1160/1332] Compiling cpu_aarch64_sysreg.cc
[1161/1332] Compiling cpu_aarch64_linux.cc
[1162/1332] Compiling cpu_aarch64_apple.cc
[1163/1332] Compiling cpu_aarch64_fuchsia.cc
[1164/1332] Compiling tls_cbc.cc
[1165/1332] Compiling conf.cc
[1166/1332] Compiling get_cipher.cc
[1167/1332] Compiling e_des.cc
[1168/1332] Compiling e_rc4.cc
[1169/1332] Compiling e_rc2.cc
[1170/1332] Compiling e_tls.cc
[1171/1332] Compiling e_null.cc
[1172/1332] Compiling cms.cc
[1173/1332] Compiling e_aesgcmsiv.cc
[1174/1332] Compiling e_chacha20poly1305.cc
[1175/1332] Compiling derive_key.cc
[1176/1332] Compiling e_aesctrhmac.cc
[1177/1332] Compiling e_aeseax.cc
[1178/1332] Compiling chacha.cc
[1179/1332] Compiling unicode.cc
[1180/1332] Compiling buf.cc
[1181/1332] Compiling cbs.cc
[1182/1332] Compiling sqrt.cc
[1183/1332] Compiling ber.cc
[1184/1332] Compiling cbb.cc
[1185/1332] Compiling asn1_compat.cc
[1186/1332] Compiling exponentiation.cc
[1187/1332] Compiling bn_asn1.cc
[1188/1332] Compiling div.cc
[1189/1332] Compiling blake2.cc
[1190/1332] Compiling printf.cc
[1191/1332] Compiling pair.cc
[1192/1332] Compiling convert.cc
[1193/1332] Compiling hexdump.cc
[1194/1332] Compiling errno.cc
[1195/1332] Compiling file.cc
[1196/1332] Compiling bio_mem.cc
[1197/1332] Compiling fd.cc
[1198/1332] Compiling base64.cc
[1199/1332] Compiling bio.cc
[1200/1332] Compiling tasn_utl.cc
[1201/1332] Compiling tasn_fre.cc
[1202/1332] Compiling tasn_typ.cc
[1203/1332] Compiling tasn_enc.cc
[1204/1332] Compiling tasn_new.cc
[1205/1332] Compiling bcm.cc
[1206/1332] Compiling posix_time.cc
[1207/1332] Compiling f_int.cc
[1208/1332] Compiling f_string.cc
[1209/1332] Compiling asn_pack.cc
[1210/1332] Compiling tasn_dec.cc
[1211/1332] Compiling asn1_par.cc
[1212/1332] Compiling a_utctm.cc
[1213/1332] Compiling asn1_lib.cc
[1214/1332] Compiling a_strnid.cc
[1215/1332] Compiling a_octet.cc
[1216/1332] Compiling a_type.cc
[1217/1332] Compiling a_time.cc
[1218/1332] Compiling a_strex.cc
[1219/1332] Compiling a_gentm.cc
[1220/1332] Compiling a_dup.cc
[1221/1332] Compiling a_d2i_fp.cc
[1222/1332] Compiling a_object.cc
[1222/1332] Write sources
[1226/1332] Compiling a_i2d_fp.cc
[1227/1332] Compiling CAsyncHTTPClient CAsyncHTTPClient.c
[1228/1375] Compiling a_mbstr.cc
[1229/1375] Compiling a_int.cc
[1231/1375] Compiling Algorithms Rotate.swift
[1232/1375] Compiling Algorithms AdjacentPairs.swift
[1233/1377] Compiling Algorithms RandomSample.swift
[1234/1377] Compiling Algorithms Reductions.swift
[1235/1377] Compiling Algorithms Chain.swift
[1236/1377] Compiling Algorithms Chunked.swift
[1236/1377] Compiling a_bool.cc
[1237/1377] Compiling aes.cc
[1239/1377] Compiling Algorithms FirstNonNil.swift
[1240/1377] Compiling Algorithms Partition.swift
[1241/1377] Compiling Algorithms Permutations.swift
[1242/1377] Compiling Algorithms Product.swift
[1243/1377] Compiling Algorithms FlattenCollection.swift
[1244/1377] Compiling Atomics IntegerOperations.swift
[1245/1377] Compiling Atomics Unmanaged extensions.swift
[1245/1377] Compiling a_bitstr.cc
[1247/1385] Compiling Algorithms Compacted.swift
[1248/1385] Compiling Algorithms Cycle.swift
[1249/1385] Compiling Algorithms EitherSequence.swift
[1254/1388] Compiling Algorithms Split.swift
[1255/1388] Compiling Algorithms Stride.swift
[1256/1388] Compiling Algorithms Suffix.swift
[1258/1388] Compiling Algorithms Keyed.swift
[1259/1388] Compiling Algorithms MinMax.swift
[1260/1388] Compiling CryptoBoringWrapper RandomBytes.swift
[1261/1388] Emitting module CryptoBoringWrapper
[1265/1388] Compiling CryptoBoringWrapper BoringSSLAEAD.swift
[1266/1388] Compiling CryptoBoringWrapper FiniteFieldArithmeticContext.swift
[1268/1388] Compiling Algorithms Grouped.swift
[1269/1388] Compiling Algorithms Indexed.swift
[1270/1388] Compiling Algorithms Intersperse.swift
[1271/1388] Compiling CryptoBoringWrapper EllipticCurve.swift
[1272/1388] Compiling Algorithms Trim.swift
[1273/1388] Compiling Algorithms Unique.swift
[1274/1388] Compiling Algorithms Windows.swift
[1275/1388] Compiling CryptoBoringWrapper CryptoKitErrors_boring.swift
[1276/1388] Compiling CryptoBoringWrapper ArbitraryPrecisionInteger.swift
[1277/1388] Compiling CryptoBoringWrapper EllipticCurvePoint.swift
[1278/1389] Wrapping AST for CryptoBoringWrapper for debugging
[1280/1473] Compiling Crypto ASN1Strings.swift
[1281/1473] Compiling Crypto ArraySliceBigint.swift
[1282/1473] Compiling Crypto GeneralizedTime.swift
[1283/1473] Compiling Crypto ObjectIdentifier.swift
[1284/1473] Emitting module Atomics
[1285/1473] Compiling Crypto CryptoKitErrors.swift
[1286/1473] Compiling Crypto Digest_boring.swift
[1287/1473] Compiling Crypto Digest.swift
[1288/1473] Compiling Crypto HPKE-AEAD.swift
[1289/1473] Compiling Crypto HPKE-Ciphersuite.swift
[1290/1473] Compiling Crypto HPKE-KDF.swift
[1291/1474] Wrapping AST for Atomics for debugging
[1293/1538] Emitting module Algorithms
[1294/1539] Wrapping AST for Algorithms for debugging
[1296/1539] Compiling NIOCore NIOCoreSendableMetatype.swift
[1297/1539] Compiling NIOCore NIODecodedAsyncSequence.swift
[1298/1539] Compiling NIOCore NIOLoopBound.swift
[1299/1539] Compiling NIOCore NIOPooledRecvBufferAllocator.swift
[1300/1539] Compiling NIOCore NIOScheduledCallback.swift
[1301/1539] Compiling NIOCore NIOSendable.swift
[1302/1539] Compiling NIOCore NIOSplitLinesMessageDecoder.swift
[1303/1539] Compiling NIOCore NIOTransportAccessibleChannelCore.swift
[1304/1539] Compiling NIOCore RecvByteBufferAllocator.swift
[1305/1547] Compiling NIOCore NIOThrowingAsyncSequenceProducer.swift
[1306/1547] Compiling NIOCore BSDSocketAPI.swift
[1307/1547] Compiling NIOCore ByteBuffer-aux.swift
[1308/1547] Compiling NIOCore ByteBuffer-binaryEncodedLengthPrefix.swift
[1309/1547] Compiling NIOCore ByteBuffer-conversions.swift
[1310/1547] Compiling NIOCore ByteBuffer-core.swift
[1311/1547] Compiling NIOCore ByteBuffer-hex.swift
[1312/1547] Compiling NIOCore ByteBuffer-int.swift
[1313/1547] Compiling NIOCore ByteBuffer-lengthPrefix.swift
[1314/1547] Compiling NIOCore ByteBuffer-multi-int.swift
[1315/1547] Compiling NIOCore ByteBuffer-quicBinaryEncodingStrategy.swift
[1316/1547] Compiling NIOCore ByteBuffer-views.swift
[1317/1558] Emitting module Crypto
[1318/1558] Compiling NIOCore Channel.swift
[1319/1558] Compiling NIOCore ChannelHandler.swift
[1320/1558] Compiling NIOCore ChannelHandlers.swift
[1321/1558] Compiling NIOCore ChannelInvoker.swift
[1322/1558] Compiling NIOCore ChannelOption.swift
[1323/1558] Compiling NIOCore ChannelPipeline.swift
[1324/1558] Compiling NIOCore AddressedEnvelope.swift
[1325/1558] Compiling NIOCore AsyncAwaitSupport.swift
[1326/1558] Compiling NIOCore AsyncChannel.swift
[1327/1558] Compiling NIOCore AsyncChannelHandler.swift
[1328/1558] Compiling NIOCore AsyncChannelInboundStream.swift
[1329/1558] Compiling NIOCore AsyncChannelOutboundWriter.swift
[1330/1558] Compiling NIOCore IPProtocol.swift
[1331/1558] Compiling NIOCore IntegerBitPacking.swift
[1332/1558] Compiling NIOCore IntegerTypes.swift
[1333/1558] Compiling NIOCore Interfaces.swift
[1334/1558] Compiling NIOCore Linux.swift
[1335/1558] Compiling NIOCore MarkedCircularBuffer.swift
[1336/1558] Compiling NIOCore MulticastChannel.swift
[1337/1558] Compiling NIOCore NIOAny.swift
[1338/1558] Compiling NIOCore NIOCloseOnErrorHandler.swift
[1339/1558] Compiling NIOCore EventLoopFuture+Deprecated.swift
[1340/1558] Compiling NIOCore EventLoopFuture+WithEventLoop.swift
[1341/1558] Compiling NIOCore EventLoopFuture.swift
[1342/1558] Compiling NIOCore FileDescriptor.swift
[1343/1558] Compiling NIOCore FileHandle.swift
[1344/1558] Compiling NIOCore FileRegion.swift
[1345/1558] Compiling NIOCore GlobalSingletons.swift
[1346/1558] Compiling NIOCore IO.swift
[1347/1558] Compiling NIOCore IOData.swift
[1348/1558] Compiling NIOCore NIOAsyncSequenceProducer.swift
[1349/1558] Compiling NIOCore NIOAsyncSequenceProducerStrategies.swift
[1350/1558] Compiling NIOCore NIOAsyncWriter.swift
[1351/1558] Compiling NIOCore CircularBuffer.swift
[1352/1558] Compiling NIOCore Codec.swift
[1353/1558] Compiling NIOCore ConvenienceOptionSupport.swift
[1354/1558] Compiling NIOCore DeadChannel.swift
[1355/1558] Compiling NIOCore DispatchQueue+WithFuture.swift
[1356/1558] Compiling NIOCore EventLoop+Deprecated.swift
[1357/1558] Compiling NIOCore EventLoop+SerialExecutor.swift
[1358/1558] Compiling NIOCore EventLoop.swift
[1359/1558] Compiling NIOCore EventLoopFuture+AssumeIsolated.swift
[1360/1558] Compiling Crypto MACFunctions.swift
[1361/1558] Compiling Crypto MessageAuthenticationCode.swift
[1362/1558] Compiling Crypto AES.swift
[1363/1558] Compiling Crypto ECDSASignature_boring.swift
[1364/1558] Compiling Crypto ECDSA_boring.swift
[1365/1558] Compiling Crypto EdDSA_boring.swift
[1366/1558] Compiling Crypto MLDSA_boring.swift
[1367/1558] Compiling Crypto MLDSA_wrapper.swift
[1368/1558] Compiling Crypto ECDSA.swift
[1369/1558] Compiling Crypto Ed25519.swift
[1370/1558] Compiling Crypto MLDSA.swift
[1398/1558] Compiling NIOCore SingleStepByteToMessageDecoder.swift
[1399/1558] Compiling NIOCore SocketAddresses.swift
[1400/1558] Compiling NIOCore SocketOptionProvider.swift
[1401/1558] Compiling NIOCore SystemCallHelpers.swift
[1402/1558] Compiling NIOCore TimeAmount+Duration.swift
[1403/1558] Compiling NIOCore TypeAssistedChannelHandler.swift
[1404/1558] Compiling NIOCore UniversalBootstrapSupport.swift
[1405/1558] Compiling NIOCore Utilities.swift
[1406/1558] Compiling Crypto ANSIx963.swift
[1407/1558] Compiling Crypto Signature.swift
[1408/1558] Compiling Crypto CryptoKitErrors_boring.swift
[1409/1558] Compiling Crypto Optional+withUnsafeBytes_boring.swift
[1410/1558] Compiling Crypto RNG_boring.swift
[1411/1558] Compiling Crypto SafeCompare_boring.swift
[1412/1558] Compiling Crypto Zeroization_boring.swift
[1413/1558] Compiling Crypto _CryptoModuleAnchor.swift
[1414/1558] Compiling Crypto PrettyBytes.swift
[1415/1558] Compiling Crypto SafeCompare.swift
[1416/1558] Compiling Crypto SecureBytes.swift
[1417/1558] Compiling Crypto Zeroization.swift
[1418/1559] Wrapping AST for Crypto for debugging
[1428/1621] Compiling CryptoExtras PKCS8PrivateKey.swift
[1429/1621] Compiling CryptoExtras RFC8410AlgorithmIdentifier.swift
[1430/1621] Compiling CryptoExtras ECToolbox_boring.swift
[1431/1621] Compiling CryptoExtras ECToolbox.swift
[1432/1621] Compiling CryptoExtras HashToField.swift
[1433/1621] Compiling CryptoExtras KDF.swift
[1434/1621] Compiling CryptoExtras PBKDF2_boring.swift
[1435/1621] Compiling CryptoExtras PBKDF2_commoncrypto.swift
[1436/1621] Compiling CryptoExtras Data+Extensions.swift
[1437/1621] Compiling CryptoExtras AES_CBC.swift
[1438/1621] Compiling CryptoExtras AES_CFB.swift
[1439/1621] Compiling CryptoExtras AES_CTR.swift
[1440/1621] Compiling CryptoExtras AES_GCM_SIV.swift
[1441/1621] Compiling CryptoExtras Block Function.swift
[1442/1621] Compiling CryptoExtras AES_CBC_boring.swift
[1443/1621] Compiling CryptoExtras AES_CFB_boring.swift
[1444/1621] Compiling CryptoExtras AES_CTR_boring.swift
[1445/1621] Compiling CryptoExtras AES_GCM_SIV_boring.swift
[1446/1621] Compiling CryptoExtras PBKDF2.swift
[1447/1621] Compiling CryptoExtras Scrypt_boring.swift
[1448/1621] Compiling CryptoExtras Scrypt.swift
[1449/1621] Compiling CryptoExtras OPRF.swift
[1450/1621] Compiling CryptoExtras OPRFClient.swift
[1451/1621] Compiling CryptoExtras OPRFServer.swift
[1452/1621] Compiling CryptoExtras VOPRF+API.swift
[1453/1621] Compiling CryptoExtras VOPRFClient.swift
[1454/1621] Compiling CryptoExtras VOPRFServer.swift
[1455/1629] Compiling CryptoExtras ThreadOps.swift
[1456/1629] Compiling CryptoExtras ThreadPosix.swift
[1457/1629] Compiling CryptoExtras ThreadSpecific.swift
[1458/1629] Compiling CryptoExtras ThreadWindows.swift
[1459/1629] Compiling CryptoExtras DLEQ.swift
[1460/1629] Compiling CryptoExtras Prover.swift
[1461/1629] Compiling CryptoExtras Verifier.swift
[1462/1629] Compiling CryptoExtras ZKPToolbox.swift
[1464/1629] Compiling CryptoExtras DigestType.swift
[1465/1629] Compiling CryptoExtras Error.swift
[1466/1629] Compiling CryptoExtras I2OSP.swift
[1467/1629] Compiling CryptoExtras IntegerEncoding.swift
[1468/1629] Compiling CryptoExtras PEMDocument.swift
[1469/1629] Compiling CryptoExtras PrettyBytes.swift
[1470/1629] Compiling CryptoExtras SubjectPublicKeyInfo.swift
[1471/1629] Emitting module CryptoExtras
[1472/1629] Compiling CryptoExtras ARCServer.swift
[1473/1629] Compiling CryptoExtras ChaCha20CTR_boring.swift
[1474/1629] Compiling CryptoExtras ChaCha20CTR.swift
[1475/1629] Compiling CryptoExtras BoringSSLSHA512256Context.swift
[1476/1629] Compiling CryptoExtras BoringSSLSHA512256HashFunction.swift
[1477/1629] Compiling CryptoExtras SHA512256.swift
[1478/1629] Compiling CryptoExtras SHA512256Digest.swift
[1479/1629] Compiling CryptoExtras Curve25519+PEM.swift
[1480/1629] Compiling CryptoExtras ObjectIdentifier.swift
[1481/1629] Compiling CryptoExtras CMAC.swift
[1482/1629] Compiling CryptoExtras ARC+API.swift
[1483/1629] Compiling CryptoExtras ARC.swift
[1484/1629] Compiling CryptoExtras ARCCredential.swift
[1485/1629] Compiling CryptoExtras ARCEncoding.swift
[1486/1629] Compiling CryptoExtras ARCPrecredential.swift
[1487/1629] Compiling CryptoExtras ARCPresentation.swift
[1488/1629] Compiling CryptoExtras ARCRequest.swift
[1489/1629] Compiling CryptoExtras ARCResponse.swift
[1490/1629] Compiling CryptoExtras BoringSSLPassphraseCallbackManager.swift
[1491/1629] Compiling CryptoExtras RSA+BlindSigning.swift
[1492/1629] Compiling CryptoExtras RSA.swift
[1493/1629] Compiling CryptoExtras RSA_boring.swift
[1494/1629] Compiling CryptoExtras Reexport.swift
[1495/1629] Compiling CryptoExtras Zeroization_boring.swift
[1496/1629] Compiling CryptoExtras BoringSSLHelpers.swift
[1497/1629] Compiling CryptoExtras CryptoKitErrors_boring.swift
[1498/1629] Compiling CryptoExtras PKCS8DERRepresentation.swift
[1507/1630] Wrapping AST for CryptoExtras for debugging
[1509/1632] Compiling _CryptoExtras Exports.swift
[1510/1632] Emitting module _CryptoExtras
[1538/1633] Wrapping AST for _CryptoExtras for debugging
[1540/1728] Emitting module NIOCore
[1541/1736] Wrapping AST for NIOCore for debugging
[1543/1786] Compiling NIOFoundationEssentialsCompat Codable+ByteBuffer.swift
[1544/1786] Emitting module NIOFoundationEssentialsCompat
[1545/1786] Compiling NIOEmbedded AsyncTestingChannel.swift
[1546/1786] Emitting module NIOEmbedded
[1547/1786] Compiling NIOEmbedded AsyncTestingEventLoop.swift
[1548/1786] Compiling NIOEmbedded Embedded.swift
[1550/1787] Compiling NIOPosix HappyEyeballs.swift
[1551/1787] Compiling NIOPosix IO.swift
[1552/1787] Compiling NIOPosix IntegerBitPacking.swift
[1553/1787] Compiling NIOPosix IntegerTypes.swift
[1554/1787] Compiling NIOPosix Linux.swift
[1555/1787] Compiling NIOPosix LinuxCPUSet.swift
[1556/1787] Compiling NIOPosix LinuxUring.swift
[1557/1787] Compiling NIOPosix SelectorWSAPoll.swift
[1558/1787] Compiling NIOPosix ServerSocket.swift
[1559/1787] Compiling NIOPosix Socket.swift
[1560/1787] Compiling NIOPosix SocketChannel.swift
[1561/1787] Compiling NIOPosix SocketProtocols.swift
[1562/1787] Compiling NIOPosix StructuredConcurrencyHelpers.swift
[1563/1787] Compiling NIOPosix System.swift
[1564/1787] Compiling NIOPosix Selectable.swift
[1565/1787] Compiling NIOPosix SelectableChannel.swift
[1566/1787] Compiling NIOPosix SelectableEventLoop.swift
[1567/1787] Compiling NIOPosix SelectorEpoll.swift
[1568/1787] Compiling NIOPosix SelectorGeneric.swift
[1569/1787] Compiling NIOPosix SelectorKqueue.swift
[1570/1787] Compiling NIOPosix SelectorUring.swift
[1571/1787] Compiling NIOPosix BSDSocketAPICommon.swift
[1572/1787] Compiling NIOPosix BSDSocketAPIPosix.swift
[1573/1787] Compiling NIOPosix BSDSocketAPIWindows.swift
[1574/1787] Compiling NIOPosix BaseSocket.swift
[1575/1787] Compiling NIOPosix BaseSocketChannel+AccessibleTransport.swift
[1576/1787] Compiling NIOPosix BaseSocketChannel+SocketOptionProvider.swift
[1577/1787] Compiling NIOPosix BaseSocketChannel.swift
[1577/1794] Wrapping AST for NIOEmbedded for debugging
[1579/1800] Compiling NIOFoundationEssentialsCompat ByteBuffer-foundation.swift
[1581/1801] Compiling NIOPosix BaseStreamSocketChannel.swift
[1582/1801] Compiling NIOPosix Bootstrap.swift
[1583/1801] Compiling NIOPosix ControlMessage.swift
[1584/1801] Compiling NIOPosix DatagramVectorReadManager.swift
[1585/1801] Compiling NIOPosix Errors+Any.swift
[1586/1801] Compiling NIOPosix FileDescriptor.swift
[1587/1801] Compiling NIOPosix GetaddrinfoResolver.swift
[1588/1801] Compiling NIOPosix MultiThreadedEventLoopGroup.swift
[1589/1801] Compiling NIOPosix NIOPosixSendableMetatype.swift
[1590/1801] Compiling NIOPosix NIORandomizedDNSResolver.swift
[1591/1801] Compiling NIOPosix NIOThreadPool.swift
[1592/1801] Compiling NIOPosix NonBlockingFileIO.swift
[1593/1801] Compiling NIOPosix PendingDatagramWritesManager.swift
[1594/1801] Compiling NIOPosix PendingWritesManager.swift
[1594/1801] Wrapping AST for NIOFoundationEssentialsCompat for debugging
[1596/1801] Compiling NIOPosix PipeChannel.swift
[1597/1801] Compiling NIOPosix PipePair.swift
[1598/1801] Compiling NIOPosix Pool.swift
[1599/1801] Compiling NIOPosix PosixSingletons+ConcurrencyTakeOver.swift
[1600/1801] Compiling NIOPosix PosixSingletons.swift
[1601/1801] Compiling NIOPosix RawSocketBootstrap.swift
[1602/1801] Compiling NIOPosix Resolver.swift
[1603/1808] Compiling X509 OneOfPolicies.swift
[1604/1808] Compiling X509 PolicyBuilder.swift
[1605/1808] Compiling X509 BasicConstraintsPolicy.swift
[1606/1808] Compiling X509 DNSNames.swift
[1607/1808] Compiling X509 ExpiryPolicy.swift
[1608/1808] Compiling X509 IPConstraints.swift
[1609/1808] Compiling X509 NameConstraintsPolicy.swift
[1610/1808] Compiling X509 RFC5280Policy.swift
[1611/1808] Compiling X509 URIConstraints.swift
[1612/1808] Compiling X509 VersionPolicy.swift
[1613/1808] Compiling X509 ServerIdentityPolicy.swift
[1614/1808] Compiling X509 TrustRootLoading.swift
[1615/1808] Compiling X509 UnverifiedChain.swift
[1616/1808] Compiling NIOPosix Windows.swift
[1617/1808] Compiling X509 PromiseAndFuture.swift
[1618/1808] Compiling X509 RDNAttribute.swift
[1619/1808] Compiling X509 RandomNumberGenerator+bytes.swift
[1620/1808] Compiling X509 RelativeDistinguishedName.swift
[1621/1808] Compiling X509 SEC1PrivateKey.swift
[1622/1808] Compiling X509 SecKeyWrapper.swift
[1623/1808] Compiling X509 Signature.swift
[1624/1808] Compiling X509 SignatureAlgorithm.swift
[1625/1808] Compiling X509 AllOfPolicies.swift
[1626/1808] Compiling X509 AnyPolicy.swift
[1627/1808] Compiling X509 CertificateStore.swift
[1628/1808] Compiling X509 CustomCertificateStore.swift
[1636/1808] Compiling NIOPosix Thread.swift
[1637/1808] Compiling NIOPosix ThreadPosix.swift
[1638/1808] Compiling NIOPosix ThreadWindows.swift
[1639/1808] Compiling NIOPosix Utilities.swift
[1640/1808] Compiling NIOPosix VsockAddress.swift
[1641/1808] Compiling NIOPosix VsockChannelEvents.swift
[1642/1808] Compiling X509 NameConstraints.swift
[1643/1808] Compiling X509 SubjectAlternativeName.swift
[1644/1808] Compiling X509 SubjectKeyIdentifier.swift
[1645/1808] Compiling X509 Extension.swift
[1646/1808] Compiling X509 Extensions.swift
[1647/1808] Compiling X509 ExtensionsBuilder.swift
[1648/1808] Compiling X509 GeneralName.swift
[1649/1808] Compiling X509 Lock.swift
[1650/1808] Compiling X509 LockedValueBox.swift
[1651/1808] Compiling X509 BasicOCSPResponse.swift
[1652/1808] Compiling X509 DirectoryString.swift
[1653/1808] Compiling X509 OCSPCertID.swift
[1654/1808] Compiling X509 OCSPCertStatus.swift
[1662/1808] Emitting module X509
[1677/1808] Emitting module NIOPosix
[1706/1809] Wrapping AST for NIOPosix for debugging
[1708/1811] Compiling NIO Exports.swift
[1709/1811] Emitting module NIO
[1710/1812] Wrapping AST for NIO for debugging
[1712/1851] Compiling X509 ValidatedCertificateChain.swift
[1713/1851] Compiling X509 VerificationDiagnostic.swift
[1714/1851] Compiling X509 Verifier.swift
[1715/1851] Compiling X509 VerifierPolicy.swift
[1716/1851] Compiling X509 AlgorithmIdentifier.swift
[1717/1851] Compiling X509 ECDSASignature.swift
[1718/1851] Compiling X509 RSAPKCS1PublicKey.swift
[1719/1851] Compiling X509 SubjectPublicKeyInfo.swift
[1720/1851] Compiling X509 TBSCertificate.swift
[1721/1851] Compiling X509 Time.swift
[1722/1851] Compiling X509 TimeCalculations.swift
[1723/1851] Compiling X509 Validity.swift
[1724/1851] Compiling X509 X509SendableMetatype.swift
[1726/1852] Compiling NIOTLS TLSEvents.swift
[1727/1852] Compiling NIOSOCKS SOCKSResponse.swift
[1728/1853] Emitting module NIOFoundationCompat
[1729/1853] Compiling NIOFoundationCompat WaitSpinningRunLoop.swift
[1730/1853] Compiling NIOFoundationCompat JSONSerialization+ByteBuffer.swift
[1731/1853] Compiling NIOFoundationCompat Exports.swift
[1732/1853] Compiling NIOSOCKS ClientStateMachine.swift
[1733/1853] Emitting module NIOTLS
[1734/1853] Compiling NIOTLS ProtocolNegotiationHandlerStateMachine.swift
[1735/1853] Compiling NIOTLS ApplicationProtocolNegotiationHandler.swift
[1736/1853] Compiling NIOSOCKS SelectedAuthenticationMethod.swift
[1736/1853] Wrapping AST for X509 for debugging
[1739/1892] Compiling JWTKit JWTHeader+CommonFields.swift
[1740/1892] Compiling JWTKit JWTHeader.swift
[1740/1921] Wrapping AST for NIOFoundationCompat for debugging
[1742/1921] Compiling JWTKit JWTAlgorithm.swift
[1743/1921] Compiling JWTKit JWTError.swift
[1746/1923] Compiling JWTKit JWTHeaderField.swift
[1747/1923] Compiling JWTKit JWTKeyCollection.swift
[1748/1923] Emitting module NIOSOCKS
[1749/1923] Compiling JWTKit JWTParser+MandatoryVerificationFields.swift
[1750/1923] Compiling JWTKit JWTParser.swift
[1751/1923] Compiling NIOSOCKS ServerStateMachine.swift
[1753/1924] Compiling NIOTLS SNIHandler.swift
[1754/1924] Compiling NIOTLS NIOTypedApplicationProtocolNegotiationHandler.swift
[1758/1925] Wrapping AST for NIOSOCKS for debugging
[1760/1925] Compiling JWTKit ECDSACurve.swift
[1761/1925] Compiling JWTKit ECDSACurveType.swift
[1762/1925] Compiling JWTKit TenantIDClaim.swift
[1763/1925] Compiling JWTKit ECDSA.swift
[1763/1925] Wrapping AST for NIOTLS for debugging
[1765/1955] Compiling NIOSSL IdentityVerification.swift
[1766/1955] Compiling NIOSSL SSLContext.swift
[1767/1955] Emitting module JWTKit
[1768/1955] Compiling JWTKit JWTSerializer.swift
[1769/1955] Compiling JWTKit JWTSigner.swift
[1770/1955] Compiling JWTKit JWTKeyCollection+MLDSA.swift
[1771/1955] Compiling JWTKit MLDSA.swift
[1772/1955] Compiling JWTKit MLDSA65+MLDSAKey.swift
[1773/1955] Compiling JWTKit MLDSA87+MLDSAKey.swift
[1774/1955] Compiling JWTKit MLDSAError.swift
[1775/1955] Compiling JWTKit MLDSAKey.swift
[1776/1955] Compiling JWTKit MLDSASigner.swift
[1777/1964] Compiling JWTKit MLDSAType.swift
[1778/1964] Compiling JWTKit JWTKeyCollection+UnsecuredNone.swift
[1779/1964] Compiling JWTKit UnsecuredNoneSigner.swift
[1780/1964] Compiling JWTKit JWTKeyCollection+RSA.swift
[1781/1964] Compiling JWTKit RSA.swift
[1782/1964] Compiling JWTKit RSAError.swift
[1783/1964] Compiling JWTKit RSASigner.swift
[1784/1964] Compiling JWTKit Base64URL.swift
[1785/1964] Compiling JWTKit CryptoSigner.swift
[1786/1964] Compiling NIOSSL PosixPort.swift
[1787/1964] Compiling NIOSSL SSLCallbacks.swift
[1788/1964] Compiling NIOSSL SSLCertificateExtensions.swift
[1789/1964] Compiling NIOSSL SSLCertificateName.swift
[1790/1964] Compiling NIOSSL ObjectIdentifier.swift
[1793/1964] Compiling NIOSSL AndroidCABundle.swift
[1794/1964] Compiling NIOSSL ByteBufferBIO.swift
[1795/1964] Compiling NIOSSL CustomPrivateKey.swift
[1796/1964] Compiling NIOSSL FreeBSDCABundle.swift
[1799/1964] Compiling NIOSSL SSLErrors.swift
[1800/1964] Compiling JWTKit ECDSASigningAlgorithm.swift
[1801/1964] Compiling JWTKit JWTKeyCollection+ECDSA.swift
[1802/1964] Compiling JWTKit P256+CurveType.swift
[1803/1964] Compiling JWTKit P384+CurveType.swift
[1804/1964] Compiling JWTKit P521+CurveType.swift
[1805/1964] Compiling JWTKit EdDSA.swift
[1806/1964] Compiling JWTKit EdDSACurve.swift
[1807/1964] Compiling JWTKit EdDSAError.swift
[1808/1964] Compiling JWTKit EdDSASigner.swift
[1809/1964] Compiling JWTKit JWTKeyCollection+EdDSA.swift
[1810/1964] Compiling NIOSSL LinuxCABundle.swift
[1811/1964] Compiling NIOSSL NIOSSLClientHandler.swift
[1812/1964] Compiling NIOSSL NIOSSLHandler+Configuration.swift
[1813/1964] Compiling NIOSSL NIOSSLHandler.swift
[1814/1964] Compiling NIOSSL SSLCertificate.swift
[1817/1964] Compiling NIOSSL SSLConnection.swift
[1818/1964] Compiling NIOSSL NIOSSLServerHandler.swift
[1819/1964] Compiling NIOSSL SSLInit.swift
[1820/1964] Compiling NIOSSL SSLPKCS12Bundle.swift
[1821/1964] Compiling NIOSSL SubjectAlternativeName.swift
[1822/1964] Compiling NIOSSL NIOSSLSecureBytes.swift
[1823/1964] Compiling NIOSSL RNG.swift
[1824/1964] Compiling NIOSSL SafeCompare.swift
[1825/1964] Compiling NIOSSL SSLPrivateKey.swift
[1826/1964] Compiling NIOSSL SSLPublicKey.swift
[1827/1964] Compiling NIOSSL SecurityFrameworkCertificateVerification.swift
[1828/1964] Compiling NIOSSL String+unsafeUninitializedCapacity.swift
[1829/1964] Compiling JWTKit HMAC.swift
[1830/1964] Compiling JWTKit HMACError.swift
[1831/1964] Compiling JWTKit HMACSigner.swift
[1832/1964] Compiling JWTKit JWTKeyCollection+HMAC.swift
[1833/1964] Compiling JWTKit Insecure.swift
[1834/1964] Compiling JWTKit JWK.swift
[1835/1964] Compiling JWTKit JWKIdentifier.swift
[1836/1964] Compiling JWTKit JWKS.swift
[1837/1964] Compiling JWTKit JWKSigner.swift
[1838/1964] Emitting module NIOSSL
[1843/1968] Emitting module NIOHTTP1
[1855/1970] Wrapping AST for NIOHTTP1 for debugging
[1857/1986] Compiling NIOHPACK HPACKHeader.swift
[1858/1986] Compiling NIOHPACK HeaderTables.swift
[1870/1986] Compiling JWTKit CustomizedJSONCoders.swift
[1871/1986] Compiling JWTKit Utilities.swift
[1872/1986] Compiling JWTKit AppleIdentityToken.swift
[1873/1986] Compiling JWTKit FirebaseAuthIdentityToken.swift
[1874/1986] Compiling JWTKit GoogleIdentityToken.swift
[1875/1986] Compiling JWTKit MicrosoftIdentityToken.swift
[1876/1986] Compiling JWTKit EmptyPolicy.swift
[1877/1986] Compiling JWTKit ValidationTimePayload.swift
[1878/1986] Compiling JWTKit X5CVerifier.swift
[1880/1987] Compiling NIOHPACK IndexedHeaderTable.swift
[1881/1987] Compiling NIOHPACK IntegerCoding.swift
[1886/1987] Compiling NIOHTTPCompression HTTPRequestCompressor.swift
[1887/1988] Compiling NIOHTTPCompression HTTPDecompressor.swift
[1887/1988] Wrapping AST for JWTKit for debugging
[1889/1988] Compiling NIOHPACK HuffmanCoding.swift
[1890/1988] Compiling NIOHPACK HuffmanTables.swift
[1891/1988] Emitting module NIOHTTPCompression
[1892/1988] Compiling NIOHTTPCompression HTTPDecompression.swift
[1893/1988] Compiling NIOHTTPCompression HTTPCompression.swift
[1894/1988] Compiling NIOHPACK StaticHeaderTable.swift
[1895/1988] Compiling NIOHTTPCompression HTTPResponseCompressor.swift
[1896/1989] Wrapping AST for NIOHTTPCompression for debugging
[1898/1989] Compiling NIOHPACK HPACKEncoder.swift
[1899/1989] Compiling NIOHPACK HPACKErrors.swift
[1900/1989] Compiling NIOHPACK DynamicHeaderTable.swift
[1901/1989] Compiling NIOHPACK HPACKDecoder.swift
[1904/1989] Emitting module NIOHPACK
[1906/1990] Compiling NIOSSL Zeroization.swift
[1907/1990] Compiling NIOSSL TLSConfiguration.swift
[1908/1990] Compiling NIOSSL UniversalBootstrapSupport.swift
[1909/1990] Compiling NIOSSL UnsafeKeyAndChainTarget.swift
[1909/1991] Wrapping AST for NIOHPACK for debugging
[1911/2054] Wrapping AST for NIOSSL for debugging
[1913/2054] Compiling NIOHTTP2 DOSHeuristics.swift
[1914/2054] Compiling NIOHTTP2 Error+Any.swift
[1915/2054] Compiling NIOHTTP2 ConcurrentStreamBuffer.swift
[1916/2054] Compiling NIOHTTP2 ControlFrameBuffer.swift
[1917/2054] Compiling NIOHTTP2 OutboundFlowControlBuffer.swift
[1918/2054] Compiling NIOHTTP2 OutboundFrameBuffer.swift
[1919/2054] Compiling NIOHTTP2 GlitchesMonitor.swift
[1920/2054] Compiling NIOHTTP2 HPACKHeaders+Validation.swift
[1921/2054] Compiling NIOHTTP2 HTTP2ChannelHandler+InboundStreamMultiplexer.swift
[1922/2062] Compiling NIOHTTP2 HTTP2StreamMultiplexer.swift
[1923/2062] Compiling NIOHTTP2 HTTP2ToHTTP1Codec.swift
[1924/2062] Compiling NIOHTTP2 HTTP2UserEvents.swift
[1925/2062] Compiling NIOHTTP2 InboundEventBuffer.swift
[1926/2062] Compiling NIOHTTP2 InboundWindowManager.swift
[1927/2062] Compiling NIOHTTP2 MultiplexerAbstractChannel.swift
[1928/2062] Compiling NIOHTTP2 NIOHTTP2FrameDelegate.swift
[1929/2062] Compiling NIOHTTP2 NIOHTTP2ServerConnectionManagementHandler+StateMachine.swift
[1930/2062] Compiling NIOHTTP2 ConnectionStateMachine.swift
[1931/2062] Compiling NIOHTTP2 ConnectionStreamsState.swift
[1932/2062] Compiling NIOHTTP2 MayReceiveFrames.swift
[1933/2062] Compiling NIOHTTP2 ReceivingDataState.swift
[1934/2062] Compiling NIOHTTP2 ReceivingGoAwayState.swift
[1935/2062] Compiling NIOHTTP2 ReceivingHeadersState.swift
[1936/2062] Compiling NIOHTTP2 ReceivingPushPromiseState.swift
[1937/2062] Compiling NIOHTTP2 ReceivingRstStreamState.swift
[1938/2062] Compiling NIOHTTP2 ReceivingWindowUpdateState.swift
[1939/2062] Compiling NIOHTTP2 NIOHTTP2ServerConnectionManagementHandler.swift
[1940/2062] Compiling NIOHTTP2 StreamChannelFlowController.swift
[1941/2062] Compiling NIOHTTP2 StreamChannelList.swift
[1942/2062] Compiling NIOHTTP2 StreamMap.swift
[1943/2062] Compiling NIOHTTP2 StreamStateMachine.swift
[1944/2062] Compiling NIOHTTP2 Timer.swift
[1945/2062] Compiling NIOHTTP2 UnsafeTransfer.swift
[1946/2062] Compiling NIOHTTP2 WatermarkedFlowController.swift
[1947/2062] Compiling NIOHTTP2 HTTP2FrameParser.swift
[1948/2062] Compiling NIOHTTP2 HTTP2PingData.swift
[1949/2062] Compiling NIOHTTP2 HTTP2PipelineHelpers.swift
[1950/2062] Compiling NIOHTTP2 HTTP2Settings.swift
[1951/2062] Compiling NIOHTTP2 HTTP2Stream.swift
[1952/2062] Compiling NIOHTTP2 HTTP2StreamChannel+OutboundStreamMultiplexer.swift
[1953/2062] Compiling NIOHTTP2 HTTP2StreamChannel.swift
[1954/2062] Compiling NIOHTTP2 HTTP2StreamDelegate.swift
[1955/2062] Compiling NIOHTTP2 HTTP2StreamID.swift
[1956/2062] Compiling NIOHTTP2 HTTP2ChannelHandler+InlineStreamMultiplexer.swift
[1957/2062] Compiling NIOHTTP2 HTTP2ChannelHandler.swift
[1958/2062] Compiling NIOHTTP2 HTTP2CommonInboundStreamMultiplexer.swift
[1959/2062] Compiling NIOHTTP2 HTTP2ConnectionStateChange.swift
[1960/2062] Compiling NIOHTTP2 HTTP2Error.swift
[1961/2062] Compiling NIOHTTP2 HTTP2ErrorCode.swift
[1962/2062] Compiling NIOHTTP2 HTTP2FlowControlWindow.swift
[1963/2062] Compiling NIOHTTP2 HTTP2Frame.swift
[1964/2062] Compiling NIOHTTP2 HTTP2FrameEncoder.swift
[1965/2062] Emitting module NIOHTTP2
[1966/2062] Compiling NIOHTTP2 MaySendFrames.swift
[1967/2062] Compiling NIOHTTP2 SendingDataState.swift
[1968/2062] Compiling NIOHTTP2 SendingGoawayState.swift
[1969/2062] Compiling NIOHTTP2 SendingHeadersState.swift
[1970/2062] Compiling NIOHTTP2 SendingPushPromiseState.swift
[1971/2062] Compiling NIOHTTP2 SendingRstStreamState.swift
[1972/2062] Compiling NIOHTTP2 SendingWindowUpdateState.swift
[1973/2062] Compiling NIOHTTP2 HTTP2SettingsState.swift
[1974/2062] Compiling NIOHTTP2 HasExtendedConnectSettings.swift
[1975/2062] Compiling NIOHTTP2 HasFlowControlWindows.swift
[1976/2062] Compiling NIOHTTP2 HasLocalSettings.swift
[1977/2062] Compiling NIOHTTP2 HasRemoteSettings.swift
[1978/2062] Compiling NIOHTTP2 LocallyQuiescingState.swift
[1979/2062] Compiling NIOHTTP2 QuiescingState.swift
[1980/2062] Compiling NIOHTTP2 RemotelyQuiescingState.swift
[1981/2062] Compiling NIOHTTP2 SendAndReceiveGoawayState.swift
[1982/2062] Compiling NIOHTTP2 StateMachineResult.swift
[1983/2062] Compiling NIOHTTP2 ContentLengthVerifier.swift
[1984/2063] Wrapping AST for NIOHTTP2 for debugging
[1986/2127] Emitting module AsyncHTTPClient
[1987/2135] Compiling AsyncHTTPClient RequestValidation.swift
[1988/2135] Compiling AsyncHTTPClient SSLContextCache.swift
[1989/2135] Compiling AsyncHTTPClient Scheme.swift
[1990/2135] Compiling AsyncHTTPClient Singleton.swift
[1991/2135] Compiling AsyncHTTPClient StringConvertibleInstances.swift
[1992/2135] Compiling AsyncHTTPClient StructuredConcurrencyHelpers.swift
[1993/2135] Compiling AsyncHTTPClient TracingSupport.swift
[1994/2135] Compiling AsyncHTTPClient Utils.swift
[1995/2135] Compiling AsyncHTTPClient HTTP1ProxyConnectHandler.swift
[1996/2135] Compiling AsyncHTTPClient SOCKSEventsHandler.swift
[1997/2135] Compiling AsyncHTTPClient TLSEventsHandler.swift
[1998/2135] Compiling AsyncHTTPClient HTTP1ClientChannelHandler.swift
[1999/2135] Compiling AsyncHTTPClient HTTP1Connection.swift
[2000/2135] Compiling AsyncHTTPClient HTTP1ConnectionStateMachine.swift
[2001/2135] Compiling AsyncHTTPClient HTTP2ClientRequestHandler.swift
[2002/2135] Compiling AsyncHTTPClient HTTP2Connection.swift
[2003/2135] Compiling AsyncHTTPClient HTTP2IdleHandler.swift
[2004/2135] Compiling AsyncHTTPClient HTTPConnectionEvent.swift
[2005/2135] Compiling AsyncHTTPClient HTTPConnectionPool+Factory.swift
[2006/2135] Compiling AsyncHTTPClient HTTPConnectionPool+Manager.swift
[2007/2135] Compiling AsyncHTTPClient HTTPConnectionPool.swift
[2008/2135] Compiling AsyncHTTPClient HTTPExecutableRequest.swift
[2009/2135] Compiling AsyncHTTPClient HTTPRequestStateMachine+Demand.swift
[2010/2135] Compiling AsyncHTTPClient HTTPRequestStateMachine.swift
[2011/2135] Compiling AsyncHTTPClient RequestBodyLength.swift
[2012/2135] Compiling AsyncHTTPClient RequestFramingMetadata.swift
[2013/2135] Compiling AsyncHTTPClient DeconstructedURL.swift
[2014/2135] Compiling AsyncHTTPClient FileDownloadDelegate.swift
[2015/2135] Compiling AsyncHTTPClient FoundationExtensions.swift
[2016/2135] Compiling AsyncHTTPClient HTTPClient+HTTPCookie.swift
[2017/2135] Compiling AsyncHTTPClient HTTPClient+Proxy.swift
[2018/2135] Compiling AsyncHTTPClient HTTPClient+StructuredConcurrency.swift
[2019/2135] Compiling AsyncHTTPClient HTTPClient.swift
[2020/2135] Compiling AsyncHTTPClient HTTPClientConfiguration+SwiftConfiguration.swift
[2021/2135] Compiling AsyncHTTPClient HTTPHandler.swift
[2022/2135] Compiling AsyncHTTPClient AnyAsyncSequence.swift
[2023/2135] Compiling AsyncHTTPClient AnyAsyncSequenceProucerDelete.swift
[2024/2135] Compiling AsyncHTTPClient AsyncLazySequence.swift
[2025/2135] Compiling AsyncHTTPClient HTTPClient+execute.swift
[2026/2135] Compiling AsyncHTTPClient HTTPClient+shutdown.swift
[2027/2135] Compiling AsyncHTTPClient HTTPClient+tracing.swift
[2028/2135] Compiling AsyncHTTPClient HTTPClientRequest+Prepared.swift
[2029/2135] Compiling AsyncHTTPClient HTTPClientRequest+auth.swift
[2030/2135] Compiling AsyncHTTPClient HTTPClientRequest.swift
[2031/2135] Compiling AsyncHTTPClient RequestOptions.swift
[2032/2135] Compiling AsyncHTTPClient HTTPConnectionPool+Backoff.swift
[2033/2135] Compiling AsyncHTTPClient HTTPConnectionPool+HTTP1Connections.swift
[2034/2135] Compiling AsyncHTTPClient HTTPConnectionPool+HTTP1StateMachine.swift
[2035/2135] Compiling AsyncHTTPClient HTTPConnectionPool+HTTP2Connections.swift
[2036/2135] Compiling AsyncHTTPClient HTTPConnectionPool+HTTP2StateMachine.swift
[2037/2135] Compiling AsyncHTTPClient HTTPConnectionPool+RequestQueue.swift
[2038/2135] Compiling AsyncHTTPClient HTTPConnectionPool+StateMachine.swift
[2039/2135] Compiling AsyncHTTPClient ConnectionTarget.swift
[2040/2135] Compiling AsyncHTTPClient LRUCache.swift
[2041/2135] Compiling AsyncHTTPClient NIOLoopBound+Execute.swift
[2042/2135] Compiling AsyncHTTPClient NWErrorHandler.swift
[2043/2135] Compiling AsyncHTTPClient NWWaitingHandler.swift
[2044/2135] Compiling AsyncHTTPClient TLSConfiguration.swift
[2045/2135] Compiling AsyncHTTPClient RedirectState.swift
[2046/2135] Compiling AsyncHTTPClient RequestBag+StateMachine.swift
[2047/2135] Compiling AsyncHTTPClient RequestBag+Tracing.swift
[2048/2135] Compiling AsyncHTTPClient RequestBag.swift
[2049/2135] Compiling AsyncHTTPClient HTTPClientResponse.swift
[2050/2135] Compiling AsyncHTTPClient SingleIteratorPrecondition.swift
[2051/2135] Compiling AsyncHTTPClient Transaction+StateMachine.swift
[2052/2135] Compiling AsyncHTTPClient Transaction.swift
[2053/2135] Compiling AsyncHTTPClient Base64.swift
[2054/2135] Compiling AsyncHTTPClient BasicAuth.swift
[2055/2135] Compiling AsyncHTTPClient BestEffortHashableTLSConfiguration.swift
[2056/2135] Compiling AsyncHTTPClient Configuration+BrowserLike.swift
[2057/2135] Compiling AsyncHTTPClient ConnectionPool.swift
[2058/2136] Wrapping AST for AsyncHTTPClient for debugging
[2060/2159] Emitting module GoogleAuth
[2061/2162] Compiling GoogleAuth AuthHTTPClient.swift
[2062/2162] Compiling GoogleAuth AuthHTTPError.swift
[2063/2162] Compiling GoogleAuth RetryEngine.swift
[2064/2162] Compiling GoogleAuth AnonymousCredentials.swift
[2065/2162] Compiling GoogleAuth ApiKeyCredentials.swift
[2066/2162] Compiling GoogleAuth ExternalAccountCredentials.swift
[2067/2162] Compiling GoogleAuth CredentialParserRegistry.swift
[2068/2162] Compiling GoogleAuth Credentials.swift
[2069/2162] Compiling GoogleAuth CredentialsError.swift
[2070/2162] Compiling GoogleAuth ServiceAccountCredentials.swift
[2071/2162] Compiling GoogleAuth ServiceAccountData.swift
[2072/2162] Compiling GoogleAuth ServiceAccountTokenProvider.swift
[2073/2162] Compiling GoogleAuth SubjectTokenProvider.swift
[2074/2162] Compiling GoogleAuth MDSAccessTokenProvider.swift
[2075/2162] Compiling GoogleAuth MDSCredentials.swift
[2076/2162] Compiling GoogleAuth UserAccountData.swift
[2077/2162] Compiling GoogleAuth UserAccountTokenProvider.swift
[2078/2162] Compiling GoogleAuth UserCredentials.swift
[2079/2162] Compiling GoogleAuth ADC.swift
[2080/2162] Compiling GoogleAuth ADCPath.swift
[2081/2162] Compiling GoogleAuth ADCResolver.swift
[2082/2162] Compiling GoogleAuth AuthHeaders.swift
[2083/2162] Compiling GoogleAuth STSHandler.swift
[2084/2162] Compiling GoogleAuth TokenCache.swift
[2085/2162] Compiling GoogleAuth PackageVersion.swift
[2086/2163] Wrapping AST for GoogleAuth for debugging
[2088/2221] Compiling GoogleGax AIP194+PollingErrorPolicy.swift
[2089/2221] Compiling GoogleGax AIP194+RetryPolicy.swift
[2090/2221] Compiling GoogleGax AIP194.swift
[2091/2221] Compiling GoogleGax AdaptiveThrottler.swift
[2092/2221] Compiling GoogleGax AlwaysPoll.swift
[2093/2221] Compiling GoogleGax AlwaysRetry.swift
[2094/2221] Compiling GoogleGax ApiClientHeader.swift
[2095/2221] Compiling GoogleGax BackoffPolicy.swift
[2096/2221] Compiling GoogleGax BasePollingErrorPolicy.swift
[2097/2229] Compiling GoogleGax Pagination.swift
/host/spi-builder-workspace/.build/checkouts/swift-google-gax/Sources/GoogleGax/Pagination.swift:44:22: error: cannot convert '@Sendable (String) async throws -> (response: ResponseType, items: [Item], nextToken: String)' to 'nonisolated(nonsending) @Sendable (String) async throws -> (response: ResponseType, items: [Item], nextToken: String)' because crossing of an isolation boundary requires parameter and result types to conform to 'Sendable' protocol
42 | ) where ResponseType: _PaginatedResponse<Item> {
43 | self.initialPageToken = initialPageToken ?? ""
44 | self.fetchPage = { token in
| |- error: cannot convert '@Sendable (String) async throws -> (response: ResponseType, items: [Item], nextToken: String)' to 'nonisolated(nonsending) @Sendable (String) async throws -> (response: ResponseType, items: [Item], nextToken: String)' because crossing of an isolation boundary requires parameter and result types to conform to 'Sendable' protocol
| `- note: type 'Item' does not conform to 'Sendable' protocol
45 | let response = try await listRpc(token)
46 | return (response, response._getPaginatedItems(), response._nextPageToken())
[2098/2229] Compiling GoogleGax PollingBackoffPolicy.swift
/host/spi-builder-workspace/.build/checkouts/swift-google-gax/Sources/GoogleGax/Pagination.swift:44:22: error: cannot convert '@Sendable (String) async throws -> (response: ResponseType, items: [Item], nextToken: String)' to 'nonisolated(nonsending) @Sendable (String) async throws -> (response: ResponseType, items: [Item], nextToken: String)' because crossing of an isolation boundary requires parameter and result types to conform to 'Sendable' protocol
42 | ) where ResponseType: _PaginatedResponse<Item> {
43 | self.initialPageToken = initialPageToken ?? ""
44 | self.fetchPage = { token in
| |- error: cannot convert '@Sendable (String) async throws -> (response: ResponseType, items: [Item], nextToken: String)' to 'nonisolated(nonsending) @Sendable (String) async throws -> (response: ResponseType, items: [Item], nextToken: String)' because crossing of an isolation boundary requires parameter and result types to conform to 'Sendable' protocol
| `- note: type 'Item' does not conform to 'Sendable' protocol
45 | let response = try await listRpc(token)
46 | return (response, response._getPaginatedItems(), response._nextPageToken())
[2099/2229] Compiling GoogleGax PollingErrorPolicy.swift
/host/spi-builder-workspace/.build/checkouts/swift-google-gax/Sources/GoogleGax/Pagination.swift:44:22: error: cannot convert '@Sendable (String) async throws -> (response: ResponseType, items: [Item], nextToken: String)' to 'nonisolated(nonsending) @Sendable (String) async throws -> (response: ResponseType, items: [Item], nextToken: String)' because crossing of an isolation boundary requires parameter and result types to conform to 'Sendable' protocol
42 | ) where ResponseType: _PaginatedResponse<Item> {
43 | self.initialPageToken = initialPageToken ?? ""
44 | self.fetchPage = { token in
| |- error: cannot convert '@Sendable (String) async throws -> (response: ResponseType, items: [Item], nextToken: String)' to 'nonisolated(nonsending) @Sendable (String) async throws -> (response: ResponseType, items: [Item], nextToken: String)' because crossing of an isolation boundary requires parameter and result types to conform to 'Sendable' protocol
| `- note: type 'Item' does not conform to 'Sendable' protocol
45 | let response = try await listRpc(token)
46 | return (response, response._getPaginatedItems(), response._nextPageToken())
[2100/2229] Compiling GoogleGax PollingResult.swift
/host/spi-builder-workspace/.build/checkouts/swift-google-gax/Sources/GoogleGax/Pagination.swift:44:22: error: cannot convert '@Sendable (String) async throws -> (response: ResponseType, items: [Item], nextToken: String)' to 'nonisolated(nonsending) @Sendable (String) async throws -> (response: ResponseType, items: [Item], nextToken: String)' because crossing of an isolation boundary requires parameter and result types to conform to 'Sendable' protocol
42 | ) where ResponseType: _PaginatedResponse<Item> {
43 | self.initialPageToken = initialPageToken ?? ""
44 | self.fetchPage = { token in
| |- error: cannot convert '@Sendable (String) async throws -> (response: ResponseType, items: [Item], nextToken: String)' to 'nonisolated(nonsending) @Sendable (String) async throws -> (response: ResponseType, items: [Item], nextToken: String)' because crossing of an isolation boundary requires parameter and result types to conform to 'Sendable' protocol
| `- note: type 'Item' does not conform to 'Sendable' protocol
45 | let response = try await listRpc(token)
46 | return (response, response._getPaginatedItems(), response._nextPageToken())
[2101/2229] Compiling GoogleGax PollingState.swift
/host/spi-builder-workspace/.build/checkouts/swift-google-gax/Sources/GoogleGax/Pagination.swift:44:22: error: cannot convert '@Sendable (String) async throws -> (response: ResponseType, items: [Item], nextToken: String)' to 'nonisolated(nonsending) @Sendable (String) async throws -> (response: ResponseType, items: [Item], nextToken: String)' because crossing of an isolation boundary requires parameter and result types to conform to 'Sendable' protocol
42 | ) where ResponseType: _PaginatedResponse<Item> {
43 | self.initialPageToken = initialPageToken ?? ""
44 | self.fetchPage = { token in
| |- error: cannot convert '@Sendable (String) async throws -> (response: ResponseType, items: [Item], nextToken: String)' to 'nonisolated(nonsending) @Sendable (String) async throws -> (response: ResponseType, items: [Item], nextToken: String)' because crossing of an isolation boundary requires parameter and result types to conform to 'Sendable' protocol
| `- note: type 'Item' does not conform to 'Sendable' protocol
45 | let response = try await listRpc(token)
46 | return (response, response._getPaginatedItems(), response._nextPageToken())
[2102/2229] Compiling GoogleGax ProtobufConversionError.swift
/host/spi-builder-workspace/.build/checkouts/swift-google-gax/Sources/GoogleGax/Pagination.swift:44:22: error: cannot convert '@Sendable (String) async throws -> (response: ResponseType, items: [Item], nextToken: String)' to 'nonisolated(nonsending) @Sendable (String) async throws -> (response: ResponseType, items: [Item], nextToken: String)' because crossing of an isolation boundary requires parameter and result types to conform to 'Sendable' protocol
42 | ) where ResponseType: _PaginatedResponse<Item> {
43 | self.initialPageToken = initialPageToken ?? ""
44 | self.fetchPage = { token in
| |- error: cannot convert '@Sendable (String) async throws -> (response: ResponseType, items: [Item], nextToken: String)' to 'nonisolated(nonsending) @Sendable (String) async throws -> (response: ResponseType, items: [Item], nextToken: String)' because crossing of an isolation boundary requires parameter and result types to conform to 'Sendable' protocol
| `- note: type 'Item' does not conform to 'Sendable' protocol
45 | let response = try await listRpc(token)
46 | return (response, response._getPaginatedItems(), response._nextPageToken())
[2103/2229] Compiling GoogleGax QueryParameter.swift
/host/spi-builder-workspace/.build/checkouts/swift-google-gax/Sources/GoogleGax/Pagination.swift:44:22: error: cannot convert '@Sendable (String) async throws -> (response: ResponseType, items: [Item], nextToken: String)' to 'nonisolated(nonsending) @Sendable (String) async throws -> (response: ResponseType, items: [Item], nextToken: String)' because crossing of an isolation boundary requires parameter and result types to conform to 'Sendable' protocol
42 | ) where ResponseType: _PaginatedResponse<Item> {
43 | self.initialPageToken = initialPageToken ?? ""
44 | self.fetchPage = { token in
| |- error: cannot convert '@Sendable (String) async throws -> (response: ResponseType, items: [Item], nextToken: String)' to 'nonisolated(nonsending) @Sendable (String) async throws -> (response: ResponseType, items: [Item], nextToken: String)' because crossing of an isolation boundary requires parameter and result types to conform to 'Sendable' protocol
| `- note: type 'Item' does not conform to 'Sendable' protocol
45 | let response = try await listRpc(token)
46 | return (response, response._getPaginatedItems(), response._nextPageToken())
[2104/2229] Compiling GoogleGax RequestError.swift
/host/spi-builder-workspace/.build/checkouts/swift-google-gax/Sources/GoogleGax/Pagination.swift:44:22: error: cannot convert '@Sendable (String) async throws -> (response: ResponseType, items: [Item], nextToken: String)' to 'nonisolated(nonsending) @Sendable (String) async throws -> (response: ResponseType, items: [Item], nextToken: String)' because crossing of an isolation boundary requires parameter and result types to conform to 'Sendable' protocol
42 | ) where ResponseType: _PaginatedResponse<Item> {
43 | self.initialPageToken = initialPageToken ?? ""
44 | self.fetchPage = { token in
| |- error: cannot convert '@Sendable (String) async throws -> (response: ResponseType, items: [Item], nextToken: String)' to 'nonisolated(nonsending) @Sendable (String) async throws -> (response: ResponseType, items: [Item], nextToken: String)' because crossing of an isolation boundary requires parameter and result types to conform to 'Sendable' protocol
| `- note: type 'Item' does not conform to 'Sendable' protocol
45 | let response = try await listRpc(token)
46 | return (response, response._getPaginatedItems(), response._nextPageToken())
[2105/2229] Emitting module GoogleGax
[2106/2229] Compiling GoogleGax RequestOptions.swift
[2107/2229] Compiling GoogleGax RetryLoop.swift
[2108/2229] Compiling GoogleGax RetryPolicy.swift
[2109/2229] Compiling GoogleGax RetryResult.swift
[2110/2229] Compiling GoogleGax RetryState.swift
[2111/2229] Compiling GoogleGax RetryThrottler.swift
[2112/2229] Compiling GoogleGax RetryThrottlerError.swift
[2113/2229] Compiling GoogleGax RoutingMatcher.swift
[2114/2229] Compiling GoogleGax LimitedAttemptCount+PollingErrorPolicy.swift
[2115/2229] Compiling GoogleGax LimitedAttemptCount+RetryPolicy.swift
[2116/2229] Compiling GoogleGax LimitedAttemptCount.swift
[2117/2229] Compiling GoogleGax LimitedElapsedTime+PollingErrorPolicy.swift
[2118/2229] Compiling GoogleGax LimitedElapsedTime+RetryPolicy.swift
[2119/2229] Compiling GoogleGax LimitedElapsedTime.swift
[2120/2229] Compiling GoogleGax LongRunningOperations.swift
[2121/2229] Compiling GoogleGax NeverRetry.swift
[2122/2229] Compiling GoogleGax BaseRetryPolicy.swift
[2123/2229] Compiling GoogleGax BindingError.swift
[2124/2229] Compiling GoogleGax CRC32C.swift
[2125/2229] Compiling GoogleGax CircuitBreaker.swift
[2126/2229] Compiling GoogleGax ClientError.swift
[2127/2229] Compiling GoogleGax ClientOptions.swift
[2128/2229] Compiling GoogleGax ContinueOnIO+PollingErrorPolicy.swift
[2129/2229] Compiling GoogleGax ContinueOnIO+RetryPolicy.swift
[2130/2229] Compiling GoogleGax ContinueOnIO.swift
[2131/2229] Compiling GoogleGax CredentialsProtocol.swift
[2132/2229] Compiling GoogleGax ErrorWrapper.swift
[2133/2229] Compiling GoogleGax ExponentialBackoff+BackoffPolicy.swift
[2134/2229] Compiling GoogleGax ExponentialBackoff+PollingBackoffPolicy.swift
[2135/2229] Compiling GoogleGax ExponentialBackoff.swift
[2136/2229] Compiling GoogleGax HTTPClient.swift
[2137/2229] Compiling GoogleGax HTTPClientHolder.swift
[2138/2229] Compiling GoogleGax HTTPClientProtocol.swift
[2139/2229] Compiling GoogleGax HTTPClientRequest.swift
[2140/2229] Compiling GoogleGax HTTPClientResponse.swift
[2141/2229] Compiling GoogleGax HTTPHeaders.swift
[2142/2229] Compiling GoogleGax HTTPResponseBody.swift
[2143/2229] Compiling GoogleGax HeaderNames.swift
[2144/2229] Compiling GoogleGax Host.swift
[2145/2229] Compiling GoogleGax InProgressResult.swift
[2146/2229] Compiling GoogleGax ServiceError.swift
[2147/2229] Compiling GoogleGax StatusDetail.swift
[2148/2229] Compiling GoogleGax StrictIdempotency.swift
[2149/2229] Compiling GoogleGax ThrottleResult.swift
[2150/2229] Compiling GoogleGax TooManyRequests+PollingErrorPolicy.swift
[2151/2229] Compiling GoogleGax TooManyRequests+RetryPolicy.swift
[2152/2229] Compiling GoogleGax TooManyRequests.swift
[2153/2229] Compiling GoogleGax PackageVersion.swift
BUILD FAILURE 6.2 android