Build Information
Failed to build RotatingLabel, reference main (9df774), with Swift 6.4 for watchOS using Xcode 27.0 on 19 Sep 2026 17:34:48 UTC.
Build Command
env DEVELOPER_DIR=/Applications/Xcode-27.0.0-Release.Candidate.app xcrun xcodebuild -IDEClonedSourcePackagesDirPathOverride=$PWD/.dependencies -skipMacroValidation -skipPackagePluginValidation -derivedDataPath $PWD/.derivedData build -scheme RotatingLabel -destination generic/platform=watchOSBuild Log
========================================
RunAll
========================================
Builder version: 5.1.0
Interrupt handler set up.
========================================
Checkout
========================================
Clone URL: https://github.com/raymondjavaxx/RotatingLabel.git
Reference: main
Initialized empty Git repository in /Users/admin/builder/spi-builder-workspace/.git/
From https://github.com/raymondjavaxx/RotatingLabel
* branch main -> FETCH_HEAD
* [new branch] main -> origin/main
HEAD is now at 9df7745 Docs fix (#17)
Cloned https://github.com/raymondjavaxx/RotatingLabel.git
Revision (git rev-parse @):
9df77451b8013ea168115fb0a587695dd17ea6cc
SPI manifest file found: $PWD/.spi.yml
SUCCESS checkout https://github.com/raymondjavaxx/RotatingLabel.git at main
========================================
Build
========================================
Selected platform: watchOS
Swift version: 6.4
Building package at path: $PWD
https://github.com/raymondjavaxx/RotatingLabel.git
Command line invocation:
/Applications/Xcode-27.0.0-Release.Candidate.app/Contents/Developer/usr/bin/xcodebuild -IDEClonedSourcePackagesDirPathOverride=/Users/admin/builder/spi-builder-workspace/.dependencies -resolvePackageDependencies
Resolve Package Graph
Fetching from https://github.com/pointfreeco/swift-snapshot-testing
Fetching from https://github.com/swiftlang/swift-syntax
Fetching from https://github.com/pointfreeco/swift-custom-dump
Fetching from https://github.com/pointfreeco/swift-issue-reporting
Creating working copy of package ‘swift-snapshot-testing’
Checking out 1.19.5 of package ‘swift-snapshot-testing’
Creating working copy of package ‘swift-custom-dump’
Checking out 1.7.3 of package ‘swift-custom-dump’
Creating working copy of package ‘swift-issue-reporting’
Checking out 2.1.0 of package ‘swift-issue-reporting’
Creating working copy of package ‘swift-syntax’
Checking out 604.0.0 of package ‘swift-syntax’
Resolved source packages:
swift-snapshot-testing: https://github.com/pointfreeco/swift-snapshot-testing @ 1.19.5
swift-syntax: https://github.com/swiftlang/swift-syntax @ 604.0.0
swift-issue-reporting: https://github.com/pointfreeco/swift-issue-reporting @ 2.1.0
swift-custom-dump: https://github.com/pointfreeco/swift-custom-dump @ 1.7.3
resolved source packages: swift-snapshot-testing, swift-syntax, swift-issue-reporting, swift-custom-dump
{
"dependencies" : [
],
"manifest_display_name" : "RotatingLabel",
"name" : "RotatingLabel",
"path" : "/Users/admin/builder/spi-builder-workspace",
"platforms" : [
{
"name" : "ios",
"version" : "13.0"
},
{
"name" : "tvos",
"version" : "13.0"
}
],
"products" : [
{
"name" : "RotatingLabel",
"targets" : [
"RotatingLabel"
],
"type" : {
"library" : [
"automatic"
]
}
}
],
"targets" : [
{
"c99name" : "RotatingLabel",
"module_type" : "SwiftTarget",
"name" : "RotatingLabel",
"path" : "RotatingLabel",
"product_memberships" : [
"RotatingLabel"
],
"sources" : [
"DiffingFunction.swift",
"RotatingLabel.swift"
],
"type" : "library"
}
],
"tools_version" : "5.1"
}
{
"project" : {
"configurations" : [
"Debug",
"Release"
],
"name" : "RotatingLabel",
"schemes" : [
"RotatingLabel",
"RotatingLabelDemo"
],
"targets" : [
"RotatingLabel",
"RotatingLabelTests"
]
}
}
{
"workspace" : {
"name" : "RotatingLabel",
"schemes" : [
"RotatingLabel"
]
}
}
2026-09-19 13:34:38.374 xcodebuild[812:5019] [MT] IDERunDestination: Supported platforms for the buildables in the current scheme is empty.
Running build ...
env DEVELOPER_DIR=/Applications/Xcode-27.0.0-Release.Candidate.app xcrun xcodebuild -IDEClonedSourcePackagesDirPathOverride=$PWD/.dependencies -skipMacroValidation -skipPackagePluginValidation -derivedDataPath $PWD/.derivedData build -scheme RotatingLabel -destination generic/platform=watchOS
Command line invocation:
/Applications/Xcode-27.0.0-Release.Candidate.app/Contents/Developer/usr/bin/xcodebuild -IDEClonedSourcePackagesDirPathOverride=/Users/admin/builder/spi-builder-workspace/.dependencies -skipMacroValidation -skipPackagePluginValidation -derivedDataPath /Users/admin/builder/spi-builder-workspace/.derivedData build -scheme RotatingLabel -destination generic/platform=watchOS
Resolve Package Graph
Resolved source packages:
RotatingLabel: /Users/admin/builder/spi-builder-workspace
ComputePackagePrebuildTargetDependencyGraph
Prepare packages
CreateBuildRequest
SendProjectDescription
CreateBuildOperation
ComputeTargetDependencyGraph
note: Building targets in dependency order
note: Target dependency graph (2 targets)
Target 'RotatingLabel-product' in project 'RotatingLabel'
➜ Explicit dependency on target 'RotatingLabel' in project 'RotatingLabel'
Target 'RotatingLabel' in project 'RotatingLabel' (no dependencies)
GatherProvisioningInputs
CreateBuildDescription
ExecuteExternalTool /Applications/Xcode-27.0.0-Release.Candidate.app/Contents/Developer/Toolchains/XcodeDefault.xctoolchain/usr/bin/clang -v -E -dM -isysroot /Applications/Xcode-27.0.0-Release.Candidate.app/Contents/Developer/Platforms/WatchOS.platform/Developer/SDKs/WatchOS27.0.sdk -x c -c /dev/null
ExecuteExternalTool /Applications/Xcode-27.0.0-Release.Candidate.app/Contents/Developer/Toolchains/XcodeDefault.xctoolchain/usr/bin/swiftc --version
ExecuteExternalTool /Applications/Xcode-27.0.0-Release.Candidate.app/Contents/Developer/Toolchains/XcodeDefault.xctoolchain/usr/bin/ld -version_details
Build description signature: 4fc813958375710107704573e6d27898
Build description path: /Users/admin/builder/spi-builder-workspace/.derivedData/Build/Intermediates.noindex/XCBuildData/4fc813958375710107704573e6d27898.xcbuilddata
CreateBuildDirectory /Users/admin/builder/spi-builder-workspace/.derivedData/SDKExplicitPrecompiledModules
cd /Users/admin/builder/spi-builder-workspace/.swiftpm/xcode
builtin-create-build-directory /Users/admin/builder/spi-builder-workspace/.derivedData/SDKExplicitPrecompiledModules
CreateBuildDirectory /Users/admin/builder/spi-builder-workspace/.derivedData/ModuleCache.noindex
cd /Users/admin/builder/spi-builder-workspace/.swiftpm/xcode
builtin-create-build-directory /Users/admin/builder/spi-builder-workspace/.derivedData/ModuleCache.noindex
CreateBuildDirectory /Users/admin/builder/spi-builder-workspace/.derivedData/CompilationCache.noindex
cd /Users/admin/builder/spi-builder-workspace/.swiftpm/xcode
builtin-create-build-directory /Users/admin/builder/spi-builder-workspace/.derivedData/CompilationCache.noindex
CreateBuildDirectory /Users/admin/builder/spi-builder-workspace/.derivedData/Build/Intermediates.noindex
cd /Users/admin/builder/spi-builder-workspace/.swiftpm/xcode
builtin-create-build-directory /Users/admin/builder/spi-builder-workspace/.derivedData/Build/Intermediates.noindex
CreateBuildDirectory /Users/admin/builder/spi-builder-workspace/.derivedData/Build/Products
cd /Users/admin/builder/spi-builder-workspace/.swiftpm/xcode
builtin-create-build-directory /Users/admin/builder/spi-builder-workspace/.derivedData/Build/Products
ClangStatCache /Applications/Xcode-27.0.0-Release.Candidate.app/Contents/Developer/Toolchains/XcodeDefault.xctoolchain/usr/bin/clang-stat-cache /Applications/Xcode-27.0.0-Release.Candidate.app/Contents/Developer/Platforms/WatchOS.platform/Developer/SDKs/WatchOS27.0.sdk /Users/admin/builder/spi-builder-workspace/.derivedData/SDKStatCaches.noindex/watchos27.0-24R360-e829b21a6f8c9b70876ba0858053c04477534ef55a1706bf4c1112bbb242f0a2.sdkstatcache
cd /Users/admin/builder/spi-builder-workspace/.swiftpm/xcode
/Applications/Xcode-27.0.0-Release.Candidate.app/Contents/Developer/Toolchains/XcodeDefault.xctoolchain/usr/bin/clang-stat-cache /Applications/Xcode-27.0.0-Release.Candidate.app/Contents/Developer/Platforms/WatchOS.platform/Developer/SDKs/WatchOS27.0.sdk -o /Users/admin/builder/spi-builder-workspace/.derivedData/SDKStatCaches.noindex/watchos27.0-24R360-e829b21a6f8c9b70876ba0858053c04477534ef55a1706bf4c1112bbb242f0a2.sdkstatcache
CreateBuildDirectory /Users/admin/builder/spi-builder-workspace/.derivedData/Build/Intermediates.noindex/SwiftExplicitPrecompiledModules
cd /Users/admin/builder/spi-builder-workspace/.swiftpm/xcode
builtin-create-build-directory /Users/admin/builder/spi-builder-workspace/.derivedData/Build/Intermediates.noindex/SwiftExplicitPrecompiledModules
CreateBuildDirectory /Users/admin/builder/spi-builder-workspace/.derivedData/Build/Intermediates.noindex/PrecompiledHeaders
cd /Users/admin/builder/spi-builder-workspace/.swiftpm/xcode
builtin-create-build-directory /Users/admin/builder/spi-builder-workspace/.derivedData/Build/Intermediates.noindex/PrecompiledHeaders
CreateBuildDirectory /Users/admin/builder/spi-builder-workspace/.derivedData/Build/Intermediates.noindex/ExplicitPrecompiledModules
cd /Users/admin/builder/spi-builder-workspace/.swiftpm/xcode
builtin-create-build-directory /Users/admin/builder/spi-builder-workspace/.derivedData/Build/Intermediates.noindex/ExplicitPrecompiledModules
CreateBuildDirectory /Users/admin/builder/spi-builder-workspace/.derivedData/Build/Products/Debug-watchos
cd /Users/admin/builder/spi-builder-workspace/.swiftpm/xcode
builtin-create-build-directory /Users/admin/builder/spi-builder-workspace/.derivedData/Build/Products/Debug-watchos
CreateBuildDirectory /Users/admin/builder/spi-builder-workspace/.derivedData/Build/Intermediates.noindex/EagerLinkingTBDs/Debug-watchos
cd /Users/admin/builder/spi-builder-workspace/.swiftpm/xcode
builtin-create-build-directory /Users/admin/builder/spi-builder-workspace/.derivedData/Build/Intermediates.noindex/EagerLinkingTBDs/Debug-watchos
CreateBuildDirectory /Users/admin/builder/spi-builder-workspace/.derivedData/Build/Products/Debug-watchos/PackageFrameworks
cd /Users/admin/builder/spi-builder-workspace/.swiftpm/xcode
builtin-create-build-directory /Users/admin/builder/spi-builder-workspace/.derivedData/Build/Products/Debug-watchos/PackageFrameworks
WriteAuxiliaryFile /Users/admin/builder/spi-builder-workspace/.derivedData/Build/Intermediates.noindex/RotatingLabel.build/Debug-watchos/RotatingLabel-t.build/RotatingLabel.DependencyStaticMetadataFileList (in target 'RotatingLabel' from project 'RotatingLabel')
cd /Users/admin/builder/spi-builder-workspace
write-file /Users/admin/builder/spi-builder-workspace/.derivedData/Build/Intermediates.noindex/RotatingLabel.build/Debug-watchos/RotatingLabel-t.build/RotatingLabel.DependencyStaticMetadataFileList
WriteAuxiliaryFile /Users/admin/builder/spi-builder-workspace/.derivedData/Build/Intermediates.noindex/RotatingLabel.build/Debug-watchos/RotatingLabel-t.build/RotatingLabel.modulemap (in target 'RotatingLabel' from project 'RotatingLabel')
cd /Users/admin/builder/spi-builder-workspace
write-file /Users/admin/builder/spi-builder-workspace/.derivedData/Build/Intermediates.noindex/RotatingLabel.build/Debug-watchos/RotatingLabel-t.build/RotatingLabel.modulemap
WriteAuxiliaryFile /Users/admin/builder/spi-builder-workspace/.derivedData/Build/Intermediates.noindex/RotatingLabel.build/Debug-watchos/RotatingLabel-t.build/RotatingLabel.DependencyMetadataFileList (in target 'RotatingLabel' from project 'RotatingLabel')
cd /Users/admin/builder/spi-builder-workspace
write-file /Users/admin/builder/spi-builder-workspace/.derivedData/Build/Intermediates.noindex/RotatingLabel.build/Debug-watchos/RotatingLabel-t.build/RotatingLabel.DependencyMetadataFileList
WriteAuxiliaryFile /Users/admin/builder/spi-builder-workspace/.derivedData/Build/Intermediates.noindex/RotatingLabel.build/Debug-watchos/RotatingLabel-t.build/Objects-normal/arm64_32/RotatingLabel-OutputFileMap.json (in target 'RotatingLabel' from project 'RotatingLabel')
cd /Users/admin/builder/spi-builder-workspace
write-file /Users/admin/builder/spi-builder-workspace/.derivedData/Build/Intermediates.noindex/RotatingLabel.build/Debug-watchos/RotatingLabel-t.build/Objects-normal/arm64_32/RotatingLabel-OutputFileMap.json
WriteAuxiliaryFile /Users/admin/builder/spi-builder-workspace/.derivedData/Build/Intermediates.noindex/RotatingLabel.build/Debug-watchos/RotatingLabel-t.build/Objects-normal/arm64_32/RotatingLabel.SwiftFileList (in target 'RotatingLabel' from project 'RotatingLabel')
cd /Users/admin/builder/spi-builder-workspace
write-file /Users/admin/builder/spi-builder-workspace/.derivedData/Build/Intermediates.noindex/RotatingLabel.build/Debug-watchos/RotatingLabel-t.build/Objects-normal/arm64_32/RotatingLabel.SwiftFileList
WriteAuxiliaryFile /Users/admin/builder/spi-builder-workspace/.derivedData/Build/Intermediates.noindex/RotatingLabel.build/Debug-watchos/RotatingLabel-t.build/Objects-normal/arm64_32/RotatingLabel.LinkFileList (in target 'RotatingLabel' from project 'RotatingLabel')
cd /Users/admin/builder/spi-builder-workspace
write-file /Users/admin/builder/spi-builder-workspace/.derivedData/Build/Intermediates.noindex/RotatingLabel.build/Debug-watchos/RotatingLabel-t.build/Objects-normal/arm64_32/RotatingLabel.LinkFileList
WriteAuxiliaryFile /Users/admin/builder/spi-builder-workspace/.derivedData/Build/Intermediates.noindex/RotatingLabel.build/Debug-watchos/RotatingLabel-t.build/Objects-normal/arm64_32/RotatingLabel.SwiftConstValuesFileList (in target 'RotatingLabel' from project 'RotatingLabel')
cd /Users/admin/builder/spi-builder-workspace
write-file /Users/admin/builder/spi-builder-workspace/.derivedData/Build/Intermediates.noindex/RotatingLabel.build/Debug-watchos/RotatingLabel-t.build/Objects-normal/arm64_32/RotatingLabel.SwiftConstValuesFileList
WriteAuxiliaryFile /Users/admin/builder/spi-builder-workspace/.derivedData/Build/Intermediates.noindex/RotatingLabel.build/Debug-watchos/RotatingLabel-t.build/Objects-normal/arm64_32/RotatingLabel_const_extract_protocols.json (in target 'RotatingLabel' from project 'RotatingLabel')
cd /Users/admin/builder/spi-builder-workspace
write-file /Users/admin/builder/spi-builder-workspace/.derivedData/Build/Intermediates.noindex/RotatingLabel.build/Debug-watchos/RotatingLabel-t.build/Objects-normal/arm64_32/RotatingLabel_const_extract_protocols.json
WriteAuxiliaryFile /Users/admin/builder/spi-builder-workspace/.derivedData/Build/Intermediates.noindex/RotatingLabel.build/Debug-watchos/RotatingLabel-t.build/Objects-normal/arm64/RotatingLabel_const_extract_protocols.json (in target 'RotatingLabel' from project 'RotatingLabel')
cd /Users/admin/builder/spi-builder-workspace
write-file /Users/admin/builder/spi-builder-workspace/.derivedData/Build/Intermediates.noindex/RotatingLabel.build/Debug-watchos/RotatingLabel-t.build/Objects-normal/arm64/RotatingLabel_const_extract_protocols.json
WriteAuxiliaryFile /Users/admin/builder/spi-builder-workspace/.derivedData/Build/Intermediates.noindex/RotatingLabel.build/Debug-watchos/RotatingLabel-t.build/Objects-normal/arm64/RotatingLabel.SwiftFileList (in target 'RotatingLabel' from project 'RotatingLabel')
cd /Users/admin/builder/spi-builder-workspace
write-file /Users/admin/builder/spi-builder-workspace/.derivedData/Build/Intermediates.noindex/RotatingLabel.build/Debug-watchos/RotatingLabel-t.build/Objects-normal/arm64/RotatingLabel.SwiftFileList
WriteAuxiliaryFile /Users/admin/builder/spi-builder-workspace/.derivedData/Build/Intermediates.noindex/RotatingLabel.build/Debug-watchos/RotatingLabel-t.build/Objects-normal/arm64/RotatingLabel.SwiftConstValuesFileList (in target 'RotatingLabel' from project 'RotatingLabel')
cd /Users/admin/builder/spi-builder-workspace
write-file /Users/admin/builder/spi-builder-workspace/.derivedData/Build/Intermediates.noindex/RotatingLabel.build/Debug-watchos/RotatingLabel-t.build/Objects-normal/arm64/RotatingLabel.SwiftConstValuesFileList
WriteAuxiliaryFile /Users/admin/builder/spi-builder-workspace/.derivedData/Build/Intermediates.noindex/RotatingLabel.build/Debug-watchos/RotatingLabel-t.build/Objects-normal/arm64/RotatingLabel.LinkFileList (in target 'RotatingLabel' from project 'RotatingLabel')
cd /Users/admin/builder/spi-builder-workspace
write-file /Users/admin/builder/spi-builder-workspace/.derivedData/Build/Intermediates.noindex/RotatingLabel.build/Debug-watchos/RotatingLabel-t.build/Objects-normal/arm64/RotatingLabel.LinkFileList
WriteAuxiliaryFile /Users/admin/builder/spi-builder-workspace/.derivedData/Build/Intermediates.noindex/RotatingLabel.build/Debug-watchos/RotatingLabel-t.build/Objects-normal/arm64/RotatingLabel-OutputFileMap.json (in target 'RotatingLabel' from project 'RotatingLabel')
cd /Users/admin/builder/spi-builder-workspace
write-file /Users/admin/builder/spi-builder-workspace/.derivedData/Build/Intermediates.noindex/RotatingLabel.build/Debug-watchos/RotatingLabel-t.build/Objects-normal/arm64/RotatingLabel-OutputFileMap.json
Copy /Users/admin/builder/spi-builder-workspace/.derivedData/Build/Intermediates.noindex/GeneratedModuleMaps-watchos/RotatingLabel.modulemap /Users/admin/builder/spi-builder-workspace/.derivedData/Build/Intermediates.noindex/RotatingLabel.build/Debug-watchos/RotatingLabel-t.build/RotatingLabel.modulemap (in target 'RotatingLabel' from project 'RotatingLabel')
cd /Users/admin/builder/spi-builder-workspace
builtin-copy -exclude .DS_Store -exclude CVS -exclude .svn -exclude .git -exclude .hg -resolve-src-symlinks /Users/admin/builder/spi-builder-workspace/.derivedData/Build/Intermediates.noindex/RotatingLabel.build/Debug-watchos/RotatingLabel-t.build/RotatingLabel.modulemap /Users/admin/builder/spi-builder-workspace/.derivedData/Build/Intermediates.noindex/GeneratedModuleMaps-watchos
SwiftDriver RotatingLabel normal arm64_32 com.apple.xcode.tools.swift.compiler (in target 'RotatingLabel' from project 'RotatingLabel')
cd /Users/admin/builder/spi-builder-workspace/.swiftpm/xcode
builtin-SwiftDriver -- /Applications/Xcode-27.0.0-Release.Candidate.app/Contents/Developer/Toolchains/XcodeDefault.xctoolchain/usr/bin/swiftc -parse-as-library -module-name RotatingLabel -Onone @/Users/admin/builder/spi-builder-workspace/.derivedData/Build/Intermediates.noindex/RotatingLabel.build/Debug-watchos/RotatingLabel-t.build/Objects-normal/arm64_32/RotatingLabel.SwiftFileList -DSWIFT_PACKAGE -DDEBUG -DSWIFT_MODULE_RESOURCE_BUNDLE_UNAVAILABLE -DXcode -plugin-path /Applications/Xcode-27.0.0-Release.Candidate.app/Contents/Developer/Toolchains/XcodeDefault.xctoolchain/usr/lib/swift/host/plugins/testing -enable-experimental-feature DebugDescriptionMacro -sdk /Applications/Xcode-27.0.0-Release.Candidate.app/Contents/Developer/Platforms/WatchOS.platform/Developer/SDKs/WatchOS27.0.sdk -target arm64_32-apple-watchos9.0 -g -module-cache-path /Users/admin/builder/spi-builder-workspace/.derivedData/ModuleCache.noindex -Xfrontend -serialize-debugging-options -enable-testing -index-store-path /Users/admin/builder/spi-builder-workspace/.derivedData/Index.noindex/DataStore -Xcc -D_LIBCPP_HARDENING_MODE\=_LIBCPP_HARDENING_MODE_DEBUG -swift-version 5 -I /Users/admin/builder/spi-builder-workspace/.derivedData/Build/Products/Debug-watchos -Isystem /Applications/Xcode-27.0.0-Release.Candidate.app/Contents/Developer/Platforms/WatchOS.platform/Developer/usr/lib -F /Users/admin/builder/spi-builder-workspace/.derivedData/Build/Products/Debug-watchos -F /Applications/Xcode-27.0.0-Release.Candidate.app/Contents/Developer/Platforms/WatchOS.platform/Developer/Library/Frameworks -F /Applications/Xcode-27.0.0-Release.Candidate.app/Contents/Developer/Platforms/WatchOS.platform/Developer/SDKs/WatchOS27.0.sdk/Developer/Library/Frameworks -c -j10 -enable-batch-mode -incremental -Xcc -ivfsstatcache -Xcc /Users/admin/builder/spi-builder-workspace/.derivedData/SDKStatCaches.noindex/watchos27.0-24R360-e829b21a6f8c9b70876ba0858053c04477534ef55a1706bf4c1112bbb242f0a2.sdkstatcache -output-file-map /Users/admin/builder/spi-builder-workspace/.derivedData/Build/Intermediates.noindex/RotatingLabel.build/Debug-watchos/RotatingLabel-t.build/Objects-normal/arm64_32/RotatingLabel-OutputFileMap.json -save-temps -no-color-diagnostics -explicit-module-build -module-cache-path /Users/admin/builder/spi-builder-workspace/.derivedData/Build/Intermediates.noindex/SwiftExplicitPrecompiledModules -clang-scanner-module-cache-path /Users/admin/builder/spi-builder-workspace/.derivedData/ModuleCache.noindex -sdk-module-cache-path /Users/admin/builder/spi-builder-workspace/.derivedData/SDKExplicitPrecompiledModules -emit-dependencies -emit-module -emit-module-path /Users/admin/builder/spi-builder-workspace/.derivedData/Build/Intermediates.noindex/RotatingLabel.build/Debug-watchos/RotatingLabel-t.build/Objects-normal/arm64_32/RotatingLabel.swiftmodule -serialize-diagnostics -dependency-scan-serialize-diagnostics-path /Users/admin/builder/spi-builder-workspace/.derivedData/Build/Intermediates.noindex/RotatingLabel.build/Debug-watchos/RotatingLabel-t.build/Objects-normal/arm64_32/RotatingLabel-dependency-scan.dia -validate-clang-modules-once -clang-build-session-file /Users/admin/builder/spi-builder-workspace/.derivedData/ModuleCache.noindex/Session.modulevalidation -Xcc -fmodules-prune-interval\=86400 -Xcc -fmodules-prune-after\=345600 -emit-const-values -const-gather-protocols-list /Users/admin/builder/spi-builder-workspace/.derivedData/Build/Intermediates.noindex/RotatingLabel.build/Debug-watchos/RotatingLabel-t.build/Objects-normal/arm64_32/RotatingLabel_const_extract_protocols.json -Xcc -I/Users/admin/builder/spi-builder-workspace/.derivedData/Build/Products/Debug-watchos/include -Xcc -I/Users/admin/builder/spi-builder-workspace/.derivedData/Build/Intermediates.noindex/RotatingLabel.build/Debug-watchos/RotatingLabel-t.build/DerivedSources-normal/arm64_32 -Xcc -I/Users/admin/builder/spi-builder-workspace/.derivedData/Build/Intermediates.noindex/RotatingLabel.build/Debug-watchos/RotatingLabel-t.build/DerivedSources/arm64_32 -Xcc -I/Users/admin/builder/spi-builder-workspace/.derivedData/Build/Intermediates.noindex/RotatingLabel.build/Debug-watchos/RotatingLabel-t.build/DerivedSources -Xcc -DSWIFT_PACKAGE -Xcc -DDEBUG\=1 -emit-objc-header -emit-objc-header-path /Users/admin/builder/spi-builder-workspace/.derivedData/Build/Intermediates.noindex/RotatingLabel.build/Debug-watchos/RotatingLabel-t.build/Objects-normal/arm64_32/RotatingLabel-Swift.h -working-directory /Users/admin/builder/spi-builder-workspace/.swiftpm/xcode -experimental-emit-module-separately -disable-cmo
SwiftDriver RotatingLabel normal arm64 com.apple.xcode.tools.swift.compiler (in target 'RotatingLabel' from project 'RotatingLabel')
cd /Users/admin/builder/spi-builder-workspace/.swiftpm/xcode
builtin-SwiftDriver -- /Applications/Xcode-27.0.0-Release.Candidate.app/Contents/Developer/Toolchains/XcodeDefault.xctoolchain/usr/bin/swiftc -parse-as-library -module-name RotatingLabel -Onone @/Users/admin/builder/spi-builder-workspace/.derivedData/Build/Intermediates.noindex/RotatingLabel.build/Debug-watchos/RotatingLabel-t.build/Objects-normal/arm64/RotatingLabel.SwiftFileList -DSWIFT_PACKAGE -DDEBUG -DSWIFT_MODULE_RESOURCE_BUNDLE_UNAVAILABLE -DXcode -plugin-path /Applications/Xcode-27.0.0-Release.Candidate.app/Contents/Developer/Toolchains/XcodeDefault.xctoolchain/usr/lib/swift/host/plugins/testing -enable-experimental-feature DebugDescriptionMacro -sdk /Applications/Xcode-27.0.0-Release.Candidate.app/Contents/Developer/Platforms/WatchOS.platform/Developer/SDKs/WatchOS27.0.sdk -target arm64-apple-watchos9.0 -g -module-cache-path /Users/admin/builder/spi-builder-workspace/.derivedData/ModuleCache.noindex -Xfrontend -serialize-debugging-options -enable-testing -index-store-path /Users/admin/builder/spi-builder-workspace/.derivedData/Index.noindex/DataStore -Xcc -D_LIBCPP_HARDENING_MODE\=_LIBCPP_HARDENING_MODE_DEBUG -swift-version 5 -I /Users/admin/builder/spi-builder-workspace/.derivedData/Build/Products/Debug-watchos -Isystem /Applications/Xcode-27.0.0-Release.Candidate.app/Contents/Developer/Platforms/WatchOS.platform/Developer/usr/lib -F /Users/admin/builder/spi-builder-workspace/.derivedData/Build/Products/Debug-watchos -F /Applications/Xcode-27.0.0-Release.Candidate.app/Contents/Developer/Platforms/WatchOS.platform/Developer/Library/Frameworks -F /Applications/Xcode-27.0.0-Release.Candidate.app/Contents/Developer/Platforms/WatchOS.platform/Developer/SDKs/WatchOS27.0.sdk/Developer/Library/Frameworks -c -j10 -enable-batch-mode -incremental -Xcc -ivfsstatcache -Xcc /Users/admin/builder/spi-builder-workspace/.derivedData/SDKStatCaches.noindex/watchos27.0-24R360-e829b21a6f8c9b70876ba0858053c04477534ef55a1706bf4c1112bbb242f0a2.sdkstatcache -output-file-map /Users/admin/builder/spi-builder-workspace/.derivedData/Build/Intermediates.noindex/RotatingLabel.build/Debug-watchos/RotatingLabel-t.build/Objects-normal/arm64/RotatingLabel-OutputFileMap.json -save-temps -no-color-diagnostics -explicit-module-build -module-cache-path /Users/admin/builder/spi-builder-workspace/.derivedData/Build/Intermediates.noindex/SwiftExplicitPrecompiledModules -clang-scanner-module-cache-path /Users/admin/builder/spi-builder-workspace/.derivedData/ModuleCache.noindex -sdk-module-cache-path /Users/admin/builder/spi-builder-workspace/.derivedData/SDKExplicitPrecompiledModules -emit-dependencies -emit-module -emit-module-path /Users/admin/builder/spi-builder-workspace/.derivedData/Build/Intermediates.noindex/RotatingLabel.build/Debug-watchos/RotatingLabel-t.build/Objects-normal/arm64/RotatingLabel.swiftmodule -serialize-diagnostics -dependency-scan-serialize-diagnostics-path /Users/admin/builder/spi-builder-workspace/.derivedData/Build/Intermediates.noindex/RotatingLabel.build/Debug-watchos/RotatingLabel-t.build/Objects-normal/arm64/RotatingLabel-dependency-scan.dia -validate-clang-modules-once -clang-build-session-file /Users/admin/builder/spi-builder-workspace/.derivedData/ModuleCache.noindex/Session.modulevalidation -Xcc -fmodules-prune-interval\=86400 -Xcc -fmodules-prune-after\=345600 -emit-const-values -const-gather-protocols-list /Users/admin/builder/spi-builder-workspace/.derivedData/Build/Intermediates.noindex/RotatingLabel.build/Debug-watchos/RotatingLabel-t.build/Objects-normal/arm64/RotatingLabel_const_extract_protocols.json -Xcc -I/Users/admin/builder/spi-builder-workspace/.derivedData/Build/Products/Debug-watchos/include -Xcc -I/Users/admin/builder/spi-builder-workspace/.derivedData/Build/Intermediates.noindex/RotatingLabel.build/Debug-watchos/RotatingLabel-t.build/DerivedSources-normal/arm64 -Xcc -I/Users/admin/builder/spi-builder-workspace/.derivedData/Build/Intermediates.noindex/RotatingLabel.build/Debug-watchos/RotatingLabel-t.build/DerivedSources/arm64 -Xcc -I/Users/admin/builder/spi-builder-workspace/.derivedData/Build/Intermediates.noindex/RotatingLabel.build/Debug-watchos/RotatingLabel-t.build/DerivedSources -Xcc -DSWIFT_PACKAGE -Xcc -DDEBUG\=1 -emit-objc-header -emit-objc-header-path /Users/admin/builder/spi-builder-workspace/.derivedData/Build/Intermediates.noindex/RotatingLabel.build/Debug-watchos/RotatingLabel-t.build/Objects-normal/arm64/RotatingLabel-Swift.h -working-directory /Users/admin/builder/spi-builder-workspace/.swiftpm/xcode -experimental-emit-module-separately -disable-cmo
SwiftExplicitDependencyGeneratePcm arm64 /Users/admin/builder/spi-builder-workspace/.derivedData/SDKExplicitPrecompiledModules/ptrcheck-AIF0NDOYZ8ORBNHQAQR5NNB8M.pcm
SwiftExplicitDependencyGeneratePcm arm64 /Users/admin/builder/spi-builder-workspace/.derivedData/SDKExplicitPrecompiledModules/_Builtin_stdbool-83J96QSOFE9VX04AAS6310UAE.pcm
SwiftExplicitDependencyGeneratePcm arm64 /Users/admin/builder/spi-builder-workspace/.derivedData/SDKExplicitPrecompiledModules/_AvailabilityInternal-BUNV3UXM65NT37THI4W1AM0SF.pcm
SwiftExplicitDependencyGeneratePcm arm64 /Users/admin/builder/spi-builder-workspace/.derivedData/SDKExplicitPrecompiledModules/_SwiftConcurrencyShims-659N52XSKR5F0QSB880BH2FJR.pcm
SwiftExplicitDependencyGeneratePcm arm64 /Users/admin/builder/spi-builder-workspace/.derivedData/SDKExplicitPrecompiledModules/_Builtin_stdarg-A7UU8LE6MP85SM26YO7PBZNUQ.pcm
SwiftExplicitDependencyGeneratePcm arm64 /Users/admin/builder/spi-builder-workspace/.derivedData/SDKExplicitPrecompiledModules/DeveloperToolsSupport-E7CNISCB36UE8XQ9IOHK9XDX1.pcm
SwiftExplicitDependencyGeneratePcm arm64 /Users/admin/builder/spi-builder-workspace/.derivedData/SDKExplicitPrecompiledModules/ptrauth-3TZ9WJCGLYD25HQPWH4968ONX.pcm
SwiftExplicitDependencyGeneratePcm arm64 /Users/admin/builder/spi-builder-workspace/.derivedData/SDKExplicitPrecompiledModules/SwiftShims-4MXFZPV6FEB0XBYXCGPWAMQGL.pcm
SwiftExplicitDependencyGeneratePcm arm64 /Users/admin/builder/spi-builder-workspace/.derivedData/SDKExplicitPrecompiledModules/_Builtin_stddef-1FU30Y8SWFB7OUUHMJQH5J6FM.pcm
SwiftExplicitDependencyGeneratePcm arm64 /Users/admin/builder/spi-builder-workspace/.derivedData/SDKExplicitPrecompiledModules/_Builtin_float-C0CW5Q4HGBQYKE77TC42IAFB5.pcm
SwiftExplicitDependencyGeneratePcm arm64_32 /Users/admin/builder/spi-builder-workspace/.derivedData/SDKExplicitPrecompiledModules/_Builtin_stddef-H44EFHQX6XSS5MZ7QP6YJZ76.pcm
SwiftExplicitDependencyGeneratePcm arm64_32 /Users/admin/builder/spi-builder-workspace/.derivedData/SDKExplicitPrecompiledModules/_Builtin_stdarg-D305JG44A2WPI6CJY37X3QJE8.pcm
SwiftExplicitDependencyGeneratePcm arm64_32 /Users/admin/builder/spi-builder-workspace/.derivedData/SDKExplicitPrecompiledModules/_SwiftConcurrencyShims-6RTBPQ03V7BM9SPRK8SUE055H.pcm
SwiftExplicitDependencyGeneratePcm arm64_32 /Users/admin/builder/spi-builder-workspace/.derivedData/SDKExplicitPrecompiledModules/_Builtin_stdbool-A967K8W8YUYEC9SN52KJ7OO88.pcm
SwiftExplicitDependencyGeneratePcm arm64_32 /Users/admin/builder/spi-builder-workspace/.derivedData/SDKExplicitPrecompiledModules/_AvailabilityInternal-244WAN3Z1QBT7PIA64EZEFY1R.pcm
SwiftExplicitDependencyGeneratePcm arm64_32 /Users/admin/builder/spi-builder-workspace/.derivedData/SDKExplicitPrecompiledModules/_Builtin_float-6KO8O3PEWRCA4WC6PPLOYO6WJ.pcm
SwiftExplicitDependencyGeneratePcm arm64_32 /Users/admin/builder/spi-builder-workspace/.derivedData/SDKExplicitPrecompiledModules/ptrcheck-7ELIH9BTIGVKX3UBITM9N72WD.pcm
SwiftExplicitDependencyGeneratePcm arm64_32 /Users/admin/builder/spi-builder-workspace/.derivedData/SDKExplicitPrecompiledModules/SwiftShims-9CQQGWTSNTN9EB5NSHDWUJICH.pcm
SwiftExplicitDependencyGeneratePcm arm64_32 /Users/admin/builder/spi-builder-workspace/.derivedData/SDKExplicitPrecompiledModules/ptrauth-BFXF358ME5AK535N5A9Z766WU.pcm
SwiftExplicitDependencyGeneratePcm arm64 /Users/admin/builder/spi-builder-workspace/.derivedData/SDKExplicitPrecompiledModules/_DarwinFoundation1-7SPX3MD0HMP55E4OLNCPNDQ53.pcm
SwiftExplicitDependencyGeneratePcm arm64_32 /Users/admin/builder/spi-builder-workspace/.derivedData/SDKExplicitPrecompiledModules/DeveloperToolsSupport-DZU5G1OCMNWU0AQRULIFHUJ1Z.pcm
SwiftExplicitDependencyGeneratePcm arm64_32 /Users/admin/builder/spi-builder-workspace/.derivedData/SDKExplicitPrecompiledModules/_DarwinFoundation1-2GWF9RFMPLQW4PDHS3NARVI3G.pcm
SwiftExplicitDependencyGeneratePcm arm64 /Users/admin/builder/spi-builder-workspace/.derivedData/SDKExplicitPrecompiledModules/_DarwinFoundation2-D0XAPJU49S5E9XMKYOFGSTB1Q.pcm
SwiftExplicitDependencyGeneratePcm arm64 /Users/admin/builder/spi-builder-workspace/.derivedData/SDKExplicitPrecompiledModules/_Builtin_limits-9GWPA2B0H20DYUNYHYCWKABJG.pcm
SwiftExplicitDependencyGeneratePcm arm64_32 /Users/admin/builder/spi-builder-workspace/.derivedData/SDKExplicitPrecompiledModules/_DarwinFoundation2-9MY8GOSYRO0M9MKNXF6D3MBNK.pcm
SwiftExplicitDependencyGeneratePcm arm64_32 /Users/admin/builder/spi-builder-workspace/.derivedData/SDKExplicitPrecompiledModules/_Builtin_limits-3VKBU2AFTD65PAJZ5CJ3LHFM2.pcm
SwiftExplicitDependencyGeneratePcm arm64 /Users/admin/builder/spi-builder-workspace/.derivedData/SDKExplicitPrecompiledModules/string_h-E6PRXK75PHIPCZFWOFCQ3QBMK.pcm
SwiftExplicitDependencyGeneratePcm arm64 /Users/admin/builder/spi-builder-workspace/.derivedData/SDKExplicitPrecompiledModules/sys_types-2KXQLI78OUCDP779AE68GZJ2.pcm
SwiftExplicitDependencyGeneratePcm arm64 /Users/admin/builder/spi-builder-workspace/.derivedData/SDKExplicitPrecompiledModules/_Builtin_stdint-8XMILLJZEGRN2XG7XZUXZ5RLX.pcm
SwiftExplicitDependencyGeneratePcm arm64 /Users/admin/builder/spi-builder-workspace/.derivedData/SDKExplicitPrecompiledModules/_Builtin_tgmath-8NQ96OZ0YHXEC24JI95P01UF8.pcm
SwiftExplicitDependencyGeneratePcm arm64_32 /Users/admin/builder/spi-builder-workspace/.derivedData/SDKExplicitPrecompiledModules/sys_types-8TLLMW08ZJWDGIIPKOYFGHHZW.pcm
SwiftExplicitDependencyGeneratePcm arm64_32 /Users/admin/builder/spi-builder-workspace/.derivedData/SDKExplicitPrecompiledModules/_Builtin_stdint-1HMXWI3V0V4TXHRWZOMZGZ80Y.pcm
SwiftExplicitDependencyGeneratePcm arm64_32 /Users/admin/builder/spi-builder-workspace/.derivedData/SDKExplicitPrecompiledModules/_Builtin_tgmath-23PGCKURCQILXMK0MYZRYDCOU.pcm
SwiftExplicitDependencyGeneratePcm arm64_32 /Users/admin/builder/spi-builder-workspace/.derivedData/SDKExplicitPrecompiledModules/string_h-BFVLUQUSBZWYMLCU9QI7VZALW.pcm
SwiftExplicitDependencyGeneratePcm arm64 /Users/admin/builder/spi-builder-workspace/.derivedData/SDKExplicitPrecompiledModules/_DarwinFoundation3-B97LRG0E9GON2NUE65TVG81HU.pcm
SwiftExplicitDependencyGeneratePcm arm64 /Users/admin/builder/spi-builder-workspace/.derivedData/SDKExplicitPrecompiledModules/_Builtin_stdatomic-7JEFA3KBJJJN6TKJWY3OG1VG5.pcm
SwiftExplicitDependencyGeneratePcm arm64 /Users/admin/builder/spi-builder-workspace/.derivedData/SDKExplicitPrecompiledModules/_Builtin_intrinsics-75960HIPCIYA06IUW8FIIPQT.pcm
SwiftExplicitDependencyGeneratePcm arm64_32 /Users/admin/builder/spi-builder-workspace/.derivedData/SDKExplicitPrecompiledModules/_DarwinFoundation3-3DUTYQDQSD9HUAAVY947NMWOI.pcm
SwiftExplicitDependencyGeneratePcm arm64_32 /Users/admin/builder/spi-builder-workspace/.derivedData/SDKExplicitPrecompiledModules/_Builtin_intrinsics-196IIAKDQVU42DLOZP9OQCV76.pcm
SwiftExplicitDependencyGeneratePcm arm64_32 /Users/admin/builder/spi-builder-workspace/.derivedData/SDKExplicitPrecompiledModules/_Builtin_stdatomic-1TY035TURL76BF2U98PZPPZRX.pcm
SwiftExplicitDependencyGeneratePcm arm64 /Users/admin/builder/spi-builder-workspace/.derivedData/SDKExplicitPrecompiledModules/_Builtin_inttypes-3UQSCM7WNM9EK4HZML8TY5J3D.pcm
SwiftExplicitDependencyGeneratePcm arm64_32 /Users/admin/builder/spi-builder-workspace/.derivedData/SDKExplicitPrecompiledModules/_Builtin_inttypes-D2KPCR4PEX9AQA33NGLUT5SBR.pcm
SwiftExplicitDependencyGeneratePcm arm64 /Users/admin/builder/spi-builder-workspace/.derivedData/SDKExplicitPrecompiledModules/Darwin-3984OXKFNSPE77NT743WK8SEX.pcm
SwiftExplicitDependencyGeneratePcm arm64_32 /Users/admin/builder/spi-builder-workspace/.derivedData/SDKExplicitPrecompiledModules/Darwin-3FVT1SKLN2ZQ5RVOABMTQBB34.pcm
SwiftExplicitDependencyGeneratePcm arm64 /Users/admin/builder/spi-builder-workspace/.derivedData/SDKExplicitPrecompiledModules/simd-EH08NODU6574T74ZKU61VP9BW.pcm
SwiftExplicitDependencyGeneratePcm arm64_32 /Users/admin/builder/spi-builder-workspace/.derivedData/SDKExplicitPrecompiledModules/simd-21UNWYOBUZI1LVSQ99S1XBLMO.pcm
SwiftExplicitDependencyGeneratePcm arm64 /Users/admin/builder/spi-builder-workspace/.derivedData/SDKExplicitPrecompiledModules/MachO-2U90NNSAQILBNBPS1SA4F8TYP.pcm
SwiftExplicitDependencyGeneratePcm arm64 /Users/admin/builder/spi-builder-workspace/.derivedData/SDKExplicitPrecompiledModules/ObjectiveC-72IVD3VS2RS8Q28D9PIMY0KQP.pcm
SwiftExplicitDependencyGeneratePcm arm64_32 /Users/admin/builder/spi-builder-workspace/.derivedData/SDKExplicitPrecompiledModules/MachO-56838ZJ0NC1EBAJ0O6O8QMPDX.pcm
SwiftExplicitDependencyGeneratePcm arm64_32 /Users/admin/builder/spi-builder-workspace/.derivedData/SDKExplicitPrecompiledModules/ObjectiveC-6IJNELR2E80E7LUKESVCP2KET.pcm
SwiftExplicitDependencyGeneratePcm arm64 /Users/admin/builder/spi-builder-workspace/.derivedData/SDKExplicitPrecompiledModules/os_object-3SDKD7F87FTZ26OON37DRYT6O.pcm
SwiftExplicitDependencyGeneratePcm arm64_32 /Users/admin/builder/spi-builder-workspace/.derivedData/SDKExplicitPrecompiledModules/os_object-5YWTC6L4756IWSTPGXS5NM0D0.pcm
SwiftExplicitDependencyGeneratePcm arm64 /Users/admin/builder/spi-builder-workspace/.derivedData/SDKExplicitPrecompiledModules/os_workgroup-89GG5G7YC2D0ZTK6AZXXQ20DH.pcm
SwiftExplicitDependencyGeneratePcm arm64_32 /Users/admin/builder/spi-builder-workspace/.derivedData/SDKExplicitPrecompiledModules/os_workgroup-5JHTPDMNBUNHLJI8LPHKQK1JK.pcm
SwiftExplicitDependencyGeneratePcm arm64 /Users/admin/builder/spi-builder-workspace/.derivedData/SDKExplicitPrecompiledModules/Spatial-44FJGYXFAT2AQAW9Z6T7YS02U.pcm
SwiftExplicitDependencyGeneratePcm arm64 /Users/admin/builder/spi-builder-workspace/.derivedData/SDKExplicitPrecompiledModules/Dispatch-1NLJOVAK60XP0DUB05XA59EIM.pcm
SwiftExplicitDependencyGeneratePcm arm64_32 /Users/admin/builder/spi-builder-workspace/.derivedData/SDKExplicitPrecompiledModules/Spatial-CWVWNML3T0NXVHZDKVLD3X1YZ.pcm
SwiftExplicitDependencyGeneratePcm arm64_32 /Users/admin/builder/spi-builder-workspace/.derivedData/SDKExplicitPrecompiledModules/Dispatch-2P62F1T4XV63S4P99TUDTOK2Q.pcm
SwiftExplicitDependencyGeneratePcm arm64 /Users/admin/builder/spi-builder-workspace/.derivedData/SDKExplicitPrecompiledModules/XPC-40DR0X1DHKGCV4J1IOLFS8MOU.pcm
SwiftExplicitDependencyGeneratePcm arm64 /Users/admin/builder/spi-builder-workspace/.derivedData/SDKExplicitPrecompiledModules/CoreFoundation-8T2L24YC5NU7WO6WQJWRY7W08.pcm
SwiftExplicitDependencyGeneratePcm arm64_32 /Users/admin/builder/spi-builder-workspace/.derivedData/SDKExplicitPrecompiledModules/CoreFoundation-8E6Y4BA3EXYKUGJ24GT9LGV3N.pcm
SwiftExplicitDependencyGeneratePcm arm64_32 /Users/admin/builder/spi-builder-workspace/.derivedData/SDKExplicitPrecompiledModules/XPC-81Y45QFY96XYYFCW2GT6FY8S4.pcm
SwiftExplicitDependencyGeneratePcm arm64 /Users/admin/builder/spi-builder-workspace/.derivedData/SDKExplicitPrecompiledModules/os-5DIL6Z9LFIGLMZAHM7X2T5435.pcm
SwiftExplicitDependencyGeneratePcm arm64 /Users/admin/builder/spi-builder-workspace/.derivedData/SDKExplicitPrecompiledModules/Security-6RZ6YBRU8WCUHRFFRVUK5WKMM.pcm
SwiftExplicitDependencyGeneratePcm arm64 /Users/admin/builder/spi-builder-workspace/.derivedData/SDKExplicitPrecompiledModules/CoreGraphics-DWNZ73GEH98SBJXZ7DEXB420K.pcm
SwiftExplicitDependencyGeneratePcm arm64_32 /Users/admin/builder/spi-builder-workspace/.derivedData/SDKExplicitPrecompiledModules/os-E5IGB442IA6SBB25TTCOLK2OC.pcm
SwiftExplicitDependencyGeneratePcm arm64_32 /Users/admin/builder/spi-builder-workspace/.derivedData/SDKExplicitPrecompiledModules/Security-D7TOWF88VWF67TB9HAFP5UWB1.pcm
SwiftExplicitDependencyGeneratePcm arm64_32 /Users/admin/builder/spi-builder-workspace/.derivedData/SDKExplicitPrecompiledModules/CoreGraphics-9FDXYX6BKBUT6TJ2VF819E7T5.pcm
SwiftExplicitDependencyGeneratePcm arm64 /Users/admin/builder/spi-builder-workspace/.derivedData/SDKExplicitPrecompiledModules/Foundation-DLBKUSGXN8QHAT8W0OARR9S8A.pcm
SwiftExplicitDependencyGeneratePcm arm64 /Users/admin/builder/spi-builder-workspace/.derivedData/SDKExplicitPrecompiledModules/CoreVideo-8MRR5MNWUOAW2DBPGUQ8FKK4.pcm
SwiftExplicitDependencyGeneratePcm arm64 /Users/admin/builder/spi-builder-workspace/.derivedData/SDKExplicitPrecompiledModules/CoreText-970YJN6NIYGK1316L35Z0O8QT.pcm
SwiftExplicitDependencyGeneratePcm arm64_32 /Users/admin/builder/spi-builder-workspace/.derivedData/SDKExplicitPrecompiledModules/Foundation-BJ2VQGI3OGR34500MEQ1VKHPH.pcm
SwiftExplicitDependencyGeneratePcm arm64_32 /Users/admin/builder/spi-builder-workspace/.derivedData/SDKExplicitPrecompiledModules/CoreVideo-2P8HI0403J99LBDPKNFJ5D4DL.pcm
SwiftExplicitDependencyGeneratePcm arm64_32 /Users/admin/builder/spi-builder-workspace/.derivedData/SDKExplicitPrecompiledModules/CoreText-C9X2REPZN2V5BSU4G80FCETDR.pcm
SwiftExplicitDependencyGeneratePcm arm64 /Users/admin/builder/spi-builder-workspace/.derivedData/SDKExplicitPrecompiledModules/UIUtilities-IR7RNW23VAUKYI9MLCS9NL9A.pcm
SwiftExplicitDependencyGeneratePcm arm64 /Users/admin/builder/spi-builder-workspace/.derivedData/SDKExplicitPrecompiledModules/Accessibility-27QMG6ZQ1NKYTNBYFPM1XKNFC.pcm
SwiftExplicitDependencyGeneratePcm arm64 /Users/admin/builder/spi-builder-workspace/.derivedData/SDKExplicitPrecompiledModules/OSLog-B7VGO357Y3GJG35TST7DKDSI3.pcm
SwiftExplicitDependencyGeneratePcm arm64 /Users/admin/builder/spi-builder-workspace/.derivedData/SDKExplicitPrecompiledModules/Symbols-3EFABTJ9L5PQDJ7RQCYQWEJMM.pcm
SwiftExplicitDependencyGeneratePcm arm64 /Users/admin/builder/spi-builder-workspace/.derivedData/SDKExplicitPrecompiledModules/UniformTypeIdentifiers-8L08Q8DQJV8C4AW84YVGFGTRN.pcm
SwiftExplicitDependencyGeneratePcm arm64 /Users/admin/builder/spi-builder-workspace/.derivedData/SDKExplicitPrecompiledModules/UserNotifications-ARAH8MEQ0C2L0FBO39HITJMAO.pcm
SwiftExplicitDependencyGeneratePcm arm64 /Users/admin/builder/spi-builder-workspace/.derivedData/SDKExplicitPrecompiledModules/CoreTransferable-9PPG3SLJ55T4LITIFYX2M0NOZ.pcm
SwiftExplicitDependencyGeneratePcm arm64 /Users/admin/builder/spi-builder-workspace/.derivedData/SDKExplicitPrecompiledModules/DataDetection-7BNVI1SZW5ISQL5SX4WL2X7I5.pcm
SwiftExplicitDependencyGeneratePcm arm64 /Users/admin/builder/spi-builder-workspace/.derivedData/SDKExplicitPrecompiledModules/QuartzCore-94KFMWNOU7ZLUZNB4T5DLZC9D.pcm
SwiftExplicitDependencyGeneratePcm arm64 /Users/admin/builder/spi-builder-workspace/.derivedData/SDKExplicitPrecompiledModules/_LocationEssentials-5ZZDGDXB6HLQUC72SJW7YJ7MK.pcm
SwiftExplicitDependencyGeneratePcm arm64_32 /Users/admin/builder/spi-builder-workspace/.derivedData/SDKExplicitPrecompiledModules/UniformTypeIdentifiers-CJZ3NTHPSBH4XWX5EVOG56UZS.pcm
SwiftExplicitDependencyGeneratePcm arm64_32 /Users/admin/builder/spi-builder-workspace/.derivedData/SDKExplicitPrecompiledModules/Accessibility-F385OMZ5GYBUY5O4QAJB4NRII.pcm
SwiftExplicitDependencyGeneratePcm arm64_32 /Users/admin/builder/spi-builder-workspace/.derivedData/SDKExplicitPrecompiledModules/UserNotifications-6TBN8TEAKO014N1T2QD926XED.pcm
SwiftExplicitDependencyGeneratePcm arm64_32 /Users/admin/builder/spi-builder-workspace/.derivedData/SDKExplicitPrecompiledModules/UIUtilities-9YFVNIMRC5HRVOIARNWHP1E3H.pcm
SwiftExplicitDependencyGeneratePcm arm64_32 /Users/admin/builder/spi-builder-workspace/.derivedData/SDKExplicitPrecompiledModules/Symbols-1H97WMG76HU94F5VGJR19PXFY.pcm
SwiftExplicitDependencyGeneratePcm arm64_32 /Users/admin/builder/spi-builder-workspace/.derivedData/SDKExplicitPrecompiledModules/CoreTransferable-5D4IR6X37682FPHJ5CBPTKQV6.pcm
SwiftExplicitDependencyGeneratePcm arm64_32 /Users/admin/builder/spi-builder-workspace/.derivedData/SDKExplicitPrecompiledModules/_LocationEssentials-AQ1OL9QKC3LQLY5CNSRM1HB53.pcm
SwiftExplicitDependencyGeneratePcm arm64_32 /Users/admin/builder/spi-builder-workspace/.derivedData/SDKExplicitPrecompiledModules/QuartzCore-6375NPYACK5NYVHPMC1QQ8MC2.pcm
SwiftExplicitDependencyGeneratePcm arm64_32 /Users/admin/builder/spi-builder-workspace/.derivedData/SDKExplicitPrecompiledModules/DataDetection-U9BF7WHFVA6BZGFXXXP272PS.pcm
SwiftExplicitDependencyGeneratePcm arm64 /Users/admin/builder/spi-builder-workspace/.derivedData/SDKExplicitPrecompiledModules/CoreLocation-ACKJ9K7ABI14F97Y46Y6SRR17.pcm
SwiftExplicitDependencyGeneratePcm arm64 /Users/admin/builder/spi-builder-workspace/.derivedData/SDKExplicitPrecompiledModules/SwiftUICore-C1DST1IX2Z0PTH5SJJZ1IULRB.pcm
SwiftExplicitDependencyGeneratePcm arm64_32 /Users/admin/builder/spi-builder-workspace/.derivedData/SDKExplicitPrecompiledModules/OSLog-D9AVFY0KWO7RVBIQ73CBIJVCN.pcm
SwiftExplicitDependencyGeneratePcm arm64_32 /Users/admin/builder/spi-builder-workspace/.derivedData/SDKExplicitPrecompiledModules/CoreLocation-8XU5YMYM4P11RQMYCQAG65ITK.pcm
SwiftExplicitDependencyGeneratePcm arm64_32 /Users/admin/builder/spi-builder-workspace/.derivedData/SDKExplicitPrecompiledModules/SwiftUICore-3Q7WLRD8MR9R3NGIPUBQCP6F6.pcm
SwiftExplicitDependencyGeneratePcm arm64 /Users/admin/builder/spi-builder-workspace/.derivedData/SDKExplicitPrecompiledModules/CoreMotion-6RD5K48QT1F4L9CATNFD2O7YB.pcm
SwiftExplicitDependencyGeneratePcm arm64_32 /Users/admin/builder/spi-builder-workspace/.derivedData/SDKExplicitPrecompiledModules/CoreMotion-1XGTVTE5PP32UHME8AC63TL6.pcm
SwiftExplicitDependencyGeneratePcm arm64 /Users/admin/builder/spi-builder-workspace/.derivedData/SDKExplicitPrecompiledModules/UIKit-27R3P1YMV4C6JLDT661G3MRIA.pcm
SwiftExplicitDependencyGeneratePcm arm64_32 /Users/admin/builder/spi-builder-workspace/.derivedData/SDKExplicitPrecompiledModules/UIKit-6PPV7YPZ89CZPHYAP072QH8B6.pcm
SwiftEmitModule normal arm64 Emitting\ module\ for\ RotatingLabel (in target 'RotatingLabel' from project 'RotatingLabel')
/Users/admin/builder/spi-builder-workspace/RotatingLabel/RotatingLabel.swift:23:38: error: 'label' is unavailable in watchOS
21 | ///
22 | /// Defaults to `UIColor.label`.
23 | public var textColor: UIColor = .label {
| `- error: 'label' is unavailable in watchOS
24 | didSet {
25 | updateTextColor()
/Applications/Xcode-27.0.0-Release.Candidate.app/Contents/Developer/Platforms/WatchOS.platform/Developer/SDKs/WatchOS27.0.sdk/System/Library/Frameworks/UIKit.framework/Headers/UIInterface.h:171:49: note: 'label' has been explicitly marked unavailable here
169 | /* Foreground colors for static text and related elements.
170 | */
171 | @property (class, nonatomic, readonly) UIColor *labelColor API_AVAILABLE(ios(13.0), tvos(13.0)) API_UNAVAILABLE(watchos);
| `- note: 'label' has been explicitly marked unavailable here
172 | @property (class, nonatomic, readonly) UIColor *secondaryLabelColor API_AVAILABLE(ios(13.0), tvos(13.0)) API_UNAVAILABLE(watchos);
173 | @property (class, nonatomic, readonly) UIColor *tertiaryLabelColor API_AVAILABLE(ios(13.0), tvos(13.0)) API_UNAVAILABLE(watchos);
/Users/admin/builder/spi-builder-workspace/RotatingLabel/RotatingLabel.swift:32:46: error: 'systemGreen' is unavailable in watchOS
30 | ///
31 | /// Defaults to `UIColor.systemGreen`.
32 | public var incrementingColor: UIColor = .systemGreen
| `- error: 'systemGreen' is unavailable in watchOS
33 |
34 | /// Color to flash when values decrease.
/Applications/Xcode-27.0.0-Release.Candidate.app/Contents/Developer/Platforms/WatchOS.platform/Developer/SDKs/WatchOS27.0.sdk/System/Library/Frameworks/UIKit.framework/Headers/UIInterface.h:122:49: note: 'systemGreen' has been explicitly marked unavailable here
120 | */
121 | @property (class, nonatomic, readonly) UIColor *systemRedColor API_AVAILABLE(ios(7.0), tvos(9.0)) API_UNAVAILABLE(watchos);
122 | @property (class, nonatomic, readonly) UIColor *systemGreenColor API_AVAILABLE(ios(7.0), tvos(9.0)) API_UNAVAILABLE(watchos);
| `- note: 'systemGreen' has been explicitly marked unavailable here
123 | @property (class, nonatomic, readonly) UIColor *systemBlueColor API_AVAILABLE(ios(7.0), tvos(9.0)) API_UNAVAILABLE(watchos);
124 | @property (class, nonatomic, readonly) UIColor *systemOrangeColor API_AVAILABLE(ios(7.0), tvos(9.0)) API_UNAVAILABLE(watchos);
/Users/admin/builder/spi-builder-workspace/RotatingLabel/RotatingLabel.swift:37:46: error: 'systemRed' is unavailable in watchOS
35 | ///
36 | /// Defaults to `UIColor.systemRed`.
37 | public var decrementingColor: UIColor = .systemRed
| `- error: 'systemRed' is unavailable in watchOS
38 |
39 | /// Font to use for rendering the text.
/Applications/Xcode-27.0.0-Release.Candidate.app/Contents/Developer/Platforms/WatchOS.platform/Developer/SDKs/WatchOS27.0.sdk/System/Library/Frameworks/UIKit.framework/Headers/UIInterface.h:121:49: note: 'systemRed' has been explicitly marked unavailable here
119 | * Do not make assumptions about the color spaces or actual colors used.
120 | */
121 | @property (class, nonatomic, readonly) UIColor *systemRedColor API_AVAILABLE(ios(7.0), tvos(9.0)) API_UNAVAILABLE(watchos);
| `- note: 'systemRed' has been explicitly marked unavailable here
122 | @property (class, nonatomic, readonly) UIColor *systemGreenColor API_AVAILABLE(ios(7.0), tvos(9.0)) API_UNAVAILABLE(watchos);
123 | @property (class, nonatomic, readonly) UIColor *systemBlueColor API_AVAILABLE(ios(7.0), tvos(9.0)) API_UNAVAILABLE(watchos);
/Users/admin/builder/spi-builder-workspace/RotatingLabel/RotatingLabel.swift:82:43: error: 'UITimingCurveProvider' is unavailable in watchOS
80 | /// - [UISpringTimingParameters](https://developer.apple.com/documentation/uikit/uispringtimingparameters)
81 | /// - [UICubicTimingParameters](https://developer.apple.com/documentation/uikit/uicubictimingparameters)
82 | public var animationTimingParameters: UITimingCurveProvider = UISpringTimingParameters(
| `- error: 'UITimingCurveProvider' is unavailable in watchOS
83 | mass: 0.03,
84 | stiffness: 20,
/Applications/Xcode-27.0.0-Release.Candidate.app/Contents/Developer/Platforms/WatchOS.platform/Developer/SDKs/WatchOS27.0.sdk/System/Library/Frameworks/UIKit.framework/Headers/UITimingCurveProvider.h:23:11: note: 'UITimingCurveProvider' has been explicitly marked unavailable here
21 |
22 | API_UNAVAILABLE(watchos) NS_SWIFT_UI_ACTOR
23 | @protocol UITimingCurveProvider <NSCoding, NSCopying>
| `- note: 'UITimingCurveProvider' has been explicitly marked unavailable here
24 |
25 | @property(nonatomic, readonly) UITimingCurveType timingCurveType;
/Users/admin/builder/spi-builder-workspace/RotatingLabel/RotatingLabel.swift:82:67: error: 'UISpringTimingParameters' is unavailable in watchOS
80 | /// - [UISpringTimingParameters](https://developer.apple.com/documentation/uikit/uispringtimingparameters)
81 | /// - [UICubicTimingParameters](https://developer.apple.com/documentation/uikit/uicubictimingparameters)
82 | public var animationTimingParameters: UITimingCurveProvider = UISpringTimingParameters(
| `- error: 'UISpringTimingParameters' is unavailable in watchOS
83 | mass: 0.03,
84 | stiffness: 20,
/Applications/Xcode-27.0.0-Release.Candidate.app/Contents/Developer/Platforms/WatchOS.platform/Developer/SDKs/WatchOS27.0.sdk/System/Library/Frameworks/UIKit.framework/Headers/UITimingParameters.h:32:12: note: 'UISpringTimingParameters' has been explicitly marked unavailable here
30 |
31 | UIKIT_EXTERN API_AVAILABLE(ios(10.0)) API_UNAVAILABLE(watchos) NS_SWIFT_UI_ACTOR
32 | @interface UISpringTimingParameters : NSObject <UITimingCurveProvider>
| `- note: 'UISpringTimingParameters' has been explicitly marked unavailable here
33 |
34 | @property(nonatomic, readonly) CGVector initialVelocity;
/Users/admin/builder/spi-builder-workspace/RotatingLabel/RotatingLabel.swift:107:13: error: 'accessibilityLabel' is unavailable in watchOS
105 | private var internalText: String? {
106 | didSet {
107 | accessibilityLabel = internalText
| `- error: 'accessibilityLabel' is unavailable in watchOS
108 | }
109 | }
/Applications/Xcode-27.0.0-Release.Candidate.app/Contents/Developer/Platforms/WatchOS.platform/Developer/SDKs/WatchOS27.0.sdk/System/Library/Frameworks/UIKit.framework/Headers/UIAccessibility.h:64:49: note: 'accessibilityLabel' has been explicitly marked unavailable here
62 | Setting the property will change the label that is returned to the accessibility client.
63 | */
64 | @property (nullable, nonatomic, copy) NSString *accessibilityLabel API_UNAVAILABLE(watchos) NS_SWIFT_UI_ACTOR;
| `- note: 'accessibilityLabel' has been explicitly marked unavailable here
65 |
66 | /*
/Users/admin/builder/spi-builder-workspace/RotatingLabel/RotatingLabel.swift:111:26: error: 'UILabel' is unavailable in watchOS
109 | }
110 |
111 | private var labels: [UILabel] = []
| `- error: 'UILabel' is unavailable in watchOS
112 |
113 | public override init(frame: CGRect) {
/Applications/Xcode-27.0.0-Release.Candidate.app/Contents/Developer/Platforms/WatchOS.platform/Developer/SDKs/WatchOS27.0.sdk/System/Library/Frameworks/UIKit.framework/Headers/UILabel.h:33:12: note: 'UILabel' has been explicitly marked unavailable here
31 |
32 | UIKIT_EXTERN API_AVAILABLE(ios(2.0)) API_UNAVAILABLE(watchos) NS_SWIFT_UI_ACTOR
33 | @interface UILabel : UIView <NSCoding, UIContentSizeCategoryAdjusting, UILetterformAwareAdjusting>
| `- note: 'UILabel' has been explicitly marked unavailable here
34 |
35 | @property(nullable, nonatomic,copy) NSString *text; // default is nil
/Users/admin/builder/spi-builder-workspace/RotatingLabel/RotatingLabel.swift:164:78: error: 'UITraitCollection' is unavailable in watchOS
162 | }
163 |
164 | public override func traitCollectionDidChange(_ previousTraitCollection: UITraitCollection?) {
| `- error: 'UITraitCollection' is unavailable in watchOS
165 | super.traitCollectionDidChange(previousTraitCollection)
166 | if previousTraitCollection?.preferredContentSizeCategory != traitCollection.preferredContentSizeCategory {
/Applications/Xcode-27.0.0-Release.Candidate.app/Contents/Developer/Platforms/WatchOS.platform/Developer/SDKs/WatchOS27.0.sdk/System/Library/Frameworks/UIKit.framework/Headers/UITraitCollection.h:23:12: note: 'UITraitCollection' has been explicitly marked unavailable here
21 |
22 | UIKIT_EXTERN API_AVAILABLE(ios(8.0)) API_UNAVAILABLE(watchos) NS_SWIFT_SENDABLE
23 | @interface UITraitCollection : NSObject <NSCopying, NSSecureCoding>
| `- note: 'UITraitCollection' has been explicitly marked unavailable here
24 |
25 | - (instancetype)init NS_DESIGNATED_INITIALIZER;
SwiftCompile normal arm64 (in target 'RotatingLabel' from project 'RotatingLabel')
cd /Users/admin/builder/spi-builder-workspace/.swiftpm/xcode
/Users/admin/builder/spi-builder-workspace/RotatingLabel/RotatingLabel.swift:164:26: error: cannot override 'traitCollectionDidChange' which has been marked unavailable
162 | }
163 |
164 | public override func traitCollectionDidChange(_ previousTraitCollection: UITraitCollection?) {
| |- error: cannot override 'traitCollectionDidChange' which has been marked unavailable
| `- note: remove 'override' modifier to declare a new 'traitCollectionDidChange'
165 | super.traitCollectionDidChange(previousTraitCollection)
166 | if previousTraitCollection?.preferredContentSizeCategory != traitCollection.preferredContentSizeCategory {
/Applications/Xcode-27.0.0-Release.Candidate.app/Contents/Developer/Platforms/WatchOS.platform/Developer/SDKs/WatchOS27.0.sdk/System/Library/Frameworks/UIKit.framework/Headers/UITraitCollection.h:221:1: note: 'traitCollectionDidChange' has been explicitly marked unavailable here
219 |
220 | /*! To be overridden as needed to provide custom behavior when the environment's traits change. */
221 | - (void)traitCollectionDidChange:(nullable UITraitCollection *)previousTraitCollection API_DEPRECATED("Use the trait change registration APIs declared in the UITraitChangeObservable protocol", ios(8.0, 17.0), visionos(1.0, 1.0)) API_UNAVAILABLE(watchos);
| `- note: 'traitCollectionDidChange' has been explicitly marked unavailable here
222 | @end
223 |
/Users/admin/builder/spi-builder-workspace/RotatingLabel/RotatingLabel.swift:11:29: error: 'UIView' is unavailable in watchOS
9 |
10 | /// A label that animates when its text changes.
11 | public class RotatingLabel: UIView {
| `- error: 'UIView' is unavailable in watchOS
12 | /// Direction of the animation.
13 | public enum Direction {
/Applications/Xcode-27.0.0-Release.Candidate.app/Contents/Developer/Platforms/WatchOS.platform/Developer/SDKs/WatchOS27.0.sdk/System/Library/Frameworks/UIKit.framework/Headers/UIView.h:152:12: note: 'UIView' has been explicitly marked unavailable here
150 |
151 | UIKIT_EXTERN API_AVAILABLE(ios(2.0)) API_UNAVAILABLE(watchos) NS_SWIFT_UI_ACTOR
152 | @interface UIView : UIResponder <NSCoding, UIAppearance, UIAppearanceContainer, UIDynamicItem, UITraitEnvironment, UICoordinateSpace, UIFocusItem, UIFocusItemContainer, CALayerDelegate>
| `- note: 'UIView' has been explicitly marked unavailable here
153 |
154 | @property(class, nonatomic, readonly) Class layerClass; // default is [CALayer class]. Used when creating the underlying layer for the view.
Failed frontend command:
/Applications/Xcode-27.0.0-Release.Candidate.app/Contents/Developer/Toolchains/XcodeDefault.xctoolchain/usr/bin/swift-frontend -frontend -emit-module -experimental-skip-non-inlinable-function-bodies-without-types /Users/admin/builder/spi-builder-workspace/RotatingLabel/DiffingFunction.swift /Users/admin/builder/spi-builder-workspace/RotatingLabel/RotatingLabel.swift -target arm64-apple-watchos9.0 -disable-cross-import-overlay-search -load-resolved-plugin /Applications/Xcode-27.0.0-Release.Candidate.app/Contents/Developer/Platforms/WatchOS.platform/Developer/usr/lib/swift/host/plugins/libFoundationMacros.dylib\#/Applications/Xcode-27.0.0-Release.Candidate.app/Contents/Developer/Platforms/WatchOS.platform/Developer/usr/bin/swift-plugin-server\#FoundationMacros -load-resolved-plugin /Applications/Xcode-27.0.0-Release.Candidate.app/Contents/Developer/Platforms/WatchOS.platform/Developer/usr/lib/swift/host/plugins/libObservationMacros.dylib\#/Applications/Xcode-27.0.0-Release.Candidate.app/Contents/Developer/Platforms/WatchOS.platform/Developer/usr/bin/swift-plugin-server\#ObservationMacros -load-resolved-plugin /Applications/Xcode-27.0.0-Release.Candidate.app/Contents/Developer/Platforms/WatchOS.platform/Developer/usr/lib/swift/host/plugins/libSwiftMacros.dylib\#/Applications/Xcode-27.0.0-Release.Candidate.app/Contents/Developer/Platforms/WatchOS.platform/Developer/usr/bin/swift-plugin-server\#SwiftMacros -load-resolved-plugin /Applications/Xcode-27.0.0-Release.Candidate.app/Contents/Developer/Platforms/WatchOS.platform/Developer/usr/lib/swift/host/plugins/libSwiftUIMacros.dylib\#/Applications/Xcode-27.0.0-Release.Candidate.app/Contents/Developer/Platforms/WatchOS.platform/Developer/usr/bin/swift-plugin-server\#SwiftUIMacros -disable-implicit-swift-modules -Xcc -fno-implicit-modules -Xcc -fno-implicit-module-maps -explicit-swift-module-map-file /Users/admin/builder/spi-builder-workspace/.derivedData/Build/Intermediates.noindex/RotatingLabel.build/Debug-watchos/RotatingLabel-t.build/Objects-normal/arm64/RotatingLabel-dependencies-2.json -Xllvm -aarch64-use-tbi -enable-objc-interop -stack-check -sdk /Applications/Xcode-27.0.0-Release.Candidate.app/Contents/Developer/Platforms/WatchOS.platform/Developer/SDKs/WatchOS27.0.sdk -I /Users/admin/builder/spi-builder-workspace/.derivedData/Build/Products/Debug-watchos -Isystem /Applications/Xcode-27.0.0-Release.Candidate.app/Contents/Developer/Platforms/WatchOS.platform/Developer/usr/lib -F /Users/admin/builder/spi-builder-workspace/.derivedData/Build/Products/Debug-watchos -F /Applications/Xcode-27.0.0-Release.Candidate.app/Contents/Developer/Platforms/WatchOS.platform/Developer/Library/Frameworks -F /Applications/Xcode-27.0.0-Release.Candidate.app/Contents/Developer/Platforms/WatchOS.platform/Developer/SDKs/WatchOS27.0.sdk/Developer/Library/Frameworks -module-cache-path /Users/admin/builder/spi-builder-workspace/.derivedData/Build/Intermediates.noindex/SwiftExplicitPrecompiledModules -no-color-diagnostics -Xcc -fno-color-diagnostics -enable-testing -g -debug-info-format\=dwarf -dwarf-version\=4 -swift-version 5 -Onone -D SWIFT_PACKAGE -D DEBUG -D SWIFT_MODULE_RESOURCE_BUNDLE_UNAVAILABLE -D Xcode -serialize-debugging-options -enable-experimental-feature DebugDescriptionMacro -empty-abi-descriptor -validate-clang-modules-once -clang-build-session-file /Users/admin/builder/spi-builder-workspace/.derivedData/ModuleCache.noindex/Session.modulevalidation -Xcc -working-directory -Xcc /Users/admin/builder/spi-builder-workspace/.swiftpm/xcode -enable-anonymous-context-mangled-names -file-compilation-dir /Users/admin/builder/spi-builder-workspace/.swiftpm/xcode -Xcc -D_LIBCPP_HARDENING_MODE\=_LIBCPP_HARDENING_MODE_DEBUG -Xcc -ivfsstatcache -Xcc /Users/admin/builder/spi-builder-workspace/.derivedData/SDKStatCaches.noindex/watchos27.0-24R360-e829b21a6f8c9b70876ba0858053c04477534ef55a1706bf4c1112bbb242f0a2.sdkstatcache -Xcc -fmodules-prune-interval\=86400 -Xcc -fmodules-prune-after\=345600 -Xcc -I/Users/admin/builder/spi-builder-workspace/.derivedData/Build/Products/Debug-watchos/include -Xcc -I/Users/admin/builder/spi-builder-workspace/.derivedData/Build/Intermediates.noindex/RotatingLabel.build/Debug-watchos/RotatingLabel-t.build/DerivedSources-normal/arm64 -Xcc -I/Users/admin/builder/spi-builder-workspace/.derivedData/Build/Intermediates.noindex/RotatingLabel.build/Debug-watchos/RotatingLabel-t.build/DerivedSources/arm64 -Xcc -I/Users/admin/builder/spi-builder-workspace/.derivedData/Build/Intermediates.noindex/RotatingLabel.build/Debug-watchos/RotatingLabel-t.build/DerivedSources -Xcc -DSWIFT_PACKAGE -Xcc -DDEBUG\=1 -no-auto-bridging-header-chaining -module-name RotatingLabel -const-gather-protocols-file /Users/admin/builder/spi-builder-workspace/.derivedData/Build/Intermediates.noindex/RotatingLabel.build/Debug-watchos/RotatingLabel-t.build/Objects-normal/arm64/RotatingLabel_const_extract_protocols.json -disable-clang-spi -clang-target arm64-apple-watchos27.0 -target-sdk-version 27.0 -target-sdk-name watchos27.0 -in-process-plugin-server-path /Applications/Xcode-27.0.0-Release.Candidate.app/Contents/Developer/Toolchains/XcodeDefault.xctoolchain/usr/lib/swift/host/libSwiftInProcPluginServer.dylib -emit-module-doc-path /Users/admin/builder/spi-builder-workspace/.derivedData/Build/Intermediates.noindex/RotatingLabel.build/Debug-watchos/RotatingLabel-t.build/Objects-normal/arm64/RotatingLabel.swiftdoc -emit-module-source-info-path /Users/admin/builder/spi-builder-workspace/.derivedData/Build/Intermediates.noindex/RotatingLabel.build/Debug-watchos/RotatingLabel-t.build/Objects-normal/arm64/RotatingLabel.swiftsourceinfo -emit-objc-header-path /Users/admin/builder/spi-builder-workspace/.derivedData/Build/Intermediates.noindex/RotatingLabel.build/Debug-watchos/RotatingLabel-t.build/Objects-normal/arm64/RotatingLabel-Swift.h -serialize-diagnostics-path /Users/admin/builder/spi-builder-workspace/.derivedData/Build/Intermediates.noindex/RotatingLabel.build/Debug-watchos/RotatingLabel-t.build/Objects-normal/arm64/RotatingLabel-primary-emit-module.dia -emit-dependencies-path /Users/admin/builder/spi-builder-workspace/.derivedData/Build/Intermediates.noindex/RotatingLabel.build/Debug-watchos/RotatingLabel-t.build/Objects-normal/arm64/RotatingLabel-primary-emit-module.d -parse-as-library -o /Users/admin/builder/spi-builder-workspace/.derivedData/Build/Intermediates.noindex/RotatingLabel.build/Debug-watchos/RotatingLabel-t.build/Objects-normal/arm64/RotatingLabel.swiftmodule -emit-abi-descriptor-path /Users/admin/builder/spi-builder-workspace/.derivedData/Build/Intermediates.noindex/RotatingLabel.build/Debug-watchos/RotatingLabel-t.build/Objects-normal/arm64/RotatingLabel.abi.json
SwiftCompile normal arm64 Compiling\ RotatingLabel.swift /Users/admin/builder/spi-builder-workspace/RotatingLabel/RotatingLabel.swift (in target 'RotatingLabel' from project 'RotatingLabel')
/Users/admin/builder/spi-builder-workspace/RotatingLabel/RotatingLabel.swift:23:38: error: 'label' is unavailable in watchOS
21 | ///
22 | /// Defaults to `UIColor.label`.
23 | public var textColor: UIColor = .label {
| `- error: 'label' is unavailable in watchOS
24 | didSet {
25 | updateTextColor()
/Applications/Xcode-27.0.0-Release.Candidate.app/Contents/Developer/Platforms/WatchOS.platform/Developer/SDKs/WatchOS27.0.sdk/System/Library/Frameworks/UIKit.framework/Headers/UIInterface.h:171:49: note: 'label' has been explicitly marked unavailable here
169 | /* Foreground colors for static text and related elements.
170 | */
171 | @property (class, nonatomic, readonly) UIColor *labelColor API_AVAILABLE(ios(13.0), tvos(13.0)) API_UNAVAILABLE(watchos);
| `- note: 'label' has been explicitly marked unavailable here
172 | @property (class, nonatomic, readonly) UIColor *secondaryLabelColor API_AVAILABLE(ios(13.0), tvos(13.0)) API_UNAVAILABLE(watchos);
173 | @property (class, nonatomic, readonly) UIColor *tertiaryLabelColor API_AVAILABLE(ios(13.0), tvos(13.0)) API_UNAVAILABLE(watchos);
/Users/admin/builder/spi-builder-workspace/RotatingLabel/RotatingLabel.swift:32:46: error: 'systemGreen' is unavailable in watchOS
30 | ///
31 | /// Defaults to `UIColor.systemGreen`.
32 | public var incrementingColor: UIColor = .systemGreen
| `- error: 'systemGreen' is unavailable in watchOS
33 |
34 | /// Color to flash when values decrease.
/Applications/Xcode-27.0.0-Release.Candidate.app/Contents/Developer/Platforms/WatchOS.platform/Developer/SDKs/WatchOS27.0.sdk/System/Library/Frameworks/UIKit.framework/Headers/UIInterface.h:122:49: note: 'systemGreen' has been explicitly marked unavailable here
120 | */
121 | @property (class, nonatomic, readonly) UIColor *systemRedColor API_AVAILABLE(ios(7.0), tvos(9.0)) API_UNAVAILABLE(watchos);
122 | @property (class, nonatomic, readonly) UIColor *systemGreenColor API_AVAILABLE(ios(7.0), tvos(9.0)) API_UNAVAILABLE(watchos);
| `- note: 'systemGreen' has been explicitly marked unavailable here
123 | @property (class, nonatomic, readonly) UIColor *systemBlueColor API_AVAILABLE(ios(7.0), tvos(9.0)) API_UNAVAILABLE(watchos);
124 | @property (class, nonatomic, readonly) UIColor *systemOrangeColor API_AVAILABLE(ios(7.0), tvos(9.0)) API_UNAVAILABLE(watchos);
/Users/admin/builder/spi-builder-workspace/RotatingLabel/RotatingLabel.swift:37:46: error: 'systemRed' is unavailable in watchOS
35 | ///
36 | /// Defaults to `UIColor.systemRed`.
37 | public var decrementingColor: UIColor = .systemRed
| `- error: 'systemRed' is unavailable in watchOS
38 |
39 | /// Font to use for rendering the text.
/Applications/Xcode-27.0.0-Release.Candidate.app/Contents/Developer/Platforms/WatchOS.platform/Developer/SDKs/WatchOS27.0.sdk/System/Library/Frameworks/UIKit.framework/Headers/UIInterface.h:121:49: note: 'systemRed' has been explicitly marked unavailable here
119 | * Do not make assumptions about the color spaces or actual colors used.
120 | */
121 | @property (class, nonatomic, readonly) UIColor *systemRedColor API_AVAILABLE(ios(7.0), tvos(9.0)) API_UNAVAILABLE(watchos);
| `- note: 'systemRed' has been explicitly marked unavailable here
122 | @property (class, nonatomic, readonly) UIColor *systemGreenColor API_AVAILABLE(ios(7.0), tvos(9.0)) API_UNAVAILABLE(watchos);
123 | @property (class, nonatomic, readonly) UIColor *systemBlueColor API_AVAILABLE(ios(7.0), tvos(9.0)) API_UNAVAILABLE(watchos);
/Users/admin/builder/spi-builder-workspace/RotatingLabel/RotatingLabel.swift:82:43: error: 'UITimingCurveProvider' is unavailable in watchOS
80 | /// - [UISpringTimingParameters](https://developer.apple.com/documentation/uikit/uispringtimingparameters)
81 | /// - [UICubicTimingParameters](https://developer.apple.com/documentation/uikit/uicubictimingparameters)
82 | public var animationTimingParameters: UITimingCurveProvider = UISpringTimingParameters(
| `- error: 'UITimingCurveProvider' is unavailable in watchOS
83 | mass: 0.03,
84 | stiffness: 20,
/Applications/Xcode-27.0.0-Release.Candidate.app/Contents/Developer/Platforms/WatchOS.platform/Developer/SDKs/WatchOS27.0.sdk/System/Library/Frameworks/UIKit.framework/Headers/UITimingCurveProvider.h:23:11: note: 'UITimingCurveProvider' has been explicitly marked unavailable here
21 |
22 | API_UNAVAILABLE(watchos) NS_SWIFT_UI_ACTOR
23 | @protocol UITimingCurveProvider <NSCoding, NSCopying>
| `- note: 'UITimingCurveProvider' has been explicitly marked unavailable here
24 |
25 | @property(nonatomic, readonly) UITimingCurveType timingCurveType;
/Users/admin/builder/spi-builder-workspace/RotatingLabel/RotatingLabel.swift:82:67: error: 'UISpringTimingParameters' is unavailable in watchOS
80 | /// - [UISpringTimingParameters](https://developer.apple.com/documentation/uikit/uispringtimingparameters)
81 | /// - [UICubicTimingParameters](https://developer.apple.com/documentation/uikit/uicubictimingparameters)
82 | public var animationTimingParameters: UITimingCurveProvider = UISpringTimingParameters(
| `- error: 'UISpringTimingParameters' is unavailable in watchOS
83 | mass: 0.03,
84 | stiffness: 20,
/Applications/Xcode-27.0.0-Release.Candidate.app/Contents/Developer/Platforms/WatchOS.platform/Developer/SDKs/WatchOS27.0.sdk/System/Library/Frameworks/UIKit.framework/Headers/UITimingParameters.h:32:12: note: 'UISpringTimingParameters' has been explicitly marked unavailable here
30 |
31 | UIKIT_EXTERN API_AVAILABLE(ios(10.0)) API_UNAVAILABLE(watchos) NS_SWIFT_UI_ACTOR
32 | @interface UISpringTimingParameters : NSObject <UITimingCurveProvider>
| `- note: 'UISpringTimingParameters' has been explicitly marked unavailable here
33 |
34 | @property(nonatomic, readonly) CGVector initialVelocity;
/Users/admin/builder/spi-builder-workspace/RotatingLabel/RotatingLabel.swift:107:13: error: 'accessibilityLabel' is unavailable in watchOS
105 | private var internalText: String? {
106 | didSet {
107 | accessibilityLabel = internalText
| `- error: 'accessibilityLabel' is unavailable in watchOS
108 | }
109 | }
/Applications/Xcode-27.0.0-Release.Candidate.app/Contents/Developer/Platforms/WatchOS.platform/Developer/SDKs/WatchOS27.0.sdk/System/Library/Frameworks/UIKit.framework/Headers/UIAccessibility.h:64:49: note: 'accessibilityLabel' has been explicitly marked unavailable here
62 | Setting the property will change the label that is returned to the accessibility client.
63 | */
64 | @property (nullable, nonatomic, copy) NSString *accessibilityLabel API_UNAVAILABLE(watchos) NS_SWIFT_UI_ACTOR;
| `- note: 'accessibilityLabel' has been explicitly marked unavailable here
65 |
66 | /*
/Users/admin/builder/spi-builder-workspace/RotatingLabel/RotatingLabel.swift:111:26: error: 'UILabel' is unavailable in watchOS
109 | }
110 |
111 | private var labels: [UILabel] = []
| `- error: 'UILabel' is unavailable in watchOS
112 |
113 | public override init(frame: CGRect) {
/Applications/Xcode-27.0.0-Release.Candidate.app/Contents/Developer/Platforms/WatchOS.platform/Developer/SDKs/WatchOS27.0.sdk/System/Library/Frameworks/UIKit.framework/Headers/UILabel.h:33:12: note: 'UILabel' has been explicitly marked unavailable here
31 |
32 | UIKIT_EXTERN API_AVAILABLE(ios(2.0)) API_UNAVAILABLE(watchos) NS_SWIFT_UI_ACTOR
33 | @interface UILabel : UIView <NSCoding, UIContentSizeCategoryAdjusting, UILetterformAwareAdjusting>
| `- note: 'UILabel' has been explicitly marked unavailable here
34 |
35 | @property(nullable, nonatomic,copy) NSString *text; // default is nil
/Users/admin/builder/spi-builder-workspace/RotatingLabel/RotatingLabel.swift:164:78: error: 'UITraitCollection' is unavailable in watchOS
162 | }
163 |
164 | public override func traitCollectionDidChange(_ previousTraitCollection: UITraitCollection?) {
| `- error: 'UITraitCollection' is unavailable in watchOS
165 | super.traitCollectionDidChange(previousTraitCollection)
166 | if previousTraitCollection?.preferredContentSizeCategory != traitCollection.preferredContentSizeCategory {
/Applications/Xcode-27.0.0-Release.Candidate.app/Contents/Developer/Platforms/WatchOS.platform/Developer/SDKs/WatchOS27.0.sdk/System/Library/Frameworks/UIKit.framework/Headers/UITraitCollection.h:23:12: note: 'UITraitCollection' has been explicitly marked unavailable here
21 |
22 | UIKIT_EXTERN API_AVAILABLE(ios(8.0)) API_UNAVAILABLE(watchos) NS_SWIFT_SENDABLE
23 | @interface UITraitCollection : NSObject <NSCopying, NSSecureCoding>
| `- note: 'UITraitCollection' has been explicitly marked unavailable here
24 |
25 | - (instancetype)init NS_DESIGNATED_INITIALIZER;
SwiftCompile normal arm64 /Users/admin/builder/spi-builder-workspace/RotatingLabel/RotatingLabel.swift (in target 'RotatingLabel' from project 'RotatingLabel')
cd /Users/admin/builder/spi-builder-workspace/.swiftpm/xcode
builtin-SwiftPerFileCompile RotatingLabel.swift
/Users/admin/builder/spi-builder-workspace/RotatingLabel/RotatingLabel.swift:164:26: error: cannot override 'traitCollectionDidChange' which has been marked unavailable
162 | }
163 |
164 | public override func traitCollectionDidChange(_ previousTraitCollection: UITraitCollection?) {
| |- error: cannot override 'traitCollectionDidChange' which has been marked unavailable
| `- note: remove 'override' modifier to declare a new 'traitCollectionDidChange'
165 | super.traitCollectionDidChange(previousTraitCollection)
166 | if previousTraitCollection?.preferredContentSizeCategory != traitCollection.preferredContentSizeCategory {
/Applications/Xcode-27.0.0-Release.Candidate.app/Contents/Developer/Platforms/WatchOS.platform/Developer/SDKs/WatchOS27.0.sdk/System/Library/Frameworks/UIKit.framework/Headers/UITraitCollection.h:221:1: note: 'traitCollectionDidChange' has been explicitly marked unavailable here
219 |
220 | /*! To be overridden as needed to provide custom behavior when the environment's traits change. */
221 | - (void)traitCollectionDidChange:(nullable UITraitCollection *)previousTraitCollection API_DEPRECATED("Use the trait change registration APIs declared in the UITraitChangeObservable protocol", ios(8.0, 17.0), visionos(1.0, 1.0)) API_UNAVAILABLE(watchos);
| `- note: 'traitCollectionDidChange' has been explicitly marked unavailable here
222 | @end
223 |
SwiftCompile normal arm64 Compiling\ DiffingFunction.swift /Users/admin/builder/spi-builder-workspace/RotatingLabel/DiffingFunction.swift (in target 'RotatingLabel' from project 'RotatingLabel')
SwiftCompile normal arm64 /Users/admin/builder/spi-builder-workspace/RotatingLabel/DiffingFunction.swift (in target 'RotatingLabel' from project 'RotatingLabel')
cd /Users/admin/builder/spi-builder-workspace/.swiftpm/xcode
builtin-SwiftPerFileCompile DiffingFunction.swift
SwiftCompile normal arm64_32 Compiling\ RotatingLabel.swift /Users/admin/builder/spi-builder-workspace/RotatingLabel/RotatingLabel.swift (in target 'RotatingLabel' from project 'RotatingLabel')
/Users/admin/builder/spi-builder-workspace/RotatingLabel/RotatingLabel.swift:23:38: error: 'label' is unavailable in watchOS
21 | ///
22 | /// Defaults to `UIColor.label`.
23 | public var textColor: UIColor = .label {
| `- error: 'label' is unavailable in watchOS
24 | didSet {
25 | updateTextColor()
/Applications/Xcode-27.0.0-Release.Candidate.app/Contents/Developer/Platforms/WatchOS.platform/Developer/SDKs/WatchOS27.0.sdk/System/Library/Frameworks/UIKit.framework/Headers/UIInterface.h:171:49: note: 'label' has been explicitly marked unavailable here
169 | /* Foreground colors for static text and related elements.
170 | */
171 | @property (class, nonatomic, readonly) UIColor *labelColor API_AVAILABLE(ios(13.0), tvos(13.0)) API_UNAVAILABLE(watchos);
| `- note: 'label' has been explicitly marked unavailable here
172 | @property (class, nonatomic, readonly) UIColor *secondaryLabelColor API_AVAILABLE(ios(13.0), tvos(13.0)) API_UNAVAILABLE(watchos);
173 | @property (class, nonatomic, readonly) UIColor *tertiaryLabelColor API_AVAILABLE(ios(13.0), tvos(13.0)) API_UNAVAILABLE(watchos);
/Users/admin/builder/spi-builder-workspace/RotatingLabel/RotatingLabel.swift:32:46: error: 'systemGreen' is unavailable in watchOS
30 | ///
31 | /// Defaults to `UIColor.systemGreen`.
32 | public var incrementingColor: UIColor = .systemGreen
| `- error: 'systemGreen' is unavailable in watchOS
33 |
34 | /// Color to flash when values decrease.
/Applications/Xcode-27.0.0-Release.Candidate.app/Contents/Developer/Platforms/WatchOS.platform/Developer/SDKs/WatchOS27.0.sdk/System/Library/Frameworks/UIKit.framework/Headers/UIInterface.h:122:49: note: 'systemGreen' has been explicitly marked unavailable here
120 | */
121 | @property (class, nonatomic, readonly) UIColor *systemRedColor API_AVAILABLE(ios(7.0), tvos(9.0)) API_UNAVAILABLE(watchos);
122 | @property (class, nonatomic, readonly) UIColor *systemGreenColor API_AVAILABLE(ios(7.0), tvos(9.0)) API_UNAVAILABLE(watchos);
| `- note: 'systemGreen' has been explicitly marked unavailable here
123 | @property (class, nonatomic, readonly) UIColor *systemBlueColor API_AVAILABLE(ios(7.0), tvos(9.0)) API_UNAVAILABLE(watchos);
124 | @property (class, nonatomic, readonly) UIColor *systemOrangeColor API_AVAILABLE(ios(7.0), tvos(9.0)) API_UNAVAILABLE(watchos);
/Users/admin/builder/spi-builder-workspace/RotatingLabel/RotatingLabel.swift:37:46: error: 'systemRed' is unavailable in watchOS
35 | ///
36 | /// Defaults to `UIColor.systemRed`.
37 | public var decrementingColor: UIColor = .systemRed
| `- error: 'systemRed' is unavailable in watchOS
38 |
39 | /// Font to use for rendering the text.
/Applications/Xcode-27.0.0-Release.Candidate.app/Contents/Developer/Platforms/WatchOS.platform/Developer/SDKs/WatchOS27.0.sdk/System/Library/Frameworks/UIKit.framework/Headers/UIInterface.h:121:49: note: 'systemRed' has been explicitly marked unavailable here
119 | * Do not make assumptions about the color spaces or actual colors used.
120 | */
121 | @property (class, nonatomic, readonly) UIColor *systemRedColor API_AVAILABLE(ios(7.0), tvos(9.0)) API_UNAVAILABLE(watchos);
| `- note: 'systemRed' has been explicitly marked unavailable here
122 | @property (class, nonatomic, readonly) UIColor *systemGreenColor API_AVAILABLE(ios(7.0), tvos(9.0)) API_UNAVAILABLE(watchos);
123 | @property (class, nonatomic, readonly) UIColor *systemBlueColor API_AVAILABLE(ios(7.0), tvos(9.0)) API_UNAVAILABLE(watchos);
/Users/admin/builder/spi-builder-workspace/RotatingLabel/RotatingLabel.swift:82:43: error: 'UITimingCurveProvider' is unavailable in watchOS
80 | /// - [UISpringTimingParameters](https://developer.apple.com/documentation/uikit/uispringtimingparameters)
81 | /// - [UICubicTimingParameters](https://developer.apple.com/documentation/uikit/uicubictimingparameters)
82 | public var animationTimingParameters: UITimingCurveProvider = UISpringTimingParameters(
| `- error: 'UITimingCurveProvider' is unavailable in watchOS
83 | mass: 0.03,
84 | stiffness: 20,
/Applications/Xcode-27.0.0-Release.Candidate.app/Contents/Developer/Platforms/WatchOS.platform/Developer/SDKs/WatchOS27.0.sdk/System/Library/Frameworks/UIKit.framework/Headers/UITimingCurveProvider.h:23:11: note: 'UITimingCurveProvider' has been explicitly marked unavailable here
21 |
22 | API_UNAVAILABLE(watchos) NS_SWIFT_UI_ACTOR
23 | @protocol UITimingCurveProvider <NSCoding, NSCopying>
| `- note: 'UITimingCurveProvider' has been explicitly marked unavailable here
24 |
25 | @property(nonatomic, readonly) UITimingCurveType timingCurveType;
/Users/admin/builder/spi-builder-workspace/RotatingLabel/RotatingLabel.swift:82:67: error: 'UISpringTimingParameters' is unavailable in watchOS
80 | /// - [UISpringTimingParameters](https://developer.apple.com/documentation/uikit/uispringtimingparameters)
81 | /// - [UICubicTimingParameters](https://developer.apple.com/documentation/uikit/uicubictimingparameters)
82 | public var animationTimingParameters: UITimingCurveProvider = UISpringTimingParameters(
| `- error: 'UISpringTimingParameters' is unavailable in watchOS
83 | mass: 0.03,
84 | stiffness: 20,
/Applications/Xcode-27.0.0-Release.Candidate.app/Contents/Developer/Platforms/WatchOS.platform/Developer/SDKs/WatchOS27.0.sdk/System/Library/Frameworks/UIKit.framework/Headers/UITimingParameters.h:32:12: note: 'UISpringTimingParameters' has been explicitly marked unavailable here
30 |
31 | UIKIT_EXTERN API_AVAILABLE(ios(10.0)) API_UNAVAILABLE(watchos) NS_SWIFT_UI_ACTOR
32 | @interface UISpringTimingParameters : NSObject <UITimingCurveProvider>
| `- note: 'UISpringTimingParameters' has been explicitly marked unavailable here
33 |
34 | @property(nonatomic, readonly) CGVector initialVelocity;
/Users/admin/builder/spi-builder-workspace/RotatingLabel/RotatingLabel.swift:107:13: error: 'accessibilityLabel' is unavailable in watchOS
105 | private var internalText: String? {
106 | didSet {
107 | accessibilityLabel = internalText
| `- error: 'accessibilityLabel' is unavailable in watchOS
108 | }
109 | }
/Applications/Xcode-27.0.0-Release.Candidate.app/Contents/Developer/Platforms/WatchOS.platform/Developer/SDKs/WatchOS27.0.sdk/System/Library/Frameworks/UIKit.framework/Headers/UIAccessibility.h:64:49: note: 'accessibilityLabel' has been explicitly marked unavailable here
62 | Setting the property will change the label that is returned to the accessibility client.
63 | */
64 | @property (nullable, nonatomic, copy) NSString *accessibilityLabel API_UNAVAILABLE(watchos) NS_SWIFT_UI_ACTOR;
| `- note: 'accessibilityLabel' has been explicitly marked unavailable here
65 |
66 | /*
/Users/admin/builder/spi-builder-workspace/RotatingLabel/RotatingLabel.swift:111:26: error: 'UILabel' is unavailable in watchOS
109 | }
110 |
111 | private var labels: [UILabel] = []
| `- error: 'UILabel' is unavailable in watchOS
112 |
113 | public override init(frame: CGRect) {
/Applications/Xcode-27.0.0-Release.Candidate.app/Contents/Developer/Platforms/WatchOS.platform/Developer/SDKs/WatchOS27.0.sdk/System/Library/Frameworks/UIKit.framework/Headers/UILabel.h:33:12: note: 'UILabel' has been explicitly marked unavailable here
31 |
32 | UIKIT_EXTERN API_AVAILABLE(ios(2.0)) API_UNAVAILABLE(watchos) NS_SWIFT_UI_ACTOR
33 | @interface UILabel : UIView <NSCoding, UIContentSizeCategoryAdjusting, UILetterformAwareAdjusting>
| `- note: 'UILabel' has been explicitly marked unavailable here
34 |
35 | @property(nullable, nonatomic,copy) NSString *text; // default is nil
/Users/admin/builder/spi-builder-workspace/RotatingLabel/RotatingLabel.swift:164:78: error: 'UITraitCollection' is unavailable in watchOS
162 | }
163 |
164 | public override func traitCollectionDidChange(_ previousTraitCollection: UITraitCollection?) {
| `- error: 'UITraitCollection' is unavailable in watchOS
165 | super.traitCollectionDidChange(previousTraitCollection)
166 | if previousTraitCollection?.preferredContentSizeCategory != traitCollection.preferredContentSizeCategory {
/Applications/Xcode-27.0.0-Release.Candidate.app/Contents/Developer/Platforms/WatchOS.platform/Developer/SDKs/WatchOS27.0.sdk/System/Library/Frameworks/UIKit.framework/Headers/UITraitCollection.h:23:12: note: 'UITraitCollection' has been explicitly marked unavailable here
21 |
22 | UIKIT_EXTERN API_AVAILABLE(ios(8.0)) API_UNAVAILABLE(watchos) NS_SWIFT_SENDABLE
23 | @interface UITraitCollection : NSObject <NSCopying, NSSecureCoding>
| `- note: 'UITraitCollection' has been explicitly marked unavailable here
24 |
25 | - (instancetype)init NS_DESIGNATED_INITIALIZER;
/Users/admin/builder/spi-builder-workspace/RotatingLabel/RotatingLabel.swift:164:26: error: cannot override 'traitCollectionDidChange' which has been marked unavailable
162 | }
163 |
164 | public override func traitCollectionDidChange(_ previousTraitCollection: UITraitCollection?) {
| |- error: cannot override 'traitCollectionDidChange' which has been marked unavailable
| `- note: remove 'override' modifier to declare a new 'traitCollectionDidChange'
165 | super.traitCollectionDidChange(previousTraitCollection)
166 | if previousTraitCollection?.preferredContentSizeCategory != traitCollection.preferredContentSizeCategory {
/Applications/Xcode-27.0.0-Release.Candidate.app/Contents/Developer/Platforms/WatchOS.platform/Developer/SDKs/WatchOS27.0.sdk/System/Library/Frameworks/UIKit.framework/Headers/UITraitCollection.h:221:1: note: 'traitCollectionDidChange' has been explicitly marked unavailable here
219 |
220 | /*! To be overridden as needed to provide custom behavior when the environment's traits change. */
221 | - (void)traitCollectionDidChange:(nullable UITraitCollection *)previousTraitCollection API_DEPRECATED("Use the trait change registration APIs declared in the UITraitChangeObservable protocol", ios(8.0, 17.0), visionos(1.0, 1.0)) API_UNAVAILABLE(watchos);
| `- note: 'traitCollectionDidChange' has been explicitly marked unavailable here
222 | @end
223 |
SwiftCompile normal arm64_32 /Users/admin/builder/spi-builder-workspace/RotatingLabel/RotatingLabel.swift (in target 'RotatingLabel' from project 'RotatingLabel')
cd /Users/admin/builder/spi-builder-workspace/.swiftpm/xcode
builtin-SwiftPerFileCompile RotatingLabel.swift
SwiftCompile normal arm64_32 Compiling\ DiffingFunction.swift /Users/admin/builder/spi-builder-workspace/RotatingLabel/DiffingFunction.swift (in target 'RotatingLabel' from project 'RotatingLabel')
SwiftCompile normal arm64_32 /Users/admin/builder/spi-builder-workspace/RotatingLabel/DiffingFunction.swift (in target 'RotatingLabel' from project 'RotatingLabel')
cd /Users/admin/builder/spi-builder-workspace/.swiftpm/xcode
builtin-SwiftPerFileCompile DiffingFunction.swift
SwiftEmitModule normal arm64_32 Emitting\ module\ for\ RotatingLabel (in target 'RotatingLabel' from project 'RotatingLabel')
/Users/admin/builder/spi-builder-workspace/RotatingLabel/RotatingLabel.swift:23:38: error: 'label' is unavailable in watchOS
21 | ///
22 | /// Defaults to `UIColor.label`.
23 | public var textColor: UIColor = .label {
| `- error: 'label' is unavailable in watchOS
24 | didSet {
25 | updateTextColor()
/Applications/Xcode-27.0.0-Release.Candidate.app/Contents/Developer/Platforms/WatchOS.platform/Developer/SDKs/WatchOS27.0.sdk/System/Library/Frameworks/UIKit.framework/Headers/UIInterface.h:171:49: note: 'label' has been explicitly marked unavailable here
169 | /* Foreground colors for static text and related elements.
170 | */
171 | @property (class, nonatomic, readonly) UIColor *labelColor API_AVAILABLE(ios(13.0), tvos(13.0)) API_UNAVAILABLE(watchos);
| `- note: 'label' has been explicitly marked unavailable here
172 | @property (class, nonatomic, readonly) UIColor *secondaryLabelColor API_AVAILABLE(ios(13.0), tvos(13.0)) API_UNAVAILABLE(watchos);
173 | @property (class, nonatomic, readonly) UIColor *tertiaryLabelColor API_AVAILABLE(ios(13.0), tvos(13.0)) API_UNAVAILABLE(watchos);
/Users/admin/builder/spi-builder-workspace/RotatingLabel/RotatingLabel.swift:32:46: error: 'systemGreen' is unavailable in watchOS
30 | ///
31 | /// Defaults to `UIColor.systemGreen`.
32 | public var incrementingColor: UIColor = .systemGreen
| `- error: 'systemGreen' is unavailable in watchOS
33 |
34 | /// Color to flash when values decrease.
/Applications/Xcode-27.0.0-Release.Candidate.app/Contents/Developer/Platforms/WatchOS.platform/Developer/SDKs/WatchOS27.0.sdk/System/Library/Frameworks/UIKit.framework/Headers/UIInterface.h:122:49: note: 'systemGreen' has been explicitly marked unavailable here
120 | */
121 | @property (class, nonatomic, readonly) UIColor *systemRedColor API_AVAILABLE(ios(7.0), tvos(9.0)) API_UNAVAILABLE(watchos);
122 | @property (class, nonatomic, readonly) UIColor *systemGreenColor API_AVAILABLE(ios(7.0), tvos(9.0)) API_UNAVAILABLE(watchos);
| `- note: 'systemGreen' has been explicitly marked unavailable here
123 | @property (class, nonatomic, readonly) UIColor *systemBlueColor API_AVAILABLE(ios(7.0), tvos(9.0)) API_UNAVAILABLE(watchos);
124 | @property (class, nonatomic, readonly) UIColor *systemOrangeColor API_AVAILABLE(ios(7.0), tvos(9.0)) API_UNAVAILABLE(watchos);
/Users/admin/builder/spi-builder-workspace/RotatingLabel/RotatingLabel.swift:37:46: error: 'systemRed' is unavailable in watchOS
35 | ///
36 | /// Defaults to `UIColor.systemRed`.
37 | public var decrementingColor: UIColor = .systemRed
| `- error: 'systemRed' is unavailable in watchOS
38 |
39 | /// Font to use for rendering the text.
/Applications/Xcode-27.0.0-Release.Candidate.app/Contents/Developer/Platforms/WatchOS.platform/Developer/SDKs/WatchOS27.0.sdk/System/Library/Frameworks/UIKit.framework/Headers/UIInterface.h:121:49: note: 'systemRed' has been explicitly marked unavailable here
119 | * Do not make assumptions about the color spaces or actual colors used.
120 | */
121 | @property (class, nonatomic, readonly) UIColor *systemRedColor API_AVAILABLE(ios(7.0), tvos(9.0)) API_UNAVAILABLE(watchos);
| `- note: 'systemRed' has been explicitly marked unavailable here
122 | @property (class, nonatomic, readonly) UIColor *systemGreenColor API_AVAILABLE(ios(7.0), tvos(9.0)) API_UNAVAILABLE(watchos);
123 | @property (class, nonatomic, readonly) UIColor *systemBlueColor API_AVAILABLE(ios(7.0), tvos(9.0)) API_UNAVAILABLE(watchos);
/Users/admin/builder/spi-builder-workspace/RotatingLabel/RotatingLabel.swift:82:43: error: 'UITimingCurveProvider' is unavailable in watchOS
80 | /// - [UISpringTimingParameters](https://developer.apple.com/documentation/uikit/uispringtimingparameters)
81 | /// - [UICubicTimingParameters](https://developer.apple.com/documentation/uikit/uicubictimingparameters)
82 | public var animationTimingParameters: UITimingCurveProvider = UISpringTimingParameters(
| `- error: 'UITimingCurveProvider' is unavailable in watchOS
83 | mass: 0.03,
84 | stiffness: 20,
/Applications/Xcode-27.0.0-Release.Candidate.app/Contents/Developer/Platforms/WatchOS.platform/Developer/SDKs/WatchOS27.0.sdk/System/Library/Frameworks/UIKit.framework/Headers/UITimingCurveProvider.h:23:11: note: 'UITimingCurveProvider' has been explicitly marked unavailable here
21 |
22 | API_UNAVAILABLE(watchos) NS_SWIFT_UI_ACTOR
23 | @protocol UITimingCurveProvider <NSCoding, NSCopying>
| `- note: 'UITimingCurveProvider' has been explicitly marked unavailable here
24 |
25 | @property(nonatomic, readonly) UITimingCurveType timingCurveType;
/Users/admin/builder/spi-builder-workspace/RotatingLabel/RotatingLabel.swift:82:67: error: 'UISpringTimingParameters' is unavailable in watchOS
80 | /// - [UISpringTimingParameters](https://developer.apple.com/documentation/uikit/uispringtimingparameters)
81 | /// - [UICubicTimingParameters](https://developer.apple.com/documentation/uikit/uicubictimingparameters)
82 | public var animationTimingParameters: UITimingCurveProvider = UISpringTimingParameters(
| `- error: 'UISpringTimingParameters' is unavailable in watchOS
83 | mass: 0.03,
84 | stiffness: 20,
/Applications/Xcode-27.0.0-Release.Candidate.app/Contents/Developer/Platforms/WatchOS.platform/Developer/SDKs/WatchOS27.0.sdk/System/Library/Frameworks/UIKit.framework/Headers/UITimingParameters.h:32:12: note: 'UISpringTimingParameters' has been explicitly marked unavailable here
30 |
31 | UIKIT_EXTERN API_AVAILABLE(ios(10.0)) API_UNAVAILABLE(watchos) NS_SWIFT_UI_ACTOR
32 | @interface UISpringTimingParameters : NSObject <UITimingCurveProvider>
| `- note: 'UISpringTimingParameters' has been explicitly marked unavailable here
33 |
34 | @property(nonatomic, readonly) CGVector initialVelocity;
/Users/admin/builder/spi-builder-workspace/RotatingLabel/RotatingLabel.swift:107:13: error: 'accessibilityLabel' is unavailable in watchOS
105 | private var internalText: String? {
106 | didSet {
107 | accessibilityLabel = internalText
| `- error: 'accessibilityLabel' is unavailable in watchOS
108 | }
109 | }
/Applications/Xcode-27.0.0-Release.Candidate.app/Contents/Developer/Platforms/WatchOS.platform/Developer/SDKs/WatchOS27.0.sdk/System/Library/Frameworks/UIKit.framework/Headers/UIAccessibility.h:64:49: note: 'accessibilityLabel' has been explicitly marked unavailable here
62 | Setting the property will change the label that is returned to the accessibility client.
63 | */
64 | @property (nullable, nonatomic, copy) NSString *accessibilityLabel API_UNAVAILABLE(watchos) NS_SWIFT_UI_ACTOR;
| `- note: 'accessibilityLabel' has been explicitly marked unavailable here
65 |
66 | /*
/Users/admin/builder/spi-builder-workspace/RotatingLabel/RotatingLabel.swift:111:26: error: 'UILabel' is unavailable in watchOS
109 | }
110 |
111 | private var labels: [UILabel] = []
| `- error: 'UILabel' is unavailable in watchOS
112 |
113 | public override init(frame: CGRect) {
/Applications/Xcode-27.0.0-Release.Candidate.app/Contents/Developer/Platforms/WatchOS.platform/Developer/SDKs/WatchOS27.0.sdk/System/Library/Frameworks/UIKit.framework/Headers/UILabel.h:33:12: note: 'UILabel' has been explicitly marked unavailable here
31 |
32 | UIKIT_EXTERN API_AVAILABLE(ios(2.0)) API_UNAVAILABLE(watchos) NS_SWIFT_UI_ACTOR
33 | @interface UILabel : UIView <NSCoding, UIContentSizeCategoryAdjusting, UILetterformAwareAdjusting>
| `- note: 'UILabel' has been explicitly marked unavailable here
34 |
35 | @property(nullable, nonatomic,copy) NSString *text; // default is nil
/Users/admin/builder/spi-builder-workspace/RotatingLabel/RotatingLabel.swift:164:78: error: 'UITraitCollection' is unavailable in watchOS
162 | }
163 |
164 | public override func traitCollectionDidChange(_ previousTraitCollection: UITraitCollection?) {
| `- error: 'UITraitCollection' is unavailable in watchOS
165 | super.traitCollectionDidChange(previousTraitCollection)
166 | if previousTraitCollection?.preferredContentSizeCategory != traitCollection.preferredContentSizeCategory {
/Applications/Xcode-27.0.0-Release.Candidate.app/Contents/Developer/Platforms/WatchOS.platform/Developer/SDKs/WatchOS27.0.sdk/System/Library/Frameworks/UIKit.framework/Headers/UITraitCollection.h:23:12: note: 'UITraitCollection' has been explicitly marked unavailable here
21 |
22 | UIKIT_EXTERN API_AVAILABLE(ios(8.0)) API_UNAVAILABLE(watchos) NS_SWIFT_SENDABLE
23 | @interface UITraitCollection : NSObject <NSCopying, NSSecureCoding>
| `- note: 'UITraitCollection' has been explicitly marked unavailable here
24 |
25 | - (instancetype)init NS_DESIGNATED_INITIALIZER;
/Users/admin/builder/spi-builder-workspace/RotatingLabel/RotatingLabel.swift:164:26: error: cannot override 'traitCollectionDidChange' which has been marked unavailable
162 | }
163 |
164 | public override func traitCollectionDidChange(_ previousTraitCollection: UITraitCollection?) {
| |- error: cannot override 'traitCollectionDidChange' which has been marked unavailable
| `- note: remove 'override' modifier to declare a new 'traitCollectionDidChange'
165 | super.traitCollectionDidChange(previousTraitCollection)
166 | if previousTraitCollection?.preferredContentSizeCategory != traitCollection.preferredContentSizeCategory {
/Applications/Xcode-27.0.0-Release.Candidate.app/Contents/Developer/Platforms/WatchOS.platform/Developer/SDKs/WatchOS27.0.sdk/System/Library/Frameworks/UIKit.framework/Headers/UITraitCollection.h:221:1: note: 'traitCollectionDidChange' has been explicitly marked unavailable here
219 |
220 | /*! To be overridden as needed to provide custom behavior when the environment's traits change. */
221 | - (void)traitCollectionDidChange:(nullable UITraitCollection *)previousTraitCollection API_DEPRECATED("Use the trait change registration APIs declared in the UITraitChangeObservable protocol", ios(8.0, 17.0), visionos(1.0, 1.0)) API_UNAVAILABLE(watchos);
| `- note: 'traitCollectionDidChange' has been explicitly marked unavailable here
222 | @end
223 |
SwiftCompile normal arm64_32 (in target 'RotatingLabel' from project 'RotatingLabel')
cd /Users/admin/builder/spi-builder-workspace/.swiftpm/xcode
PruneExplicitPrecompiledModules /Users/admin/builder/spi-builder-workspace/.derivedData/SDKExplicitPrecompiledModules
PruneExplicitPrecompiledModules /Users/admin/builder/spi-builder-workspace/.derivedData/Build/Intermediates.noindex/ExplicitPrecompiledModules
PruneExplicitPrecompiledModules /Users/admin/builder/spi-builder-workspace/.derivedData/Build/Intermediates.noindex/SwiftExplicitPrecompiledModules
2026-09-19 13:34:39.952 xcodebuild[821:5088] [MT] IDERunDestination: Supported platforms for the buildables in the current scheme is empty.
** BUILD FAILED **
The following build commands failed:
SwiftCompile normal arm64 (in target 'RotatingLabel' from project 'RotatingLabel')
SwiftEmitModule normal arm64 Emitting\ module\ for\ RotatingLabel (in target 'RotatingLabel' from project 'RotatingLabel')
Building workspace RotatingLabel with scheme RotatingLabel
(3 failures)
Command line invocation:
/Applications/Xcode-27.0.0-Release.Candidate.app/Contents/Developer/usr/bin/xcodebuild -IDEClonedSourcePackagesDirPathOverride=/Users/admin/builder/spi-builder-workspace/.dependencies -resolvePackageDependencies
Resolve Package Graph
Resolved source packages:
RotatingLabel: /Users/admin/builder/spi-builder-workspace
resolved source packages: RotatingLabel
2026-09-19 13:34:45.682 xcodebuild[944:5560] [MT] IDERunDestination: Supported platforms for the buildables in the current scheme is empty.
{
"dependencies" : [
],
"manifest_display_name" : "RotatingLabel",
"name" : "RotatingLabel",
"path" : "/Users/admin/builder/spi-builder-workspace",
"platforms" : [
{
"name" : "ios",
"version" : "13.0"
},
{
"name" : "tvos",
"version" : "13.0"
}
],
"products" : [
{
"name" : "RotatingLabel",
"targets" : [
"RotatingLabel"
],
"type" : {
"library" : [
"automatic"
]
}
}
],
"targets" : [
{
"c99name" : "RotatingLabel",
"module_type" : "SwiftTarget",
"name" : "RotatingLabel",
"path" : "RotatingLabel",
"product_memberships" : [
"RotatingLabel"
],
"sources" : [
"DiffingFunction.swift",
"RotatingLabel.swift"
],
"type" : "library"
}
],
"tools_version" : "5.1"
}
{
"workspace" : {
"name" : "RotatingLabel",
"schemes" : [
"RotatingLabel"
]
}
}
2026-09-19 13:34:46.840 xcodebuild[952:5624] [MT] IDERunDestination: Supported platforms for the buildables in the current scheme is empty.
Running build ...
env DEVELOPER_DIR=/Applications/Xcode-27.0.0-Release.Candidate.app xcrun xcodebuild -IDEClonedSourcePackagesDirPathOverride=$PWD/.dependencies -skipMacroValidation -skipPackagePluginValidation -derivedDataPath $PWD/.derivedData build -scheme RotatingLabel -destination generic/platform=watchOS
Command line invocation:
/Applications/Xcode-27.0.0-Release.Candidate.app/Contents/Developer/usr/bin/xcodebuild -IDEClonedSourcePackagesDirPathOverride=/Users/admin/builder/spi-builder-workspace/.dependencies -skipMacroValidation -skipPackagePluginValidation -derivedDataPath /Users/admin/builder/spi-builder-workspace/.derivedData build -scheme RotatingLabel -destination generic/platform=watchOS
Resolve Package Graph
Resolved source packages:
RotatingLabel: /Users/admin/builder/spi-builder-workspace
ComputePackagePrebuildTargetDependencyGraph
Prepare packages
CreateBuildRequest
SendProjectDescription
CreateBuildOperation
ComputeTargetDependencyGraph
note: Building targets in dependency order
note: Target dependency graph (2 targets)
Target 'RotatingLabel-product' in project 'RotatingLabel'
➜ Explicit dependency on target 'RotatingLabel' in project 'RotatingLabel'
Target 'RotatingLabel' in project 'RotatingLabel' (no dependencies)
GatherProvisioningInputs
CreateBuildDescription
ClangStatCache /Applications/Xcode-27.0.0-Release.Candidate.app/Contents/Developer/Toolchains/XcodeDefault.xctoolchain/usr/bin/clang-stat-cache /Applications/Xcode-27.0.0-Release.Candidate.app/Contents/Developer/Platforms/WatchOS.platform/Developer/SDKs/WatchOS27.0.sdk /Users/admin/builder/spi-builder-workspace/.derivedData/SDKStatCaches.noindex/watchos27.0-24R360-e829b21a6f8c9b70876ba0858053c04477534ef55a1706bf4c1112bbb242f0a2.sdkstatcache
cd /Users/admin/builder/spi-builder-workspace/.swiftpm/xcode
/Applications/Xcode-27.0.0-Release.Candidate.app/Contents/Developer/Toolchains/XcodeDefault.xctoolchain/usr/bin/clang-stat-cache /Applications/Xcode-27.0.0-Release.Candidate.app/Contents/Developer/Platforms/WatchOS.platform/Developer/SDKs/WatchOS27.0.sdk -o /Users/admin/builder/spi-builder-workspace/.derivedData/SDKStatCaches.noindex/watchos27.0-24R360-e829b21a6f8c9b70876ba0858053c04477534ef55a1706bf4c1112bbb242f0a2.sdkstatcache
SwiftDriver RotatingLabel normal arm64_32 com.apple.xcode.tools.swift.compiler (in target 'RotatingLabel' from project 'RotatingLabel')
cd /Users/admin/builder/spi-builder-workspace/.swiftpm/xcode
builtin-SwiftDriver -- /Applications/Xcode-27.0.0-Release.Candidate.app/Contents/Developer/Toolchains/XcodeDefault.xctoolchain/usr/bin/swiftc -parse-as-library -module-name RotatingLabel -Onone @/Users/admin/builder/spi-builder-workspace/.derivedData/Build/Intermediates.noindex/RotatingLabel.build/Debug-watchos/RotatingLabel-t.build/Objects-normal/arm64_32/RotatingLabel.SwiftFileList -DSWIFT_PACKAGE -DDEBUG -DSWIFT_MODULE_RESOURCE_BUNDLE_UNAVAILABLE -DXcode -plugin-path /Applications/Xcode-27.0.0-Release.Candidate.app/Contents/Developer/Toolchains/XcodeDefault.xctoolchain/usr/lib/swift/host/plugins/testing -enable-experimental-feature DebugDescriptionMacro -sdk /Applications/Xcode-27.0.0-Release.Candidate.app/Contents/Developer/Platforms/WatchOS.platform/Developer/SDKs/WatchOS27.0.sdk -target arm64_32-apple-watchos9.0 -g -module-cache-path /Users/admin/builder/spi-builder-workspace/.derivedData/ModuleCache.noindex -Xfrontend -serialize-debugging-options -enable-testing -index-store-path /Users/admin/builder/spi-builder-workspace/.derivedData/Index.noindex/DataStore -Xcc -D_LIBCPP_HARDENING_MODE\=_LIBCPP_HARDENING_MODE_DEBUG -swift-version 5 -I /Users/admin/builder/spi-builder-workspace/.derivedData/Build/Products/Debug-watchos -Isystem /Applications/Xcode-27.0.0-Release.Candidate.app/Contents/Developer/Platforms/WatchOS.platform/Developer/usr/lib -F /Users/admin/builder/spi-builder-workspace/.derivedData/Build/Products/Debug-watchos -F /Applications/Xcode-27.0.0-Release.Candidate.app/Contents/Developer/Platforms/WatchOS.platform/Developer/Library/Frameworks -F /Applications/Xcode-27.0.0-Release.Candidate.app/Contents/Developer/Platforms/WatchOS.platform/Developer/SDKs/WatchOS27.0.sdk/Developer/Library/Frameworks -c -j10 -enable-batch-mode -incremental -Xcc -ivfsstatcache -Xcc /Users/admin/builder/spi-builder-workspace/.derivedData/SDKStatCaches.noindex/watchos27.0-24R360-e829b21a6f8c9b70876ba0858053c04477534ef55a1706bf4c1112bbb242f0a2.sdkstatcache -output-file-map /Users/admin/builder/spi-builder-workspace/.derivedData/Build/Intermediates.noindex/RotatingLabel.build/Debug-watchos/RotatingLabel-t.build/Objects-normal/arm64_32/RotatingLabel-OutputFileMap.json -save-temps -no-color-diagnostics -explicit-module-build -module-cache-path /Users/admin/builder/spi-builder-workspace/.derivedData/Build/Intermediates.noindex/SwiftExplicitPrecompiledModules -clang-scanner-module-cache-path /Users/admin/builder/spi-builder-workspace/.derivedData/ModuleCache.noindex -sdk-module-cache-path /Users/admin/builder/spi-builder-workspace/.derivedData/SDKExplicitPrecompiledModules -emit-dependencies -emit-module -emit-module-path /Users/admin/builder/spi-builder-workspace/.derivedData/Build/Intermediates.noindex/RotatingLabel.build/Debug-watchos/RotatingLabel-t.build/Objects-normal/arm64_32/RotatingLabel.swiftmodule -serialize-diagnostics -dependency-scan-serialize-diagnostics-path /Users/admin/builder/spi-builder-workspace/.derivedData/Build/Intermediates.noindex/RotatingLabel.build/Debug-watchos/RotatingLabel-t.build/Objects-normal/arm64_32/RotatingLabel-dependency-scan.dia -validate-clang-modules-once -clang-build-session-file /Users/admin/builder/spi-builder-workspace/.derivedData/ModuleCache.noindex/Session.modulevalidation -Xcc -fmodules-prune-interval\=86400 -Xcc -fmodules-prune-after\=345600 -emit-const-values -const-gather-protocols-list /Users/admin/builder/spi-builder-workspace/.derivedData/Build/Intermediates.noindex/RotatingLabel.build/Debug-watchos/RotatingLabel-t.build/Objects-normal/arm64_32/RotatingLabel_const_extract_protocols.json -Xcc -I/Users/admin/builder/spi-builder-workspace/.derivedData/Build/Products/Debug-watchos/include -Xcc -I/Users/admin/builder/spi-builder-workspace/.derivedData/Build/Intermediates.noindex/RotatingLabel.build/Debug-watchos/RotatingLabel-t.build/DerivedSources-normal/arm64_32 -Xcc -I/Users/admin/builder/spi-builder-workspace/.derivedData/Build/Intermediates.noindex/RotatingLabel.build/Debug-watchos/RotatingLabel-t.build/DerivedSources/arm64_32 -Xcc -I/Users/admin/builder/spi-builder-workspace/.derivedData/Build/Intermediates.noindex/RotatingLabel.build/Debug-watchos/RotatingLabel-t.build/DerivedSources -Xcc -DSWIFT_PACKAGE -Xcc -DDEBUG\=1 -emit-objc-header -emit-objc-header-path /Users/admin/builder/spi-builder-workspace/.derivedData/Build/Intermediates.noindex/RotatingLabel.build/Debug-watchos/RotatingLabel-t.build/Objects-normal/arm64_32/RotatingLabel-Swift.h -working-directory /Users/admin/builder/spi-builder-workspace/.swiftpm/xcode -experimental-emit-module-separately -disable-cmo
SwiftDriver RotatingLabel normal arm64 com.apple.xcode.tools.swift.compiler (in target 'RotatingLabel' from project 'RotatingLabel')
cd /Users/admin/builder/spi-builder-workspace/.swiftpm/xcode
builtin-SwiftDriver -- /Applications/Xcode-27.0.0-Release.Candidate.app/Contents/Developer/Toolchains/XcodeDefault.xctoolchain/usr/bin/swiftc -parse-as-library -module-name RotatingLabel -Onone @/Users/admin/builder/spi-builder-workspace/.derivedData/Build/Intermediates.noindex/RotatingLabel.build/Debug-watchos/RotatingLabel-t.build/Objects-normal/arm64/RotatingLabel.SwiftFileList -DSWIFT_PACKAGE -DDEBUG -DSWIFT_MODULE_RESOURCE_BUNDLE_UNAVAILABLE -DXcode -plugin-path /Applications/Xcode-27.0.0-Release.Candidate.app/Contents/Developer/Toolchains/XcodeDefault.xctoolchain/usr/lib/swift/host/plugins/testing -enable-experimental-feature DebugDescriptionMacro -sdk /Applications/Xcode-27.0.0-Release.Candidate.app/Contents/Developer/Platforms/WatchOS.platform/Developer/SDKs/WatchOS27.0.sdk -target arm64-apple-watchos9.0 -g -module-cache-path /Users/admin/builder/spi-builder-workspace/.derivedData/ModuleCache.noindex -Xfrontend -serialize-debugging-options -enable-testing -index-store-path /Users/admin/builder/spi-builder-workspace/.derivedData/Index.noindex/DataStore -Xcc -D_LIBCPP_HARDENING_MODE\=_LIBCPP_HARDENING_MODE_DEBUG -swift-version 5 -I /Users/admin/builder/spi-builder-workspace/.derivedData/Build/Products/Debug-watchos -Isystem /Applications/Xcode-27.0.0-Release.Candidate.app/Contents/Developer/Platforms/WatchOS.platform/Developer/usr/lib -F /Users/admin/builder/spi-builder-workspace/.derivedData/Build/Products/Debug-watchos -F /Applications/Xcode-27.0.0-Release.Candidate.app/Contents/Developer/Platforms/WatchOS.platform/Developer/Library/Frameworks -F /Applications/Xcode-27.0.0-Release.Candidate.app/Contents/Developer/Platforms/WatchOS.platform/Developer/SDKs/WatchOS27.0.sdk/Developer/Library/Frameworks -c -j10 -enable-batch-mode -incremental -Xcc -ivfsstatcache -Xcc /Users/admin/builder/spi-builder-workspace/.derivedData/SDKStatCaches.noindex/watchos27.0-24R360-e829b21a6f8c9b70876ba0858053c04477534ef55a1706bf4c1112bbb242f0a2.sdkstatcache -output-file-map /Users/admin/builder/spi-builder-workspace/.derivedData/Build/Intermediates.noindex/RotatingLabel.build/Debug-watchos/RotatingLabel-t.build/Objects-normal/arm64/RotatingLabel-OutputFileMap.json -save-temps -no-color-diagnostics -explicit-module-build -module-cache-path /Users/admin/builder/spi-builder-workspace/.derivedData/Build/Intermediates.noindex/SwiftExplicitPrecompiledModules -clang-scanner-module-cache-path /Users/admin/builder/spi-builder-workspace/.derivedData/ModuleCache.noindex -sdk-module-cache-path /Users/admin/builder/spi-builder-workspace/.derivedData/SDKExplicitPrecompiledModules -emit-dependencies -emit-module -emit-module-path /Users/admin/builder/spi-builder-workspace/.derivedData/Build/Intermediates.noindex/RotatingLabel.build/Debug-watchos/RotatingLabel-t.build/Objects-normal/arm64/RotatingLabel.swiftmodule -serialize-diagnostics -dependency-scan-serialize-diagnostics-path /Users/admin/builder/spi-builder-workspace/.derivedData/Build/Intermediates.noindex/RotatingLabel.build/Debug-watchos/RotatingLabel-t.build/Objects-normal/arm64/RotatingLabel-dependency-scan.dia -validate-clang-modules-once -clang-build-session-file /Users/admin/builder/spi-builder-workspace/.derivedData/ModuleCache.noindex/Session.modulevalidation -Xcc -fmodules-prune-interval\=86400 -Xcc -fmodules-prune-after\=345600 -emit-const-values -const-gather-protocols-list /Users/admin/builder/spi-builder-workspace/.derivedData/Build/Intermediates.noindex/RotatingLabel.build/Debug-watchos/RotatingLabel-t.build/Objects-normal/arm64/RotatingLabel_const_extract_protocols.json -Xcc -I/Users/admin/builder/spi-builder-workspace/.derivedData/Build/Products/Debug-watchos/include -Xcc -I/Users/admin/builder/spi-builder-workspace/.derivedData/Build/Intermediates.noindex/RotatingLabel.build/Debug-watchos/RotatingLabel-t.build/DerivedSources-normal/arm64 -Xcc -I/Users/admin/builder/spi-builder-workspace/.derivedData/Build/Intermediates.noindex/RotatingLabel.build/Debug-watchos/RotatingLabel-t.build/DerivedSources/arm64 -Xcc -I/Users/admin/builder/spi-builder-workspace/.derivedData/Build/Intermediates.noindex/RotatingLabel.build/Debug-watchos/RotatingLabel-t.build/DerivedSources -Xcc -DSWIFT_PACKAGE -Xcc -DDEBUG\=1 -emit-objc-header -emit-objc-header-path /Users/admin/builder/spi-builder-workspace/.derivedData/Build/Intermediates.noindex/RotatingLabel.build/Debug-watchos/RotatingLabel-t.build/Objects-normal/arm64/RotatingLabel-Swift.h -working-directory /Users/admin/builder/spi-builder-workspace/.swiftpm/xcode -experimental-emit-module-separately -disable-cmo
SwiftEmitModule normal arm64_32 Emitting\ module\ for\ RotatingLabel (in target 'RotatingLabel' from project 'RotatingLabel')
/Users/admin/builder/spi-builder-workspace/RotatingLabel/RotatingLabel.swift:23:38: error: 'label' is unavailable in watchOS
21 | ///
22 | /// Defaults to `UIColor.label`.
23 | public var textColor: UIColor = .label {
| `- error: 'label' is unavailable in watchOS
24 | didSet {
25 | updateTextColor()
/Applications/Xcode-27.0.0-Release.Candidate.app/Contents/Developer/Platforms/WatchOS.platform/Developer/SDKs/WatchOS27.0.sdk/System/Library/Frameworks/UIKit.framework/Headers/UIInterface.h:171:49: note: 'label' has been explicitly marked unavailable here
169 | /* Foreground colors for static text and related elements.
170 | */
171 | @property (class, nonatomic, readonly) UIColor *labelColor API_AVAILABLE(ios(13.0), tvos(13.0)) API_UNAVAILABLE(watchos);
| `- note: 'label' has been explicitly marked unavailable here
172 | @property (class, nonatomic, readonly) UIColor *secondaryLabelColor API_AVAILABLE(ios(13.0), tvos(13.0)) API_UNAVAILABLE(watchos);
173 | @property (class, nonatomic, readonly) UIColor *tertiaryLabelColor API_AVAILABLE(ios(13.0), tvos(13.0)) API_UNAVAILABLE(watchos);
/Users/admin/builder/spi-builder-workspace/RotatingLabel/RotatingLabel.swift:32:46: error: 'systemGreen' is unavailable in watchOS
30 | ///
31 | /// Defaults to `UIColor.systemGreen`.
32 | public var incrementingColor: UIColor = .systemGreen
| `- error: 'systemGreen' is unavailable in watchOS
33 |
34 | /// Color to flash when values decrease.
/Applications/Xcode-27.0.0-Release.Candidate.app/Contents/Developer/Platforms/WatchOS.platform/Developer/SDKs/WatchOS27.0.sdk/System/Library/Frameworks/UIKit.framework/Headers/UIInterface.h:122:49: note: 'systemGreen' has been explicitly marked unavailable here
120 | */
121 | @property (class, nonatomic, readonly) UIColor *systemRedColor API_AVAILABLE(ios(7.0), tvos(9.0)) API_UNAVAILABLE(watchos);
122 | @property (class, nonatomic, readonly) UIColor *systemGreenColor API_AVAILABLE(ios(7.0), tvos(9.0)) API_UNAVAILABLE(watchos);
| `- note: 'systemGreen' has been explicitly marked unavailable here
123 | @property (class, nonatomic, readonly) UIColor *systemBlueColor API_AVAILABLE(ios(7.0), tvos(9.0)) API_UNAVAILABLE(watchos);
124 | @property (class, nonatomic, readonly) UIColor *systemOrangeColor API_AVAILABLE(ios(7.0), tvos(9.0)) API_UNAVAILABLE(watchos);
/Users/admin/builder/spi-builder-workspace/RotatingLabel/RotatingLabel.swift:37:46: error: 'systemRed' is unavailable in watchOS
35 | ///
36 | /// Defaults to `UIColor.systemRed`.
37 | public var decrementingColor: UIColor = .systemRed
| `- error: 'systemRed' is unavailable in watchOS
38 |
39 | /// Font to use for rendering the text.
/Applications/Xcode-27.0.0-Release.Candidate.app/Contents/Developer/Platforms/WatchOS.platform/Developer/SDKs/WatchOS27.0.sdk/System/Library/Frameworks/UIKit.framework/Headers/UIInterface.h:121:49: note: 'systemRed' has been explicitly marked unavailable here
119 | * Do not make assumptions about the color spaces or actual colors used.
120 | */
121 | @property (class, nonatomic, readonly) UIColor *systemRedColor API_AVAILABLE(ios(7.0), tvos(9.0)) API_UNAVAILABLE(watchos);
| `- note: 'systemRed' has been explicitly marked unavailable here
122 | @property (class, nonatomic, readonly) UIColor *systemGreenColor API_AVAILABLE(ios(7.0), tvos(9.0)) API_UNAVAILABLE(watchos);
123 | @property (class, nonatomic, readonly) UIColor *systemBlueColor API_AVAILABLE(ios(7.0), tvos(9.0)) API_UNAVAILABLE(watchos);
/Users/admin/builder/spi-builder-workspace/RotatingLabel/RotatingLabel.swift:82:43: error: 'UITimingCurveProvider' is unavailable in watchOS
80 | /// - [UISpringTimingParameters](https://developer.apple.com/documentation/uikit/uispringtimingparameters)
81 | /// - [UICubicTimingParameters](https://developer.apple.com/documentation/uikit/uicubictimingparameters)
82 | public var animationTimingParameters: UITimingCurveProvider = UISpringTimingParameters(
| `- error: 'UITimingCurveProvider' is unavailable in watchOS
83 | mass: 0.03,
84 | stiffness: 20,
/Applications/Xcode-27.0.0-Release.Candidate.app/Contents/Developer/Platforms/WatchOS.platform/Developer/SDKs/WatchOS27.0.sdk/System/Library/Frameworks/UIKit.framework/Headers/UITimingCurveProvider.h:23:11: note: 'UITimingCurveProvider' has been explicitly marked unavailable here
21 |
22 | API_UNAVAILABLE(watchos) NS_SWIFT_UI_ACTOR
23 | @protocol UITimingCurveProvider <NSCoding, NSCopying>
| `- note: 'UITimingCurveProvider' has been explicitly marked unavailable here
24 |
25 | @property(nonatomic, readonly) UITimingCurveType timingCurveType;
/Users/admin/builder/spi-builder-workspace/RotatingLabel/RotatingLabel.swift:82:67: error: 'UISpringTimingParameters' is unavailable in watchOS
80 | /// - [UISpringTimingParameters](https://developer.apple.com/documentation/uikit/uispringtimingparameters)
81 | /// - [UICubicTimingParameters](https://developer.apple.com/documentation/uikit/uicubictimingparameters)
82 | public var animationTimingParameters: UITimingCurveProvider = UISpringTimingParameters(
| `- error: 'UISpringTimingParameters' is unavailable in watchOS
83 | mass: 0.03,
84 | stiffness: 20,
/Applications/Xcode-27.0.0-Release.Candidate.app/Contents/Developer/Platforms/WatchOS.platform/Developer/SDKs/WatchOS27.0.sdk/System/Library/Frameworks/UIKit.framework/Headers/UITimingParameters.h:32:12: note: 'UISpringTimingParameters' has been explicitly marked unavailable here
30 |
31 | UIKIT_EXTERN API_AVAILABLE(ios(10.0)) API_UNAVAILABLE(watchos) NS_SWIFT_UI_ACTOR
32 | @interface UISpringTimingParameters : NSObject <UITimingCurveProvider>
| `- note: 'UISpringTimingParameters' has been explicitly marked unavailable here
33 |
34 | @property(nonatomic, readonly) CGVector initialVelocity;
/Users/admin/builder/spi-builder-workspace/RotatingLabel/RotatingLabel.swift:107:13: error: 'accessibilityLabel' is unavailable in watchOS
105 | private var internalText: String? {
106 | didSet {
107 | accessibilityLabel = internalText
| `- error: 'accessibilityLabel' is unavailable in watchOS
108 | }
109 | }
/Applications/Xcode-27.0.0-Release.Candidate.app/Contents/Developer/Platforms/WatchOS.platform/Developer/SDKs/WatchOS27.0.sdk/System/Library/Frameworks/UIKit.framework/Headers/UIAccessibility.h:64:49: note: 'accessibilityLabel' has been explicitly marked unavailable here
62 | Setting the property will change the label that is returned to the accessibility client.
63 | */
64 | @property (nullable, nonatomic, copy) NSString *accessibilityLabel API_UNAVAILABLE(watchos) NS_SWIFT_UI_ACTOR;
| `- note: 'accessibilityLabel' has been explicitly marked unavailable here
65 |
66 | /*
/Users/admin/builder/spi-builder-workspace/RotatingLabel/RotatingLabel.swift:111:26: error: 'UILabel' is unavailable in watchOS
109 | }
110 |
111 | private var labels: [UILabel] = []
| `- error: 'UILabel' is unavailable in watchOS
112 |
113 | public override init(frame: CGRect) {
/Applications/Xcode-27.0.0-Release.Candidate.app/Contents/Developer/Platforms/WatchOS.platform/Developer/SDKs/WatchOS27.0.sdk/System/Library/Frameworks/UIKit.framework/Headers/UILabel.h:33:12: note: 'UILabel' has been explicitly marked unavailable here
31 |
32 | UIKIT_EXTERN API_AVAILABLE(ios(2.0)) API_UNAVAILABLE(watchos) NS_SWIFT_UI_ACTOR
33 | @interface UILabel : UIView <NSCoding, UIContentSizeCategoryAdjusting, UILetterformAwareAdjusting>
| `- note: 'UILabel' has been explicitly marked unavailable here
34 |
35 | @property(nullable, nonatomic,copy) NSString *text; // default is nil
/Users/admin/builder/spi-builder-workspace/RotatingLabel/RotatingLabel.swift:164:78: error: 'UITraitCollection' is unavailable in watchOS
162 | }
163 |
164 | public override func traitCollectionDidChange(_ previousTraitCollection: UITraitCollection?) {
| `- error: 'UITraitCollection' is unavailable in watchOS
165 | super.traitCollectionDidChange(previousTraitCollection)
166 | if previousTraitCollection?.preferredContentSizeCategory != traitCollection.preferredContentSizeCategory {
/Applications/Xcode-27.0.0-Release.Candidate.app/Contents/Developer/Platforms/WatchOS.platform/Developer/SDKs/WatchOS27.0.sdk/System/Library/Frameworks/UIKit.framework/Headers/UITraitCollection.h:23:12: note: 'UITraitCollection' has been explicitly marked unavailable here
21 |
22 | UIKIT_EXTERN API_AVAILABLE(ios(8.0)) API_UNAVAILABLE(watchos) NS_SWIFT_SENDABLE
23 | @interface UITraitCollection : NSObject <NSCopying, NSSecureCoding>
| `- note: 'UITraitCollection' has been explicitly marked unavailable here
24 |
25 | - (instancetype)init NS_DESIGNATED_INITIALIZER;
SwiftCompile normal arm64_32 (in target 'RotatingLabel' from project 'RotatingLabel')
cd /Users/admin/builder/spi-builder-workspace/.swiftpm/xcode
/Users/admin/builder/spi-builder-workspace/RotatingLabel/RotatingLabel.swift:164:26: error: cannot override 'traitCollectionDidChange' which has been marked unavailable
162 | }
163 |
164 | public override func traitCollectionDidChange(_ previousTraitCollection: UITraitCollection?) {
| |- error: cannot override 'traitCollectionDidChange' which has been marked unavailable
| `- note: remove 'override' modifier to declare a new 'traitCollectionDidChange'
165 | super.traitCollectionDidChange(previousTraitCollection)
166 | if previousTraitCollection?.preferredContentSizeCategory != traitCollection.preferredContentSizeCategory {
/Applications/Xcode-27.0.0-Release.Candidate.app/Contents/Developer/Platforms/WatchOS.platform/Developer/SDKs/WatchOS27.0.sdk/System/Library/Frameworks/UIKit.framework/Headers/UITraitCollection.h:221:1: note: 'traitCollectionDidChange' has been explicitly marked unavailable here
219 |
220 | /*! To be overridden as needed to provide custom behavior when the environment's traits change. */
221 | - (void)traitCollectionDidChange:(nullable UITraitCollection *)previousTraitCollection API_DEPRECATED("Use the trait change registration APIs declared in the UITraitChangeObservable protocol", ios(8.0, 17.0), visionos(1.0, 1.0)) API_UNAVAILABLE(watchos);
| `- note: 'traitCollectionDidChange' has been explicitly marked unavailable here
222 | @end
223 |
/Users/admin/builder/spi-builder-workspace/RotatingLabel/RotatingLabel.swift:11:29: error: 'UIView' is unavailable in watchOS
9 |
10 | /// A label that animates when its text changes.
11 | public class RotatingLabel: UIView {
| `- error: 'UIView' is unavailable in watchOS
12 | /// Direction of the animation.
13 | public enum Direction {
/Applications/Xcode-27.0.0-Release.Candidate.app/Contents/Developer/Platforms/WatchOS.platform/Developer/SDKs/WatchOS27.0.sdk/System/Library/Frameworks/UIKit.framework/Headers/UIView.h:152:12: note: 'UIView' has been explicitly marked unavailable here
150 |
151 | UIKIT_EXTERN API_AVAILABLE(ios(2.0)) API_UNAVAILABLE(watchos) NS_SWIFT_UI_ACTOR
152 | @interface UIView : UIResponder <NSCoding, UIAppearance, UIAppearanceContainer, UIDynamicItem, UITraitEnvironment, UICoordinateSpace, UIFocusItem, UIFocusItemContainer, CALayerDelegate>
| `- note: 'UIView' has been explicitly marked unavailable here
153 |
154 | @property(class, nonatomic, readonly) Class layerClass; // default is [CALayer class]. Used when creating the underlying layer for the view.
Failed frontend command:
/Applications/Xcode-27.0.0-Release.Candidate.app/Contents/Developer/Toolchains/XcodeDefault.xctoolchain/usr/bin/swift-frontend -frontend -emit-module -experimental-skip-non-inlinable-function-bodies-without-types /Users/admin/builder/spi-builder-workspace/RotatingLabel/DiffingFunction.swift /Users/admin/builder/spi-builder-workspace/RotatingLabel/RotatingLabel.swift -target arm64_32-apple-watchos9.0 -disable-cross-import-overlay-search -load-resolved-plugin /Applications/Xcode-27.0.0-Release.Candidate.app/Contents/Developer/Platforms/WatchOS.platform/Developer/usr/lib/swift/host/plugins/libFoundationMacros.dylib\#/Applications/Xcode-27.0.0-Release.Candidate.app/Contents/Developer/Platforms/WatchOS.platform/Developer/usr/bin/swift-plugin-server\#FoundationMacros -load-resolved-plugin /Applications/Xcode-27.0.0-Release.Candidate.app/Contents/Developer/Platforms/WatchOS.platform/Developer/usr/lib/swift/host/plugins/libObservationMacros.dylib\#/Applications/Xcode-27.0.0-Release.Candidate.app/Contents/Developer/Platforms/WatchOS.platform/Developer/usr/bin/swift-plugin-server\#ObservationMacros -load-resolved-plugin /Applications/Xcode-27.0.0-Release.Candidate.app/Contents/Developer/Platforms/WatchOS.platform/Developer/usr/lib/swift/host/plugins/libSwiftMacros.dylib\#/Applications/Xcode-27.0.0-Release.Candidate.app/Contents/Developer/Platforms/WatchOS.platform/Developer/usr/bin/swift-plugin-server\#SwiftMacros -load-resolved-plugin /Applications/Xcode-27.0.0-Release.Candidate.app/Contents/Developer/Platforms/WatchOS.platform/Developer/usr/lib/swift/host/plugins/libSwiftUIMacros.dylib\#/Applications/Xcode-27.0.0-Release.Candidate.app/Contents/Developer/Platforms/WatchOS.platform/Developer/usr/bin/swift-plugin-server\#SwiftUIMacros -disable-implicit-swift-modules -Xcc -fno-implicit-modules -Xcc -fno-implicit-module-maps -explicit-swift-module-map-file /Users/admin/builder/spi-builder-workspace/.derivedData/Build/Intermediates.noindex/RotatingLabel.build/Debug-watchos/RotatingLabel-t.build/Objects-normal/arm64_32/RotatingLabel-dependencies-1.json -enable-objc-interop -sdk /Applications/Xcode-27.0.0-Release.Candidate.app/Contents/Developer/Platforms/WatchOS.platform/Developer/SDKs/WatchOS27.0.sdk -I /Users/admin/builder/spi-builder-workspace/.derivedData/Build/Products/Debug-watchos -Isystem /Applications/Xcode-27.0.0-Release.Candidate.app/Contents/Developer/Platforms/WatchOS.platform/Developer/usr/lib -F /Users/admin/builder/spi-builder-workspace/.derivedData/Build/Products/Debug-watchos -F /Applications/Xcode-27.0.0-Release.Candidate.app/Contents/Developer/Platforms/WatchOS.platform/Developer/Library/Frameworks -F /Applications/Xcode-27.0.0-Release.Candidate.app/Contents/Developer/Platforms/WatchOS.platform/Developer/SDKs/WatchOS27.0.sdk/Developer/Library/Frameworks -module-cache-path /Users/admin/builder/spi-builder-workspace/.derivedData/Build/Intermediates.noindex/SwiftExplicitPrecompiledModules -no-color-diagnostics -Xcc -fno-color-diagnostics -enable-testing -g -debug-info-format\=dwarf -dwarf-version\=4 -swift-version 5 -Onone -D SWIFT_PACKAGE -D DEBUG -D SWIFT_MODULE_RESOURCE_BUNDLE_UNAVAILABLE -D Xcode -serialize-debugging-options -enable-experimental-feature DebugDescriptionMacro -empty-abi-descriptor -validate-clang-modules-once -clang-build-session-file /Users/admin/builder/spi-builder-workspace/.derivedData/ModuleCache.noindex/Session.modulevalidation -Xcc -working-directory -Xcc /Users/admin/builder/spi-builder-workspace/.swiftpm/xcode -enable-anonymous-context-mangled-names -file-compilation-dir /Users/admin/builder/spi-builder-workspace/.swiftpm/xcode -Xcc -D_LIBCPP_HARDENING_MODE\=_LIBCPP_HARDENING_MODE_DEBUG -Xcc -ivfsstatcache -Xcc /Users/admin/builder/spi-builder-workspace/.derivedData/SDKStatCaches.noindex/watchos27.0-24R360-e829b21a6f8c9b70876ba0858053c04477534ef55a1706bf4c1112bbb242f0a2.sdkstatcache -Xcc -fmodules-prune-interval\=86400 -Xcc -fmodules-prune-after\=345600 -Xcc -I/Users/admin/builder/spi-builder-workspace/.derivedData/Build/Products/Debug-watchos/include -Xcc -I/Users/admin/builder/spi-builder-workspace/.derivedData/Build/Intermediates.noindex/RotatingLabel.build/Debug-watchos/RotatingLabel-t.build/DerivedSources-normal/arm64_32 -Xcc -I/Users/admin/builder/spi-builder-workspace/.derivedData/Build/Intermediates.noindex/RotatingLabel.build/Debug-watchos/RotatingLabel-t.build/DerivedSources/arm64_32 -Xcc -I/Users/admin/builder/spi-builder-workspace/.derivedData/Build/Intermediates.noindex/RotatingLabel.build/Debug-watchos/RotatingLabel-t.build/DerivedSources -Xcc -DSWIFT_PACKAGE -Xcc -DDEBUG\=1 -no-auto-bridging-header-chaining -module-name RotatingLabel -const-gather-protocols-file /Users/admin/builder/spi-builder-workspace/.derivedData/Build/Intermediates.noindex/RotatingLabel.build/Debug-watchos/RotatingLabel-t.build/Objects-normal/arm64_32/RotatingLabel_const_extract_protocols.json -disable-clang-spi -clang-target arm64_32-apple-watchos27.0 -target-sdk-version 27.0 -target-sdk-name watchos27.0 -in-process-plugin-server-path /Applications/Xcode-27.0.0-Release.Candidate.app/Contents/Developer/Toolchains/XcodeDefault.xctoolchain/usr/lib/swift/host/libSwiftInProcPluginServer.dylib -emit-module-doc-path /Users/admin/builder/spi-builder-workspace/.derivedData/Build/Intermediates.noindex/RotatingLabel.build/Debug-watchos/RotatingLabel-t.build/Objects-normal/arm64_32/RotatingLabel.swiftdoc -emit-module-source-info-path /Users/admin/builder/spi-builder-workspace/.derivedData/Build/Intermediates.noindex/RotatingLabel.build/Debug-watchos/RotatingLabel-t.build/Objects-normal/arm64_32/RotatingLabel.swiftsourceinfo -emit-objc-header-path /Users/admin/builder/spi-builder-workspace/.derivedData/Build/Intermediates.noindex/RotatingLabel.build/Debug-watchos/RotatingLabel-t.build/Objects-normal/arm64_32/RotatingLabel-Swift.h -serialize-diagnostics-path /Users/admin/builder/spi-builder-workspace/.derivedData/Build/Intermediates.noindex/RotatingLabel.build/Debug-watchos/RotatingLabel-t.build/Objects-normal/arm64_32/RotatingLabel-primary-emit-module.dia -emit-dependencies-path /Users/admin/builder/spi-builder-workspace/.derivedData/Build/Intermediates.noindex/RotatingLabel.build/Debug-watchos/RotatingLabel-t.build/Objects-normal/arm64_32/RotatingLabel-primary-emit-module.d -parse-as-library -o /Users/admin/builder/spi-builder-workspace/.derivedData/Build/Intermediates.noindex/RotatingLabel.build/Debug-watchos/RotatingLabel-t.build/Objects-normal/arm64_32/RotatingLabel.swiftmodule -emit-abi-descriptor-path /Users/admin/builder/spi-builder-workspace/.derivedData/Build/Intermediates.noindex/RotatingLabel.build/Debug-watchos/RotatingLabel-t.build/Objects-normal/arm64_32/RotatingLabel.abi.json
SwiftEmitModule normal arm64 Emitting\ module\ for\ RotatingLabel (in target 'RotatingLabel' from project 'RotatingLabel')
/Users/admin/builder/spi-builder-workspace/RotatingLabel/RotatingLabel.swift:23:38: error: 'label' is unavailable in watchOS
21 | ///
22 | /// Defaults to `UIColor.label`.
23 | public var textColor: UIColor = .label {
| `- error: 'label' is unavailable in watchOS
24 | didSet {
25 | updateTextColor()
/Applications/Xcode-27.0.0-Release.Candidate.app/Contents/Developer/Platforms/WatchOS.platform/Developer/SDKs/WatchOS27.0.sdk/System/Library/Frameworks/UIKit.framework/Headers/UIInterface.h:171:49: note: 'label' has been explicitly marked unavailable here
169 | /* Foreground colors for static text and related elements.
170 | */
171 | @property (class, nonatomic, readonly) UIColor *labelColor API_AVAILABLE(ios(13.0), tvos(13.0)) API_UNAVAILABLE(watchos);
| `- note: 'label' has been explicitly marked unavailable here
172 | @property (class, nonatomic, readonly) UIColor *secondaryLabelColor API_AVAILABLE(ios(13.0), tvos(13.0)) API_UNAVAILABLE(watchos);
173 | @property (class, nonatomic, readonly) UIColor *tertiaryLabelColor API_AVAILABLE(ios(13.0), tvos(13.0)) API_UNAVAILABLE(watchos);
/Users/admin/builder/spi-builder-workspace/RotatingLabel/RotatingLabel.swift:32:46: error: 'systemGreen' is unavailable in watchOS
30 | ///
31 | /// Defaults to `UIColor.systemGreen`.
32 | public var incrementingColor: UIColor = .systemGreen
| `- error: 'systemGreen' is unavailable in watchOS
33 |
34 | /// Color to flash when values decrease.
/Applications/Xcode-27.0.0-Release.Candidate.app/Contents/Developer/Platforms/WatchOS.platform/Developer/SDKs/WatchOS27.0.sdk/System/Library/Frameworks/UIKit.framework/Headers/UIInterface.h:122:49: note: 'systemGreen' has been explicitly marked unavailable here
120 | */
121 | @property (class, nonatomic, readonly) UIColor *systemRedColor API_AVAILABLE(ios(7.0), tvos(9.0)) API_UNAVAILABLE(watchos);
122 | @property (class, nonatomic, readonly) UIColor *systemGreenColor API_AVAILABLE(ios(7.0), tvos(9.0)) API_UNAVAILABLE(watchos);
| `- note: 'systemGreen' has been explicitly marked unavailable here
123 | @property (class, nonatomic, readonly) UIColor *systemBlueColor API_AVAILABLE(ios(7.0), tvos(9.0)) API_UNAVAILABLE(watchos);
124 | @property (class, nonatomic, readonly) UIColor *systemOrangeColor API_AVAILABLE(ios(7.0), tvos(9.0)) API_UNAVAILABLE(watchos);
/Users/admin/builder/spi-builder-workspace/RotatingLabel/RotatingLabel.swift:37:46: error: 'systemRed' is unavailable in watchOS
35 | ///
36 | /// Defaults to `UIColor.systemRed`.
37 | public var decrementingColor: UIColor = .systemRed
| `- error: 'systemRed' is unavailable in watchOS
38 |
39 | /// Font to use for rendering the text.
/Applications/Xcode-27.0.0-Release.Candidate.app/Contents/Developer/Platforms/WatchOS.platform/Developer/SDKs/WatchOS27.0.sdk/System/Library/Frameworks/UIKit.framework/Headers/UIInterface.h:121:49: note: 'systemRed' has been explicitly marked unavailable here
119 | * Do not make assumptions about the color spaces or actual colors used.
120 | */
121 | @property (class, nonatomic, readonly) UIColor *systemRedColor API_AVAILABLE(ios(7.0), tvos(9.0)) API_UNAVAILABLE(watchos);
| `- note: 'systemRed' has been explicitly marked unavailable here
122 | @property (class, nonatomic, readonly) UIColor *systemGreenColor API_AVAILABLE(ios(7.0), tvos(9.0)) API_UNAVAILABLE(watchos);
123 | @property (class, nonatomic, readonly) UIColor *systemBlueColor API_AVAILABLE(ios(7.0), tvos(9.0)) API_UNAVAILABLE(watchos);
/Users/admin/builder/spi-builder-workspace/RotatingLabel/RotatingLabel.swift:82:43: error: 'UITimingCurveProvider' is unavailable in watchOS
80 | /// - [UISpringTimingParameters](https://developer.apple.com/documentation/uikit/uispringtimingparameters)
81 | /// - [UICubicTimingParameters](https://developer.apple.com/documentation/uikit/uicubictimingparameters)
82 | public var animationTimingParameters: UITimingCurveProvider = UISpringTimingParameters(
| `- error: 'UITimingCurveProvider' is unavailable in watchOS
83 | mass: 0.03,
84 | stiffness: 20,
/Applications/Xcode-27.0.0-Release.Candidate.app/Contents/Developer/Platforms/WatchOS.platform/Developer/SDKs/WatchOS27.0.sdk/System/Library/Frameworks/UIKit.framework/Headers/UITimingCurveProvider.h:23:11: note: 'UITimingCurveProvider' has been explicitly marked unavailable here
21 |
22 | API_UNAVAILABLE(watchos) NS_SWIFT_UI_ACTOR
23 | @protocol UITimingCurveProvider <NSCoding, NSCopying>
| `- note: 'UITimingCurveProvider' has been explicitly marked unavailable here
24 |
25 | @property(nonatomic, readonly) UITimingCurveType timingCurveType;
/Users/admin/builder/spi-builder-workspace/RotatingLabel/RotatingLabel.swift:82:67: error: 'UISpringTimingParameters' is unavailable in watchOS
80 | /// - [UISpringTimingParameters](https://developer.apple.com/documentation/uikit/uispringtimingparameters)
81 | /// - [UICubicTimingParameters](https://developer.apple.com/documentation/uikit/uicubictimingparameters)
82 | public var animationTimingParameters: UITimingCurveProvider = UISpringTimingParameters(
| `- error: 'UISpringTimingParameters' is unavailable in watchOS
83 | mass: 0.03,
84 | stiffness: 20,
/Applications/Xcode-27.0.0-Release.Candidate.app/Contents/Developer/Platforms/WatchOS.platform/Developer/SDKs/WatchOS27.0.sdk/System/Library/Frameworks/UIKit.framework/Headers/UITimingParameters.h:32:12: note: 'UISpringTimingParameters' has been explicitly marked unavailable here
30 |
31 | UIKIT_EXTERN API_AVAILABLE(ios(10.0)) API_UNAVAILABLE(watchos) NS_SWIFT_UI_ACTOR
32 | @interface UISpringTimingParameters : NSObject <UITimingCurveProvider>
| `- note: 'UISpringTimingParameters' has been explicitly marked unavailable here
33 |
34 | @property(nonatomic, readonly) CGVector initialVelocity;
/Users/admin/builder/spi-builder-workspace/RotatingLabel/RotatingLabel.swift:107:13: error: 'accessibilityLabel' is unavailable in watchOS
105 | private var internalText: String? {
106 | didSet {
107 | accessibilityLabel = internalText
| `- error: 'accessibilityLabel' is unavailable in watchOS
108 | }
109 | }
/Applications/Xcode-27.0.0-Release.Candidate.app/Contents/Developer/Platforms/WatchOS.platform/Developer/SDKs/WatchOS27.0.sdk/System/Library/Frameworks/UIKit.framework/Headers/UIAccessibility.h:64:49: note: 'accessibilityLabel' has been explicitly marked unavailable here
62 | Setting the property will change the label that is returned to the accessibility client.
63 | */
64 | @property (nullable, nonatomic, copy) NSString *accessibilityLabel API_UNAVAILABLE(watchos) NS_SWIFT_UI_ACTOR;
| `- note: 'accessibilityLabel' has been explicitly marked unavailable here
65 |
66 | /*
/Users/admin/builder/spi-builder-workspace/RotatingLabel/RotatingLabel.swift:111:26: error: 'UILabel' is unavailable in watchOS
109 | }
110 |
111 | private var labels: [UILabel] = []
| `- error: 'UILabel' is unavailable in watchOS
112 |
113 | public override init(frame: CGRect) {
/Applications/Xcode-27.0.0-Release.Candidate.app/Contents/Developer/Platforms/WatchOS.platform/Developer/SDKs/WatchOS27.0.sdk/System/Library/Frameworks/UIKit.framework/Headers/UILabel.h:33:12: note: 'UILabel' has been explicitly marked unavailable here
31 |
32 | UIKIT_EXTERN API_AVAILABLE(ios(2.0)) API_UNAVAILABLE(watchos) NS_SWIFT_UI_ACTOR
33 | @interface UILabel : UIView <NSCoding, UIContentSizeCategoryAdjusting, UILetterformAwareAdjusting>
| `- note: 'UILabel' has been explicitly marked unavailable here
34 |
35 | @property(nullable, nonatomic,copy) NSString *text; // default is nil
/Users/admin/builder/spi-builder-workspace/RotatingLabel/RotatingLabel.swift:164:78: error: 'UITraitCollection' is unavailable in watchOS
162 | }
163 |
164 | public override func traitCollectionDidChange(_ previousTraitCollection: UITraitCollection?) {
| `- error: 'UITraitCollection' is unavailable in watchOS
165 | super.traitCollectionDidChange(previousTraitCollection)
166 | if previousTraitCollection?.preferredContentSizeCategory != traitCollection.preferredContentSizeCategory {
/Applications/Xcode-27.0.0-Release.Candidate.app/Contents/Developer/Platforms/WatchOS.platform/Developer/SDKs/WatchOS27.0.sdk/System/Library/Frameworks/UIKit.framework/Headers/UITraitCollection.h:23:12: note: 'UITraitCollection' has been explicitly marked unavailable here
21 |
22 | UIKIT_EXTERN API_AVAILABLE(ios(8.0)) API_UNAVAILABLE(watchos) NS_SWIFT_SENDABLE
23 | @interface UITraitCollection : NSObject <NSCopying, NSSecureCoding>
| `- note: 'UITraitCollection' has been explicitly marked unavailable here
24 |
25 | - (instancetype)init NS_DESIGNATED_INITIALIZER;
/Users/admin/builder/spi-builder-workspace/RotatingLabel/RotatingLabel.swift:164:26: error: cannot override 'traitCollectionDidChange' which has been marked unavailable
162 | }
163 |
164 | public override func traitCollectionDidChange(_ previousTraitCollection: UITraitCollection?) {
| |- error: cannot override 'traitCollectionDidChange' which has been marked unavailable
| `- note: remove 'override' modifier to declare a new 'traitCollectionDidChange'
165 | super.traitCollectionDidChange(previousTraitCollection)
166 | if previousTraitCollection?.preferredContentSizeCategory != traitCollection.preferredContentSizeCategory {
/Applications/Xcode-27.0.0-Release.Candidate.app/Contents/Developer/Platforms/WatchOS.platform/Developer/SDKs/WatchOS27.0.sdk/System/Library/Frameworks/UIKit.framework/Headers/UITraitCollection.h:221:1: note: 'traitCollectionDidChange' has been explicitly marked unavailable here
219 |
220 | /*! To be overridden as needed to provide custom behavior when the environment's traits change. */
221 | - (void)traitCollectionDidChange:(nullable UITraitCollection *)previousTraitCollection API_DEPRECATED("Use the trait change registration APIs declared in the UITraitChangeObservable protocol", ios(8.0, 17.0), visionos(1.0, 1.0)) API_UNAVAILABLE(watchos);
| `- note: 'traitCollectionDidChange' has been explicitly marked unavailable here
222 | @end
223 |
/Users/admin/builder/spi-builder-workspace/RotatingLabel/RotatingLabel.swift:11:29: error: 'UIView' is unavailable in watchOS
9 |
10 | /// A label that animates when its text changes.
11 | public class RotatingLabel: UIView {
| `- error: 'UIView' is unavailable in watchOS
12 | /// Direction of the animation.
13 | public enum Direction {
/Applications/Xcode-27.0.0-Release.Candidate.app/Contents/Developer/Platforms/WatchOS.platform/Developer/SDKs/WatchOS27.0.sdk/System/Library/Frameworks/UIKit.framework/Headers/UIView.h:152:12: note: 'UIView' has been explicitly marked unavailable here
150 |
151 | UIKIT_EXTERN API_AVAILABLE(ios(2.0)) API_UNAVAILABLE(watchos) NS_SWIFT_UI_ACTOR
152 | @interface UIView : UIResponder <NSCoding, UIAppearance, UIAppearanceContainer, UIDynamicItem, UITraitEnvironment, UICoordinateSpace, UIFocusItem, UIFocusItemContainer, CALayerDelegate>
| `- note: 'UIView' has been explicitly marked unavailable here
153 |
154 | @property(class, nonatomic, readonly) Class layerClass; // default is [CALayer class]. Used when creating the underlying layer for the view.
Failed frontend command:
/Applications/Xcode-27.0.0-Release.Candidate.app/Contents/Developer/Toolchains/XcodeDefault.xctoolchain/usr/bin/swift-frontend -frontend -emit-module -experimental-skip-non-inlinable-function-bodies-without-types /Users/admin/builder/spi-builder-workspace/RotatingLabel/DiffingFunction.swift /Users/admin/builder/spi-builder-workspace/RotatingLabel/RotatingLabel.swift -target arm64-apple-watchos9.0 -disable-cross-import-overlay-search -load-resolved-plugin /Applications/Xcode-27.0.0-Release.Candidate.app/Contents/Developer/Platforms/WatchOS.platform/Developer/usr/lib/swift/host/plugins/libFoundationMacros.dylib\#/Applications/Xcode-27.0.0-Release.Candidate.app/Contents/Developer/Platforms/WatchOS.platform/Developer/usr/bin/swift-plugin-server\#FoundationMacros -load-resolved-plugin /Applications/Xcode-27.0.0-Release.Candidate.app/Contents/Developer/Platforms/WatchOS.platform/Developer/usr/lib/swift/host/plugins/libObservationMacros.dylib\#/Applications/Xcode-27.0.0-Release.Candidate.app/Contents/Developer/Platforms/WatchOS.platform/Developer/usr/bin/swift-plugin-server\#ObservationMacros -load-resolved-plugin /Applications/Xcode-27.0.0-Release.Candidate.app/Contents/Developer/Platforms/WatchOS.platform/Developer/usr/lib/swift/host/plugins/libSwiftMacros.dylib\#/Applications/Xcode-27.0.0-Release.Candidate.app/Contents/Developer/Platforms/WatchOS.platform/Developer/usr/bin/swift-plugin-server\#SwiftMacros -load-resolved-plugin /Applications/Xcode-27.0.0-Release.Candidate.app/Contents/Developer/Platforms/WatchOS.platform/Developer/usr/lib/swift/host/plugins/libSwiftUIMacros.dylib\#/Applications/Xcode-27.0.0-Release.Candidate.app/Contents/Developer/Platforms/WatchOS.platform/Developer/usr/bin/swift-plugin-server\#SwiftUIMacros -disable-implicit-swift-modules -Xcc -fno-implicit-modules -Xcc -fno-implicit-module-maps -explicit-swift-module-map-file /Users/admin/builder/spi-builder-workspace/.derivedData/Build/Intermediates.noindex/RotatingLabel.build/Debug-watchos/RotatingLabel-t.build/Objects-normal/arm64/RotatingLabel-dependencies-2.json -Xllvm -aarch64-use-tbi -enable-objc-interop -stack-check -sdk /Applications/Xcode-27.0.0-Release.Candidate.app/Contents/Developer/Platforms/WatchOS.platform/Developer/SDKs/WatchOS27.0.sdk -I /Users/admin/builder/spi-builder-workspace/.derivedData/Build/Products/Debug-watchos -Isystem /Applications/Xcode-27.0.0-Release.Candidate.app/Contents/Developer/Platforms/WatchOS.platform/Developer/usr/lib -F /Users/admin/builder/spi-builder-workspace/.derivedData/Build/Products/Debug-watchos -F /Applications/Xcode-27.0.0-Release.Candidate.app/Contents/Developer/Platforms/WatchOS.platform/Developer/Library/Frameworks -F /Applications/Xcode-27.0.0-Release.Candidate.app/Contents/Developer/Platforms/WatchOS.platform/Developer/SDKs/WatchOS27.0.sdk/Developer/Library/Frameworks -module-cache-path /Users/admin/builder/spi-builder-workspace/.derivedData/Build/Intermediates.noindex/SwiftExplicitPrecompiledModules -no-color-diagnostics -Xcc -fno-color-diagnostics -enable-testing -g -debug-info-format\=dwarf -dwarf-version\=4 -swift-version 5 -Onone -D SWIFT_PACKAGE -D DEBUG -D SWIFT_MODULE_RESOURCE_BUNDLE_UNAVAILABLE -D Xcode -serialize-debugging-options -enable-experimental-feature DebugDescriptionMacro -empty-abi-descriptor -validate-clang-modules-once -clang-build-session-file /Users/admin/builder/spi-builder-workspace/.derivedData/ModuleCache.noindex/Session.modulevalidation -Xcc -working-directory -Xcc /Users/admin/builder/spi-builder-workspace/.swiftpm/xcode -enable-anonymous-context-mangled-names -file-compilation-dir /Users/admin/builder/spi-builder-workspace/.swiftpm/xcode -Xcc -D_LIBCPP_HARDENING_MODE\=_LIBCPP_HARDENING_MODE_DEBUG -Xcc -ivfsstatcache -Xcc /Users/admin/builder/spi-builder-workspace/.derivedData/SDKStatCaches.noindex/watchos27.0-24R360-e829b21a6f8c9b70876ba0858053c04477534ef55a1706bf4c1112bbb242f0a2.sdkstatcache -Xcc -fmodules-prune-interval\=86400 -Xcc -fmodules-prune-after\=345600 -Xcc -I/Users/admin/builder/spi-builder-workspace/.derivedData/Build/Products/Debug-watchos/include -Xcc -I/Users/admin/builder/spi-builder-workspace/.derivedData/Build/Intermediates.noindex/RotatingLabel.build/Debug-watchos/RotatingLabel-t.build/DerivedSources-normal/arm64 -Xcc -I/Users/admin/builder/spi-builder-workspace/.derivedData/Build/Intermediates.noindex/RotatingLabel.build/Debug-watchos/RotatingLabel-t.build/DerivedSources/arm64 -Xcc -I/Users/admin/builder/spi-builder-workspace/.derivedData/Build/Intermediates.noindex/RotatingLabel.build/Debug-watchos/RotatingLabel-t.build/DerivedSources -Xcc -DSWIFT_PACKAGE -Xcc -DDEBUG\=1 -no-auto-bridging-header-chaining -module-name RotatingLabel -const-gather-protocols-file /Users/admin/builder/spi-builder-workspace/.derivedData/Build/Intermediates.noindex/RotatingLabel.build/Debug-watchos/RotatingLabel-t.build/Objects-normal/arm64/RotatingLabel_const_extract_protocols.json -disable-clang-spi -clang-target arm64-apple-watchos27.0 -target-sdk-version 27.0 -target-sdk-name watchos27.0 -in-process-plugin-server-path /Applications/Xcode-27.0.0-Release.Candidate.app/Contents/Developer/Toolchains/XcodeDefault.xctoolchain/usr/lib/swift/host/libSwiftInProcPluginServer.dylib -emit-module-doc-path /Users/admin/builder/spi-builder-workspace/.derivedData/Build/Intermediates.noindex/RotatingLabel.build/Debug-watchos/RotatingLabel-t.build/Objects-normal/arm64/RotatingLabel.swiftdoc -emit-module-source-info-path /Users/admin/builder/spi-builder-workspace/.derivedData/Build/Intermediates.noindex/RotatingLabel.build/Debug-watchos/RotatingLabel-t.build/Objects-normal/arm64/RotatingLabel.swiftsourceinfo -emit-objc-header-path /Users/admin/builder/spi-builder-workspace/.derivedData/Build/Intermediates.noindex/RotatingLabel.build/Debug-watchos/RotatingLabel-t.build/Objects-normal/arm64/RotatingLabel-Swift.h -serialize-diagnostics-path /Users/admin/builder/spi-builder-workspace/.derivedData/Build/Intermediates.noindex/RotatingLabel.build/Debug-watchos/RotatingLabel-t.build/Objects-normal/arm64/RotatingLabel-primary-emit-module.dia -emit-dependencies-path /Users/admin/builder/spi-builder-workspace/.derivedData/Build/Intermediates.noindex/RotatingLabel.build/Debug-watchos/RotatingLabel-t.build/Objects-normal/arm64/RotatingLabel-primary-emit-module.d -parse-as-library -o /Users/admin/builder/spi-builder-workspace/.derivedData/Build/Intermediates.noindex/RotatingLabel.build/Debug-watchos/RotatingLabel-t.build/Objects-normal/arm64/RotatingLabel.swiftmodule -emit-abi-descriptor-path /Users/admin/builder/spi-builder-workspace/.derivedData/Build/Intermediates.noindex/RotatingLabel.build/Debug-watchos/RotatingLabel-t.build/Objects-normal/arm64/RotatingLabel.abi.json
SwiftCompile normal arm64 (in target 'RotatingLabel' from project 'RotatingLabel')
cd /Users/admin/builder/spi-builder-workspace/.swiftpm/xcode
SwiftCompile normal arm64 Compiling\ RotatingLabel.swift /Users/admin/builder/spi-builder-workspace/RotatingLabel/RotatingLabel.swift (in target 'RotatingLabel' from project 'RotatingLabel')
/Users/admin/builder/spi-builder-workspace/RotatingLabel/RotatingLabel.swift:23:38: error: 'label' is unavailable in watchOS
21 | ///
22 | /// Defaults to `UIColor.label`.
23 | public var textColor: UIColor = .label {
| `- error: 'label' is unavailable in watchOS
24 | didSet {
25 | updateTextColor()
/Applications/Xcode-27.0.0-Release.Candidate.app/Contents/Developer/Platforms/WatchOS.platform/Developer/SDKs/WatchOS27.0.sdk/System/Library/Frameworks/UIKit.framework/Headers/UIInterface.h:171:49: note: 'label' has been explicitly marked unavailable here
169 | /* Foreground colors for static text and related elements.
170 | */
171 | @property (class, nonatomic, readonly) UIColor *labelColor API_AVAILABLE(ios(13.0), tvos(13.0)) API_UNAVAILABLE(watchos);
| `- note: 'label' has been explicitly marked unavailable here
172 | @property (class, nonatomic, readonly) UIColor *secondaryLabelColor API_AVAILABLE(ios(13.0), tvos(13.0)) API_UNAVAILABLE(watchos);
173 | @property (class, nonatomic, readonly) UIColor *tertiaryLabelColor API_AVAILABLE(ios(13.0), tvos(13.0)) API_UNAVAILABLE(watchos);
/Users/admin/builder/spi-builder-workspace/RotatingLabel/RotatingLabel.swift:32:46: error: 'systemGreen' is unavailable in watchOS
30 | ///
31 | /// Defaults to `UIColor.systemGreen`.
32 | public var incrementingColor: UIColor = .systemGreen
| `- error: 'systemGreen' is unavailable in watchOS
33 |
34 | /// Color to flash when values decrease.
/Applications/Xcode-27.0.0-Release.Candidate.app/Contents/Developer/Platforms/WatchOS.platform/Developer/SDKs/WatchOS27.0.sdk/System/Library/Frameworks/UIKit.framework/Headers/UIInterface.h:122:49: note: 'systemGreen' has been explicitly marked unavailable here
120 | */
121 | @property (class, nonatomic, readonly) UIColor *systemRedColor API_AVAILABLE(ios(7.0), tvos(9.0)) API_UNAVAILABLE(watchos);
122 | @property (class, nonatomic, readonly) UIColor *systemGreenColor API_AVAILABLE(ios(7.0), tvos(9.0)) API_UNAVAILABLE(watchos);
| `- note: 'systemGreen' has been explicitly marked unavailable here
123 | @property (class, nonatomic, readonly) UIColor *systemBlueColor API_AVAILABLE(ios(7.0), tvos(9.0)) API_UNAVAILABLE(watchos);
124 | @property (class, nonatomic, readonly) UIColor *systemOrangeColor API_AVAILABLE(ios(7.0), tvos(9.0)) API_UNAVAILABLE(watchos);
/Users/admin/builder/spi-builder-workspace/RotatingLabel/RotatingLabel.swift:37:46: error: 'systemRed' is unavailable in watchOS
35 | ///
36 | /// Defaults to `UIColor.systemRed`.
37 | public var decrementingColor: UIColor = .systemRed
| `- error: 'systemRed' is unavailable in watchOS
38 |
39 | /// Font to use for rendering the text.
/Applications/Xcode-27.0.0-Release.Candidate.app/Contents/Developer/Platforms/WatchOS.platform/Developer/SDKs/WatchOS27.0.sdk/System/Library/Frameworks/UIKit.framework/Headers/UIInterface.h:121:49: note: 'systemRed' has been explicitly marked unavailable here
119 | * Do not make assumptions about the color spaces or actual colors used.
120 | */
121 | @property (class, nonatomic, readonly) UIColor *systemRedColor API_AVAILABLE(ios(7.0), tvos(9.0)) API_UNAVAILABLE(watchos);
| `- note: 'systemRed' has been explicitly marked unavailable here
122 | @property (class, nonatomic, readonly) UIColor *systemGreenColor API_AVAILABLE(ios(7.0), tvos(9.0)) API_UNAVAILABLE(watchos);
123 | @property (class, nonatomic, readonly) UIColor *systemBlueColor API_AVAILABLE(ios(7.0), tvos(9.0)) API_UNAVAILABLE(watchos);
/Users/admin/builder/spi-builder-workspace/RotatingLabel/RotatingLabel.swift:82:43: error: 'UITimingCurveProvider' is unavailable in watchOS
80 | /// - [UISpringTimingParameters](https://developer.apple.com/documentation/uikit/uispringtimingparameters)
81 | /// - [UICubicTimingParameters](https://developer.apple.com/documentation/uikit/uicubictimingparameters)
82 | public var animationTimingParameters: UITimingCurveProvider = UISpringTimingParameters(
| `- error: 'UITimingCurveProvider' is unavailable in watchOS
83 | mass: 0.03,
84 | stiffness: 20,
/Applications/Xcode-27.0.0-Release.Candidate.app/Contents/Developer/Platforms/WatchOS.platform/Developer/SDKs/WatchOS27.0.sdk/System/Library/Frameworks/UIKit.framework/Headers/UITimingCurveProvider.h:23:11: note: 'UITimingCurveProvider' has been explicitly marked unavailable here
21 |
22 | API_UNAVAILABLE(watchos) NS_SWIFT_UI_ACTOR
23 | @protocol UITimingCurveProvider <NSCoding, NSCopying>
| `- note: 'UITimingCurveProvider' has been explicitly marked unavailable here
24 |
25 | @property(nonatomic, readonly) UITimingCurveType timingCurveType;
/Users/admin/builder/spi-builder-workspace/RotatingLabel/RotatingLabel.swift:82:67: error: 'UISpringTimingParameters' is unavailable in watchOS
80 | /// - [UISpringTimingParameters](https://developer.apple.com/documentation/uikit/uispringtimingparameters)
81 | /// - [UICubicTimingParameters](https://developer.apple.com/documentation/uikit/uicubictimingparameters)
82 | public var animationTimingParameters: UITimingCurveProvider = UISpringTimingParameters(
| `- error: 'UISpringTimingParameters' is unavailable in watchOS
83 | mass: 0.03,
84 | stiffness: 20,
/Applications/Xcode-27.0.0-Release.Candidate.app/Contents/Developer/Platforms/WatchOS.platform/Developer/SDKs/WatchOS27.0.sdk/System/Library/Frameworks/UIKit.framework/Headers/UITimingParameters.h:32:12: note: 'UISpringTimingParameters' has been explicitly marked unavailable here
30 |
31 | UIKIT_EXTERN API_AVAILABLE(ios(10.0)) API_UNAVAILABLE(watchos) NS_SWIFT_UI_ACTOR
32 | @interface UISpringTimingParameters : NSObject <UITimingCurveProvider>
| `- note: 'UISpringTimingParameters' has been explicitly marked unavailable here
33 |
34 | @property(nonatomic, readonly) CGVector initialVelocity;
/Users/admin/builder/spi-builder-workspace/RotatingLabel/RotatingLabel.swift:107:13: error: 'accessibilityLabel' is unavailable in watchOS
105 | private var internalText: String? {
106 | didSet {
107 | accessibilityLabel = internalText
| `- error: 'accessibilityLabel' is unavailable in watchOS
108 | }
109 | }
/Applications/Xcode-27.0.0-Release.Candidate.app/Contents/Developer/Platforms/WatchOS.platform/Developer/SDKs/WatchOS27.0.sdk/System/Library/Frameworks/UIKit.framework/Headers/UIAccessibility.h:64:49: note: 'accessibilityLabel' has been explicitly marked unavailable here
62 | Setting the property will change the label that is returned to the accessibility client.
63 | */
64 | @property (nullable, nonatomic, copy) NSString *accessibilityLabel API_UNAVAILABLE(watchos) NS_SWIFT_UI_ACTOR;
| `- note: 'accessibilityLabel' has been explicitly marked unavailable here
65 |
66 | /*
/Users/admin/builder/spi-builder-workspace/RotatingLabel/RotatingLabel.swift:111:26: error: 'UILabel' is unavailable in watchOS
109 | }
110 |
111 | private var labels: [UILabel] = []
| `- error: 'UILabel' is unavailable in watchOS
112 |
113 | public override init(frame: CGRect) {
/Applications/Xcode-27.0.0-Release.Candidate.app/Contents/Developer/Platforms/WatchOS.platform/Developer/SDKs/WatchOS27.0.sdk/System/Library/Frameworks/UIKit.framework/Headers/UILabel.h:33:12: note: 'UILabel' has been explicitly marked unavailable here
31 |
32 | UIKIT_EXTERN API_AVAILABLE(ios(2.0)) API_UNAVAILABLE(watchos) NS_SWIFT_UI_ACTOR
33 | @interface UILabel : UIView <NSCoding, UIContentSizeCategoryAdjusting, UILetterformAwareAdjusting>
| `- note: 'UILabel' has been explicitly marked unavailable here
34 |
35 | @property(nullable, nonatomic,copy) NSString *text; // default is nil
/Users/admin/builder/spi-builder-workspace/RotatingLabel/RotatingLabel.swift:164:78: error: 'UITraitCollection' is unavailable in watchOS
162 | }
163 |
164 | public override func traitCollectionDidChange(_ previousTraitCollection: UITraitCollection?) {
| `- error: 'UITraitCollection' is unavailable in watchOS
165 | super.traitCollectionDidChange(previousTraitCollection)
166 | if previousTraitCollection?.preferredContentSizeCategory != traitCollection.preferredContentSizeCategory {
/Applications/Xcode-27.0.0-Release.Candidate.app/Contents/Developer/Platforms/WatchOS.platform/Developer/SDKs/WatchOS27.0.sdk/System/Library/Frameworks/UIKit.framework/Headers/UITraitCollection.h:23:12: note: 'UITraitCollection' has been explicitly marked unavailable here
21 |
22 | UIKIT_EXTERN API_AVAILABLE(ios(8.0)) API_UNAVAILABLE(watchos) NS_SWIFT_SENDABLE
23 | @interface UITraitCollection : NSObject <NSCopying, NSSecureCoding>
| `- note: 'UITraitCollection' has been explicitly marked unavailable here
24 |
25 | - (instancetype)init NS_DESIGNATED_INITIALIZER;
SwiftCompile normal arm64 /Users/admin/builder/spi-builder-workspace/RotatingLabel/RotatingLabel.swift (in target 'RotatingLabel' from project 'RotatingLabel')
cd /Users/admin/builder/spi-builder-workspace/.swiftpm/xcode
builtin-SwiftPerFileCompile RotatingLabel.swift
/Users/admin/builder/spi-builder-workspace/RotatingLabel/RotatingLabel.swift:164:26: error: cannot override 'traitCollectionDidChange' which has been marked unavailable
162 | }
163 |
164 | public override func traitCollectionDidChange(_ previousTraitCollection: UITraitCollection?) {
| |- error: cannot override 'traitCollectionDidChange' which has been marked unavailable
| `- note: remove 'override' modifier to declare a new 'traitCollectionDidChange'
165 | super.traitCollectionDidChange(previousTraitCollection)
166 | if previousTraitCollection?.preferredContentSizeCategory != traitCollection.preferredContentSizeCategory {
/Applications/Xcode-27.0.0-Release.Candidate.app/Contents/Developer/Platforms/WatchOS.platform/Developer/SDKs/WatchOS27.0.sdk/System/Library/Frameworks/UIKit.framework/Headers/UITraitCollection.h:221:1: note: 'traitCollectionDidChange' has been explicitly marked unavailable here
219 |
220 | /*! To be overridden as needed to provide custom behavior when the environment's traits change. */
221 | - (void)traitCollectionDidChange:(nullable UITraitCollection *)previousTraitCollection API_DEPRECATED("Use the trait change registration APIs declared in the UITraitChangeObservable protocol", ios(8.0, 17.0), visionos(1.0, 1.0)) API_UNAVAILABLE(watchos);
| `- note: 'traitCollectionDidChange' has been explicitly marked unavailable here
222 | @end
223 |
/Users/admin/builder/spi-builder-workspace/RotatingLabel/RotatingLabel.swift:11:29: error: 'UIView' is unavailable in watchOS
9 |
10 | /// A label that animates when its text changes.
11 | public class RotatingLabel: UIView {
| `- error: 'UIView' is unavailable in watchOS
12 | /// Direction of the animation.
13 | public enum Direction {
/Applications/Xcode-27.0.0-Release.Candidate.app/Contents/Developer/Platforms/WatchOS.platform/Developer/SDKs/WatchOS27.0.sdk/System/Library/Frameworks/UIKit.framework/Headers/UIView.h:152:12: note: 'UIView' has been explicitly marked unavailable here
150 |
151 | UIKIT_EXTERN API_AVAILABLE(ios(2.0)) API_UNAVAILABLE(watchos) NS_SWIFT_UI_ACTOR
152 | @interface UIView : UIResponder <NSCoding, UIAppearance, UIAppearanceContainer, UIDynamicItem, UITraitEnvironment, UICoordinateSpace, UIFocusItem, UIFocusItemContainer, CALayerDelegate>
| `- note: 'UIView' has been explicitly marked unavailable here
153 |
154 | @property(class, nonatomic, readonly) Class layerClass; // default is [CALayer class]. Used when creating the underlying layer for the view.
SwiftCompile normal arm64_32 Compiling\ DiffingFunction.swift /Users/admin/builder/spi-builder-workspace/RotatingLabel/DiffingFunction.swift (in target 'RotatingLabel' from project 'RotatingLabel')
SwiftCompile normal arm64_32 /Users/admin/builder/spi-builder-workspace/RotatingLabel/DiffingFunction.swift (in target 'RotatingLabel' from project 'RotatingLabel')
cd /Users/admin/builder/spi-builder-workspace/.swiftpm/xcode
builtin-SwiftPerFileCompile DiffingFunction.swift
SwiftCompile normal arm64 Compiling\ DiffingFunction.swift /Users/admin/builder/spi-builder-workspace/RotatingLabel/DiffingFunction.swift (in target 'RotatingLabel' from project 'RotatingLabel')
SwiftCompile normal arm64 /Users/admin/builder/spi-builder-workspace/RotatingLabel/DiffingFunction.swift (in target 'RotatingLabel' from project 'RotatingLabel')
cd /Users/admin/builder/spi-builder-workspace/.swiftpm/xcode
builtin-SwiftPerFileCompile DiffingFunction.swift
SwiftCompile normal arm64_32 Compiling\ RotatingLabel.swift /Users/admin/builder/spi-builder-workspace/RotatingLabel/RotatingLabel.swift (in target 'RotatingLabel' from project 'RotatingLabel')
/Users/admin/builder/spi-builder-workspace/RotatingLabel/RotatingLabel.swift:23:38: error: 'label' is unavailable in watchOS
21 | ///
22 | /// Defaults to `UIColor.label`.
23 | public var textColor: UIColor = .label {
| `- error: 'label' is unavailable in watchOS
24 | didSet {
25 | updateTextColor()
/Applications/Xcode-27.0.0-Release.Candidate.app/Contents/Developer/Platforms/WatchOS.platform/Developer/SDKs/WatchOS27.0.sdk/System/Library/Frameworks/UIKit.framework/Headers/UIInterface.h:171:49: note: 'label' has been explicitly marked unavailable here
169 | /* Foreground colors for static text and related elements.
170 | */
171 | @property (class, nonatomic, readonly) UIColor *labelColor API_AVAILABLE(ios(13.0), tvos(13.0)) API_UNAVAILABLE(watchos);
| `- note: 'label' has been explicitly marked unavailable here
172 | @property (class, nonatomic, readonly) UIColor *secondaryLabelColor API_AVAILABLE(ios(13.0), tvos(13.0)) API_UNAVAILABLE(watchos);
173 | @property (class, nonatomic, readonly) UIColor *tertiaryLabelColor API_AVAILABLE(ios(13.0), tvos(13.0)) API_UNAVAILABLE(watchos);
/Users/admin/builder/spi-builder-workspace/RotatingLabel/RotatingLabel.swift:32:46: error: 'systemGreen' is unavailable in watchOS
30 | ///
31 | /// Defaults to `UIColor.systemGreen`.
32 | public var incrementingColor: UIColor = .systemGreen
| `- error: 'systemGreen' is unavailable in watchOS
33 |
34 | /// Color to flash when values decrease.
/Applications/Xcode-27.0.0-Release.Candidate.app/Contents/Developer/Platforms/WatchOS.platform/Developer/SDKs/WatchOS27.0.sdk/System/Library/Frameworks/UIKit.framework/Headers/UIInterface.h:122:49: note: 'systemGreen' has been explicitly marked unavailable here
120 | */
121 | @property (class, nonatomic, readonly) UIColor *systemRedColor API_AVAILABLE(ios(7.0), tvos(9.0)) API_UNAVAILABLE(watchos);
122 | @property (class, nonatomic, readonly) UIColor *systemGreenColor API_AVAILABLE(ios(7.0), tvos(9.0)) API_UNAVAILABLE(watchos);
| `- note: 'systemGreen' has been explicitly marked unavailable here
123 | @property (class, nonatomic, readonly) UIColor *systemBlueColor API_AVAILABLE(ios(7.0), tvos(9.0)) API_UNAVAILABLE(watchos);
124 | @property (class, nonatomic, readonly) UIColor *systemOrangeColor API_AVAILABLE(ios(7.0), tvos(9.0)) API_UNAVAILABLE(watchos);
/Users/admin/builder/spi-builder-workspace/RotatingLabel/RotatingLabel.swift:37:46: error: 'systemRed' is unavailable in watchOS
35 | ///
36 | /// Defaults to `UIColor.systemRed`.
37 | public var decrementingColor: UIColor = .systemRed
| `- error: 'systemRed' is unavailable in watchOS
38 |
39 | /// Font to use for rendering the text.
/Applications/Xcode-27.0.0-Release.Candidate.app/Contents/Developer/Platforms/WatchOS.platform/Developer/SDKs/WatchOS27.0.sdk/System/Library/Frameworks/UIKit.framework/Headers/UIInterface.h:121:49: note: 'systemRed' has been explicitly marked unavailable here
119 | * Do not make assumptions about the color spaces or actual colors used.
120 | */
121 | @property (class, nonatomic, readonly) UIColor *systemRedColor API_AVAILABLE(ios(7.0), tvos(9.0)) API_UNAVAILABLE(watchos);
| `- note: 'systemRed' has been explicitly marked unavailable here
122 | @property (class, nonatomic, readonly) UIColor *systemGreenColor API_AVAILABLE(ios(7.0), tvos(9.0)) API_UNAVAILABLE(watchos);
123 | @property (class, nonatomic, readonly) UIColor *systemBlueColor API_AVAILABLE(ios(7.0), tvos(9.0)) API_UNAVAILABLE(watchos);
/Users/admin/builder/spi-builder-workspace/RotatingLabel/RotatingLabel.swift:82:43: error: 'UITimingCurveProvider' is unavailable in watchOS
80 | /// - [UISpringTimingParameters](https://developer.apple.com/documentation/uikit/uispringtimingparameters)
81 | /// - [UICubicTimingParameters](https://developer.apple.com/documentation/uikit/uicubictimingparameters)
82 | public var animationTimingParameters: UITimingCurveProvider = UISpringTimingParameters(
| `- error: 'UITimingCurveProvider' is unavailable in watchOS
83 | mass: 0.03,
84 | stiffness: 20,
/Applications/Xcode-27.0.0-Release.Candidate.app/Contents/Developer/Platforms/WatchOS.platform/Developer/SDKs/WatchOS27.0.sdk/System/Library/Frameworks/UIKit.framework/Headers/UITimingCurveProvider.h:23:11: note: 'UITimingCurveProvider' has been explicitly marked unavailable here
21 |
22 | API_UNAVAILABLE(watchos) NS_SWIFT_UI_ACTOR
23 | @protocol UITimingCurveProvider <NSCoding, NSCopying>
| `- note: 'UITimingCurveProvider' has been explicitly marked unavailable here
24 |
25 | @property(nonatomic, readonly) UITimingCurveType timingCurveType;
/Users/admin/builder/spi-builder-workspace/RotatingLabel/RotatingLabel.swift:82:67: error: 'UISpringTimingParameters' is unavailable in watchOS
80 | /// - [UISpringTimingParameters](https://developer.apple.com/documentation/uikit/uispringtimingparameters)
81 | /// - [UICubicTimingParameters](https://developer.apple.com/documentation/uikit/uicubictimingparameters)
82 | public var animationTimingParameters: UITimingCurveProvider = UISpringTimingParameters(
| `- error: 'UISpringTimingParameters' is unavailable in watchOS
83 | mass: 0.03,
84 | stiffness: 20,
/Applications/Xcode-27.0.0-Release.Candidate.app/Contents/Developer/Platforms/WatchOS.platform/Developer/SDKs/WatchOS27.0.sdk/System/Library/Frameworks/UIKit.framework/Headers/UITimingParameters.h:32:12: note: 'UISpringTimingParameters' has been explicitly marked unavailable here
30 |
31 | UIKIT_EXTERN API_AVAILABLE(ios(10.0)) API_UNAVAILABLE(watchos) NS_SWIFT_UI_ACTOR
32 | @interface UISpringTimingParameters : NSObject <UITimingCurveProvider>
| `- note: 'UISpringTimingParameters' has been explicitly marked unavailable here
33 |
34 | @property(nonatomic, readonly) CGVector initialVelocity;
/Users/admin/builder/spi-builder-workspace/RotatingLabel/RotatingLabel.swift:107:13: error: 'accessibilityLabel' is unavailable in watchOS
105 | private var internalText: String? {
106 | didSet {
107 | accessibilityLabel = internalText
| `- error: 'accessibilityLabel' is unavailable in watchOS
108 | }
109 | }
/Applications/Xcode-27.0.0-Release.Candidate.app/Contents/Developer/Platforms/WatchOS.platform/Developer/SDKs/WatchOS27.0.sdk/System/Library/Frameworks/UIKit.framework/Headers/UIAccessibility.h:64:49: note: 'accessibilityLabel' has been explicitly marked unavailable here
62 | Setting the property will change the label that is returned to the accessibility client.
63 | */
64 | @property (nullable, nonatomic, copy) NSString *accessibilityLabel API_UNAVAILABLE(watchos) NS_SWIFT_UI_ACTOR;
| `- note: 'accessibilityLabel' has been explicitly marked unavailable here
65 |
66 | /*
/Users/admin/builder/spi-builder-workspace/RotatingLabel/RotatingLabel.swift:111:26: error: 'UILabel' is unavailable in watchOS
109 | }
110 |
111 | private var labels: [UILabel] = []
| `- error: 'UILabel' is unavailable in watchOS
112 |
113 | public override init(frame: CGRect) {
/Applications/Xcode-27.0.0-Release.Candidate.app/Contents/Developer/Platforms/WatchOS.platform/Developer/SDKs/WatchOS27.0.sdk/System/Library/Frameworks/UIKit.framework/Headers/UILabel.h:33:12: note: 'UILabel' has been explicitly marked unavailable here
31 |
32 | UIKIT_EXTERN API_AVAILABLE(ios(2.0)) API_UNAVAILABLE(watchos) NS_SWIFT_UI_ACTOR
33 | @interface UILabel : UIView <NSCoding, UIContentSizeCategoryAdjusting, UILetterformAwareAdjusting>
| `- note: 'UILabel' has been explicitly marked unavailable here
34 |
35 | @property(nullable, nonatomic,copy) NSString *text; // default is nil
/Users/admin/builder/spi-builder-workspace/RotatingLabel/RotatingLabel.swift:164:78: error: 'UITraitCollection' is unavailable in watchOS
162 | }
163 |
164 | public override func traitCollectionDidChange(_ previousTraitCollection: UITraitCollection?) {
| `- error: 'UITraitCollection' is unavailable in watchOS
165 | super.traitCollectionDidChange(previousTraitCollection)
166 | if previousTraitCollection?.preferredContentSizeCategory != traitCollection.preferredContentSizeCategory {
/Applications/Xcode-27.0.0-Release.Candidate.app/Contents/Developer/Platforms/WatchOS.platform/Developer/SDKs/WatchOS27.0.sdk/System/Library/Frameworks/UIKit.framework/Headers/UITraitCollection.h:23:12: note: 'UITraitCollection' has been explicitly marked unavailable here
21 |
22 | UIKIT_EXTERN API_AVAILABLE(ios(8.0)) API_UNAVAILABLE(watchos) NS_SWIFT_SENDABLE
23 | @interface UITraitCollection : NSObject <NSCopying, NSSecureCoding>
| `- note: 'UITraitCollection' has been explicitly marked unavailable here
24 |
25 | - (instancetype)init NS_DESIGNATED_INITIALIZER;
SwiftCompile normal arm64_32 /Users/admin/builder/spi-builder-workspace/RotatingLabel/RotatingLabel.swift (in target 'RotatingLabel' from project 'RotatingLabel')
cd /Users/admin/builder/spi-builder-workspace/.swiftpm/xcode
builtin-SwiftPerFileCompile RotatingLabel.swift
/Users/admin/builder/spi-builder-workspace/RotatingLabel/RotatingLabel.swift:164:26: error: cannot override 'traitCollectionDidChange' which has been marked unavailable
162 | }
163 |
164 | public override func traitCollectionDidChange(_ previousTraitCollection: UITraitCollection?) {
| |- error: cannot override 'traitCollectionDidChange' which has been marked unavailable
| `- note: remove 'override' modifier to declare a new 'traitCollectionDidChange'
165 | super.traitCollectionDidChange(previousTraitCollection)
166 | if previousTraitCollection?.preferredContentSizeCategory != traitCollection.preferredContentSizeCategory {
/Applications/Xcode-27.0.0-Release.Candidate.app/Contents/Developer/Platforms/WatchOS.platform/Developer/SDKs/WatchOS27.0.sdk/System/Library/Frameworks/UIKit.framework/Headers/UITraitCollection.h:221:1: note: 'traitCollectionDidChange' has been explicitly marked unavailable here
219 |
220 | /*! To be overridden as needed to provide custom behavior when the environment's traits change. */
221 | - (void)traitCollectionDidChange:(nullable UITraitCollection *)previousTraitCollection API_DEPRECATED("Use the trait change registration APIs declared in the UITraitChangeObservable protocol", ios(8.0, 17.0), visionos(1.0, 1.0)) API_UNAVAILABLE(watchos);
| `- note: 'traitCollectionDidChange' has been explicitly marked unavailable here
222 | @end
223 |
/Users/admin/builder/spi-builder-workspace/RotatingLabel/RotatingLabel.swift:11:29: error: 'UIView' is unavailable in watchOS
9 |
10 | /// A label that animates when its text changes.
11 | public class RotatingLabel: UIView {
| `- error: 'UIView' is unavailable in watchOS
12 | /// Direction of the animation.
13 | public enum Direction {
/Applications/Xcode-27.0.0-Release.Candidate.app/Contents/Developer/Platforms/WatchOS.platform/Developer/SDKs/WatchOS27.0.sdk/System/Library/Frameworks/UIKit.framework/Headers/UIView.h:152:12: note: 'UIView' has been explicitly marked unavailable here
150 |
151 | UIKIT_EXTERN API_AVAILABLE(ios(2.0)) API_UNAVAILABLE(watchos) NS_SWIFT_UI_ACTOR
152 | @interface UIView : UIResponder <NSCoding, UIAppearance, UIAppearanceContainer, UIDynamicItem, UITraitEnvironment, UICoordinateSpace, UIFocusItem, UIFocusItemContainer, CALayerDelegate>
| `- note: 'UIView' has been explicitly marked unavailable here
153 |
154 | @property(class, nonatomic, readonly) Class layerClass; // default is [CALayer class]. Used when creating the underlying layer for the view.
PruneExplicitPrecompiledModules /Users/admin/builder/spi-builder-workspace/.derivedData/Build/Intermediates.noindex/ExplicitPrecompiledModules
PruneExplicitPrecompiledModules /Users/admin/builder/spi-builder-workspace/.derivedData/Build/Intermediates.noindex/SwiftExplicitPrecompiledModules
PruneExplicitPrecompiledModules /Users/admin/builder/spi-builder-workspace/.derivedData/SDKExplicitPrecompiledModules
2026-09-19 13:34:47.754 xcodebuild[953:5647] [MT] IDERunDestination: Supported platforms for the buildables in the current scheme is empty.
** BUILD FAILED **
The following build commands failed:
SwiftCompile normal arm64_32 (in target 'RotatingLabel' from project 'RotatingLabel')
SwiftEmitModule normal arm64_32 Emitting\ module\ for\ RotatingLabel (in target 'RotatingLabel' from project 'RotatingLabel')
SwiftEmitModule normal arm64 Emitting\ module\ for\ RotatingLabel (in target 'RotatingLabel' from project 'RotatingLabel')
SwiftCompile normal arm64 (in target 'RotatingLabel' from project 'RotatingLabel')
Building workspace RotatingLabel with scheme RotatingLabel
(5 failures)
BUILD FAILURE 6.4 watchOS