The Swift Package Index logo.Swift Package Index

Build Information

Failed to build SwiftGraphics, reference 0.3.1 (93fc37), with Swift 6.4 for macOS (SPM) on 17 Sep 2026 14:22:34 UTC.

Build Command

env DEVELOPER_DIR=/Applications/Xcode-27.0.0-Release.Candidate.app xcrun swift build --arch arm64

Build Log

========================================
RunAll
========================================
Builder version: 5.1.0
Interrupt handler set up.
========================================
Checkout
========================================
Clone URL: https://github.com/emorydunn/SwiftGraphics.git
Reference: 0.3.1
Initialized empty Git repository in /Users/admin/builder/spi-builder-workspace/.git/
From https://github.com/emorydunn/SwiftGraphics
 * tag               0.3.1      -> FETCH_HEAD
HEAD is now at 93fc377 Fix very obvious typo
Cloned https://github.com/emorydunn/SwiftGraphics.git
Revision (git rev-parse @):
93fc37757dc876f8f84ba4f4622964b5e7dbdd8b
SUCCESS checkout https://github.com/emorydunn/SwiftGraphics.git at 0.3.1
========================================
Build
========================================
Selected platform:         macosSpm
Swift version:             6.4
Building package at path:  $PWD
https://github.com/emorydunn/SwiftGraphics.git
Running build ...
env DEVELOPER_DIR=/Applications/Xcode-27.0.0-Release.Candidate.app xcrun swift build --arch arm64
Building for debugging...
[Planning deferred tasks]
[19 / 28]
[20 / 29] SwiftGraphics
[30 / 103]
[33 / 103]
[41 / 103]
[44 / 103]
[45 / 103]
[51 / 103]
[53 / 103]
[56 / 103]
[61 / 103]
[64 / 103]
[66 / 103]
[67 / 103]
[76 / 103]
[78 / 103]
[79 / 103]
[81 / 103]
[83 / 103]
error: SwiftCompile normal arm64 failed with a nonzero exit code. Command line:     cd /Users/admin/builder

/Users/admin/builder/spi-builder-workspace/Sources/SwiftGraphics/Base Protocols/Intersectable/RayTracable.swift:126:39: error: cannot find type 'CGContext' in scope
124 |     /// Draws a representation of the emitter suitable for debugging.
125 |     /// - Parameter context: Context in which to draw
126 |     public func debugDraw(in context: CGContext) {
    |                                       `- error: cannot find type 'CGContext' in scope
127 |         //        super.debugDraw(in: context)
128 |         Circle(center: origin, radius: 20).draw()
/Users/admin/builder/spi-builder-workspace/Sources/SwiftGraphics/Drawing/CGDrawable.swift:15:27: error: cannot find type 'CGContext' in scope
13 |     /// Draw the receiver in the specified context
14 |     /// - Parameter context: Context in which to draw
15 |     func draw(in context: CGContext)
   |                           `- error: cannot find type 'CGContext' in scope
16 |
17 |     /// Draw a representation of the receiver meant for debugging the shape in the specified context
/Users/admin/builder/spi-builder-workspace/Sources/SwiftGraphics/Drawing/CGDrawable.swift:19:32: error: cannot find type 'CGContext' in scope
17 |     /// Draw a representation of the receiver meant for debugging the shape in the specified context
18 |     /// - Parameter context: Context in which to draw
19 |     func debugDraw(in context: CGContext)
   |                                `- error: cannot find type 'CGContext' in scope
20 | }
21 |
/Users/admin/builder/spi-builder-workspace/Sources/SwiftGraphics/Drawing/Color.swift:119:32: error: cannot find type 'CGColor' in scope
117 |
118 |     /// Createa CGColor
119 |     public func toCGColor() -> CGColor {
    |                                `- error: cannot find type 'CGColor' in scope
120 |         return CGColor(
121 |             red: CGFloat(red),
/Users/admin/builder/spi-builder-workspace/Sources/SwiftGraphics/Drawing/DrawingContext.swift:35:11: error: cannot find type 'CGContext' in scope
33 | }
34 |
35 | extension CGContext: DrawingContext {
   |           `- error: cannot find type 'CGContext' in scope
36 |
37 | }
/Users/admin/builder/spi-builder-workspace/Sources/SwiftGraphics/Ray Tracing/DirectionalEmitter.swift:67:39: error: cannot find type 'CGContext' in scope
65 |     /// Draws a representation of the emitter suitable for debugging.
66 |     /// - Parameter context: Context in which to draw
67 |     public func debugDraw(in context: CGContext) {
   |                                       `- error: cannot find type 'CGContext' in scope
68 |         let ray = Ray(origin: origin.copy(), direction: direction.copy())
69 |         ray.debugDraw(in: context)
/Users/admin/builder/spi-builder-workspace/Sources/SwiftGraphics/Shapes/Circle/Circle+Drawable.swift:33:34: error: cannot find type 'CGContext' in scope
31 |     /// Draw the receiver in the specified context
32 |     /// - Parameter context: Context in which to draw
33 |     public func draw(in context: CGContext) {
   |                                  `- error: cannot find type 'CGContext' in scope
34 |
35 |         context.saveGState()
/Users/admin/builder/spi-builder-workspace/Sources/SwiftGraphics/Shapes/Circle/Circle+Drawable.swift:50:39: error: cannot find type 'CGContext' in scope
48 |     /// Draw a representation of the receiver meant for debugging the shape in the specified context
49 |     /// - Parameter context: Context in which to draw
50 |     public func debugDraw(in context: CGContext) {
   |                                       `- error: cannot find type 'CGContext' in scope
51 |         draw(in: context)
52 |     }
/Users/admin/builder/spi-builder-workspace/Sources/SwiftGraphics/Shapes/Line.swift:182:34: error: cannot find type 'CGContext' in scope
180 |     /// Draw the receiver in the specified context
181 |     /// - Parameter context: Context in which to draw
182 |     public func draw(in context: CGContext) {
    |                                  `- error: cannot find type 'CGContext' in scope
183 |         context.setStrokeColor(SwiftGraphicsContext.strokeColor.toCGColor())
184 |         context.setFillColor(SwiftGraphicsContext.fillColor.toCGColor())
/Users/admin/builder/spi-builder-workspace/Sources/SwiftGraphics/Shapes/Line.swift:191:39: error: cannot find type 'CGContext' in scope
189 |     /// Draw a representation of the receiver meant for debugging the shape in the specified context
190 |     /// - Parameter context: Context in which to draw
191 |     public func debugDraw(in context: CGContext) {
    |                                       `- error: cannot find type 'CGContext' in scope
192 |         let normal = self.normal()
193 |
/Users/admin/builder/spi-builder-workspace/Sources/SwiftGraphics/Shapes/Rectangle.swift:161:32: error: cannot find type 'CGContext' in scope
159 |     /// Draw the receiver in the specified context
160 |     /// - Parameter context: Context in which to draw
161 |     open func draw(in context: CGContext) {
    |                                `- error: cannot find type 'CGContext' in scope
162 |         let rect = CGRect(x: x, y: y, width: width, height: height)
163 |
/Users/admin/builder/spi-builder-workspace/Sources/SwiftGraphics/Shapes/Rectangle.swift:173:37: error: cannot find type 'CGContext' in scope
171 |     /// Draw a representation of the receiver meant for debugging the shape in the specified context
172 |     /// - Parameter context: Context in which to draw
173 |     open func debugDraw(in context: CGContext) {
    |                                     `- error: cannot find type 'CGContext' in scope
174 |
175 |         let tlColor = CGColor(red: 255 / 255, green: 159 / 255, blue: 82 / 255, alpha: 1)
/Users/admin/builder/spi-builder-workspace/Sources/SwiftGraphics/Shapes/Vector.swift:304:34: error: cannot find type 'CGContext' in scope
302 |     /// Draw the receiver in the specified context
303 |     /// - Parameter context: Context in which to draw
304 |     public func draw(in context: CGContext) {
    |                                  `- error: cannot find type 'CGContext' in scope
305 |         Rectangle(x: x, y: y, width: 1, height: 1).draw(in: context)
306 |     }
/Users/admin/builder/spi-builder-workspace/Sources/SwiftGraphics/Shapes/Vector.swift:310:39: error: cannot find type 'CGContext' in scope
308 |     /// Draw a representation of the receiver meant for debugging the shape in the specified context
309 |     /// - Parameter context: Context in which to draw
310 |     public func debugDraw(in context: CGContext) {
    |                                       `- error: cannot find type 'CGContext' in scope
311 |         Circle(center: self, radius: 5).draw(in: context)
312 |     }
Failed frontend command:
/Applications/Xcode-27.0.0-Release.Candidate.app/Contents/Developer/Toolchains/XcodeDefault.xctoolchain/usr/bin/swift-frontend -frontend -emit-module -experimental-skip-non-inlinable-function-bodies-without-types /Users/admin/builder/spi-builder-workspace/Sources/SwiftGraphics/Base\ Protocols/Intersectable/DefaultIntersections.swift /Users/admin/builder/spi-builder-workspace/Sources/SwiftGraphics/Base\ Protocols/Intersectable/Intersectable.swift /Users/admin/builder/spi-builder-workspace/Sources/SwiftGraphics/Base\ Protocols/Intersectable/RayTracable.swift /Users/admin/builder/spi-builder-workspace/Sources/SwiftGraphics/Base\ Protocols/Polygon.swift /Users/admin/builder/spi-builder-workspace/Sources/SwiftGraphics/Base\ Protocols/Shape.swift /Users/admin/builder/spi-builder-workspace/Sources/SwiftGraphics/Base\ Protocols/Sketch\ Protcols.swift /Users/admin/builder/spi-builder-workspace/Sources/SwiftGraphics/Base\ Protocols/Sketch.swift /Users/admin/builder/spi-builder-workspace/Sources/SwiftGraphics/Base\ Protocols/SketchView.swift /Users/admin/builder/spi-builder-workspace/Sources/SwiftGraphics/Drawing/BlendMode.swift /Users/admin/builder/spi-builder-workspace/Sources/SwiftGraphics/Drawing/CGDrawable.swift /Users/admin/builder/spi-builder-workspace/Sources/SwiftGraphics/Drawing/Color.swift /Users/admin/builder/spi-builder-workspace/Sources/SwiftGraphics/Drawing/DrawingContext.swift /Users/admin/builder/spi-builder-workspace/Sources/SwiftGraphics/Drawing/SVG\ Drawing/SVGContext.swift /Users/admin/builder/spi-builder-workspace/Sources/SwiftGraphics/Drawing/SVG\ Drawing/SVGDrawable.swift /Users/admin/builder/spi-builder-workspace/Sources/SwiftGraphics/Extensions/Angles.swift /Users/admin/builder/spi-builder-workspace/Sources/SwiftGraphics/Extensions/Array.swift /Users/admin/builder/spi-builder-workspace/Sources/SwiftGraphics/Extensions/Clamped.swift /Users/admin/builder/spi-builder-workspace/Sources/SwiftGraphics/Extensions/Double.swift /Users/admin/builder/spi-builder-workspace/Sources/SwiftGraphics/Extensions/String.swift /Users/admin/builder/spi-builder-workspace/Sources/SwiftGraphics/Extensions/XMLElement.swift /Users/admin/builder/spi-builder-workspace/Sources/SwiftGraphics/Math/Perlin.swift /Users/admin/builder/spi-builder-workspace/Sources/SwiftGraphics/Ray\ Tracing/CircleEmitter.swift /Users/admin/builder/spi-builder-workspace/Sources/SwiftGraphics/Ray\ Tracing/DirectionalEmitter.swift /Users/admin/builder/spi-builder-workspace/Sources/SwiftGraphics/Ray\ Tracing/Emitter.swift /Users/admin/builder/spi-builder-workspace/Sources/SwiftGraphics/Ray\ Tracing/Fresnel.swift /Users/admin/builder/spi-builder-workspace/Sources/SwiftGraphics/Ray\ Tracing/LinearEmitter.swift /Users/admin/builder/spi-builder-workspace/Sources/SwiftGraphics/Shapes/BezierPath.swift /Users/admin/builder/spi-builder-workspace/Sources/SwiftGraphics/Shapes/BoundingBox.swift /Users/admin/builder/spi-builder-workspace/Sources/SwiftGraphics/Shapes/Circle/Circle+Drawable.swift /Users/admin/builder/spi-builder-workspace/Sources/SwiftGraphics/Shapes/Circle/Circle+RayTracable.swift /Users/admin/builder/spi-builder-workspace/Sources/SwiftGraphics/Shapes/Circle/Circle.swift /Users/admin/builder/spi-builder-workspace/Sources/SwiftGraphics/Shapes/Line.swift /Users/admin/builder/spi-builder-workspace/Sources/SwiftGraphics/Shapes/Path.swift /Users/admin/builder/spi-builder-workspace/Sources/SwiftGraphics/Shapes/Rectangle.swift /Users/admin/builder/spi-builder-workspace/Sources/SwiftGraphics/Shapes/Size.swift /Users/admin/builder/spi-builder-workspace/Sources/SwiftGraphics/Shapes/Vector.swift -target arm64-apple-macos12.0 -disable-cross-import-overlay-search -load-resolved-plugin /Applications/Xcode-27.0.0-Release.Candidate.app/Contents/Developer/Platforms/MacOSX.platform/Developer/usr/lib/swift/host/plugins/libFoundationMacros.dylib\#/Applications/Xcode-27.0.0-Release.Candidate.app/Contents/Developer/Platforms/MacOSX.platform/Developer/usr/bin/swift-plugin-server\#FoundationMacros -load-resolved-plugin /Applications/Xcode-27.0.0-Release.Candidate.app/Contents/Developer/Platforms/MacOSX.platform/Developer/usr/lib/swift/host/plugins/libObservationMacros.dylib\#/Applications/Xcode-27.0.0-Release.Candidate.app/Contents/Developer/Platforms/MacOSX.platform/Developer/usr/bin/swift-plugin-server\#ObservationMacros -load-resolved-plugin /Applications/Xcode-27.0.0-Release.Candidate.app/Contents/Developer/Platforms/MacOSX.platform/Developer/usr/lib/swift/host/plugins/libPreviewsMacros.dylib\#/Applications/Xcode-27.0.0-Release.Candidate.app/Contents/Developer/Platforms/MacOSX.platform/Developer/usr/bin/swift-plugin-server\#PreviewsMacros -load-resolved-plugin /Applications/Xcode-27.0.0-Release.Candidate.app/Contents/Developer/Platforms/MacOSX.platform/Developer/usr/lib/swift/host/plugins/libSwiftMacros.dylib\#/Applications/Xcode-27.0.0-Release.Candidate.app/Contents/Developer/Platforms/MacOSX.platform/Developer/usr/bin/swift-plugin-server\#SwiftMacros -load-resolved-plugin /Applications/Xcode-27.0.0-Release.Candidate.app/Contents/Developer/Platforms/MacOSX.platform/Developer/usr/lib/swift/host/plugins/libSwiftUIMacros.dylib\#/Applications/Xcode-27.0.0-Release.Candidate.app/Contents/Developer/Platforms/MacOSX.platform/Developer/usr/bin/swift-plugin-server\#SwiftUIMacros -disable-implicit-swift-modules -Xcc -fno-implicit-modules -Xcc -fno-implicit-module-maps -explicit-swift-module-map-file /Users/admin/builder/spi-builder-workspace/.build/out/Intermediates.noindex/SwiftGraphics.build/Debug/SwiftGraphics-t.build/Objects-normal/arm64/SwiftGraphics-dependencies-1.json -Xllvm -aarch64-use-tbi -enable-objc-interop -stack-check -sdk /Applications/Xcode-27.0.0-Release.Candidate.app/Contents/Developer/Platforms/MacOSX.platform/Developer/SDKs/MacOSX27.0.sdk -I /Users/admin/builder/spi-builder-workspace/.build/out/Products/Debug -Isystem /Applications/Xcode-27.0.0-Release.Candidate.app/Contents/Developer/Platforms/MacOSX.platform/Developer/usr/lib -F /Users/admin/builder/spi-builder-workspace/.build/out/Products/Debug -F /Applications/Xcode-27.0.0-Release.Candidate.app/Contents/Developer/Platforms/MacOSX.platform/Developer/Library/Frameworks -module-cache-path /Users/admin/builder/spi-builder-workspace/.build/out/Intermediates.noindex/SwiftExplicitPrecompiledModules -color-diagnostics -Xcc -fcolor-diagnostics -enable-testing -g -debug-info-format\=dwarf -dwarf-version\=4 -swift-version 5 -Onone -D SWIFT_PACKAGE -D DEBUG -D SWIFT_MODULE_RESOURCE_BUNDLE_UNAVAILABLE -D Xcode -serialize-debugging-options -enable-experimental-feature DebugDescriptionMacro -empty-abi-descriptor -validate-clang-modules-once -clang-build-session-file /Users/admin/builder/spi-builder-workspace/.build/out/ModuleCache.noindex/Session.modulevalidation -Xcc -working-directory -Xcc /Users/admin/builder -enable-anonymous-context-mangled-names -file-compilation-dir /Users/admin/builder -Xcc -D_LIBCPP_HARDENING_MODE\=_LIBCPP_HARDENING_MODE_DEBUG -Xcc -ivfsstatcache -Xcc /Users/admin/builder/spi-builder-workspace/.build/out/SDKStatCaches.noindex/macosx27.0-26A425-80c5bbf1d171475443272936d42f90a36a22442a12e9d48fe1a705f55a1adfc4.sdkstatcache -Xcc -fmodules-prune-interval\=86400 -Xcc -fmodules-prune-after\=345600 -Xcc -I/Users/admin/builder/spi-builder-workspace/.build/out/Products/Debug/include -Xcc -I/Users/admin/builder/spi-builder-workspace/.build/out/Intermediates.noindex/SwiftGraphics.build/Debug/SwiftGraphics-t.build/DerivedSources-normal/arm64 -Xcc -I/Users/admin/builder/spi-builder-workspace/.build/out/Intermediates.noindex/SwiftGraphics.build/Debug/SwiftGraphics-t.build/DerivedSources/arm64 -Xcc -I/Users/admin/builder/spi-builder-workspace/.build/out/Intermediates.noindex/SwiftGraphics.build/Debug/SwiftGraphics-t.build/DerivedSources -Xcc -DSWIFT_PACKAGE -Xcc -DDEBUG\=1 -no-auto-bridging-header-chaining -module-name SwiftGraphics -const-gather-protocols-file /Users/admin/builder/spi-builder-workspace/.build/out/Intermediates.noindex/SwiftGraphics.build/Debug/SwiftGraphics-t.build/Objects-normal/arm64/SwiftGraphics_const_extract_protocols.json -disable-clang-spi -clang-target arm64-apple-macos27.0 -target-sdk-version 27.0 -target-sdk-name macosx27.0 -in-process-plugin-server-path /Applications/Xcode-27.0.0-Release.Candidate.app/Contents/Developer/Toolchains/XcodeDefault.xctoolchain/usr/lib/swift/host/libSwiftInProcPluginServer.dylib -emit-module-doc-path /Users/admin/builder/spi-builder-workspace/.build/out/Intermediates.noindex/SwiftGraphics.build/Debug/SwiftGraphics-t.build/Objects-normal/arm64/SwiftGraphics.swiftdoc -emit-module-source-info-path /Users/admin/builder/spi-builder-workspace/.build/out/Intermediates.noindex/SwiftGraphics.build/Debug/SwiftGraphics-t.build/Objects-normal/arm64/SwiftGraphics.swiftsourceinfo -emit-objc-header-path /Users/admin/builder/spi-builder-workspace/.build/out/Intermediates.noindex/SwiftGraphics.build/Debug/SwiftGraphics-t.build/Objects-normal/arm64/SwiftGraphics-Swift.h -serialize-diagnostics-path /Users/admin/builder/spi-builder-workspace/.build/out/Intermediates.noindex/SwiftGraphics.build/Debug/SwiftGraphics-t.build/Objects-normal/arm64/SwiftGraphics-primary-emit-module.dia -emit-dependencies-path /Users/admin/builder/spi-builder-workspace/.build/out/Intermediates.noindex/SwiftGraphics.build/Debug/SwiftGraphics-t.build/Objects-normal/arm64/SwiftGraphics-primary-emit-module.d -parse-as-library -o /Users/admin/builder/spi-builder-workspace/.build/out/Intermediates.noindex/SwiftGraphics.build/Debug/SwiftGraphics-t.build/Objects-normal/arm64/SwiftGraphics.swiftmodule -emit-abi-descriptor-path /Users/admin/builder/spi-builder-workspace/.build/out/Intermediates.noindex/SwiftGraphics.build/Debug/SwiftGraphics-t.build/Objects-normal/arm64/SwiftGraphics.abi.json
error: Build failed
BUILD FAILURE 6.4 macosSpm