The Swift Package Index logo.Swift Package Index

Build Information

Failed to build CSourceKit, reference master (38edd4), with Swift 6.4 for macOS (Xcode) using Xcode 27.0 on 17 Sep 2026 02:26:42 UTC.

Build Command

No build command. This typically means the build failed at an early stage where we determine the build command.

Build Log

========================================
RunAll
========================================
Builder version: 5.1.0
Interrupt handler set up.
========================================
Checkout
========================================
Clone URL: https://github.com/tanner0101/csourcekit.git
Reference: master
Initialized empty Git repository in /Users/admin/builder/spi-builder-workspace/.git/
From https://github.com/tanner0101/csourcekit
 * branch            master     -> FETCH_HEAD
 * [new branch]      master     -> origin/master
HEAD is now at 38edd42 remove typo
Cloned https://github.com/tanner0101/csourcekit.git
Revision (git rev-parse @):
38edd420234d758d7ce3db3eb3a87a0ab4360f1e
SUCCESS checkout https://github.com/tanner0101/csourcekit.git at master
========================================
Build
========================================
Selected platform:         macosXcodebuild
Swift version:             6.4
Building package at path:  $PWD
https://github.com/tanner0101/csourcekit.git
Command line invocation:
    /Applications/Xcode-27.0.0-Release.Candidate.app/Contents/Developer/usr/bin/xcodebuild -IDEClonedSourcePackagesDirPathOverride=/Users/admin/builder/spi-builder-workspace/.dependencies -resolvePackageDependencies
Resolve Package Graph
ignoring declared target(s) 'CSourceKit' in the system packagesystem library product CSourceKit shouldn't have a type and contain only one target
Resolve Package Graph
ignoring declared target(s) 'CSourceKit' in the system packagesystem library product CSourceKit shouldn't have a type and contain only one target
Resolved source packages:
  spi-builder-workspace: (null)
2026-09-16 22:26:41.329 xcodebuild[529:3036] Writing error result bundle to /var/folders/xq/y_g06wb113726d38xsyx71_h0000gn/T/ResultBundle_2026-16-09_22-26-0041.xcresult
xcodebuild: error: Could not resolve package dependencies:
  system library product CSourceKit shouldn't have a type and contain only one target
Command line invocation:
    /Applications/Xcode-27.0.0-Release.Candidate.app/Contents/Developer/usr/bin/xcodebuild -IDEClonedSourcePackagesDirPathOverride=/Users/admin/builder/spi-builder-workspace/.dependencies -resolvePackageDependencies
Resolve Package Graph
ignoring declared target(s) 'CSourceKit' in the system packagesystem library product CSourceKit shouldn't have a type and contain only one target
Resolved source packages:
  spi-builder-workspace: (null)
2026-09-16 22:26:42.412 xcodebuild[599:3677] Writing error result bundle to /var/folders/xq/y_g06wb113726d38xsyx71_h0000gn/T/ResultBundle_2026-16-09_22-26-0042.xcresult
xcodebuild: error: Could not resolve package dependencies:
  system library product CSourceKit shouldn't have a type and contain only one target
BUILD FAILURE 6.4 macosXcodebuild