Build Information
Failed to build Poly, reference master (d252f3), with Swift 6.4 for watchOS using Xcode 27.0 on 17 Sep 2026 09:25:05 UTC.
Build Command
env DEVELOPER_DIR=/Applications/Xcode-27.0.0-Release.Candidate.app xcrun xcodebuild -IDEClonedSourcePackagesDirPathOverride=$PWD/.dependencies -skipMacroValidation -skipPackagePluginValidation -derivedDataPath $PWD/.derivedData build -scheme Poly -destination generic/platform=watchOSBuild Log
========================================
RunAll
========================================
Builder version: 5.1.0
Interrupt handler set up.
========================================
Checkout
========================================
Clone URL: https://github.com/piemonte/Poly.git
Reference: master
Initialized empty Git repository in /Users/admin/builder/spi-builder-workspace/.git/
From https://github.com/piemonte/Poly
* branch master -> FETCH_HEAD
* [new branch] master -> origin/master
HEAD is now at d252f34 Poly, update type names
Cloned https://github.com/piemonte/Poly.git
Revision (git rev-parse @):
d252f34fd8a8cfa0ec7269e1ffe3b1348367cabf
SUCCESS checkout https://github.com/piemonte/Poly.git at master
========================================
Build
========================================
Selected platform: watchOS
Swift version: 6.4
Building package at path: $PWD
https://github.com/piemonte/Poly.git
Command line invocation:
/Applications/Xcode-27.0.0-Release.Candidate.app/Contents/Developer/usr/bin/xcodebuild -IDEClonedSourcePackagesDirPathOverride=/Users/admin/builder/spi-builder-workspace/.dependencies -resolvePackageDependencies
resolved source packages:
{
"dependencies" : [
{
"identity" : "alamofire",
"requirement" : {
"range" : [
{
"lower_bound" : "4.9.0",
"upper_bound" : "5.0.0"
}
]
},
"type" : "sourceControl",
"url" : "https://github.com/Alamofire/Alamofire.git"
},
{
"identity" : "promisekit",
"requirement" : {
"range" : [
{
"lower_bound" : "6.13.1",
"upper_bound" : "7.0.0"
}
]
},
"type" : "sourceControl",
"url" : "https://github.com/mxcl/PromiseKit"
},
{
"identity" : "cache",
"requirement" : {
"range" : [
{
"lower_bound" : "5.3.0",
"upper_bound" : "6.0.0"
}
]
},
"type" : "sourceControl",
"url" : "https://github.com/hyperoslo/Cache"
},
{
"identity" : "disk",
"requirement" : {
"range" : [
{
"lower_bound" : "0.6.0",
"upper_bound" : "1.0.0"
}
]
},
"type" : "sourceControl",
"url" : "https://github.com/saoudrizwan/Disk"
},
{
"identity" : "objectmapper",
"requirement" : {
"range" : [
{
"lower_bound" : "4.2.0",
"upper_bound" : "5.0.0"
}
]
},
"type" : "sourceControl",
"url" : "https://github.com/tristanhimmelman/ObjectMapper"
}
],
"manifest_display_name" : "Poly",
"name" : "Poly",
"path" : "/Users/admin/builder/spi-builder-workspace",
"platforms" : [
{
"name" : "ios",
"version" : "11.0"
}
],
"products" : [
{
"name" : "Poly",
"targets" : [
"Poly"
],
"type" : {
"library" : [
"automatic"
]
}
}
],
"swift_languages_versions" : [
"5"
],
"targets" : [
{
"c99name" : "Poly",
"module_type" : "SwiftTarget",
"name" : "Poly",
"path" : "Sources",
"product_memberships" : [
"Poly"
],
"sources" : [
"Poly+Foundation.swift",
"Poly.swift",
"PolyAssetModel.swift",
"PolyCache.swift",
"PolyFileModel.swift",
"PolyFormatsModel.swift",
"PolyPresentationParamsModel.swift",
"PolyRequest.swift"
],
"type" : "library"
}
],
"tools_version" : "5.2"
}
{
"project" : {
"configurations" : [
"Debug",
"Release"
],
"name" : "Poly",
"schemes" : [
"Debug",
"Poly",
"Release"
],
"targets" : [
"Poly_iOS",
"Poly"
]
}
}
{
"workspace" : {
"name" : "Poly",
"schemes" : [
"Poly"
]
}
}
2026-09-17 05:24:55.584 xcodebuild[651:4181] [MT] IDERunDestination: Supported platforms for the buildables in the current scheme is empty.
Running build ...
env DEVELOPER_DIR=/Applications/Xcode-27.0.0-Release.Candidate.app xcrun xcodebuild -IDEClonedSourcePackagesDirPathOverride=$PWD/.dependencies -skipMacroValidation -skipPackagePluginValidation -derivedDataPath $PWD/.derivedData build -scheme Poly -destination generic/platform=watchOS
Command line invocation:
/Applications/Xcode-27.0.0-Release.Candidate.app/Contents/Developer/usr/bin/xcodebuild -IDEClonedSourcePackagesDirPathOverride=/Users/admin/builder/spi-builder-workspace/.dependencies -skipMacroValidation -skipPackagePluginValidation -derivedDataPath /Users/admin/builder/spi-builder-workspace/.derivedData build -scheme Poly -destination generic/platform=watchOS
Resolve Package Graph
dependency 'alamofire' is not used by any targetdependency 'promisekit' is not used by any targetdependency 'cache' is not used by any targetdependency 'disk' is not used by any targetdependency 'objectmapper' is not used by any target
Resolve Package Graph
dependency 'alamofire' is not used by any targetdependency 'promisekit' is not used by any targetdependency 'cache' is not used by any targetdependency 'disk' is not used by any targetdependency 'objectmapper' is not used by any target
Resolved source packages:
Poly: /Users/admin/builder/spi-builder-workspace
Disk: https://github.com/saoudrizwan/Disk @ 0.6.4
Alamofire: https://github.com/Alamofire/Alamofire.git @ 4.9.1
Cache: https://github.com/hyperoslo/Cache @ 5.3.0
PromiseKit: https://github.com/mxcl/PromiseKit @ 6.22.1
ObjectMapper: https://github.com/tristanhimmelman/ObjectMapper @ 4.4.3
ComputePackagePrebuildTargetDependencyGraph
Prepare packages
CreateBuildRequest
SendProjectDescription
CreateBuildOperation
ComputeTargetDependencyGraph
note: Building targets in dependency order
note: Target dependency graph (2 targets)
Target 'Poly-product' in project 'Poly'
➜ Explicit dependency on target 'Poly' in project 'Poly'
Target 'Poly' in project 'Poly' (no dependencies)
GatherProvisioningInputs
CreateBuildDescription
ExecuteExternalTool /Applications/Xcode-27.0.0-Release.Candidate.app/Contents/Developer/Toolchains/XcodeDefault.xctoolchain/usr/bin/clang -v -E -dM -isysroot /Applications/Xcode-27.0.0-Release.Candidate.app/Contents/Developer/Platforms/WatchOS.platform/Developer/SDKs/WatchOS27.0.sdk -x c -c /dev/null
ExecuteExternalTool /Applications/Xcode-27.0.0-Release.Candidate.app/Contents/Developer/Toolchains/XcodeDefault.xctoolchain/usr/bin/swiftc --version
ExecuteExternalTool /Applications/Xcode-27.0.0-Release.Candidate.app/Contents/Developer/Toolchains/XcodeDefault.xctoolchain/usr/bin/ld -version_details
Build description signature: b41c441f228f6050424a8bc5edcd5801
Build description path: /Users/admin/builder/spi-builder-workspace/.derivedData/Build/Intermediates.noindex/XCBuildData/b41c441f228f6050424a8bc5edcd5801.xcbuilddata
CreateBuildDirectory /Users/admin/builder/spi-builder-workspace/.derivedData/SDKExplicitPrecompiledModules
cd /Users/admin/builder/spi-builder-workspace/.swiftpm/xcode
builtin-create-build-directory /Users/admin/builder/spi-builder-workspace/.derivedData/SDKExplicitPrecompiledModules
CreateBuildDirectory /Users/admin/builder/spi-builder-workspace/.derivedData/Build/Products
cd /Users/admin/builder/spi-builder-workspace/.swiftpm/xcode
builtin-create-build-directory /Users/admin/builder/spi-builder-workspace/.derivedData/Build/Products
CreateBuildDirectory /Users/admin/builder/spi-builder-workspace/.derivedData/Build/Intermediates.noindex
cd /Users/admin/builder/spi-builder-workspace/.swiftpm/xcode
builtin-create-build-directory /Users/admin/builder/spi-builder-workspace/.derivedData/Build/Intermediates.noindex
CreateBuildDirectory /Users/admin/builder/spi-builder-workspace/.derivedData/CompilationCache.noindex
cd /Users/admin/builder/spi-builder-workspace/.swiftpm/xcode
builtin-create-build-directory /Users/admin/builder/spi-builder-workspace/.derivedData/CompilationCache.noindex
CreateBuildDirectory /Users/admin/builder/spi-builder-workspace/.derivedData/ModuleCache.noindex
cd /Users/admin/builder/spi-builder-workspace/.swiftpm/xcode
builtin-create-build-directory /Users/admin/builder/spi-builder-workspace/.derivedData/ModuleCache.noindex
ClangStatCache /Applications/Xcode-27.0.0-Release.Candidate.app/Contents/Developer/Toolchains/XcodeDefault.xctoolchain/usr/bin/clang-stat-cache /Applications/Xcode-27.0.0-Release.Candidate.app/Contents/Developer/Platforms/WatchOS.platform/Developer/SDKs/WatchOS27.0.sdk /Users/admin/builder/spi-builder-workspace/.derivedData/SDKStatCaches.noindex/watchos27.0-24R360-e829b21a6f8c9b70876ba0858053c04477534ef55a1706bf4c1112bbb242f0a2.sdkstatcache
cd /Users/admin/builder/spi-builder-workspace/.swiftpm/xcode
/Applications/Xcode-27.0.0-Release.Candidate.app/Contents/Developer/Toolchains/XcodeDefault.xctoolchain/usr/bin/clang-stat-cache /Applications/Xcode-27.0.0-Release.Candidate.app/Contents/Developer/Platforms/WatchOS.platform/Developer/SDKs/WatchOS27.0.sdk -o /Users/admin/builder/spi-builder-workspace/.derivedData/SDKStatCaches.noindex/watchos27.0-24R360-e829b21a6f8c9b70876ba0858053c04477534ef55a1706bf4c1112bbb242f0a2.sdkstatcache
CreateBuildDirectory /Users/admin/builder/spi-builder-workspace/.derivedData/Build/Intermediates.noindex/PrecompiledHeaders
cd /Users/admin/builder/spi-builder-workspace/.swiftpm/xcode
builtin-create-build-directory /Users/admin/builder/spi-builder-workspace/.derivedData/Build/Intermediates.noindex/PrecompiledHeaders
CreateBuildDirectory /Users/admin/builder/spi-builder-workspace/.derivedData/Build/Intermediates.noindex/SwiftExplicitPrecompiledModules
cd /Users/admin/builder/spi-builder-workspace/.swiftpm/xcode
builtin-create-build-directory /Users/admin/builder/spi-builder-workspace/.derivedData/Build/Intermediates.noindex/SwiftExplicitPrecompiledModules
CreateBuildDirectory /Users/admin/builder/spi-builder-workspace/.derivedData/Build/Intermediates.noindex/ExplicitPrecompiledModules
cd /Users/admin/builder/spi-builder-workspace/.swiftpm/xcode
builtin-create-build-directory /Users/admin/builder/spi-builder-workspace/.derivedData/Build/Intermediates.noindex/ExplicitPrecompiledModules
CreateBuildDirectory /Users/admin/builder/spi-builder-workspace/.derivedData/Build/Intermediates.noindex/EagerLinkingTBDs/Debug-watchos
cd /Users/admin/builder/spi-builder-workspace/.swiftpm/xcode
builtin-create-build-directory /Users/admin/builder/spi-builder-workspace/.derivedData/Build/Intermediates.noindex/EagerLinkingTBDs/Debug-watchos
CreateBuildDirectory /Users/admin/builder/spi-builder-workspace/.derivedData/Build/Products/Debug-watchos
cd /Users/admin/builder/spi-builder-workspace/.swiftpm/xcode
builtin-create-build-directory /Users/admin/builder/spi-builder-workspace/.derivedData/Build/Products/Debug-watchos
CreateBuildDirectory /Users/admin/builder/spi-builder-workspace/.derivedData/Build/Products/Debug-watchos/PackageFrameworks
cd /Users/admin/builder/spi-builder-workspace/.swiftpm/xcode
builtin-create-build-directory /Users/admin/builder/spi-builder-workspace/.derivedData/Build/Products/Debug-watchos/PackageFrameworks
WriteAuxiliaryFile /Users/admin/builder/spi-builder-workspace/.derivedData/Build/Intermediates.noindex/Poly.build/Debug-watchos/Poly-t.build/Poly.DependencyMetadataFileList (in target 'Poly' from project 'Poly')
cd /Users/admin/builder/spi-builder-workspace
write-file /Users/admin/builder/spi-builder-workspace/.derivedData/Build/Intermediates.noindex/Poly.build/Debug-watchos/Poly-t.build/Poly.DependencyMetadataFileList
WriteAuxiliaryFile /Users/admin/builder/spi-builder-workspace/.derivedData/Build/Intermediates.noindex/Poly.build/Debug-watchos/Poly-t.build/Poly.modulemap (in target 'Poly' from project 'Poly')
cd /Users/admin/builder/spi-builder-workspace
write-file /Users/admin/builder/spi-builder-workspace/.derivedData/Build/Intermediates.noindex/Poly.build/Debug-watchos/Poly-t.build/Poly.modulemap
WriteAuxiliaryFile /Users/admin/builder/spi-builder-workspace/.derivedData/Build/Intermediates.noindex/Poly.build/Debug-watchos/Poly-t.build/Poly.DependencyStaticMetadataFileList (in target 'Poly' from project 'Poly')
cd /Users/admin/builder/spi-builder-workspace
write-file /Users/admin/builder/spi-builder-workspace/.derivedData/Build/Intermediates.noindex/Poly.build/Debug-watchos/Poly-t.build/Poly.DependencyStaticMetadataFileList
WriteAuxiliaryFile /Users/admin/builder/spi-builder-workspace/.derivedData/Build/Intermediates.noindex/Poly.build/Debug-watchos/Poly-t.build/Objects-normal/arm64_32/Poly.LinkFileList (in target 'Poly' from project 'Poly')
cd /Users/admin/builder/spi-builder-workspace
write-file /Users/admin/builder/spi-builder-workspace/.derivedData/Build/Intermediates.noindex/Poly.build/Debug-watchos/Poly-t.build/Objects-normal/arm64_32/Poly.LinkFileList
WriteAuxiliaryFile /Users/admin/builder/spi-builder-workspace/.derivedData/Build/Intermediates.noindex/Poly.build/Debug-watchos/Poly-t.build/Objects-normal/arm64_32/Poly.SwiftFileList (in target 'Poly' from project 'Poly')
cd /Users/admin/builder/spi-builder-workspace
write-file /Users/admin/builder/spi-builder-workspace/.derivedData/Build/Intermediates.noindex/Poly.build/Debug-watchos/Poly-t.build/Objects-normal/arm64_32/Poly.SwiftFileList
WriteAuxiliaryFile /Users/admin/builder/spi-builder-workspace/.derivedData/Build/Intermediates.noindex/Poly.build/Debug-watchos/Poly-t.build/Objects-normal/arm64_32/Poly.SwiftConstValuesFileList (in target 'Poly' from project 'Poly')
cd /Users/admin/builder/spi-builder-workspace
write-file /Users/admin/builder/spi-builder-workspace/.derivedData/Build/Intermediates.noindex/Poly.build/Debug-watchos/Poly-t.build/Objects-normal/arm64_32/Poly.SwiftConstValuesFileList
WriteAuxiliaryFile /Users/admin/builder/spi-builder-workspace/.derivedData/Build/Intermediates.noindex/Poly.build/Debug-watchos/Poly-t.build/Objects-normal/arm64_32/Poly-OutputFileMap.json (in target 'Poly' from project 'Poly')
cd /Users/admin/builder/spi-builder-workspace
write-file /Users/admin/builder/spi-builder-workspace/.derivedData/Build/Intermediates.noindex/Poly.build/Debug-watchos/Poly-t.build/Objects-normal/arm64_32/Poly-OutputFileMap.json
WriteAuxiliaryFile /Users/admin/builder/spi-builder-workspace/.derivedData/Build/Intermediates.noindex/Poly.build/Debug-watchos/Poly-t.build/Objects-normal/arm64_32/Poly_const_extract_protocols.json (in target 'Poly' from project 'Poly')
cd /Users/admin/builder/spi-builder-workspace
write-file /Users/admin/builder/spi-builder-workspace/.derivedData/Build/Intermediates.noindex/Poly.build/Debug-watchos/Poly-t.build/Objects-normal/arm64_32/Poly_const_extract_protocols.json
WriteAuxiliaryFile /Users/admin/builder/spi-builder-workspace/.derivedData/Build/Intermediates.noindex/Poly.build/Debug-watchos/Poly-t.build/Objects-normal/arm64/Poly.SwiftFileList (in target 'Poly' from project 'Poly')
cd /Users/admin/builder/spi-builder-workspace
write-file /Users/admin/builder/spi-builder-workspace/.derivedData/Build/Intermediates.noindex/Poly.build/Debug-watchos/Poly-t.build/Objects-normal/arm64/Poly.SwiftFileList
WriteAuxiliaryFile /Users/admin/builder/spi-builder-workspace/.derivedData/Build/Intermediates.noindex/Poly.build/Debug-watchos/Poly-t.build/Objects-normal/arm64/Poly.SwiftConstValuesFileList (in target 'Poly' from project 'Poly')
cd /Users/admin/builder/spi-builder-workspace
write-file /Users/admin/builder/spi-builder-workspace/.derivedData/Build/Intermediates.noindex/Poly.build/Debug-watchos/Poly-t.build/Objects-normal/arm64/Poly.SwiftConstValuesFileList
WriteAuxiliaryFile /Users/admin/builder/spi-builder-workspace/.derivedData/Build/Intermediates.noindex/Poly.build/Debug-watchos/Poly-t.build/Objects-normal/arm64/Poly.LinkFileList (in target 'Poly' from project 'Poly')
cd /Users/admin/builder/spi-builder-workspace
write-file /Users/admin/builder/spi-builder-workspace/.derivedData/Build/Intermediates.noindex/Poly.build/Debug-watchos/Poly-t.build/Objects-normal/arm64/Poly.LinkFileList
WriteAuxiliaryFile /Users/admin/builder/spi-builder-workspace/.derivedData/Build/Intermediates.noindex/Poly.build/Debug-watchos/Poly-t.build/Objects-normal/arm64/Poly_const_extract_protocols.json (in target 'Poly' from project 'Poly')
cd /Users/admin/builder/spi-builder-workspace
write-file /Users/admin/builder/spi-builder-workspace/.derivedData/Build/Intermediates.noindex/Poly.build/Debug-watchos/Poly-t.build/Objects-normal/arm64/Poly_const_extract_protocols.json
WriteAuxiliaryFile /Users/admin/builder/spi-builder-workspace/.derivedData/Build/Intermediates.noindex/Poly.build/Debug-watchos/Poly-t.build/Objects-normal/arm64/Poly-OutputFileMap.json (in target 'Poly' from project 'Poly')
cd /Users/admin/builder/spi-builder-workspace
write-file /Users/admin/builder/spi-builder-workspace/.derivedData/Build/Intermediates.noindex/Poly.build/Debug-watchos/Poly-t.build/Objects-normal/arm64/Poly-OutputFileMap.json
Copy /Users/admin/builder/spi-builder-workspace/.derivedData/Build/Intermediates.noindex/GeneratedModuleMaps-watchos/Poly.modulemap /Users/admin/builder/spi-builder-workspace/.derivedData/Build/Intermediates.noindex/Poly.build/Debug-watchos/Poly-t.build/Poly.modulemap (in target 'Poly' from project 'Poly')
cd /Users/admin/builder/spi-builder-workspace
builtin-copy -exclude .DS_Store -exclude CVS -exclude .svn -exclude .git -exclude .hg -resolve-src-symlinks /Users/admin/builder/spi-builder-workspace/.derivedData/Build/Intermediates.noindex/Poly.build/Debug-watchos/Poly-t.build/Poly.modulemap /Users/admin/builder/spi-builder-workspace/.derivedData/Build/Intermediates.noindex/GeneratedModuleMaps-watchos
SwiftDriver Poly normal arm64 com.apple.xcode.tools.swift.compiler (in target 'Poly' from project 'Poly')
cd /Users/admin/builder/spi-builder-workspace/.swiftpm/xcode
builtin-SwiftDriver -- /Applications/Xcode-27.0.0-Release.Candidate.app/Contents/Developer/Toolchains/XcodeDefault.xctoolchain/usr/bin/swiftc -parse-as-library -module-name Poly -Onone @/Users/admin/builder/spi-builder-workspace/.derivedData/Build/Intermediates.noindex/Poly.build/Debug-watchos/Poly-t.build/Objects-normal/arm64/Poly.SwiftFileList -DSWIFT_PACKAGE -DDEBUG -DSWIFT_MODULE_RESOURCE_BUNDLE_UNAVAILABLE -DXcode -plugin-path /Applications/Xcode-27.0.0-Release.Candidate.app/Contents/Developer/Toolchains/XcodeDefault.xctoolchain/usr/lib/swift/host/plugins/testing -enable-experimental-feature DebugDescriptionMacro -sdk /Applications/Xcode-27.0.0-Release.Candidate.app/Contents/Developer/Platforms/WatchOS.platform/Developer/SDKs/WatchOS27.0.sdk -target arm64-apple-watchos9.0 -g -module-cache-path /Users/admin/builder/spi-builder-workspace/.derivedData/ModuleCache.noindex -Xfrontend -serialize-debugging-options -enable-testing -index-store-path /Users/admin/builder/spi-builder-workspace/.derivedData/Index.noindex/DataStore -Xcc -D_LIBCPP_HARDENING_MODE\=_LIBCPP_HARDENING_MODE_DEBUG -swift-version 5 -I /Users/admin/builder/spi-builder-workspace/.derivedData/Build/Products/Debug-watchos -Isystem /Applications/Xcode-27.0.0-Release.Candidate.app/Contents/Developer/Platforms/WatchOS.platform/Developer/usr/lib -F /Users/admin/builder/spi-builder-workspace/.derivedData/Build/Products/Debug-watchos -F /Applications/Xcode-27.0.0-Release.Candidate.app/Contents/Developer/Platforms/WatchOS.platform/Developer/Library/Frameworks -F /Applications/Xcode-27.0.0-Release.Candidate.app/Contents/Developer/Platforms/WatchOS.platform/Developer/SDKs/WatchOS27.0.sdk/Developer/Library/Frameworks -c -j10 -enable-batch-mode -incremental -Xcc -ivfsstatcache -Xcc /Users/admin/builder/spi-builder-workspace/.derivedData/SDKStatCaches.noindex/watchos27.0-24R360-e829b21a6f8c9b70876ba0858053c04477534ef55a1706bf4c1112bbb242f0a2.sdkstatcache -output-file-map /Users/admin/builder/spi-builder-workspace/.derivedData/Build/Intermediates.noindex/Poly.build/Debug-watchos/Poly-t.build/Objects-normal/arm64/Poly-OutputFileMap.json -save-temps -no-color-diagnostics -explicit-module-build -module-cache-path /Users/admin/builder/spi-builder-workspace/.derivedData/Build/Intermediates.noindex/SwiftExplicitPrecompiledModules -clang-scanner-module-cache-path /Users/admin/builder/spi-builder-workspace/.derivedData/ModuleCache.noindex -sdk-module-cache-path /Users/admin/builder/spi-builder-workspace/.derivedData/SDKExplicitPrecompiledModules -emit-dependencies -emit-module -emit-module-path /Users/admin/builder/spi-builder-workspace/.derivedData/Build/Intermediates.noindex/Poly.build/Debug-watchos/Poly-t.build/Objects-normal/arm64/Poly.swiftmodule -serialize-diagnostics -dependency-scan-serialize-diagnostics-path /Users/admin/builder/spi-builder-workspace/.derivedData/Build/Intermediates.noindex/Poly.build/Debug-watchos/Poly-t.build/Objects-normal/arm64/Poly-dependency-scan.dia -validate-clang-modules-once -clang-build-session-file /Users/admin/builder/spi-builder-workspace/.derivedData/ModuleCache.noindex/Session.modulevalidation -Xcc -fmodules-prune-interval\=86400 -Xcc -fmodules-prune-after\=345600 -emit-const-values -const-gather-protocols-list /Users/admin/builder/spi-builder-workspace/.derivedData/Build/Intermediates.noindex/Poly.build/Debug-watchos/Poly-t.build/Objects-normal/arm64/Poly_const_extract_protocols.json -Xcc -I/Users/admin/builder/spi-builder-workspace/.derivedData/Build/Products/Debug-watchos/include -Xcc -I/Users/admin/builder/spi-builder-workspace/.derivedData/Build/Intermediates.noindex/Poly.build/Debug-watchos/Poly-t.build/DerivedSources-normal/arm64 -Xcc -I/Users/admin/builder/spi-builder-workspace/.derivedData/Build/Intermediates.noindex/Poly.build/Debug-watchos/Poly-t.build/DerivedSources/arm64 -Xcc -I/Users/admin/builder/spi-builder-workspace/.derivedData/Build/Intermediates.noindex/Poly.build/Debug-watchos/Poly-t.build/DerivedSources -Xcc -DSWIFT_PACKAGE -Xcc -DDEBUG\=1 -emit-objc-header -emit-objc-header-path /Users/admin/builder/spi-builder-workspace/.derivedData/Build/Intermediates.noindex/Poly.build/Debug-watchos/Poly-t.build/Objects-normal/arm64/Poly-Swift.h -working-directory /Users/admin/builder/spi-builder-workspace/.swiftpm/xcode -experimental-emit-module-separately -disable-cmo
/Users/admin/builder/spi-builder-workspace/Sources/Poly.swift:27:8: error: Unable to resolve module dependency: 'Alamofire' (in target 'Poly' from project 'Poly')
note: A dependency of main module 'Poly'
/Users/admin/builder/spi-builder-workspace/Sources/PolyRequest.swift:27:8: note: Also imported here
/Users/admin/builder/spi-builder-workspace/Sources/Poly.swift:28:8: error: Unable to resolve module dependency: 'ObjectMapper' (in target 'Poly' from project 'Poly')
note: A dependency of main module 'Poly'
/Users/admin/builder/spi-builder-workspace/Sources/PolyAssetModel.swift:27:8: note: Also imported here
/Users/admin/builder/spi-builder-workspace/Sources/PolyFileModel.swift:27:8: note: Also imported here
/Users/admin/builder/spi-builder-workspace/Sources/PolyFormatsModel.swift:27:8: note: Also imported here
/Users/admin/builder/spi-builder-workspace/Sources/PolyPresentationParamsModel.swift:27:8: note: Also imported here
/Users/admin/builder/spi-builder-workspace/Sources/Poly.swift:29:8: error: Unable to resolve module dependency: 'PromiseKit' (in target 'Poly' from project 'Poly')
note: A dependency of main module 'Poly'
/Users/admin/builder/spi-builder-workspace/Sources/Poly.swift:30:8: error: Unable to resolve module dependency: 'Disk' (in target 'Poly' from project 'Poly')
note: A dependency of main module 'Poly'
/Users/admin/builder/spi-builder-workspace/Sources/PolyCache.swift:27:8: error: Unable to resolve module dependency: 'Cache' (in target 'Poly' from project 'Poly')
note: A dependency of main module 'Poly'
/Users/admin/builder/spi-builder-workspace/Sources/Poly.swift:27:8: note: A dependency of main module 'Poly'
import Alamofire
^ (in target 'Poly' from project 'Poly')
/Users/admin/builder/spi-builder-workspace/Sources/PolyRequest.swift:27:8: note: Also imported here
import Alamofire
^ (in target 'Poly' from project 'Poly')
/Users/admin/builder/spi-builder-workspace/Sources/Poly.swift:28:8: note: A dependency of main module 'Poly'
import ObjectMapper
^ (in target 'Poly' from project 'Poly')
/Users/admin/builder/spi-builder-workspace/Sources/PolyAssetModel.swift:27:8: note: Also imported here
import ObjectMapper
^ (in target 'Poly' from project 'Poly')
/Users/admin/builder/spi-builder-workspace/Sources/PolyFileModel.swift:27:8: note: Also imported here
import ObjectMapper
^ (in target 'Poly' from project 'Poly')
/Users/admin/builder/spi-builder-workspace/Sources/PolyFormatsModel.swift:27:8: note: Also imported here
import ObjectMapper
^ (in target 'Poly' from project 'Poly')
/Users/admin/builder/spi-builder-workspace/Sources/PolyPresentationParamsModel.swift:27:8: note: Also imported here
import ObjectMapper
^ (in target 'Poly' from project 'Poly')
/Users/admin/builder/spi-builder-workspace/Sources/Poly.swift:29:8: note: A dependency of main module 'Poly'
import PromiseKit
^ (in target 'Poly' from project 'Poly')
/Users/admin/builder/spi-builder-workspace/Sources/Poly.swift:30:8: note: A dependency of main module 'Poly'
import Disk
^ (in target 'Poly' from project 'Poly')
/Users/admin/builder/spi-builder-workspace/Sources/PolyCache.swift:27:8: note: A dependency of main module 'Poly'
import Cache
^ (in target 'Poly' from project 'Poly')
SwiftDriver Poly normal arm64_32 com.apple.xcode.tools.swift.compiler (in target 'Poly' from project 'Poly')
cd /Users/admin/builder/spi-builder-workspace/.swiftpm/xcode
builtin-SwiftDriver -- /Applications/Xcode-27.0.0-Release.Candidate.app/Contents/Developer/Toolchains/XcodeDefault.xctoolchain/usr/bin/swiftc -parse-as-library -module-name Poly -Onone @/Users/admin/builder/spi-builder-workspace/.derivedData/Build/Intermediates.noindex/Poly.build/Debug-watchos/Poly-t.build/Objects-normal/arm64_32/Poly.SwiftFileList -DSWIFT_PACKAGE -DDEBUG -DSWIFT_MODULE_RESOURCE_BUNDLE_UNAVAILABLE -DXcode -plugin-path /Applications/Xcode-27.0.0-Release.Candidate.app/Contents/Developer/Toolchains/XcodeDefault.xctoolchain/usr/lib/swift/host/plugins/testing -enable-experimental-feature DebugDescriptionMacro -sdk /Applications/Xcode-27.0.0-Release.Candidate.app/Contents/Developer/Platforms/WatchOS.platform/Developer/SDKs/WatchOS27.0.sdk -target arm64_32-apple-watchos9.0 -g -module-cache-path /Users/admin/builder/spi-builder-workspace/.derivedData/ModuleCache.noindex -Xfrontend -serialize-debugging-options -enable-testing -index-store-path /Users/admin/builder/spi-builder-workspace/.derivedData/Index.noindex/DataStore -Xcc -D_LIBCPP_HARDENING_MODE\=_LIBCPP_HARDENING_MODE_DEBUG -swift-version 5 -I /Users/admin/builder/spi-builder-workspace/.derivedData/Build/Products/Debug-watchos -Isystem /Applications/Xcode-27.0.0-Release.Candidate.app/Contents/Developer/Platforms/WatchOS.platform/Developer/usr/lib -F /Users/admin/builder/spi-builder-workspace/.derivedData/Build/Products/Debug-watchos -F /Applications/Xcode-27.0.0-Release.Candidate.app/Contents/Developer/Platforms/WatchOS.platform/Developer/Library/Frameworks -F /Applications/Xcode-27.0.0-Release.Candidate.app/Contents/Developer/Platforms/WatchOS.platform/Developer/SDKs/WatchOS27.0.sdk/Developer/Library/Frameworks -c -j10 -enable-batch-mode -incremental -Xcc -ivfsstatcache -Xcc /Users/admin/builder/spi-builder-workspace/.derivedData/SDKStatCaches.noindex/watchos27.0-24R360-e829b21a6f8c9b70876ba0858053c04477534ef55a1706bf4c1112bbb242f0a2.sdkstatcache -output-file-map /Users/admin/builder/spi-builder-workspace/.derivedData/Build/Intermediates.noindex/Poly.build/Debug-watchos/Poly-t.build/Objects-normal/arm64_32/Poly-OutputFileMap.json -save-temps -no-color-diagnostics -explicit-module-build -module-cache-path /Users/admin/builder/spi-builder-workspace/.derivedData/Build/Intermediates.noindex/SwiftExplicitPrecompiledModules -clang-scanner-module-cache-path /Users/admin/builder/spi-builder-workspace/.derivedData/ModuleCache.noindex -sdk-module-cache-path /Users/admin/builder/spi-builder-workspace/.derivedData/SDKExplicitPrecompiledModules -emit-dependencies -emit-module -emit-module-path /Users/admin/builder/spi-builder-workspace/.derivedData/Build/Intermediates.noindex/Poly.build/Debug-watchos/Poly-t.build/Objects-normal/arm64_32/Poly.swiftmodule -serialize-diagnostics -dependency-scan-serialize-diagnostics-path /Users/admin/builder/spi-builder-workspace/.derivedData/Build/Intermediates.noindex/Poly.build/Debug-watchos/Poly-t.build/Objects-normal/arm64_32/Poly-dependency-scan.dia -validate-clang-modules-once -clang-build-session-file /Users/admin/builder/spi-builder-workspace/.derivedData/ModuleCache.noindex/Session.modulevalidation -Xcc -fmodules-prune-interval\=86400 -Xcc -fmodules-prune-after\=345600 -emit-const-values -const-gather-protocols-list /Users/admin/builder/spi-builder-workspace/.derivedData/Build/Intermediates.noindex/Poly.build/Debug-watchos/Poly-t.build/Objects-normal/arm64_32/Poly_const_extract_protocols.json -Xcc -I/Users/admin/builder/spi-builder-workspace/.derivedData/Build/Products/Debug-watchos/include -Xcc -I/Users/admin/builder/spi-builder-workspace/.derivedData/Build/Intermediates.noindex/Poly.build/Debug-watchos/Poly-t.build/DerivedSources-normal/arm64_32 -Xcc -I/Users/admin/builder/spi-builder-workspace/.derivedData/Build/Intermediates.noindex/Poly.build/Debug-watchos/Poly-t.build/DerivedSources/arm64_32 -Xcc -I/Users/admin/builder/spi-builder-workspace/.derivedData/Build/Intermediates.noindex/Poly.build/Debug-watchos/Poly-t.build/DerivedSources -Xcc -DSWIFT_PACKAGE -Xcc -DDEBUG\=1 -emit-objc-header -emit-objc-header-path /Users/admin/builder/spi-builder-workspace/.derivedData/Build/Intermediates.noindex/Poly.build/Debug-watchos/Poly-t.build/Objects-normal/arm64_32/Poly-Swift.h -working-directory /Users/admin/builder/spi-builder-workspace/.swiftpm/xcode -experimental-emit-module-separately -disable-cmo
/Users/admin/builder/spi-builder-workspace/Sources/Poly.swift:27:8: error: Unable to resolve module dependency: 'Alamofire' (in target 'Poly' from project 'Poly')
note: A dependency of main module 'Poly'
/Users/admin/builder/spi-builder-workspace/Sources/PolyRequest.swift:27:8: note: Also imported here
/Users/admin/builder/spi-builder-workspace/Sources/Poly.swift:28:8: error: Unable to resolve module dependency: 'ObjectMapper' (in target 'Poly' from project 'Poly')
note: A dependency of main module 'Poly'
/Users/admin/builder/spi-builder-workspace/Sources/PolyAssetModel.swift:27:8: note: Also imported here
/Users/admin/builder/spi-builder-workspace/Sources/PolyFileModel.swift:27:8: note: Also imported here
/Users/admin/builder/spi-builder-workspace/Sources/PolyFormatsModel.swift:27:8: note: Also imported here
/Users/admin/builder/spi-builder-workspace/Sources/PolyPresentationParamsModel.swift:27:8: note: Also imported here
/Users/admin/builder/spi-builder-workspace/Sources/Poly.swift:29:8: error: Unable to resolve module dependency: 'PromiseKit' (in target 'Poly' from project 'Poly')
note: A dependency of main module 'Poly'
/Users/admin/builder/spi-builder-workspace/Sources/Poly.swift:30:8: error: Unable to resolve module dependency: 'Disk' (in target 'Poly' from project 'Poly')
note: A dependency of main module 'Poly'
/Users/admin/builder/spi-builder-workspace/Sources/PolyCache.swift:27:8: error: Unable to resolve module dependency: 'Cache' (in target 'Poly' from project 'Poly')
note: A dependency of main module 'Poly'
/Users/admin/builder/spi-builder-workspace/Sources/Poly.swift:27:8: note: A dependency of main module 'Poly'
import Alamofire
^ (in target 'Poly' from project 'Poly')
/Users/admin/builder/spi-builder-workspace/Sources/PolyRequest.swift:27:8: note: Also imported here
import Alamofire
^ (in target 'Poly' from project 'Poly')
/Users/admin/builder/spi-builder-workspace/Sources/Poly.swift:28:8: note: A dependency of main module 'Poly'
import ObjectMapper
^ (in target 'Poly' from project 'Poly')
/Users/admin/builder/spi-builder-workspace/Sources/PolyAssetModel.swift:27:8: note: Also imported here
import ObjectMapper
^ (in target 'Poly' from project 'Poly')
/Users/admin/builder/spi-builder-workspace/Sources/PolyFileModel.swift:27:8: note: Also imported here
import ObjectMapper
^ (in target 'Poly' from project 'Poly')
/Users/admin/builder/spi-builder-workspace/Sources/PolyFormatsModel.swift:27:8: note: Also imported here
import ObjectMapper
^ (in target 'Poly' from project 'Poly')
/Users/admin/builder/spi-builder-workspace/Sources/PolyPresentationParamsModel.swift:27:8: note: Also imported here
import ObjectMapper
^ (in target 'Poly' from project 'Poly')
/Users/admin/builder/spi-builder-workspace/Sources/Poly.swift:29:8: note: A dependency of main module 'Poly'
import PromiseKit
^ (in target 'Poly' from project 'Poly')
/Users/admin/builder/spi-builder-workspace/Sources/Poly.swift:30:8: note: A dependency of main module 'Poly'
import Disk
^ (in target 'Poly' from project 'Poly')
/Users/admin/builder/spi-builder-workspace/Sources/PolyCache.swift:27:8: note: A dependency of main module 'Poly'
import Cache
^ (in target 'Poly' from project 'Poly')
PruneExplicitPrecompiledModules /Users/admin/builder/spi-builder-workspace/.derivedData/Build/Intermediates.noindex/ExplicitPrecompiledModules
PruneExplicitPrecompiledModules /Users/admin/builder/spi-builder-workspace/.derivedData/Build/Intermediates.noindex/SwiftExplicitPrecompiledModules
PruneExplicitPrecompiledModules /Users/admin/builder/spi-builder-workspace/.derivedData/SDKExplicitPrecompiledModules
2026-09-17 05:24:59.094 xcodebuild[1135:5974] [MT] IDERunDestination: Supported platforms for the buildables in the current scheme is empty.
** BUILD FAILED **
The following build commands failed:
SwiftDriver Poly normal arm64 com.apple.xcode.tools.swift.compiler (in target 'Poly' from project 'Poly')
SwiftDriver Poly normal arm64_32 com.apple.xcode.tools.swift.compiler (in target 'Poly' from project 'Poly')
Building workspace Poly with scheme Poly
(3 failures)
Command line invocation:
/Applications/Xcode-27.0.0-Release.Candidate.app/Contents/Developer/usr/bin/xcodebuild -IDEClonedSourcePackagesDirPathOverride=/Users/admin/builder/spi-builder-workspace/.dependencies -resolvePackageDependencies
Resolve Package Graph
dependency 'alamofire' is not used by any targetdependency 'promisekit' is not used by any targetdependency 'cache' is not used by any targetdependency 'disk' is not used by any targetdependency 'objectmapper' is not used by any target
Resolved source packages:
PromiseKit: https://github.com/mxcl/PromiseKit @ 6.22.1
Disk: https://github.com/saoudrizwan/Disk @ 0.6.4
Alamofire: https://github.com/Alamofire/Alamofire.git @ 4.9.1
ObjectMapper: https://github.com/tristanhimmelman/ObjectMapper @ 4.4.3
Cache: https://github.com/hyperoslo/Cache @ 5.3.0
Poly: /Users/admin/builder/spi-builder-workspace
resolved source packages: PromiseKit, Disk, Alamofire, ObjectMapper, Cache, Poly
2026-09-17 05:25:02.421 xcodebuild[1214:6428] [MT] IDERunDestination: Supported platforms for the buildables in the current scheme is empty.
{
"dependencies" : [
{
"identity" : "alamofire",
"requirement" : {
"range" : [
{
"lower_bound" : "4.9.0",
"upper_bound" : "5.0.0"
}
]
},
"type" : "sourceControl",
"url" : "https://github.com/Alamofire/Alamofire.git"
},
{
"identity" : "promisekit",
"requirement" : {
"range" : [
{
"lower_bound" : "6.13.1",
"upper_bound" : "7.0.0"
}
]
},
"type" : "sourceControl",
"url" : "https://github.com/mxcl/PromiseKit"
},
{
"identity" : "cache",
"requirement" : {
"range" : [
{
"lower_bound" : "5.3.0",
"upper_bound" : "6.0.0"
}
]
},
"type" : "sourceControl",
"url" : "https://github.com/hyperoslo/Cache"
},
{
"identity" : "disk",
"requirement" : {
"range" : [
{
"lower_bound" : "0.6.0",
"upper_bound" : "1.0.0"
}
]
},
"type" : "sourceControl",
"url" : "https://github.com/saoudrizwan/Disk"
},
{
"identity" : "objectmapper",
"requirement" : {
"range" : [
{
"lower_bound" : "4.2.0",
"upper_bound" : "5.0.0"
}
]
},
"type" : "sourceControl",
"url" : "https://github.com/tristanhimmelman/ObjectMapper"
}
],
"manifest_display_name" : "Poly",
"name" : "Poly",
"path" : "/Users/admin/builder/spi-builder-workspace",
"platforms" : [
{
"name" : "ios",
"version" : "11.0"
}
],
"products" : [
{
"name" : "Poly",
"targets" : [
"Poly"
],
"type" : {
"library" : [
"automatic"
]
}
}
],
"swift_languages_versions" : [
"5"
],
"targets" : [
{
"c99name" : "Poly",
"module_type" : "SwiftTarget",
"name" : "Poly",
"path" : "Sources",
"product_memberships" : [
"Poly"
],
"sources" : [
"Poly+Foundation.swift",
"Poly.swift",
"PolyAssetModel.swift",
"PolyCache.swift",
"PolyFileModel.swift",
"PolyFormatsModel.swift",
"PolyPresentationParamsModel.swift",
"PolyRequest.swift"
],
"type" : "library"
}
],
"tools_version" : "5.2"
}
{
"workspace" : {
"name" : "Poly",
"schemes" : [
"Poly"
]
}
}
2026-09-17 05:25:03.737 xcodebuild[1222:6493] [MT] IDERunDestination: Supported platforms for the buildables in the current scheme is empty.
Running build ...
env DEVELOPER_DIR=/Applications/Xcode-27.0.0-Release.Candidate.app xcrun xcodebuild -IDEClonedSourcePackagesDirPathOverride=$PWD/.dependencies -skipMacroValidation -skipPackagePluginValidation -derivedDataPath $PWD/.derivedData build -scheme Poly -destination generic/platform=watchOS
Command line invocation:
/Applications/Xcode-27.0.0-Release.Candidate.app/Contents/Developer/usr/bin/xcodebuild -IDEClonedSourcePackagesDirPathOverride=/Users/admin/builder/spi-builder-workspace/.dependencies -skipMacroValidation -skipPackagePluginValidation -derivedDataPath /Users/admin/builder/spi-builder-workspace/.derivedData build -scheme Poly -destination generic/platform=watchOS
Resolve Package Graph
dependency 'alamofire' is not used by any targetdependency 'promisekit' is not used by any targetdependency 'cache' is not used by any targetdependency 'disk' is not used by any targetdependency 'objectmapper' is not used by any target
Resolved source packages:
Poly: /Users/admin/builder/spi-builder-workspace
Disk: https://github.com/saoudrizwan/Disk @ 0.6.4
ObjectMapper: https://github.com/tristanhimmelman/ObjectMapper @ 4.4.3
PromiseKit: https://github.com/mxcl/PromiseKit @ 6.22.1
Alamofire: https://github.com/Alamofire/Alamofire.git @ 4.9.1
Cache: https://github.com/hyperoslo/Cache @ 5.3.0
ComputePackagePrebuildTargetDependencyGraph
Prepare packages
CreateBuildRequest
SendProjectDescription
CreateBuildOperation
ComputeTargetDependencyGraph
note: Building targets in dependency order
note: Target dependency graph (2 targets)
Target 'Poly-product' in project 'Poly'
➜ Explicit dependency on target 'Poly' in project 'Poly'
Target 'Poly' in project 'Poly' (no dependencies)
GatherProvisioningInputs
CreateBuildDescription
ClangStatCache /Applications/Xcode-27.0.0-Release.Candidate.app/Contents/Developer/Toolchains/XcodeDefault.xctoolchain/usr/bin/clang-stat-cache /Applications/Xcode-27.0.0-Release.Candidate.app/Contents/Developer/Platforms/WatchOS.platform/Developer/SDKs/WatchOS27.0.sdk /Users/admin/builder/spi-builder-workspace/.derivedData/SDKStatCaches.noindex/watchos27.0-24R360-e829b21a6f8c9b70876ba0858053c04477534ef55a1706bf4c1112bbb242f0a2.sdkstatcache
cd /Users/admin/builder/spi-builder-workspace/.swiftpm/xcode
/Applications/Xcode-27.0.0-Release.Candidate.app/Contents/Developer/Toolchains/XcodeDefault.xctoolchain/usr/bin/clang-stat-cache /Applications/Xcode-27.0.0-Release.Candidate.app/Contents/Developer/Platforms/WatchOS.platform/Developer/SDKs/WatchOS27.0.sdk -o /Users/admin/builder/spi-builder-workspace/.derivedData/SDKStatCaches.noindex/watchos27.0-24R360-e829b21a6f8c9b70876ba0858053c04477534ef55a1706bf4c1112bbb242f0a2.sdkstatcache
SwiftDriver Poly normal arm64_32 com.apple.xcode.tools.swift.compiler (in target 'Poly' from project 'Poly')
cd /Users/admin/builder/spi-builder-workspace/.swiftpm/xcode
builtin-SwiftDriver -- /Applications/Xcode-27.0.0-Release.Candidate.app/Contents/Developer/Toolchains/XcodeDefault.xctoolchain/usr/bin/swiftc -parse-as-library -module-name Poly -Onone @/Users/admin/builder/spi-builder-workspace/.derivedData/Build/Intermediates.noindex/Poly.build/Debug-watchos/Poly-t.build/Objects-normal/arm64_32/Poly.SwiftFileList -DSWIFT_PACKAGE -DDEBUG -DSWIFT_MODULE_RESOURCE_BUNDLE_UNAVAILABLE -DXcode -plugin-path /Applications/Xcode-27.0.0-Release.Candidate.app/Contents/Developer/Toolchains/XcodeDefault.xctoolchain/usr/lib/swift/host/plugins/testing -enable-experimental-feature DebugDescriptionMacro -sdk /Applications/Xcode-27.0.0-Release.Candidate.app/Contents/Developer/Platforms/WatchOS.platform/Developer/SDKs/WatchOS27.0.sdk -target arm64_32-apple-watchos9.0 -g -module-cache-path /Users/admin/builder/spi-builder-workspace/.derivedData/ModuleCache.noindex -Xfrontend -serialize-debugging-options -enable-testing -index-store-path /Users/admin/builder/spi-builder-workspace/.derivedData/Index.noindex/DataStore -Xcc -D_LIBCPP_HARDENING_MODE\=_LIBCPP_HARDENING_MODE_DEBUG -swift-version 5 -I /Users/admin/builder/spi-builder-workspace/.derivedData/Build/Products/Debug-watchos -Isystem /Applications/Xcode-27.0.0-Release.Candidate.app/Contents/Developer/Platforms/WatchOS.platform/Developer/usr/lib -F /Users/admin/builder/spi-builder-workspace/.derivedData/Build/Products/Debug-watchos -F /Applications/Xcode-27.0.0-Release.Candidate.app/Contents/Developer/Platforms/WatchOS.platform/Developer/Library/Frameworks -F /Applications/Xcode-27.0.0-Release.Candidate.app/Contents/Developer/Platforms/WatchOS.platform/Developer/SDKs/WatchOS27.0.sdk/Developer/Library/Frameworks -c -j10 -enable-batch-mode -incremental -Xcc -ivfsstatcache -Xcc /Users/admin/builder/spi-builder-workspace/.derivedData/SDKStatCaches.noindex/watchos27.0-24R360-e829b21a6f8c9b70876ba0858053c04477534ef55a1706bf4c1112bbb242f0a2.sdkstatcache -output-file-map /Users/admin/builder/spi-builder-workspace/.derivedData/Build/Intermediates.noindex/Poly.build/Debug-watchos/Poly-t.build/Objects-normal/arm64_32/Poly-OutputFileMap.json -save-temps -no-color-diagnostics -explicit-module-build -module-cache-path /Users/admin/builder/spi-builder-workspace/.derivedData/Build/Intermediates.noindex/SwiftExplicitPrecompiledModules -clang-scanner-module-cache-path /Users/admin/builder/spi-builder-workspace/.derivedData/ModuleCache.noindex -sdk-module-cache-path /Users/admin/builder/spi-builder-workspace/.derivedData/SDKExplicitPrecompiledModules -emit-dependencies -emit-module -emit-module-path /Users/admin/builder/spi-builder-workspace/.derivedData/Build/Intermediates.noindex/Poly.build/Debug-watchos/Poly-t.build/Objects-normal/arm64_32/Poly.swiftmodule -serialize-diagnostics -dependency-scan-serialize-diagnostics-path /Users/admin/builder/spi-builder-workspace/.derivedData/Build/Intermediates.noindex/Poly.build/Debug-watchos/Poly-t.build/Objects-normal/arm64_32/Poly-dependency-scan.dia -validate-clang-modules-once -clang-build-session-file /Users/admin/builder/spi-builder-workspace/.derivedData/ModuleCache.noindex/Session.modulevalidation -Xcc -fmodules-prune-interval\=86400 -Xcc -fmodules-prune-after\=345600 -emit-const-values -const-gather-protocols-list /Users/admin/builder/spi-builder-workspace/.derivedData/Build/Intermediates.noindex/Poly.build/Debug-watchos/Poly-t.build/Objects-normal/arm64_32/Poly_const_extract_protocols.json -Xcc -I/Users/admin/builder/spi-builder-workspace/.derivedData/Build/Products/Debug-watchos/include -Xcc -I/Users/admin/builder/spi-builder-workspace/.derivedData/Build/Intermediates.noindex/Poly.build/Debug-watchos/Poly-t.build/DerivedSources-normal/arm64_32 -Xcc -I/Users/admin/builder/spi-builder-workspace/.derivedData/Build/Intermediates.noindex/Poly.build/Debug-watchos/Poly-t.build/DerivedSources/arm64_32 -Xcc -I/Users/admin/builder/spi-builder-workspace/.derivedData/Build/Intermediates.noindex/Poly.build/Debug-watchos/Poly-t.build/DerivedSources -Xcc -DSWIFT_PACKAGE -Xcc -DDEBUG\=1 -emit-objc-header -emit-objc-header-path /Users/admin/builder/spi-builder-workspace/.derivedData/Build/Intermediates.noindex/Poly.build/Debug-watchos/Poly-t.build/Objects-normal/arm64_32/Poly-Swift.h -working-directory /Users/admin/builder/spi-builder-workspace/.swiftpm/xcode -experimental-emit-module-separately -disable-cmo
/Users/admin/builder/spi-builder-workspace/Sources/Poly.swift:27:8: error: Unable to resolve module dependency: 'Alamofire' (in target 'Poly' from project 'Poly')
note: A dependency of main module 'Poly'
/Users/admin/builder/spi-builder-workspace/Sources/PolyRequest.swift:27:8: note: Also imported here
/Users/admin/builder/spi-builder-workspace/Sources/Poly.swift:28:8: error: Unable to resolve module dependency: 'ObjectMapper' (in target 'Poly' from project 'Poly')
note: A dependency of main module 'Poly'
/Users/admin/builder/spi-builder-workspace/Sources/PolyAssetModel.swift:27:8: note: Also imported here
/Users/admin/builder/spi-builder-workspace/Sources/PolyFileModel.swift:27:8: note: Also imported here
/Users/admin/builder/spi-builder-workspace/Sources/PolyFormatsModel.swift:27:8: note: Also imported here
/Users/admin/builder/spi-builder-workspace/Sources/PolyPresentationParamsModel.swift:27:8: note: Also imported here
/Users/admin/builder/spi-builder-workspace/Sources/Poly.swift:29:8: error: Unable to resolve module dependency: 'PromiseKit' (in target 'Poly' from project 'Poly')
note: A dependency of main module 'Poly'
/Users/admin/builder/spi-builder-workspace/Sources/Poly.swift:30:8: error: Unable to resolve module dependency: 'Disk' (in target 'Poly' from project 'Poly')
note: A dependency of main module 'Poly'
/Users/admin/builder/spi-builder-workspace/Sources/PolyCache.swift:27:8: error: Unable to resolve module dependency: 'Cache' (in target 'Poly' from project 'Poly')
note: A dependency of main module 'Poly'
/Users/admin/builder/spi-builder-workspace/Sources/Poly.swift:27:8: note: A dependency of main module 'Poly'
import Alamofire
^ (in target 'Poly' from project 'Poly')
/Users/admin/builder/spi-builder-workspace/Sources/PolyRequest.swift:27:8: note: Also imported here
import Alamofire
^ (in target 'Poly' from project 'Poly')
/Users/admin/builder/spi-builder-workspace/Sources/Poly.swift:28:8: note: A dependency of main module 'Poly'
import ObjectMapper
^ (in target 'Poly' from project 'Poly')
/Users/admin/builder/spi-builder-workspace/Sources/PolyAssetModel.swift:27:8: note: Also imported here
import ObjectMapper
^ (in target 'Poly' from project 'Poly')
/Users/admin/builder/spi-builder-workspace/Sources/PolyFileModel.swift:27:8: note: Also imported here
import ObjectMapper
^ (in target 'Poly' from project 'Poly')
/Users/admin/builder/spi-builder-workspace/Sources/PolyFormatsModel.swift:27:8: note: Also imported here
import ObjectMapper
^ (in target 'Poly' from project 'Poly')
/Users/admin/builder/spi-builder-workspace/Sources/PolyPresentationParamsModel.swift:27:8: note: Also imported here
import ObjectMapper
^ (in target 'Poly' from project 'Poly')
/Users/admin/builder/spi-builder-workspace/Sources/Poly.swift:29:8: note: A dependency of main module 'Poly'
import PromiseKit
^ (in target 'Poly' from project 'Poly')
/Users/admin/builder/spi-builder-workspace/Sources/Poly.swift:30:8: note: A dependency of main module 'Poly'
import Disk
^ (in target 'Poly' from project 'Poly')
/Users/admin/builder/spi-builder-workspace/Sources/PolyCache.swift:27:8: note: A dependency of main module 'Poly'
import Cache
^ (in target 'Poly' from project 'Poly')
SwiftDriver Poly normal arm64 com.apple.xcode.tools.swift.compiler (in target 'Poly' from project 'Poly')
cd /Users/admin/builder/spi-builder-workspace/.swiftpm/xcode
builtin-SwiftDriver -- /Applications/Xcode-27.0.0-Release.Candidate.app/Contents/Developer/Toolchains/XcodeDefault.xctoolchain/usr/bin/swiftc -parse-as-library -module-name Poly -Onone @/Users/admin/builder/spi-builder-workspace/.derivedData/Build/Intermediates.noindex/Poly.build/Debug-watchos/Poly-t.build/Objects-normal/arm64/Poly.SwiftFileList -DSWIFT_PACKAGE -DDEBUG -DSWIFT_MODULE_RESOURCE_BUNDLE_UNAVAILABLE -DXcode -plugin-path /Applications/Xcode-27.0.0-Release.Candidate.app/Contents/Developer/Toolchains/XcodeDefault.xctoolchain/usr/lib/swift/host/plugins/testing -enable-experimental-feature DebugDescriptionMacro -sdk /Applications/Xcode-27.0.0-Release.Candidate.app/Contents/Developer/Platforms/WatchOS.platform/Developer/SDKs/WatchOS27.0.sdk -target arm64-apple-watchos9.0 -g -module-cache-path /Users/admin/builder/spi-builder-workspace/.derivedData/ModuleCache.noindex -Xfrontend -serialize-debugging-options -enable-testing -index-store-path /Users/admin/builder/spi-builder-workspace/.derivedData/Index.noindex/DataStore -Xcc -D_LIBCPP_HARDENING_MODE\=_LIBCPP_HARDENING_MODE_DEBUG -swift-version 5 -I /Users/admin/builder/spi-builder-workspace/.derivedData/Build/Products/Debug-watchos -Isystem /Applications/Xcode-27.0.0-Release.Candidate.app/Contents/Developer/Platforms/WatchOS.platform/Developer/usr/lib -F /Users/admin/builder/spi-builder-workspace/.derivedData/Build/Products/Debug-watchos -F /Applications/Xcode-27.0.0-Release.Candidate.app/Contents/Developer/Platforms/WatchOS.platform/Developer/Library/Frameworks -F /Applications/Xcode-27.0.0-Release.Candidate.app/Contents/Developer/Platforms/WatchOS.platform/Developer/SDKs/WatchOS27.0.sdk/Developer/Library/Frameworks -c -j10 -enable-batch-mode -incremental -Xcc -ivfsstatcache -Xcc /Users/admin/builder/spi-builder-workspace/.derivedData/SDKStatCaches.noindex/watchos27.0-24R360-e829b21a6f8c9b70876ba0858053c04477534ef55a1706bf4c1112bbb242f0a2.sdkstatcache -output-file-map /Users/admin/builder/spi-builder-workspace/.derivedData/Build/Intermediates.noindex/Poly.build/Debug-watchos/Poly-t.build/Objects-normal/arm64/Poly-OutputFileMap.json -save-temps -no-color-diagnostics -explicit-module-build -module-cache-path /Users/admin/builder/spi-builder-workspace/.derivedData/Build/Intermediates.noindex/SwiftExplicitPrecompiledModules -clang-scanner-module-cache-path /Users/admin/builder/spi-builder-workspace/.derivedData/ModuleCache.noindex -sdk-module-cache-path /Users/admin/builder/spi-builder-workspace/.derivedData/SDKExplicitPrecompiledModules -emit-dependencies -emit-module -emit-module-path /Users/admin/builder/spi-builder-workspace/.derivedData/Build/Intermediates.noindex/Poly.build/Debug-watchos/Poly-t.build/Objects-normal/arm64/Poly.swiftmodule -serialize-diagnostics -dependency-scan-serialize-diagnostics-path /Users/admin/builder/spi-builder-workspace/.derivedData/Build/Intermediates.noindex/Poly.build/Debug-watchos/Poly-t.build/Objects-normal/arm64/Poly-dependency-scan.dia -validate-clang-modules-once -clang-build-session-file /Users/admin/builder/spi-builder-workspace/.derivedData/ModuleCache.noindex/Session.modulevalidation -Xcc -fmodules-prune-interval\=86400 -Xcc -fmodules-prune-after\=345600 -emit-const-values -const-gather-protocols-list /Users/admin/builder/spi-builder-workspace/.derivedData/Build/Intermediates.noindex/Poly.build/Debug-watchos/Poly-t.build/Objects-normal/arm64/Poly_const_extract_protocols.json -Xcc -I/Users/admin/builder/spi-builder-workspace/.derivedData/Build/Products/Debug-watchos/include -Xcc -I/Users/admin/builder/spi-builder-workspace/.derivedData/Build/Intermediates.noindex/Poly.build/Debug-watchos/Poly-t.build/DerivedSources-normal/arm64 -Xcc -I/Users/admin/builder/spi-builder-workspace/.derivedData/Build/Intermediates.noindex/Poly.build/Debug-watchos/Poly-t.build/DerivedSources/arm64 -Xcc -I/Users/admin/builder/spi-builder-workspace/.derivedData/Build/Intermediates.noindex/Poly.build/Debug-watchos/Poly-t.build/DerivedSources -Xcc -DSWIFT_PACKAGE -Xcc -DDEBUG\=1 -emit-objc-header -emit-objc-header-path /Users/admin/builder/spi-builder-workspace/.derivedData/Build/Intermediates.noindex/Poly.build/Debug-watchos/Poly-t.build/Objects-normal/arm64/Poly-Swift.h -working-directory /Users/admin/builder/spi-builder-workspace/.swiftpm/xcode -experimental-emit-module-separately -disable-cmo
/Users/admin/builder/spi-builder-workspace/Sources/Poly.swift:27:8: error: Unable to resolve module dependency: 'Alamofire' (in target 'Poly' from project 'Poly')
note: A dependency of main module 'Poly'
/Users/admin/builder/spi-builder-workspace/Sources/PolyRequest.swift:27:8: note: Also imported here
/Users/admin/builder/spi-builder-workspace/Sources/Poly.swift:28:8: error: Unable to resolve module dependency: 'ObjectMapper' (in target 'Poly' from project 'Poly')
note: A dependency of main module 'Poly'
/Users/admin/builder/spi-builder-workspace/Sources/PolyAssetModel.swift:27:8: note: Also imported here
/Users/admin/builder/spi-builder-workspace/Sources/PolyFileModel.swift:27:8: note: Also imported here
/Users/admin/builder/spi-builder-workspace/Sources/PolyFormatsModel.swift:27:8: note: Also imported here
/Users/admin/builder/spi-builder-workspace/Sources/PolyPresentationParamsModel.swift:27:8: note: Also imported here
/Users/admin/builder/spi-builder-workspace/Sources/Poly.swift:29:8: error: Unable to resolve module dependency: 'PromiseKit' (in target 'Poly' from project 'Poly')
note: A dependency of main module 'Poly'
/Users/admin/builder/spi-builder-workspace/Sources/Poly.swift:30:8: error: Unable to resolve module dependency: 'Disk' (in target 'Poly' from project 'Poly')
note: A dependency of main module 'Poly'
/Users/admin/builder/spi-builder-workspace/Sources/PolyCache.swift:27:8: error: Unable to resolve module dependency: 'Cache' (in target 'Poly' from project 'Poly')
note: A dependency of main module 'Poly'
/Users/admin/builder/spi-builder-workspace/Sources/Poly.swift:27:8: note: A dependency of main module 'Poly'
import Alamofire
^ (in target 'Poly' from project 'Poly')
/Users/admin/builder/spi-builder-workspace/Sources/PolyRequest.swift:27:8: note: Also imported here
import Alamofire
^ (in target 'Poly' from project 'Poly')
/Users/admin/builder/spi-builder-workspace/Sources/Poly.swift:28:8: note: A dependency of main module 'Poly'
import ObjectMapper
^ (in target 'Poly' from project 'Poly')
/Users/admin/builder/spi-builder-workspace/Sources/PolyAssetModel.swift:27:8: note: Also imported here
import ObjectMapper
^ (in target 'Poly' from project 'Poly')
/Users/admin/builder/spi-builder-workspace/Sources/PolyFileModel.swift:27:8: note: Also imported here
import ObjectMapper
^ (in target 'Poly' from project 'Poly')
/Users/admin/builder/spi-builder-workspace/Sources/PolyFormatsModel.swift:27:8: note: Also imported here
import ObjectMapper
^ (in target 'Poly' from project 'Poly')
/Users/admin/builder/spi-builder-workspace/Sources/PolyPresentationParamsModel.swift:27:8: note: Also imported here
import ObjectMapper
^ (in target 'Poly' from project 'Poly')
/Users/admin/builder/spi-builder-workspace/Sources/Poly.swift:29:8: note: A dependency of main module 'Poly'
import PromiseKit
^ (in target 'Poly' from project 'Poly')
/Users/admin/builder/spi-builder-workspace/Sources/Poly.swift:30:8: note: A dependency of main module 'Poly'
import Disk
^ (in target 'Poly' from project 'Poly')
/Users/admin/builder/spi-builder-workspace/Sources/PolyCache.swift:27:8: note: A dependency of main module 'Poly'
import Cache
^ (in target 'Poly' from project 'Poly')
PruneExplicitPrecompiledModules /Users/admin/builder/spi-builder-workspace/.derivedData/Build/Intermediates.noindex/ExplicitPrecompiledModules
PruneExplicitPrecompiledModules /Users/admin/builder/spi-builder-workspace/.derivedData/SDKExplicitPrecompiledModules
PruneExplicitPrecompiledModules /Users/admin/builder/spi-builder-workspace/.derivedData/Build/Intermediates.noindex/SwiftExplicitPrecompiledModules
2026-09-17 05:25:04.794 xcodebuild[1223:6517] [MT] IDERunDestination: Supported platforms for the buildables in the current scheme is empty.
** BUILD FAILED **
The following build commands failed:
SwiftDriver Poly normal arm64_32 com.apple.xcode.tools.swift.compiler (in target 'Poly' from project 'Poly')
SwiftDriver Poly normal arm64 com.apple.xcode.tools.swift.compiler (in target 'Poly' from project 'Poly')
Building workspace Poly with scheme Poly
(3 failures)
BUILD FAILURE 6.4 watchOS