Build Information
Failed to build ProfilePlaceholderView, reference 1.0.0 (dbb1bd), with Swift 6.4 for iOS using Xcode 27.0 on 17 Sep 2026 05:02:19 UTC.
Build Command
env DEVELOPER_DIR=/Applications/Xcode-27.0.0-Release.Candidate.app xcrun xcodebuild -IDEClonedSourcePackagesDirPathOverride=$PWD/.dependencies -skipMacroValidation -skipPackagePluginValidation -derivedDataPath $PWD/.derivedData build -scheme ProfilePlaceholderView-Package -destination generic/platform=iOSBuild Log
========================================
RunAll
========================================
Builder version: 5.1.0
Interrupt handler set up.
========================================
Checkout
========================================
Clone URL: https://github.com/cs4alhaider/ProfilePlaceholderView.git
Reference: 1.0.0
Initialized empty Git repository in /Users/admin/builder/spi-builder-workspace/.git/
From https://github.com/cs4alhaider/ProfilePlaceholderView
* tag 1.0.0 -> FETCH_HEAD
HEAD is now at dbb1bd3 Update README.md
Cloned https://github.com/cs4alhaider/ProfilePlaceholderView.git
Revision (git rev-parse @):
dbb1bd303a2ddb910bd2b5aaa9c92814e0cc2e9d
SUCCESS checkout https://github.com/cs4alhaider/ProfilePlaceholderView.git at 1.0.0
========================================
Build
========================================
Selected platform: iOS
Swift version: 6.4
Building package at path: $PWD
https://github.com/cs4alhaider/ProfilePlaceholderView.git
Command line invocation:
/Applications/Xcode-27.0.0-Release.Candidate.app/Contents/Developer/usr/bin/xcodebuild -IDEClonedSourcePackagesDirPathOverride=/Users/admin/builder/spi-builder-workspace/.dependencies -resolvePackageDependencies
resolved source packages:
{
"dependencies" : [
],
"manifest_display_name" : "ProfilePlaceholderView",
"name" : "ProfilePlaceholderView",
"path" : "/Users/admin/builder/spi-builder-workspace",
"platforms" : [
],
"products" : [
{
"name" : "ProfilePlaceholderView",
"targets" : [
"ProfilePlaceholderView"
],
"type" : {
"library" : [
"automatic"
]
}
}
],
"targets" : [
{
"c99name" : "ProfilePlaceholderViewTests",
"module_type" : "SwiftTarget",
"name" : "ProfilePlaceholderViewTests",
"path" : "Tests/ProfilePlaceholderViewTests",
"sources" : [
"ProfilePlaceholderViewTests.swift",
"XCTestManifests.swift"
],
"target_dependencies" : [
"ProfilePlaceholderView"
],
"type" : "test"
},
{
"c99name" : "ProfilePlaceholderView",
"module_type" : "SwiftTarget",
"name" : "ProfilePlaceholderView",
"path" : "Sources/ProfilePlaceholderView",
"product_memberships" : [
"ProfilePlaceholderView"
],
"sources" : [
"ProfilePlaceholderView.swift"
],
"type" : "library"
}
],
"tools_version" : "5.2"
}
{
"project" : {
"configurations" : [
"Debug",
"Release"
],
"name" : "ProfilePlaceholderView",
"schemes" : [
"ProfilePlaceholderView-Package"
],
"targets" : [
"ProfilePlaceholderView",
"ProfilePlaceholderViewPackageDescription",
"ProfilePlaceholderViewPackageTests",
"ProfilePlaceholderViewTests"
]
}
}
Running build ...
env DEVELOPER_DIR=/Applications/Xcode-27.0.0-Release.Candidate.app xcrun xcodebuild -IDEClonedSourcePackagesDirPathOverride=$PWD/.dependencies -skipMacroValidation -skipPackagePluginValidation -derivedDataPath $PWD/.derivedData build -scheme ProfilePlaceholderView-Package -destination generic/platform=iOS
Command line invocation:
/Applications/Xcode-27.0.0-Release.Candidate.app/Contents/Developer/usr/bin/xcodebuild -IDEClonedSourcePackagesDirPathOverride=/Users/admin/builder/spi-builder-workspace/.dependencies -skipMacroValidation -skipPackagePluginValidation -derivedDataPath /Users/admin/builder/spi-builder-workspace/.derivedData build -scheme ProfilePlaceholderView-Package -destination generic/platform=iOS
ComputePackagePrebuildTargetDependencyGraph
Prepare packages
CreateBuildRequest
SendProjectDescription
CreateBuildOperation
ComputeTargetDependencyGraph
note: Building targets in dependency order
note: Target dependency graph (1 target)
Target 'ProfilePlaceholderView' in project 'ProfilePlaceholderView' (no dependencies)
GatherProvisioningInputs
CreateBuildDescription
ExecuteExternalTool /Applications/Xcode-27.0.0-Release.Candidate.app/Contents/Developer/Toolchains/XcodeDefault.xctoolchain/usr/bin/clang -v -E -dM -isysroot /Applications/Xcode-27.0.0-Release.Candidate.app/Contents/Developer/Platforms/iPhoneOS.platform/Developer/SDKs/iPhoneOS27.0.sdk -x c -c /dev/null
ExecuteExternalTool /Applications/Xcode-27.0.0-Release.Candidate.app/Contents/Developer/Toolchains/XcodeDefault.xctoolchain/usr/bin/swiftc --version
ExecuteExternalTool /Applications/Xcode-27.0.0-Release.Candidate.app/Contents/Developer/Toolchains/XcodeDefault.xctoolchain/usr/bin/ld -version_details
Build description signature: 777782d97e01b2e88f6251190d579b31
Build description path: /Users/admin/builder/spi-builder-workspace/.derivedData/Build/Intermediates.noindex/XCBuildData/777782d97e01b2e88f6251190d579b31.xcbuilddata
/Users/admin/builder/spi-builder-workspace/ProfilePlaceholderView.xcodeproj: error: The iOS deployment target 'IPHONEOS_DEPLOYMENT_TARGET' is set to 8.0, but the range of supported deployment target versions is 15.0 to 27.0.x. (in target 'ProfilePlaceholderView' from project 'ProfilePlaceholderView')
** BUILD FAILED **
The following build commands failed:
Building project ProfilePlaceholderView with scheme ProfilePlaceholderView-Package
(1 failure)
Command line invocation:
/Applications/Xcode-27.0.0-Release.Candidate.app/Contents/Developer/usr/bin/xcodebuild -IDEClonedSourcePackagesDirPathOverride=/Users/admin/builder/spi-builder-workspace/.dependencies -resolvePackageDependencies
resolved source packages:
{
"dependencies" : [
],
"manifest_display_name" : "ProfilePlaceholderView",
"name" : "ProfilePlaceholderView",
"path" : "/Users/admin/builder/spi-builder-workspace",
"platforms" : [
],
"products" : [
{
"name" : "ProfilePlaceholderView",
"targets" : [
"ProfilePlaceholderView"
],
"type" : {
"library" : [
"automatic"
]
}
}
],
"targets" : [
{
"c99name" : "ProfilePlaceholderViewTests",
"module_type" : "SwiftTarget",
"name" : "ProfilePlaceholderViewTests",
"path" : "Tests/ProfilePlaceholderViewTests",
"sources" : [
"ProfilePlaceholderViewTests.swift",
"XCTestManifests.swift"
],
"target_dependencies" : [
"ProfilePlaceholderView"
],
"type" : "test"
},
{
"c99name" : "ProfilePlaceholderView",
"module_type" : "SwiftTarget",
"name" : "ProfilePlaceholderView",
"path" : "Sources/ProfilePlaceholderView",
"product_memberships" : [
"ProfilePlaceholderView"
],
"sources" : [
"ProfilePlaceholderView.swift"
],
"type" : "library"
}
],
"tools_version" : "5.2"
}
{
"project" : {
"configurations" : [
"Debug",
"Release"
],
"name" : "ProfilePlaceholderView",
"schemes" : [
"ProfilePlaceholderView-Package"
],
"targets" : [
"ProfilePlaceholderView",
"ProfilePlaceholderViewPackageDescription",
"ProfilePlaceholderViewPackageTests",
"ProfilePlaceholderViewTests"
]
}
}
Running build ...
env DEVELOPER_DIR=/Applications/Xcode-27.0.0-Release.Candidate.app xcrun xcodebuild -IDEClonedSourcePackagesDirPathOverride=$PWD/.dependencies -skipMacroValidation -skipPackagePluginValidation -derivedDataPath $PWD/.derivedData build -scheme ProfilePlaceholderView-Package -destination generic/platform=iOS
Command line invocation:
/Applications/Xcode-27.0.0-Release.Candidate.app/Contents/Developer/usr/bin/xcodebuild -IDEClonedSourcePackagesDirPathOverride=/Users/admin/builder/spi-builder-workspace/.dependencies -skipMacroValidation -skipPackagePluginValidation -derivedDataPath /Users/admin/builder/spi-builder-workspace/.derivedData build -scheme ProfilePlaceholderView-Package -destination generic/platform=iOS
ComputePackagePrebuildTargetDependencyGraph
Prepare packages
CreateBuildRequest
SendProjectDescription
CreateBuildOperation
ComputeTargetDependencyGraph
note: Building targets in dependency order
note: Target dependency graph (1 target)
Target 'ProfilePlaceholderView' in project 'ProfilePlaceholderView' (no dependencies)
GatherProvisioningInputs
CreateBuildDescription
/Users/admin/builder/spi-builder-workspace/ProfilePlaceholderView.xcodeproj: error: The iOS deployment target 'IPHONEOS_DEPLOYMENT_TARGET' is set to 8.0, but the range of supported deployment target versions is 15.0 to 27.0.x. (in target 'ProfilePlaceholderView' from project 'ProfilePlaceholderView')
** BUILD FAILED **
The following build commands failed:
Building project ProfilePlaceholderView with scheme ProfilePlaceholderView-Package
(1 failure)
BUILD FAILURE 6.4 iOS