Build Information
Failed to build SwiftPermissions, reference main (c91fba), with Swift 6.3 for Wasm on 10 Oct 2026 04:51:26 UTC.
Build Command
bash -c docker run --pull=always --rm -v "checkouts-54344847-1":/host -w "$PWD" -e JAVA_HOME="/root/.sdkman/candidates/java/current" -e SPI_BUILD="1" -e SPI_PROCESSING="1" registry.gitlab.com/saguaro1/spi-images:wasm-6.3-latest swift build --swift-sdk swift-6.3.2-RELEASE_wasm 2>&1Build Log
========================================
RunAll
========================================
Builder version: 5.1.1
Interrupt handler set up.
========================================
Checkout
========================================
Clone URL: https://github.com/MoElnaggar14/SwiftPermissions.git
Reference: main
Initialized empty Git repository in /host/spi-builder-workspace/.git/
hint: Using 'master' as the name for the initial branch. This default branch name
hint: is subject to change. To configure the initial branch name to use in all
hint: of your new repositories, which will suppress this warning, call:
hint:
hint: git config --global init.defaultBranch <name>
hint:
hint: Names commonly chosen instead of 'master' are 'main', 'trunk' and
hint: 'development'. The just-created branch can be renamed via this command:
hint:
hint: git branch -m <name>
From https://github.com/MoElnaggar14/SwiftPermissions
* branch main -> FETCH_HEAD
* [new branch] main -> origin/main
HEAD is now at c91fba2 chore(release): 3.6.0 (#48)
Cloned https://github.com/MoElnaggar14/SwiftPermissions.git
Revision (git rev-parse @):
c91fba2d72cd5dce61ffa75b45588beb3534d714
SUCCESS checkout https://github.com/MoElnaggar14/SwiftPermissions.git at main
========================================
Build
========================================
Selected platform: wasm
Swift version: 6.3
Building package at path: $PWD
https://github.com/MoElnaggar14/SwiftPermissions.git
Running build ...
bash -c docker run --pull=always --rm -v "checkouts-54344847-1":/host -w "$PWD" -e JAVA_HOME="/root/.sdkman/candidates/java/current" -e SPI_BUILD="1" -e SPI_PROCESSING="1" registry.gitlab.com/saguaro1/spi-images:wasm-6.3-latest swift build --swift-sdk swift-6.3.2-RELEASE_wasm 2>&1
wasm-6.3-latest: Pulling from saguaro1/spi-images
Digest: sha256:df2e9038ff906af397ec7b7e13902ccb183f8867606bc33419e44453a9abdb4b
Status: Image is up to date for registry.gitlab.com/saguaro1/spi-images:wasm-6.3-latest
Building for debugging...
[0/24] Copying PrivacyInfo.xcprivacy
[1/24] Write sources
[23/24] Write swift-version-24593BA9C3E375BF.txt
error: emit-module command failed with exit code 1 (use -v to see invocation)
[25/46] Emitting module SwiftPermissionsCore
/host/spi-builder-workspace/Sources/SwiftPermissionsCore/Providers/NotificationSettingsSnapshot.swift:1:24: error: no such module 'UserNotifications'
1 | @preconcurrency import UserNotifications
| `- error: no such module 'UserNotifications'
2 |
3 | /// Whether one way of presenting notifications is turned on in Settings.
[26/48] Compiling SwiftPermissionsCore PermissionProviderRegistry.swift
/host/spi-builder-workspace/Sources/SwiftPermissionsCore/Providers/NotificationSettingsSnapshot.swift:1:24: error: no such module 'UserNotifications'
1 | @preconcurrency import UserNotifications
| `- error: no such module 'UserNotifications'
2 |
3 | /// Whether one way of presenting notifications is turned on in Settings.
[27/48] Compiling SwiftPermissionsCore PermissionRegistration.swift
/host/spi-builder-workspace/Sources/SwiftPermissionsCore/Providers/NotificationSettingsSnapshot.swift:1:24: error: no such module 'UserNotifications'
1 | @preconcurrency import UserNotifications
| `- error: no such module 'UserNotifications'
2 |
3 | /// Whether one way of presenting notifications is turned on in Settings.
[28/48] Compiling SwiftPermissionsCore PermissionManaging.swift
/host/spi-builder-workspace/Sources/SwiftPermissionsCore/Providers/NotificationSettingsSnapshot.swift:1:24: error: no such module 'UserNotifications'
1 | @preconcurrency import UserNotifications
| `- error: no such module 'UserNotifications'
2 |
3 | /// Whether one way of presenting notifications is turned on in Settings.
[29/48] Compiling SwiftPermissionsCore Limitation.swift
/host/spi-builder-workspace/Sources/SwiftPermissionsCore/Providers/NotificationSettingsSnapshot.swift:1:24: error: no such module 'UserNotifications'
1 | @preconcurrency import UserNotifications
| `- error: no such module 'UserNotifications'
2 |
3 | /// Whether one way of presenting notifications is turned on in Settings.
[30/48] Compiling SwiftPermissionsCore Permission.swift
/host/spi-builder-workspace/Sources/SwiftPermissionsCore/Providers/NotificationSettingsSnapshot.swift:1:24: error: no such module 'UserNotifications'
1 | @preconcurrency import UserNotifications
| `- error: no such module 'UserNotifications'
2 |
3 | /// Whether one way of presenting notifications is turned on in Settings.
[31/48] Compiling SwiftPermissionsCore PermissionBatchResult.swift
/host/spi-builder-workspace/Sources/SwiftPermissionsCore/Providers/NotificationSettingsSnapshot.swift:1:24: error: no such module 'UserNotifications'
1 | @preconcurrency import UserNotifications
| `- error: no such module 'UserNotifications'
2 |
3 | /// Whether one way of presenting notifications is turned on in Settings.
[32/48] Compiling SwiftPermissionsCore AppActivation.swift
/host/spi-builder-workspace/Sources/SwiftPermissionsCore/Providers/NotificationSettingsSnapshot.swift:1:24: error: no such module 'UserNotifications'
1 | @preconcurrency import UserNotifications
| `- error: no such module 'UserNotifications'
2 |
3 | /// Whether one way of presenting notifications is turned on in Settings.
[33/48] Compiling SwiftPermissionsCore NotificationSettingsSnapshot.swift
/host/spi-builder-workspace/Sources/SwiftPermissionsCore/Providers/NotificationSettingsSnapshot.swift:1:24: error: no such module 'UserNotifications'
1 | @preconcurrency import UserNotifications
| `- error: no such module 'UserNotifications'
2 |
3 | /// Whether one way of presenting notifications is turned on in Settings.
[34/48] Compiling SwiftPermissionsCore NotificationsPermissionProvider.swift
/host/spi-builder-workspace/Sources/SwiftPermissionsCore/Providers/NotificationSettingsSnapshot.swift:1:24: error: no such module 'UserNotifications'
1 | @preconcurrency import UserNotifications
| `- error: no such module 'UserNotifications'
2 |
3 | /// Whether one way of presenting notifications is turned on in Settings.
[35/48] Compiling SwiftPermissionsCore PermissionFlowState.swift
/host/spi-builder-workspace/Sources/SwiftPermissionsCore/Providers/NotificationSettingsSnapshot.swift:1:24: error: no such module 'UserNotifications'
1 | @preconcurrency import UserNotifications
| `- error: no such module 'UserNotifications'
2 |
3 | /// Whether one way of presenting notifications is turned on in Settings.
[36/48] Compiling SwiftPermissionsCore PermissionFlowStep.swift
/host/spi-builder-workspace/Sources/SwiftPermissionsCore/Providers/NotificationSettingsSnapshot.swift:1:24: error: no such module 'UserNotifications'
1 | @preconcurrency import UserNotifications
| `- error: no such module 'UserNotifications'
2 |
3 | /// Whether one way of presenting notifications is turned on in Settings.
[37/48] Compiling SwiftPermissionsCore PermissionStatus.swift
/host/spi-builder-workspace/Sources/SwiftPermissionsCore/Providers/NotificationSettingsSnapshot.swift:1:24: error: no such module 'UserNotifications'
1 | @preconcurrency import UserNotifications
| `- error: no such module 'UserNotifications'
2 |
3 | /// Whether one way of presenting notifications is turned on in Settings.
[38/48] Compiling SwiftPermissionsCore PermissionError.swift
/host/spi-builder-workspace/Sources/SwiftPermissionsCore/Providers/NotificationSettingsSnapshot.swift:1:24: error: no such module 'UserNotifications'
1 | @preconcurrency import UserNotifications
| `- error: no such module 'UserNotifications'
2 |
3 | /// Whether one way of presenting notifications is turned on in Settings.
[39/48] Compiling SwiftPermissionsCore PermissionFlowProgress.swift
/host/spi-builder-workspace/Sources/SwiftPermissionsCore/Providers/NotificationSettingsSnapshot.swift:1:24: error: no such module 'UserNotifications'
1 | @preconcurrency import UserNotifications
| `- error: no such module 'UserNotifications'
2 |
3 | /// Whether one way of presenting notifications is turned on in Settings.
[40/48] Compiling SwiftPermissionsCore PermissionFlowResult.swift
/host/spi-builder-workspace/Sources/SwiftPermissionsCore/Providers/NotificationSettingsSnapshot.swift:1:24: error: no such module 'UserNotifications'
1 | @preconcurrency import UserNotifications
| `- error: no such module 'UserNotifications'
2 |
3 | /// Whether one way of presenting notifications is turned on in Settings.
[41/48] Compiling SwiftPermissionsCore CancellableWait.swift
/host/spi-builder-workspace/Sources/SwiftPermissionsCore/Providers/NotificationSettingsSnapshot.swift:1:24: error: no such module 'UserNotifications'
1 | @preconcurrency import UserNotifications
| `- error: no such module 'UserNotifications'
2 |
3 | /// Whether one way of presenting notifications is turned on in Settings.
[42/48] Compiling SwiftPermissionsCore ChangeBroadcaster.swift
/host/spi-builder-workspace/Sources/SwiftPermissionsCore/Providers/NotificationSettingsSnapshot.swift:1:24: error: no such module 'UserNotifications'
1 | @preconcurrency import UserNotifications
| `- error: no such module 'UserNotifications'
2 |
3 | /// Whether one way of presenting notifications is turned on in Settings.
[43/48] Compiling SwiftPermissionsCore PermissionManager.swift
/host/spi-builder-workspace/Sources/SwiftPermissionsCore/Providers/NotificationSettingsSnapshot.swift:1:24: error: no such module 'UserNotifications'
1 | @preconcurrency import UserNotifications
| `- error: no such module 'UserNotifications'
2 |
3 | /// Whether one way of presenting notifications is turned on in Settings.
[44/48] Compiling SwiftPermissionsCore PermissionProvider.swift
/host/spi-builder-workspace/Sources/SwiftPermissionsCore/Providers/NotificationSettingsSnapshot.swift:1:24: error: no such module 'UserNotifications'
1 | @preconcurrency import UserNotifications
| `- error: no such module 'UserNotifications'
2 |
3 | /// Whether one way of presenting notifications is turned on in Settings.
[45/48] Compiling SwiftPermissionsCore PermissionRequestHistory.swift
/host/spi-builder-workspace/Sources/SwiftPermissionsCore/Providers/NotificationSettingsSnapshot.swift:1:24: error: no such module 'UserNotifications'
1 | @preconcurrency import UserNotifications
| `- error: no such module 'UserNotifications'
2 |
3 | /// Whether one way of presenting notifications is turned on in Settings.
[46/48] Compiling SwiftPermissionsCore UsageDescriptionSource.swift
/host/spi-builder-workspace/Sources/SwiftPermissionsCore/Providers/NotificationSettingsSnapshot.swift:1:24: error: no such module 'UserNotifications'
1 | @preconcurrency import UserNotifications
| `- error: no such module 'UserNotifications'
2 |
3 | /// Whether one way of presenting notifications is turned on in Settings.
[47/48] Compiling SwiftPermissionsCore AppSettings.swift
/host/spi-builder-workspace/Sources/SwiftPermissionsCore/Providers/NotificationSettingsSnapshot.swift:1:24: error: no such module 'UserNotifications'
1 | @preconcurrency import UserNotifications
| `- error: no such module 'UserNotifications'
2 |
3 | /// Whether one way of presenting notifications is turned on in Settings.
[48/48] Compiling SwiftPermissionsCore resource_bundle_accessor.swift
/host/spi-builder-workspace/Sources/SwiftPermissionsCore/Providers/NotificationSettingsSnapshot.swift:1:24: error: no such module 'UserNotifications'
1 | @preconcurrency import UserNotifications
| `- error: no such module 'UserNotifications'
2 |
3 | /// Whether one way of presenting notifications is turned on in Settings.
BUILD FAILURE 6.3 wasm