The Swift Package Index logo.Swift Package Index

Build Information

Failed to build AsyncExtensions, reference main (20d952), with Swift 6.3 for Wasm on 5 Oct 2026 13:31:49 UTC.

Build Command

bash -c docker run --pull=always --rm -v "checkouts-54344843-2":/host -w "$PWD" -e JAVA_HOME="/root/.sdkman/candidates/java/current" -e SPI_BUILD="1" -e SPI_PROCESSING="1" registry.gitlab.com/saguaro1/spi-images:wasm-6.3-latest swift build --swift-sdk swift-6.3.2-RELEASE_wasm 2>&1

Build Log

========================================
RunAll
========================================
Builder version: 5.1.1
Interrupt handler set up.
========================================
Checkout
========================================
Clone URL: https://github.com/sideeffect-io/AsyncExtensions.git
Reference: main
Initialized empty Git repository in /host/spi-builder-workspace/.git/
hint: Using 'master' as the name for the initial branch. This default branch name
hint: is subject to change. To configure the initial branch name to use in all
hint: of your new repositories, which will suppress this warning, call:
hint:
hint: 	git config --global init.defaultBranch <name>
hint:
hint: Names commonly chosen instead of 'master' are 'main', 'trunk' and
hint: 'development'. The just-created branch can be renamed via this command:
hint:
hint: 	git branch -m <name>
From https://github.com/sideeffect-io/AsyncExtensions
 * branch            main       -> FETCH_HEAD
 * [new branch]      main       -> origin/main
HEAD is now at 20d9524 Merge pull request #73 from lhoward/upstream/multicast-two-subscriber-tests
Cloned https://github.com/sideeffect-io/AsyncExtensions.git
Revision (git rev-parse @):
20d9524142a07b4b54d314480054e2bb4c91b63e
SUCCESS checkout https://github.com/sideeffect-io/AsyncExtensions.git at main
========================================
Build
========================================
Selected platform:         wasm
Swift version:             6.3
Building package at path:  $PWD
https://github.com/sideeffect-io/AsyncExtensions.git
Running build ...
bash -c docker run --pull=always --rm -v "checkouts-54344843-2":/host -w "$PWD" -e JAVA_HOME="/root/.sdkman/candidates/java/current" -e SPI_BUILD="1" -e SPI_PROCESSING="1" registry.gitlab.com/saguaro1/spi-images:wasm-6.3-latest swift build --swift-sdk swift-6.3.2-RELEASE_wasm 2>&1
wasm-6.3-latest: Pulling from saguaro1/spi-images
Digest: sha256:df2e9038ff906af397ec7b7e13902ccb183f8867606bc33419e44453a9abdb4b
Status: Image is up to date for registry.gitlab.com/saguaro1/spi-images:wasm-6.3-latest
Fetching https://github.com/apple/swift-collections.git
[1/28538] Fetching swift-collections
Fetching https://github.com/apple/swift-async-algorithms.git
Fetched https://github.com/apple/swift-collections.git from cache (2.09s)
[1/6799] Fetching swift-async-algorithms
Fetched https://github.com/apple/swift-async-algorithms.git from cache (1.34s)
Computing version for https://github.com/apple/swift-async-algorithms.git
Computed https://github.com/apple/swift-async-algorithms.git at 1.1.7 (3.80s)
Computing version for https://github.com/apple/swift-collections.git
Computed https://github.com/apple/swift-collections.git at 1.7.1 (0.53s)
Creating working copy for https://github.com/apple/swift-async-algorithms.git
Working copy of https://github.com/apple/swift-async-algorithms.git resolved at 1.1.7
Creating working copy for https://github.com/apple/swift-collections.git
Working copy of https://github.com/apple/swift-collections.git resolved at 1.7.1
Building for debugging...
[0/11] Write sources
[10/11] Write swift-version-24593BA9C3E375BF.txt
[12/39] Emitting module InternalCollectionsUtilities
[13/42] Compiling InternalCollectionsUtilities UnsafeMutablePointer+Extras.swift
[14/42] Compiling InternalCollectionsUtilities UnsafeMutableRawBufferPointer+Extras.swift
[15/42] Compiling InternalCollectionsUtilities UnsafePointer+Extras.swift
[16/42] Compiling InternalCollectionsUtilities UnsafeRawBufferPointer+Extras.swift
[17/42] Compiling InternalCollectionsUtilities _SortedCollection.swift
[18/42] Compiling InternalCollectionsUtilities _UniqueCollection.swift
[19/42] Compiling InternalCollectionsUtilities _UnsafeBitSet+_Word.swift
[20/42] Compiling InternalCollectionsUtilities _UnsafeBitSet.swift
[21/42] Compiling InternalCollectionsUtilities UnsafeBufferPointer+Extras.swift
[22/42] Compiling InternalCollectionsUtilities UnsafeMutableBufferPointer+Extras.swift
[23/42] Compiling InternalCollectionsUtilities FixedWidthInteger+roundUpToPowerOfTwo.swift
[24/42] Compiling InternalCollectionsUtilities Integer rank.swift
[25/42] Compiling InternalCollectionsUtilities UInt+first and last set bit.swift
[26/42] Compiling InternalCollectionsUtilities UInt+reversed.swift
[27/42] Compiling InternalCollectionsUtilities MutableSpan+Extras.swift
[28/42] Compiling InternalCollectionsUtilities OutputSpan+Extras.swift
[29/42] Compiling InternalCollectionsUtilities RandomAccessCollection+Offsets.swift
[30/42] Compiling InternalCollectionsUtilities Span+Extras.swift
[31/42] Compiling InternalCollectionsUtilities BorrowingIteratorProtocol+Equality.swift
[32/42] Compiling InternalCollectionsUtilities BorrowingIteratorProtocol+Extras.swift
[33/42] Compiling InternalCollectionsUtilities Debugging.swift
[34/42] Compiling InternalCollectionsUtilities Descriptions.swift
[35/42] Compiling InternalCollectionsUtilities Strideable+LimitHelpers.swift
[36/42] Compiling InternalCollectionsUtilities String+Padding.swift
[37/42] Compiling InternalCollectionsUtilities TemporaryAllocation.swift
[38/42] Compiling InternalCollectionsUtilities _UnsafeBitSet+Index.swift
[39/42] Compiling InternalCollectionsUtilities Iterable+CopyContents.swift
[40/42] Compiling InternalCollectionsUtilities Iterable+Equality.swift
[41/42] Compiling InternalCollectionsUtilities LifetimeOverride.swift
[42/42] Compiling InternalCollectionsUtilities MutableRef.swift
[44/96] Emitting module SpanPreview
[45/185] Compiling SpanPreview OutputSpan+InputSpanHelpers.swift
[46/185] Compiling SpanPreview MutableSpan+InputSpanHelpers.swift
[47/235] Compiling SpanPreview InputSpan.swift
[49/313] Compiling HeapModule Heap+Descriptions.swift
[50/348] Compiling HeapModule _HeapNode.swift
[51/348] Compiling DequeModule RigidDeque+Descriptions.swift
[52/355] Compiling DequeModule RigidDeque+Equatable.swift
[53/355] Compiling DequeModule RigidDeque+Hashable.swift
[54/355] Compiling DequeModule RigidDeque+Initializers.swift
[55/355] Compiling DequeModule RigidDeque+Insertions.swift
[56/355] Compiling DequeModule RigidDeque+Iterable.swift
[57/355] Compiling DequeModule UniqueDeque+Initializers.swift
[58/355] Compiling DequeModule UniqueDeque+Insertions.swift
[59/362] Compiling HeapModule Heap.swift
[60/362] Emitting module HeapModule
[61/362] Compiling HeapModule Heap+Invariants.swift
[62/362] Compiling HeapModule Heap+ExpressibleByArrayLiteral.swift
[63/362] Compiling HeapModule Heap+UnsafeHandle.swift
[64/362] Compiling HeapModule Heap+Testing.swift
[65/363] Compiling DequeModule RigidDeque+Append.swift
[66/363] Compiling DequeModule RigidDeque+Consumption.swift
[67/363] Compiling DequeModule RigidDeque+ContainerOperations.swift
[68/363] Compiling DequeModule RigidDeque+Deprecations.swift
[69/363] Compiling DequeModule Deque+Extras.swift
[70/363] Compiling DequeModule Deque+Hashable.swift
[71/363] Compiling DequeModule Deque+Testing.swift
[72/363] Compiling DequeModule Deque._Storage.swift
[74/363] Compiling DequeModule UniqueDeque+Prepend.swift
[75/363] Compiling DequeModule UniqueDeque+Removals.swift
[76/363] Compiling DequeModule UniqueDeque+Consumption.swift
[77/363] Compiling DequeModule UniqueDeque+ContainerOperations.swift
[78/363] Compiling DequeModule UniqueDeque+Deprecations.swift
[79/363] Compiling DequeModule UniqueDeque+Descriptions.swift
[80/363] Compiling DequeModule UniqueDeque+Equatable.swift
[81/363] Compiling DequeModule UniqueDeque+Hashable.swift
[82/363] Compiling HashTreeCollections TreeDictionary+Sendable.swift
[83/363] Compiling HashTreeCollections TreeDictionary+Sequence.swift
[84/363] Compiling HashTreeCollections TreeDictionary+Values.swift
[85/372] Compiling DequeModule _DequeBuffer.swift
[86/372] Compiling DequeModule _DequeBufferHeader.swift
[91/373] Compiling DequeModule UniqueDeque+Iterable.swift
[105/378] Compiling DequeModule UniqueDeque+Replacements.swift
[106/378] Compiling DequeModule UniqueDeque.swift
[107/378] Compiling DequeModule _DequeSlot.swift
[108/378] Compiling DequeModule _UnsafeDequeHandle.swift
[109/378] Compiling DequeModule _UnsafeDequeSegments.swift
[110/378] Compiling HashTreeCollections _RawHashNode+UnsafeHandle.swift
[111/378] Compiling HashTreeCollections _RawHashNode.swift
[112/385] Compiling BitCollections BitSet.swift
[113/385] Compiling OrderedCollections OrderedSet+Sendable.swift
[114/385] Compiling OrderedCollections OrderedSet+SubSequence.swift
[115/385] Compiling OrderedCollections OrderedSet+Testing.swift
[116/385] Compiling OrderedCollections OrderedSet+UnorderedView.swift
[117/385] Compiling OrderedCollections OrderedSet+UnstableInternals.swift
[118/385] Compiling OrderedCollections OrderedSet.swift
[119/385] Compiling OrderedCollections _UnsafeBitset.swift
[120/385] Compiling HashTreeCollections TreeSet+SetAlgebra intersection.swift
[121/385] Compiling HashTreeCollections TreeSet+SetAlgebra isDisjoint.swift
[122/385] Compiling DequeModule RigidDeque+Prepend.swift
[123/385] Compiling DequeModule RigidDeque+Removals.swift
[124/385] Compiling DequeModule RigidDeque+Replacements.swift
[125/385] Compiling DequeModule RigidDeque+Testing.swift
[126/385] Compiling DequeModule RigidDeque.swift
[127/385] Compiling DequeModule UniqueDeque+Append.swift
[128/385] Compiling HashTreeCollections _UnmanagedHashNode.swift
[129/385] Compiling HashTreeCollections _UnsafePath.swift
[130/385] Compiling HashTreeCollections TreeDictionary+Codable.swift
[131/385] Compiling HashTreeCollections TreeDictionary+Collection.swift
[132/385] Compiling HashTreeCollections TreeDictionary+CustomReflectable.swift
[133/385] Compiling BitCollections BitSet.Index.swift
[134/385] Compiling BitCollections BitSet._UnsafeHandle.swift
[151/385] Compiling HashTreeCollections TreeDictionary.swift
[152/385] Compiling HashTreeCollections TreeSet+Codable.swift
[153/385] Compiling HashTreeCollections TreeSet+Collection.swift
[154/385] Compiling HashTreeCollections TreeSet+CustomReflectable.swift
[155/385] Compiling HashTreeCollections TreeSet+Debugging.swift
[156/385] Compiling HashTreeCollections TreeSet+Descriptions.swift
[157/385] Compiling HashTreeCollections TreeSet+Equatable.swift
[158/385] Compiling HashTreeCollections TreeSet+ExpressibleByArrayLiteral.swift
[159/385] Compiling HashTreeCollections TreeSet+Extras.swift
[160/385] Compiling HashTreeCollections TreeSet+Filter.swift
[172/385] Emitting module BitCollections
[173/385] Compiling DequeModule Deque._UnsafeHandle.swift
[174/385] Compiling DequeModule Deque.swift
[181/385] Compiling DequeModule Deque+Codable.swift
[182/385] Compiling DequeModule Deque+Collection.swift
[183/385] Compiling DequeModule Deque+CustomReflectable.swift
[184/385] Compiling DequeModule Deque+Descriptions.swift
[185/385] Compiling DequeModule Deque+Equatable.swift
[186/385] Compiling DequeModule Deque+ExpressibleByArrayLiteral.swift
[223/385] Compiling HashTreeCollections TreeSet+SetAlgebra isEqualSet.swift
[224/385] Compiling HashTreeCollections TreeSet+SetAlgebra isStrictSubset.swift
[225/385] Compiling HashTreeCollections TreeSet+SetAlgebra isStrictSuperset.swift
[226/385] Compiling HashTreeCollections TreeSet+SetAlgebra isSubset.swift
[227/385] Compiling HashTreeCollections TreeSet+SetAlgebra isSuperset.swift
[228/385] Compiling HashTreeCollections TreeSet+SetAlgebra subtract.swift
[229/385] Compiling HashTreeCollections TreeSet+SetAlgebra subtracting.swift
[230/385] Compiling HashTreeCollections TreeSet+SetAlgebra symmetricDifference.swift
[231/385] Compiling HashTreeCollections TreeSet+SetAlgebra union.swift
[232/385] Compiling HashTreeCollections TreeSet.swift
[325/395] Emitting module OrderedCollections
[327/396] Emitting module _RopeModule
[381/396] Compiling _RopeModule Rope+Join.swift
[382/396] Compiling _RopeModule Rope+MutatingForEach.swift
[383/396] Compiling _RopeModule Rope+Remove.swift
[384/396] Compiling _RopeModule Rope+RemoveSubrange.swift
[385/396] Compiling _RopeModule Rope+Split.swift
[386/396] Compiling _RopeModule Optional Utilities.swift
[387/396] Compiling _RopeModule String Utilities.swift
[388/396] Compiling _RopeModule String.Index+ABI.swift
[389/396] Compiling _RopeModule _CharacterRecognizer.swift
[396/397] Emitting module HashTreeCollections
[398/398] Emitting module DequeModule
[400/401] Emitting module Collections
[401/401] Compiling Collections Collections.swift
[403/439] Compiling AsyncExtensions AsyncSequence+Collect.swift
/host/spi-builder-workspace/Sources/Creators/AsyncBufferedTimerSequence.swift:9:8: error: no such module 'Dispatch'
 7 |
 8 | @preconcurrency import Foundation
 9 | import Dispatch
   |        `- error: no such module 'Dispatch'
10 |
11 | private extension DispatchTimeInterval {
[404/439] Compiling AsyncExtensions AsyncSequence+EraseToAnyAsyncSequence.swift
/host/spi-builder-workspace/Sources/Creators/AsyncBufferedTimerSequence.swift:9:8: error: no such module 'Dispatch'
 7 |
 8 | @preconcurrency import Foundation
 9 | import Dispatch
   |        `- error: no such module 'Dispatch'
10 |
11 | private extension DispatchTimeInterval {
[405/439] Compiling AsyncExtensions AsyncSequence+FlatMapLatest.swift
/host/spi-builder-workspace/Sources/Creators/AsyncBufferedTimerSequence.swift:9:8: error: no such module 'Dispatch'
 7 |
 8 | @preconcurrency import Foundation
 9 | import Dispatch
   |        `- error: no such module 'Dispatch'
10 |
11 | private extension DispatchTimeInterval {
[406/439] Compiling AsyncExtensions AsyncSequence+Share.swift
/host/spi-builder-workspace/Sources/Creators/AsyncBufferedTimerSequence.swift:9:8: error: no such module 'Dispatch'
 7 |
 8 | @preconcurrency import Foundation
 9 | import Dispatch
   |        `- error: no such module 'Dispatch'
10 |
11 | private extension DispatchTimeInterval {
[407/439] Compiling AsyncExtensions AsyncSwitchToLatestSequence.swift
/host/spi-builder-workspace/Sources/Creators/AsyncBufferedTimerSequence.swift:9:8: error: no such module 'Dispatch'
 7 |
 8 | @preconcurrency import Foundation
 9 | import Dispatch
   |        `- error: no such module 'Dispatch'
10 |
11 | private extension DispatchTimeInterval {
[408/444] Compiling AsyncExtensions AsyncBufferedChannel.swift
/host/spi-builder-workspace/Sources/Creators/AsyncBufferedTimerSequence.swift:9:8: error: no such module 'Dispatch'
 7 |
 8 | @preconcurrency import Foundation
 9 | import Dispatch
   |        `- error: no such module 'Dispatch'
10 |
11 | private extension DispatchTimeInterval {
[409/444] Compiling AsyncExtensions AsyncThrowingBufferedChannel.swift
/host/spi-builder-workspace/Sources/Creators/AsyncBufferedTimerSequence.swift:9:8: error: no such module 'Dispatch'
 7 |
 8 | @preconcurrency import Foundation
 9 | import Dispatch
   |        `- error: no such module 'Dispatch'
10 |
11 | private extension DispatchTimeInterval {
[410/444] Compiling AsyncExtensions AsyncCurrentValueSubject.swift
/host/spi-builder-workspace/Sources/Creators/AsyncBufferedTimerSequence.swift:9:8: error: no such module 'Dispatch'
 7 |
 8 | @preconcurrency import Foundation
 9 | import Dispatch
   |        `- error: no such module 'Dispatch'
10 |
11 | private extension DispatchTimeInterval {
[411/444] Compiling AsyncExtensions AsyncPassthroughSubject.swift
/host/spi-builder-workspace/Sources/Creators/AsyncBufferedTimerSequence.swift:9:8: error: no such module 'Dispatch'
 7 |
 8 | @preconcurrency import Foundation
 9 | import Dispatch
   |        `- error: no such module 'Dispatch'
10 |
11 | private extension DispatchTimeInterval {
[412/444] Compiling AsyncExtensions AsyncReplaySubject.swift
/host/spi-builder-workspace/Sources/Creators/AsyncBufferedTimerSequence.swift:9:8: error: no such module 'Dispatch'
 7 |
 8 | @preconcurrency import Foundation
 9 | import Dispatch
   |        `- error: no such module 'Dispatch'
10 |
11 | private extension DispatchTimeInterval {
[413/444] Compiling AsyncExtensions AsyncSubject.swift
/host/spi-builder-workspace/Sources/Creators/AsyncBufferedTimerSequence.swift:9:8: error: no such module 'Dispatch'
 7 |
 8 | @preconcurrency import Foundation
 9 | import Dispatch
   |        `- error: no such module 'Dispatch'
10 |
11 | private extension DispatchTimeInterval {
[414/444] Compiling AsyncExtensions AsyncThrowingCurrentValueSubject.swift
/host/spi-builder-workspace/Sources/Creators/AsyncBufferedTimerSequence.swift:9:8: error: no such module 'Dispatch'
 7 |
 8 | @preconcurrency import Foundation
 9 | import Dispatch
   |        `- error: no such module 'Dispatch'
10 |
11 | private extension DispatchTimeInterval {
[415/444] Compiling AsyncExtensions AsyncThrowingPassthroughSubject.swift
/host/spi-builder-workspace/Sources/Creators/AsyncBufferedTimerSequence.swift:9:8: error: no such module 'Dispatch'
 7 |
 8 | @preconcurrency import Foundation
 9 | import Dispatch
   |        `- error: no such module 'Dispatch'
10 |
11 | private extension DispatchTimeInterval {
[416/444] Compiling AsyncExtensions AsyncThrowingReplaySubject.swift
/host/spi-builder-workspace/Sources/Creators/AsyncBufferedTimerSequence.swift:9:8: error: no such module 'Dispatch'
 7 |
 8 | @preconcurrency import Foundation
 9 | import Dispatch
   |        `- error: no such module 'Dispatch'
10 |
11 | private extension DispatchTimeInterval {
[417/444] Compiling AsyncExtensions Streamed.swift
/host/spi-builder-workspace/Sources/Creators/AsyncBufferedTimerSequence.swift:9:8: error: no such module 'Dispatch'
 7 |
 8 | @preconcurrency import Foundation
 9 | import Dispatch
   |        `- error: no such module 'Dispatch'
10 |
11 | private extension DispatchTimeInterval {
[418/444] Compiling AsyncExtensions AsyncMergeSequence.swift
/host/spi-builder-workspace/Sources/Creators/AsyncBufferedTimerSequence.swift:9:8: error: no such module 'Dispatch'
 7 |
 8 | @preconcurrency import Foundation
 9 | import Dispatch
   |        `- error: no such module 'Dispatch'
10 |
11 | private extension DispatchTimeInterval {
[419/444] Compiling AsyncExtensions AsyncMapToResultSequence.swift
/host/spi-builder-workspace/Sources/Creators/AsyncBufferedTimerSequence.swift:9:8: error: no such module 'Dispatch'
 7 |
 8 | @preconcurrency import Foundation
 9 | import Dispatch
   |        `- error: no such module 'Dispatch'
10 |
11 | private extension DispatchTimeInterval {
[420/444] Compiling AsyncExtensions AsyncMulticastSequence.swift
/host/spi-builder-workspace/Sources/Creators/AsyncBufferedTimerSequence.swift:9:8: error: no such module 'Dispatch'
 7 |
 8 | @preconcurrency import Foundation
 9 | import Dispatch
   |        `- error: no such module 'Dispatch'
10 |
11 | private extension DispatchTimeInterval {
[421/444] Compiling AsyncExtensions AsyncPrependSequence.swift
/host/spi-builder-workspace/Sources/Creators/AsyncBufferedTimerSequence.swift:9:8: error: no such module 'Dispatch'
 7 |
 8 | @preconcurrency import Foundation
 9 | import Dispatch
   |        `- error: no such module 'Dispatch'
10 |
11 | private extension DispatchTimeInterval {
[422/444] Compiling AsyncExtensions AsyncScanSequence.swift
/host/spi-builder-workspace/Sources/Creators/AsyncBufferedTimerSequence.swift:9:8: error: no such module 'Dispatch'
 7 |
 8 | @preconcurrency import Foundation
 9 | import Dispatch
   |        `- error: no such module 'Dispatch'
10 |
11 | private extension DispatchTimeInterval {
[423/444] Compiling AsyncExtensions AsyncSequence+Assign.swift
/host/spi-builder-workspace/Sources/Creators/AsyncBufferedTimerSequence.swift:9:8: error: no such module 'Dispatch'
 7 |
 8 | @preconcurrency import Foundation
 9 | import Dispatch
   |        `- error: no such module 'Dispatch'
10 |
11 | private extension DispatchTimeInterval {
[424/444] Compiling AsyncExtensions AsyncJustSequence.swift
/host/spi-builder-workspace/Sources/Creators/AsyncBufferedTimerSequence.swift:9:8: error: no such module 'Dispatch'
 7 |
 8 | @preconcurrency import Foundation
 9 | import Dispatch
   |        `- error: no such module 'Dispatch'
10 |
11 | private extension DispatchTimeInterval {
[425/444] Compiling AsyncExtensions AsyncLazySequence.swift
/host/spi-builder-workspace/Sources/Creators/AsyncBufferedTimerSequence.swift:9:8: error: no such module 'Dispatch'
 7 |
 8 | @preconcurrency import Foundation
 9 | import Dispatch
   |        `- error: no such module 'Dispatch'
10 |
11 | private extension DispatchTimeInterval {
[426/444] Compiling AsyncExtensions AsyncStream+Pipe.swift
/host/spi-builder-workspace/Sources/Creators/AsyncBufferedTimerSequence.swift:9:8: error: no such module 'Dispatch'
 7 |
 8 | @preconcurrency import Foundation
 9 | import Dispatch
   |        `- error: no such module 'Dispatch'
10 |
11 | private extension DispatchTimeInterval {
[427/444] Compiling AsyncExtensions AsyncThrowingJustSequence.swift
/host/spi-builder-workspace/Sources/Creators/AsyncBufferedTimerSequence.swift:9:8: error: no such module 'Dispatch'
 7 |
 8 | @preconcurrency import Foundation
 9 | import Dispatch
   |        `- error: no such module 'Dispatch'
10 |
11 | private extension DispatchTimeInterval {
[428/444] Compiling AsyncExtensions AsyncHandleEventsSequence.swift
/host/spi-builder-workspace/Sources/Creators/AsyncBufferedTimerSequence.swift:9:8: error: no such module 'Dispatch'
 7 |
 8 | @preconcurrency import Foundation
 9 | import Dispatch
   |        `- error: no such module 'Dispatch'
10 |
11 | private extension DispatchTimeInterval {
error: emit-module command failed with exit code 1 (use -v to see invocation)
[429/444] Emitting module AsyncExtensions
/host/spi-builder-workspace/Sources/Creators/AsyncBufferedTimerSequence.swift:9:8: error: no such module 'Dispatch'
 7 |
 8 | @preconcurrency import Foundation
 9 | import Dispatch
   |        `- error: no such module 'Dispatch'
10 |
11 | private extension DispatchTimeInterval {
[430/444] Compiling AsyncExtensions ZipStateMachine.swift
/host/spi-builder-workspace/Sources/Creators/AsyncBufferedTimerSequence.swift:9:8: error: no such module 'Dispatch'
 7 |
 8 | @preconcurrency import Foundation
 9 | import Dispatch
   |        `- error: no such module 'Dispatch'
10 |
11 | private extension DispatchTimeInterval {
[431/444] Compiling AsyncExtensions Termination.swift
/host/spi-builder-workspace/Sources/Creators/AsyncBufferedTimerSequence.swift:9:8: error: no such module 'Dispatch'
 7 |
 8 | @preconcurrency import Foundation
 9 | import Dispatch
   |        `- error: no such module 'Dispatch'
10 |
11 | private extension DispatchTimeInterval {
[432/444] Compiling AsyncExtensions AsyncBufferedTimerSequence.swift
/host/spi-builder-workspace/Sources/Creators/AsyncBufferedTimerSequence.swift:9:8: error: no such module 'Dispatch'
 7 |
 8 | @preconcurrency import Foundation
 9 | import Dispatch
   |        `- error: no such module 'Dispatch'
10 |
11 | private extension DispatchTimeInterval {
[433/444] Compiling AsyncExtensions AsyncEmptySequence.swift
/host/spi-builder-workspace/Sources/Creators/AsyncBufferedTimerSequence.swift:9:8: error: no such module 'Dispatch'
 7 |
 8 | @preconcurrency import Foundation
 9 | import Dispatch
   |        `- error: no such module 'Dispatch'
10 |
11 | private extension DispatchTimeInterval {
[434/444] Compiling AsyncExtensions AsyncFailSequence.swift
/host/spi-builder-workspace/Sources/Creators/AsyncBufferedTimerSequence.swift:9:8: error: no such module 'Dispatch'
 7 |
 8 | @preconcurrency import Foundation
 9 | import Dispatch
   |        `- error: no such module 'Dispatch'
10 |
11 | private extension DispatchTimeInterval {
[435/444] Compiling AsyncExtensions MergeStateMachine.swift
/host/spi-builder-workspace/Sources/Creators/AsyncBufferedTimerSequence.swift:9:8: error: no such module 'Dispatch'
 7 |
 8 | @preconcurrency import Foundation
 9 | import Dispatch
   |        `- error: no such module 'Dispatch'
10 |
11 | private extension DispatchTimeInterval {
[436/444] Compiling AsyncExtensions AsyncWithLatestFrom2Sequence.swift
/host/spi-builder-workspace/Sources/Creators/AsyncBufferedTimerSequence.swift:9:8: error: no such module 'Dispatch'
 7 |
 8 | @preconcurrency import Foundation
 9 | import Dispatch
   |        `- error: no such module 'Dispatch'
10 |
11 | private extension DispatchTimeInterval {
[437/444] Compiling AsyncExtensions AsyncWithLatestFromSequence.swift
/host/spi-builder-workspace/Sources/Creators/AsyncBufferedTimerSequence.swift:9:8: error: no such module 'Dispatch'
 7 |
 8 | @preconcurrency import Foundation
 9 | import Dispatch
   |        `- error: no such module 'Dispatch'
10 |
11 | private extension DispatchTimeInterval {
[438/444] Compiling AsyncExtensions AsyncZipSequence.swift
/host/spi-builder-workspace/Sources/Creators/AsyncBufferedTimerSequence.swift:9:8: error: no such module 'Dispatch'
 7 |
 8 | @preconcurrency import Foundation
 9 | import Dispatch
   |        `- error: no such module 'Dispatch'
10 |
11 | private extension DispatchTimeInterval {
[439/444] Compiling AsyncExtensions ZipRuntime.swift
/host/spi-builder-workspace/Sources/Creators/AsyncBufferedTimerSequence.swift:9:8: error: no such module 'Dispatch'
 7 |
 8 | @preconcurrency import Foundation
 9 | import Dispatch
   |        `- error: no such module 'Dispatch'
10 |
11 | private extension DispatchTimeInterval {
[440/444] Compiling AsyncExtensions ManagedCriticalState.swift
/host/spi-builder-workspace/Sources/Creators/AsyncBufferedTimerSequence.swift:9:8: error: no such module 'Dispatch'
 7 |
 8 | @preconcurrency import Foundation
 9 | import Dispatch
   |        `- error: no such module 'Dispatch'
10 |
11 | private extension DispatchTimeInterval {
[441/444] Compiling AsyncExtensions Regulator.swift
/host/spi-builder-workspace/Sources/Creators/AsyncBufferedTimerSequence.swift:9:8: error: no such module 'Dispatch'
 7 |
 8 | @preconcurrency import Foundation
 9 | import Dispatch
   |        `- error: no such module 'Dispatch'
10 |
11 | private extension DispatchTimeInterval {
[442/444] Compiling AsyncExtensions Result+ErrorMechanism.swift
/host/spi-builder-workspace/Sources/Creators/AsyncBufferedTimerSequence.swift:9:8: error: no such module 'Dispatch'
 7 |
 8 | @preconcurrency import Foundation
 9 | import Dispatch
   |        `- error: no such module 'Dispatch'
10 |
11 | private extension DispatchTimeInterval {
[443/444] Compiling AsyncExtensions SubjectDeliveryQueue.swift
/host/spi-builder-workspace/Sources/Creators/AsyncBufferedTimerSequence.swift:9:8: error: no such module 'Dispatch'
 7 |
 8 | @preconcurrency import Foundation
 9 | import Dispatch
   |        `- error: no such module 'Dispatch'
10 |
11 | private extension DispatchTimeInterval {
[444/444] Compiling AsyncExtensions SubjectSubscription.swift
/host/spi-builder-workspace/Sources/Creators/AsyncBufferedTimerSequence.swift:9:8: error: no such module 'Dispatch'
 7 |
 8 | @preconcurrency import Foundation
 9 | import Dispatch
   |        `- error: no such module 'Dispatch'
10 |
11 | private extension DispatchTimeInterval {
BUILD FAILURE 6.3 wasm