Build Information
Failed to build FootlessParser, reference master (11c7a3), with Swift 6.4 for macOS (Xcode) using Xcode 27.0 on 17 Sep 2026 03:45:15 UTC.
Build Command
env DEVELOPER_DIR=/Applications/Xcode-27.0.0-Release.Candidate.app xcrun xcodebuild -IDEClonedSourcePackagesDirPathOverride=$PWD/.dependencies -skipMacroValidation -skipPackagePluginValidation -derivedDataPath $PWD/.derivedData build -scheme FootlessParser -destination platform=macOS,arch=arm64Build Log
========================================
RunAll
========================================
Builder version: 5.1.0
Interrupt handler set up.
========================================
Checkout
========================================
Clone URL: https://github.com/kareman/FootlessParser.git
Reference: master
Initialized empty Git repository in /Users/admin/builder/spi-builder-workspace/.git/
From https://github.com/kareman/FootlessParser
* branch master -> FETCH_HEAD
* [new branch] master -> origin/master
HEAD is now at 11c7a36 Readme: fix code samples so they actually compile.
Cloned https://github.com/kareman/FootlessParser.git
Revision (git rev-parse @):
11c7a366720a2cc62d13ee69c8bdb8372bb3bb2b
SUCCESS checkout https://github.com/kareman/FootlessParser.git at master
========================================
Build
========================================
Selected platform: macosXcodebuild
Swift version: 6.4
Building package at path: $PWD
https://github.com/kareman/FootlessParser.git
Command line invocation:
/Applications/Xcode-27.0.0-Release.Candidate.app/Contents/Developer/usr/bin/xcodebuild -IDEClonedSourcePackagesDirPathOverride=/Users/admin/builder/spi-builder-workspace/.dependencies -resolvePackageDependencies
resolved source packages:
{
"dependencies" : [
],
"manifest_display_name" : "FootlessParser",
"name" : "FootlessParser",
"path" : "/Users/admin/builder/spi-builder-workspace",
"platforms" : [
],
"products" : [
{
"name" : "FootlessParser",
"targets" : [
"FootlessParser"
],
"type" : {
"library" : [
"automatic"
]
}
}
],
"targets" : [
{
"c99name" : "FootlessParserTests",
"module_type" : "SwiftTarget",
"name" : "FootlessParserTests",
"path" : "Tests/FootlessParserTests",
"sources" : [
"Grammar/CSV.swift",
"Grammar/Examples.swift",
"Parser+Operators_Tests.swift",
"Parser_Tests.swift",
"PerformanceTests.swift",
"StringParser_Tests.swift",
"TestHelpers.swift"
],
"target_dependencies" : [
"FootlessParser"
],
"type" : "test"
},
{
"c99name" : "FootlessParser",
"module_type" : "SwiftTarget",
"name" : "FootlessParser",
"path" : "Sources/FootlessParser",
"product_memberships" : [
"FootlessParser"
],
"sources" : [
"Converters.swift",
"Error.swift",
"Parser+Operators.swift",
"Parser.swift",
"Parsers.swift",
"StringParser.swift"
],
"type" : "library"
}
],
"tools_version" : "4.1"
}
{
"project" : {
"configurations" : [
"Debug",
"Release"
],
"name" : "FootlessParser",
"schemes" : [
"FootlessParser"
],
"targets" : [
"FootlessParser",
"FootlessParserTests"
]
}
}
Running build ...
env DEVELOPER_DIR=/Applications/Xcode-27.0.0-Release.Candidate.app xcrun xcodebuild -IDEClonedSourcePackagesDirPathOverride=$PWD/.dependencies -skipMacroValidation -skipPackagePluginValidation -derivedDataPath $PWD/.derivedData build -scheme FootlessParser -destination platform=macOS,arch=arm64
Command line invocation:
/Applications/Xcode-27.0.0-Release.Candidate.app/Contents/Developer/usr/bin/xcodebuild -IDEClonedSourcePackagesDirPathOverride=/Users/admin/builder/spi-builder-workspace/.dependencies -skipMacroValidation -skipPackagePluginValidation -derivedDataPath /Users/admin/builder/spi-builder-workspace/.derivedData build -scheme FootlessParser -destination platform=macOS,arch=arm64
ComputePackagePrebuildTargetDependencyGraph
Prepare packages
CreateBuildRequest
SendProjectDescription
CreateBuildOperation
ComputeTargetDependencyGraph
note: Building targets in dependency order
note: Target dependency graph (1 target)
Target 'FootlessParser' in project 'FootlessParser' (no dependencies)
GatherProvisioningInputs
CreateBuildDescription
ExecuteExternalTool /Applications/Xcode-27.0.0-Release.Candidate.app/Contents/Developer/Toolchains/XcodeDefault.xctoolchain/usr/bin/clang -v -E -dM -isysroot /Applications/Xcode-27.0.0-Release.Candidate.app/Contents/Developer/Platforms/MacOSX.platform/Developer/SDKs/MacOSX27.0.sdk -x c -c /dev/null
ExecuteExternalTool /Applications/Xcode-27.0.0-Release.Candidate.app/Contents/Developer/Toolchains/XcodeDefault.xctoolchain/usr/bin/swiftc --version
ExecuteExternalTool /Applications/Xcode-27.0.0-Release.Candidate.app/Contents/Developer/Toolchains/XcodeDefault.xctoolchain/usr/bin/ld -version_details
Build description signature: a1f5c5ea1e4dadf4c11bb9ace480936c
Build description path: /Users/admin/builder/spi-builder-workspace/.derivedData/Build/Intermediates.noindex/XCBuildData/a1f5c5ea1e4dadf4c11bb9ace480936c.xcbuilddata
/Users/admin/builder/spi-builder-workspace/FootlessParser.xcodeproj: error: The macOS deployment target 'MACOSX_DEPLOYMENT_TARGET' is set to 10.10, but the range of supported deployment target versions is 12.0 to 27.0.x. (in target 'FootlessParser' from project 'FootlessParser')
** BUILD FAILED **
The following build commands failed:
Building project FootlessParser with scheme FootlessParser
(1 failure)
Command line invocation:
/Applications/Xcode-27.0.0-Release.Candidate.app/Contents/Developer/usr/bin/xcodebuild -IDEClonedSourcePackagesDirPathOverride=/Users/admin/builder/spi-builder-workspace/.dependencies -resolvePackageDependencies
resolved source packages:
{
"dependencies" : [
],
"manifest_display_name" : "FootlessParser",
"name" : "FootlessParser",
"path" : "/Users/admin/builder/spi-builder-workspace",
"platforms" : [
],
"products" : [
{
"name" : "FootlessParser",
"targets" : [
"FootlessParser"
],
"type" : {
"library" : [
"automatic"
]
}
}
],
"targets" : [
{
"c99name" : "FootlessParserTests",
"module_type" : "SwiftTarget",
"name" : "FootlessParserTests",
"path" : "Tests/FootlessParserTests",
"sources" : [
"Grammar/CSV.swift",
"Grammar/Examples.swift",
"Parser+Operators_Tests.swift",
"Parser_Tests.swift",
"PerformanceTests.swift",
"StringParser_Tests.swift",
"TestHelpers.swift"
],
"target_dependencies" : [
"FootlessParser"
],
"type" : "test"
},
{
"c99name" : "FootlessParser",
"module_type" : "SwiftTarget",
"name" : "FootlessParser",
"path" : "Sources/FootlessParser",
"product_memberships" : [
"FootlessParser"
],
"sources" : [
"Converters.swift",
"Error.swift",
"Parser+Operators.swift",
"Parser.swift",
"Parsers.swift",
"StringParser.swift"
],
"type" : "library"
}
],
"tools_version" : "4.1"
}
{
"project" : {
"configurations" : [
"Debug",
"Release"
],
"name" : "FootlessParser",
"schemes" : [
"FootlessParser"
],
"targets" : [
"FootlessParser",
"FootlessParserTests"
]
}
}
Running build ...
env DEVELOPER_DIR=/Applications/Xcode-27.0.0-Release.Candidate.app xcrun xcodebuild -IDEClonedSourcePackagesDirPathOverride=$PWD/.dependencies -skipMacroValidation -skipPackagePluginValidation -derivedDataPath $PWD/.derivedData build -scheme FootlessParser -destination platform=macOS,arch=arm64
Command line invocation:
/Applications/Xcode-27.0.0-Release.Candidate.app/Contents/Developer/usr/bin/xcodebuild -IDEClonedSourcePackagesDirPathOverride=/Users/admin/builder/spi-builder-workspace/.dependencies -skipMacroValidation -skipPackagePluginValidation -derivedDataPath /Users/admin/builder/spi-builder-workspace/.derivedData build -scheme FootlessParser -destination platform=macOS,arch=arm64
ComputePackagePrebuildTargetDependencyGraph
Prepare packages
CreateBuildRequest
SendProjectDescription
CreateBuildOperation
ComputeTargetDependencyGraph
note: Building targets in dependency order
note: Target dependency graph (1 target)
Target 'FootlessParser' in project 'FootlessParser' (no dependencies)
GatherProvisioningInputs
CreateBuildDescription
/Users/admin/builder/spi-builder-workspace/FootlessParser.xcodeproj: error: The macOS deployment target 'MACOSX_DEPLOYMENT_TARGET' is set to 10.10, but the range of supported deployment target versions is 12.0 to 27.0.x. (in target 'FootlessParser' from project 'FootlessParser')
** BUILD FAILED **
The following build commands failed:
Building project FootlessParser with scheme FootlessParser
(1 failure)
BUILD FAILURE 6.4 macosXcodebuild