Build Information
Failed to build SwiftSnapshotTesting, reference 0.1.7 (b2ecbe), with Swift 6.4 for visionOS using Xcode 27.0 on 18 Sep 2026 08:30:37 UTC.
Build Command
env DEVELOPER_DIR=/Applications/Xcode-27.0.0-Release.Candidate.app xcrun xcodebuild -IDEClonedSourcePackagesDirPathOverride=$PWD/.dependencies -skipMacroValidation -skipPackagePluginValidation -derivedDataPath $PWD/.derivedData build -scheme SwiftSnapshotTesting -destination generic/platform=xrOSBuild Log
========================================
RunAll
========================================
Builder version: 5.1.0
Interrupt handler set up.
========================================
Checkout
========================================
Clone URL: https://github.com/eugenebokhan/swift-snapshot-testing.git
Reference: 0.1.7
Initialized empty Git repository in /Users/admin/builder/spi-builder-workspace/.git/
From https://github.com/eugenebokhan/swift-snapshot-testing
* tag 0.1.7 -> FETCH_HEAD
HEAD is now at b2ecbe0 update deps
Cloned https://github.com/eugenebokhan/swift-snapshot-testing.git
Revision (git rev-parse @):
b2ecbe0e6e25c9582ffba6a7474cd9bf50a6624a
SUCCESS checkout https://github.com/eugenebokhan/swift-snapshot-testing.git at 0.1.7
========================================
Build
========================================
Selected platform: visionOS
Swift version: 6.4
Building package at path: $PWD
https://github.com/eugenebokhan/swift-snapshot-testing.git
Command line invocation:
/Applications/Xcode-27.0.0-Release.Candidate.app/Contents/Developer/usr/bin/xcodebuild -IDEClonedSourcePackagesDirPathOverride=/Users/admin/builder/spi-builder-workspace/.dependencies -resolvePackageDependencies
Resolve Package Graph
Fetching from https://github.com/devicekit/DeviceKit.git
Fetching from https://github.com/s1ddok/Alloy.git
Fetching from https://github.com/eugenebokhan/ResourcesBridge.git
Fetching from https://github.com/eugenebokhan/Bonjour.git
Creating working copy of package ‘DeviceKit’
Checking out 4.9.0 of package ‘DeviceKit’
Creating working copy of package ‘Bonjour’
Checking out 2.1.0 of package ‘Bonjour’
Creating working copy of package ‘Alloy’
Checking out 0.18.2 of package ‘Alloy’
Creating working copy of package ‘ResourcesBridge’
Checking out 0.0.4 of package ‘ResourcesBridge’
Resolve Package Graph
Resolved source packages:
SwiftSnapshotTesting: /Users/admin/builder/spi-builder-workspace
Alloy: https://github.com/s1ddok/Alloy.git @ 0.18.2
DeviceKit: https://github.com/devicekit/DeviceKit.git @ 4.9.0
ResourcesBridge: https://github.com/eugenebokhan/ResourcesBridge.git @ 0.0.4
Bonjour: https://github.com/eugenebokhan/Bonjour.git @ 2.1.0
resolved source packages: SwiftSnapshotTesting, Alloy, DeviceKit, ResourcesBridge, Bonjour
2026-09-18 04:29:44.255 xcodebuild[529:3055] [MT] IDERunDestination: Supported platforms for the buildables in the current scheme is empty.
{
"dependencies" : [
{
"identity" : "alloy",
"requirement" : {
"range" : [
{
"lower_bound" : "0.17.0",
"upper_bound" : "1.0.0"
}
]
},
"type" : "sourceControl",
"url" : "https://github.com/s1ddok/Alloy.git"
},
{
"identity" : "devicekit",
"requirement" : {
"range" : [
{
"lower_bound" : "4.2.1",
"upper_bound" : "5.0.0"
}
]
},
"type" : "sourceControl",
"url" : "https://github.com/devicekit/DeviceKit.git"
},
{
"identity" : "resourcesbridge",
"requirement" : {
"range" : [
{
"lower_bound" : "0.0.4",
"upper_bound" : "1.0.0"
}
]
},
"type" : "sourceControl",
"url" : "https://github.com/eugenebokhan/ResourcesBridge.git"
}
],
"manifest_display_name" : "SwiftSnapshotTesting",
"name" : "SwiftSnapshotTesting",
"path" : "/Users/admin/builder/spi-builder-workspace",
"platforms" : [
{
"name" : "ios",
"version" : "12.0"
},
{
"name" : "macos",
"version" : "10.14"
}
],
"products" : [
{
"name" : "SwiftSnapshotTesting",
"targets" : [
"SwiftSnapshotTesting"
],
"type" : {
"library" : [
"automatic"
]
}
}
],
"targets" : [
{
"c99name" : "SwiftSnapshotTesting",
"module_type" : "SwiftTarget",
"name" : "SwiftSnapshotTesting",
"path" : "Sources/SwiftSnapshotTesting",
"product_dependencies" : [
"Alloy",
"DeviceKit",
"ResourcesBridge"
],
"product_memberships" : [
"SwiftSnapshotTesting"
],
"resources" : [
{
"path" : "/Users/admin/builder/spi-builder-workspace/Sources/SwiftSnapshotTesting/Shaders/Shaders.metal",
"rule" : {
"process" : {
}
}
}
],
"sources" : [
"Encoders/EuclideanDistance.swift",
"Extensions/CoreGraphics/CGPoint+Extensions.swift",
"Extensions/CoreGraphics/CGSize+Extensions.swift",
"Extensions/CoreGraphics/CoreGraphics+Extensions.swift",
"Extensions/Foundation/Data+Compression.swift",
"Extensions/Metal/MTLSize+Extensions.swift",
"Extensions/Swift/String+Extensions.swift",
"Extensions/XCTest/XCUIApplication+Extensions.swift",
"SnapshotTestCase.swift"
],
"type" : "library"
}
],
"tools_version" : "5.3"
}
{
"workspace" : {
"name" : "SwiftSnapshotTesting",
"schemes" : [
"SwiftSnapshotTesting"
]
}
}
2026-09-18 04:30:25.465 xcodebuild[797:4838] [MT] IDERunDestination: Supported platforms for the buildables in the current scheme is empty.
Running build ...
env DEVELOPER_DIR=/Applications/Xcode-27.0.0-Release.Candidate.app xcrun xcodebuild -IDEClonedSourcePackagesDirPathOverride=$PWD/.dependencies -skipMacroValidation -skipPackagePluginValidation -derivedDataPath $PWD/.derivedData build -scheme SwiftSnapshotTesting -destination generic/platform=xrOS
Command line invocation:
/Applications/Xcode-27.0.0-Release.Candidate.app/Contents/Developer/usr/bin/xcodebuild -IDEClonedSourcePackagesDirPathOverride=/Users/admin/builder/spi-builder-workspace/.dependencies -skipMacroValidation -skipPackagePluginValidation -derivedDataPath /Users/admin/builder/spi-builder-workspace/.derivedData build -scheme SwiftSnapshotTesting -destination generic/platform=xrOS
Resolve Package Graph
Resolve Package Graph
Resolved source packages:
DeviceKit: https://github.com/devicekit/DeviceKit.git @ 4.9.0
ResourcesBridge: https://github.com/eugenebokhan/ResourcesBridge.git @ 0.0.4
SwiftSnapshotTesting: /Users/admin/builder/spi-builder-workspace
Alloy: https://github.com/s1ddok/Alloy.git @ 0.18.2
Bonjour: https://github.com/eugenebokhan/Bonjour.git @ 2.1.0
ComputePackagePrebuildTargetDependencyGraph
Prepare packages
CreateBuildRequest
SendProjectDescription
CreateBuildOperation
ComputeTargetDependencyGraph
note: Building targets in dependency order
note: Target dependency graph (13 targets)
Target 'SwiftSnapshotTesting-product' in project 'SwiftSnapshotTesting'
➜ Explicit dependency on target 'SwiftSnapshotTesting' in project 'SwiftSnapshotTesting'
➜ Explicit dependency on target 'SwiftSnapshotTesting_SwiftSnapshotTesting' in project 'SwiftSnapshotTesting'
➜ Explicit dependency on target 'Alloy-product' in project 'Alloy'
➜ Explicit dependency on target 'DeviceKit-product' in project 'DeviceKit'
➜ Explicit dependency on target 'ResourcesBridge-product' in project 'ResourcesBridge'
Target 'SwiftSnapshotTesting' in project 'SwiftSnapshotTesting'
➜ Explicit dependency on target 'SwiftSnapshotTesting_SwiftSnapshotTesting' in project 'SwiftSnapshotTesting'
➜ Explicit dependency on target 'Alloy-product' in project 'Alloy'
➜ Explicit dependency on target 'DeviceKit-product' in project 'DeviceKit'
➜ Explicit dependency on target 'ResourcesBridge-product' in project 'ResourcesBridge'
Target 'ResourcesBridge-product' in project 'ResourcesBridge'
➜ Explicit dependency on target 'ResourcesBridge' in project 'ResourcesBridge'
➜ Explicit dependency on target 'Bonjour-product' in project 'Bonjour'
Target 'ResourcesBridge' in project 'ResourcesBridge'
➜ Explicit dependency on target 'Bonjour-product' in project 'Bonjour'
Target 'Bonjour-product' in project 'Bonjour'
➜ Explicit dependency on target 'Bonjour' in project 'Bonjour'
Target 'Bonjour' in project 'Bonjour' (no dependencies)
Target 'DeviceKit-product' in project 'DeviceKit'
➜ Explicit dependency on target 'DeviceKit' in project 'DeviceKit'
Target 'DeviceKit' in project 'DeviceKit' (no dependencies)
Target 'Alloy-product' in project 'Alloy'
➜ Explicit dependency on target 'Alloy' in project 'Alloy'
➜ Explicit dependency on target 'AlloyShadersSharedTypes' in project 'Alloy'
➜ Explicit dependency on target 'Alloy_Alloy' in project 'Alloy'
Target 'Alloy' in project 'Alloy'
➜ Explicit dependency on target 'Alloy_Alloy' in project 'Alloy'
➜ Explicit dependency on target 'AlloyShadersSharedTypes' in project 'Alloy'
Target 'AlloyShadersSharedTypes' in project 'Alloy' (no dependencies)
Target 'Alloy_Alloy' in project 'Alloy' (no dependencies)
Target 'SwiftSnapshotTesting_SwiftSnapshotTesting' in project 'SwiftSnapshotTesting' (no dependencies)
GatherProvisioningInputs
CreateBuildDescription
ExecuteExternalTool /Applications/Xcode-27.0.0-Release.Candidate.app/Contents/Developer/Toolchains/XcodeDefault.xctoolchain/usr/bin/clang -v -E -dM -arch arm64 -isysroot /Applications/Xcode-27.0.0-Release.Candidate.app/Contents/Developer/Platforms/XROS.platform/Developer/SDKs/XROS27.0.sdk -x c -c /dev/null
ExecuteExternalTool /Applications/Xcode-27.0.0-Release.Candidate.app/Contents/Developer/Toolchains/XcodeDefault.xctoolchain/usr/bin/swiftc --version
ExecuteExternalTool /Applications/Xcode-27.0.0-Release.Candidate.app/Contents/Developer/Toolchains/XcodeDefault.xctoolchain/usr/bin/clang -v -E -dM -isysroot /Applications/Xcode-27.0.0-Release.Candidate.app/Contents/Developer/Platforms/XROS.platform/Developer/SDKs/XROS27.0.sdk -x c -c /dev/null
ExecuteExternalTool /Applications/Xcode-27.0.0-Release.Candidate.app/Contents/Developer/Toolchains/XcodeDefault.xctoolchain/usr/bin/ld -version_details
Build description signature: 6a2507a0b4eb1d73dfc5607e86bd2aec
Build description path: /Users/admin/builder/spi-builder-workspace/.derivedData/Build/Intermediates.noindex/XCBuildData/6a2507a0b4eb1d73dfc5607e86bd2aec.xcbuilddata
CreateBuildDirectory /Users/admin/builder/spi-builder-workspace/.derivedData/ModuleCache.noindex
cd /Users/admin/builder/spi-builder-workspace/.swiftpm/xcode
builtin-create-build-directory /Users/admin/builder/spi-builder-workspace/.derivedData/ModuleCache.noindex
CreateBuildDirectory /Users/admin/builder/spi-builder-workspace/.derivedData/SDKExplicitPrecompiledModules
cd /Users/admin/builder/spi-builder-workspace/.swiftpm/xcode
builtin-create-build-directory /Users/admin/builder/spi-builder-workspace/.derivedData/SDKExplicitPrecompiledModules
CreateBuildDirectory /Users/admin/builder/spi-builder-workspace/.derivedData/CompilationCache.noindex
cd /Users/admin/builder/spi-builder-workspace/.swiftpm/xcode
builtin-create-build-directory /Users/admin/builder/spi-builder-workspace/.derivedData/CompilationCache.noindex
ClangStatCache /Applications/Xcode-27.0.0-Release.Candidate.app/Contents/Developer/Toolchains/XcodeDefault.xctoolchain/usr/bin/clang-stat-cache /Applications/Xcode-27.0.0-Release.Candidate.app/Contents/Developer/Platforms/XROS.platform/Developer/SDKs/XROS27.0.sdk /Users/admin/builder/spi-builder-workspace/.derivedData/SDKStatCaches.noindex/xros27.0-24M361-e829b21a6f8c9b70876ba0858053c044735bd543db762f57723cac368afd1ce4.sdkstatcache
cd /Users/admin/builder/spi-builder-workspace/.swiftpm/xcode
/Applications/Xcode-27.0.0-Release.Candidate.app/Contents/Developer/Toolchains/XcodeDefault.xctoolchain/usr/bin/clang-stat-cache /Applications/Xcode-27.0.0-Release.Candidate.app/Contents/Developer/Platforms/XROS.platform/Developer/SDKs/XROS27.0.sdk -o /Users/admin/builder/spi-builder-workspace/.derivedData/SDKStatCaches.noindex/xros27.0-24M361-e829b21a6f8c9b70876ba0858053c044735bd543db762f57723cac368afd1ce4.sdkstatcache
CreateBuildDirectory /Users/admin/builder/spi-builder-workspace/.derivedData/Build/Products
cd /Users/admin/builder/spi-builder-workspace/.swiftpm/xcode
builtin-create-build-directory /Users/admin/builder/spi-builder-workspace/.derivedData/Build/Products
CreateBuildDirectory /Users/admin/builder/spi-builder-workspace/.derivedData/Build/Intermediates.noindex
cd /Users/admin/builder/spi-builder-workspace/.swiftpm/xcode
builtin-create-build-directory /Users/admin/builder/spi-builder-workspace/.derivedData/Build/Intermediates.noindex
CreateBuildDirectory /Users/admin/builder/spi-builder-workspace/.derivedData/Build/Intermediates.noindex/PrecompiledHeaders
cd /Users/admin/builder/spi-builder-workspace/.swiftpm/xcode
builtin-create-build-directory /Users/admin/builder/spi-builder-workspace/.derivedData/Build/Intermediates.noindex/PrecompiledHeaders
CreateBuildDirectory /Users/admin/builder/spi-builder-workspace/.derivedData/Build/Intermediates.noindex/SwiftExplicitPrecompiledModules
cd /Users/admin/builder/spi-builder-workspace/.swiftpm/xcode
builtin-create-build-directory /Users/admin/builder/spi-builder-workspace/.derivedData/Build/Intermediates.noindex/SwiftExplicitPrecompiledModules
CreateBuildDirectory /Users/admin/builder/spi-builder-workspace/.derivedData/Build/Intermediates.noindex/ExplicitPrecompiledModules
cd /Users/admin/builder/spi-builder-workspace/.swiftpm/xcode
builtin-create-build-directory /Users/admin/builder/spi-builder-workspace/.derivedData/Build/Intermediates.noindex/ExplicitPrecompiledModules
CreateBuildDirectory /Users/admin/builder/spi-builder-workspace/.derivedData/Build/Products/Debug-xros
cd /Users/admin/builder/spi-builder-workspace/.swiftpm/xcode
builtin-create-build-directory /Users/admin/builder/spi-builder-workspace/.derivedData/Build/Products/Debug-xros
CreateBuildDirectory /Users/admin/builder/spi-builder-workspace/.derivedData/Build/Intermediates.noindex/EagerLinkingTBDs/Debug-xros
cd /Users/admin/builder/spi-builder-workspace/.swiftpm/xcode
builtin-create-build-directory /Users/admin/builder/spi-builder-workspace/.derivedData/Build/Intermediates.noindex/EagerLinkingTBDs/Debug-xros
WriteAuxiliaryFile /Users/admin/builder/spi-builder-workspace/.derivedData/Build/Intermediates.noindex/SwiftSnapshotTesting.build/Debug-xros/SwiftSnapshotTesting-t.build/SwiftSnapshotTesting.DependencyStaticMetadataFileList (in target 'SwiftSnapshotTesting' from project 'SwiftSnapshotTesting')
cd /Users/admin/builder/spi-builder-workspace
write-file /Users/admin/builder/spi-builder-workspace/.derivedData/Build/Intermediates.noindex/SwiftSnapshotTesting.build/Debug-xros/SwiftSnapshotTesting-t.build/SwiftSnapshotTesting.DependencyStaticMetadataFileList
WriteAuxiliaryFile /Users/admin/builder/spi-builder-workspace/.derivedData/Build/Intermediates.noindex/SwiftSnapshotTesting.build/Debug-xros/SwiftSnapshotTesting-t.build/SwiftSnapshotTesting.DependencyMetadataFileList (in target 'SwiftSnapshotTesting' from project 'SwiftSnapshotTesting')
cd /Users/admin/builder/spi-builder-workspace
write-file /Users/admin/builder/spi-builder-workspace/.derivedData/Build/Intermediates.noindex/SwiftSnapshotTesting.build/Debug-xros/SwiftSnapshotTesting-t.build/SwiftSnapshotTesting.DependencyMetadataFileList
WriteAuxiliaryFile /Users/admin/builder/spi-builder-workspace/.derivedData/Build/Intermediates.noindex/SwiftSnapshotTesting.build/Debug-xros/SwiftSnapshotTesting_SwiftSnapshotTesting-b.build/empty-SwiftSnapshotTesting_SwiftSnapshotTesting.plist (in target 'SwiftSnapshotTesting_SwiftSnapshotTesting' from project 'SwiftSnapshotTesting')
cd /Users/admin/builder/spi-builder-workspace
write-file /Users/admin/builder/spi-builder-workspace/.derivedData/Build/Intermediates.noindex/SwiftSnapshotTesting.build/Debug-xros/SwiftSnapshotTesting_SwiftSnapshotTesting-b.build/empty-SwiftSnapshotTesting_SwiftSnapshotTesting.plist
WriteAuxiliaryFile /Users/admin/builder/spi-builder-workspace/.derivedData/Build/Intermediates.noindex/SwiftSnapshotTesting.build/Debug-xros/SwiftSnapshotTesting_SwiftSnapshotTesting-b.build/SwiftSnapshotTesting_SwiftSnapshotTesting.DependencyMetadataFileList (in target 'SwiftSnapshotTesting_SwiftSnapshotTesting' from project 'SwiftSnapshotTesting')
cd /Users/admin/builder/spi-builder-workspace
write-file /Users/admin/builder/spi-builder-workspace/.derivedData/Build/Intermediates.noindex/SwiftSnapshotTesting.build/Debug-xros/SwiftSnapshotTesting_SwiftSnapshotTesting-b.build/SwiftSnapshotTesting_SwiftSnapshotTesting.DependencyMetadataFileList
WriteAuxiliaryFile /Users/admin/builder/spi-builder-workspace/.derivedData/Build/Intermediates.noindex/SwiftSnapshotTesting.build/Debug-xros/SwiftSnapshotTesting-t.build/SwiftSnapshotTesting.modulemap (in target 'SwiftSnapshotTesting' from project 'SwiftSnapshotTesting')
cd /Users/admin/builder/spi-builder-workspace
write-file /Users/admin/builder/spi-builder-workspace/.derivedData/Build/Intermediates.noindex/SwiftSnapshotTesting.build/Debug-xros/SwiftSnapshotTesting-t.build/SwiftSnapshotTesting.modulemap
WriteAuxiliaryFile /Users/admin/builder/spi-builder-workspace/.derivedData/Build/Intermediates.noindex/SwiftSnapshotTesting.build/Debug-xros/SwiftSnapshotTesting_SwiftSnapshotTesting-b.build/SwiftSnapshotTesting_SwiftSnapshotTesting.DependencyStaticMetadataFileList (in target 'SwiftSnapshotTesting_SwiftSnapshotTesting' from project 'SwiftSnapshotTesting')
cd /Users/admin/builder/spi-builder-workspace
write-file /Users/admin/builder/spi-builder-workspace/.derivedData/Build/Intermediates.noindex/SwiftSnapshotTesting.build/Debug-xros/SwiftSnapshotTesting_SwiftSnapshotTesting-b.build/SwiftSnapshotTesting_SwiftSnapshotTesting.DependencyStaticMetadataFileList
WriteAuxiliaryFile /Users/admin/builder/spi-builder-workspace/.derivedData/Build/Intermediates.noindex/SwiftSnapshotTesting.build/Debug-xros/SwiftSnapshotTesting-t.build/Objects-normal/arm64/SwiftSnapshotTesting_const_extract_protocols.json (in target 'SwiftSnapshotTesting' from project 'SwiftSnapshotTesting')
cd /Users/admin/builder/spi-builder-workspace
write-file /Users/admin/builder/spi-builder-workspace/.derivedData/Build/Intermediates.noindex/SwiftSnapshotTesting.build/Debug-xros/SwiftSnapshotTesting-t.build/Objects-normal/arm64/SwiftSnapshotTesting_const_extract_protocols.json
WriteAuxiliaryFile /Users/admin/builder/spi-builder-workspace/.derivedData/Build/Intermediates.noindex/SwiftSnapshotTesting.build/Debug-xros/SwiftSnapshotTesting-t.build/Objects-normal/arm64/SwiftSnapshotTesting.SwiftFileList (in target 'SwiftSnapshotTesting' from project 'SwiftSnapshotTesting')
cd /Users/admin/builder/spi-builder-workspace
write-file /Users/admin/builder/spi-builder-workspace/.derivedData/Build/Intermediates.noindex/SwiftSnapshotTesting.build/Debug-xros/SwiftSnapshotTesting-t.build/Objects-normal/arm64/SwiftSnapshotTesting.SwiftFileList
WriteAuxiliaryFile /Users/admin/builder/spi-builder-workspace/.derivedData/Build/Intermediates.noindex/SwiftSnapshotTesting.build/Debug-xros/SwiftSnapshotTesting-t.build/Objects-normal/arm64/SwiftSnapshotTesting.SwiftConstValuesFileList (in target 'SwiftSnapshotTesting' from project 'SwiftSnapshotTesting')
cd /Users/admin/builder/spi-builder-workspace
write-file /Users/admin/builder/spi-builder-workspace/.derivedData/Build/Intermediates.noindex/SwiftSnapshotTesting.build/Debug-xros/SwiftSnapshotTesting-t.build/Objects-normal/arm64/SwiftSnapshotTesting.SwiftConstValuesFileList
WriteAuxiliaryFile /Users/admin/builder/spi-builder-workspace/.derivedData/Build/Intermediates.noindex/SwiftSnapshotTesting.build/Debug-xros/SwiftSnapshotTesting-t.build/Objects-normal/arm64/SwiftSnapshotTesting-OutputFileMap.json (in target 'SwiftSnapshotTesting' from project 'SwiftSnapshotTesting')
cd /Users/admin/builder/spi-builder-workspace
write-file /Users/admin/builder/spi-builder-workspace/.derivedData/Build/Intermediates.noindex/SwiftSnapshotTesting.build/Debug-xros/SwiftSnapshotTesting-t.build/Objects-normal/arm64/SwiftSnapshotTesting-OutputFileMap.json
WriteAuxiliaryFile /Users/admin/builder/spi-builder-workspace/.derivedData/Build/Intermediates.noindex/SwiftSnapshotTesting.build/Debug-xros/SwiftSnapshotTesting-t.build/Objects-normal/arm64/SwiftSnapshotTesting.LinkFileList (in target 'SwiftSnapshotTesting' from project 'SwiftSnapshotTesting')
cd /Users/admin/builder/spi-builder-workspace
write-file /Users/admin/builder/spi-builder-workspace/.derivedData/Build/Intermediates.noindex/SwiftSnapshotTesting.build/Debug-xros/SwiftSnapshotTesting-t.build/Objects-normal/arm64/SwiftSnapshotTesting.LinkFileList
WriteAuxiliaryFile /Users/admin/builder/spi-builder-workspace/.derivedData/Build/Intermediates.noindex/SwiftSnapshotTesting.build/Debug-xros/SwiftSnapshotTesting-t.build/DerivedSources/resource_bundle_accessor.swift (in target 'SwiftSnapshotTesting' from project 'SwiftSnapshotTesting')
cd /Users/admin/builder/spi-builder-workspace
write-file /Users/admin/builder/spi-builder-workspace/.derivedData/Build/Intermediates.noindex/SwiftSnapshotTesting.build/Debug-xros/SwiftSnapshotTesting-t.build/DerivedSources/resource_bundle_accessor.swift
WriteAuxiliaryFile /Users/admin/builder/spi-builder-workspace/.derivedData/Build/Intermediates.noindex/ResourcesBridge.build/Debug-xros/ResourcesBridge-t.build/ResourcesBridge.DependencyStaticMetadataFileList (in target 'ResourcesBridge' from project 'ResourcesBridge')
cd /Users/admin/builder/spi-builder-workspace/.dependencies/checkouts/ResourcesBridge
write-file /Users/admin/builder/spi-builder-workspace/.derivedData/Build/Intermediates.noindex/ResourcesBridge.build/Debug-xros/ResourcesBridge-t.build/ResourcesBridge.DependencyStaticMetadataFileList
WriteAuxiliaryFile /Users/admin/builder/spi-builder-workspace/.derivedData/Build/Intermediates.noindex/ResourcesBridge.build/Debug-xros/ResourcesBridge-t.build/ResourcesBridge.modulemap (in target 'ResourcesBridge' from project 'ResourcesBridge')
cd /Users/admin/builder/spi-builder-workspace/.dependencies/checkouts/ResourcesBridge
write-file /Users/admin/builder/spi-builder-workspace/.derivedData/Build/Intermediates.noindex/ResourcesBridge.build/Debug-xros/ResourcesBridge-t.build/ResourcesBridge.modulemap
WriteAuxiliaryFile /Users/admin/builder/spi-builder-workspace/.derivedData/Build/Intermediates.noindex/ResourcesBridge.build/Debug-xros/ResourcesBridge-t.build/ResourcesBridge.DependencyMetadataFileList (in target 'ResourcesBridge' from project 'ResourcesBridge')
cd /Users/admin/builder/spi-builder-workspace/.dependencies/checkouts/ResourcesBridge
write-file /Users/admin/builder/spi-builder-workspace/.derivedData/Build/Intermediates.noindex/ResourcesBridge.build/Debug-xros/ResourcesBridge-t.build/ResourcesBridge.DependencyMetadataFileList
Copy /Users/admin/builder/spi-builder-workspace/.derivedData/Build/Intermediates.noindex/GeneratedModuleMaps-xros/SwiftSnapshotTesting.modulemap /Users/admin/builder/spi-builder-workspace/.derivedData/Build/Intermediates.noindex/SwiftSnapshotTesting.build/Debug-xros/SwiftSnapshotTesting-t.build/SwiftSnapshotTesting.modulemap (in target 'SwiftSnapshotTesting' from project 'SwiftSnapshotTesting')
cd /Users/admin/builder/spi-builder-workspace
builtin-copy -exclude .DS_Store -exclude CVS -exclude .svn -exclude .git -exclude .hg -resolve-src-symlinks /Users/admin/builder/spi-builder-workspace/.derivedData/Build/Intermediates.noindex/SwiftSnapshotTesting.build/Debug-xros/SwiftSnapshotTesting-t.build/SwiftSnapshotTesting.modulemap /Users/admin/builder/spi-builder-workspace/.derivedData/Build/Intermediates.noindex/GeneratedModuleMaps-xros
WriteAuxiliaryFile /Users/admin/builder/spi-builder-workspace/.derivedData/Build/Intermediates.noindex/ResourcesBridge.build/Debug-xros/ResourcesBridge-t.build/Objects-normal/arm64/ResourcesBridge_const_extract_protocols.json (in target 'ResourcesBridge' from project 'ResourcesBridge')
cd /Users/admin/builder/spi-builder-workspace/.dependencies/checkouts/ResourcesBridge
write-file /Users/admin/builder/spi-builder-workspace/.derivedData/Build/Intermediates.noindex/ResourcesBridge.build/Debug-xros/ResourcesBridge-t.build/Objects-normal/arm64/ResourcesBridge_const_extract_protocols.json
WriteAuxiliaryFile /Users/admin/builder/spi-builder-workspace/.derivedData/Build/Intermediates.noindex/ResourcesBridge.build/Debug-xros/ResourcesBridge-t.build/Objects-normal/arm64/ResourcesBridge.SwiftFileList (in target 'ResourcesBridge' from project 'ResourcesBridge')
cd /Users/admin/builder/spi-builder-workspace/.dependencies/checkouts/ResourcesBridge
write-file /Users/admin/builder/spi-builder-workspace/.derivedData/Build/Intermediates.noindex/ResourcesBridge.build/Debug-xros/ResourcesBridge-t.build/Objects-normal/arm64/ResourcesBridge.SwiftFileList
WriteAuxiliaryFile /Users/admin/builder/spi-builder-workspace/.derivedData/Build/Intermediates.noindex/ResourcesBridge.build/Debug-xros/ResourcesBridge-t.build/Objects-normal/arm64/ResourcesBridge.LinkFileList (in target 'ResourcesBridge' from project 'ResourcesBridge')
cd /Users/admin/builder/spi-builder-workspace/.dependencies/checkouts/ResourcesBridge
write-file /Users/admin/builder/spi-builder-workspace/.derivedData/Build/Intermediates.noindex/ResourcesBridge.build/Debug-xros/ResourcesBridge-t.build/Objects-normal/arm64/ResourcesBridge.LinkFileList
WriteAuxiliaryFile /Users/admin/builder/spi-builder-workspace/.derivedData/Build/Intermediates.noindex/ResourcesBridge.build/Debug-xros/ResourcesBridge-t.build/Objects-normal/arm64/ResourcesBridge.SwiftConstValuesFileList (in target 'ResourcesBridge' from project 'ResourcesBridge')
cd /Users/admin/builder/spi-builder-workspace/.dependencies/checkouts/ResourcesBridge
write-file /Users/admin/builder/spi-builder-workspace/.derivedData/Build/Intermediates.noindex/ResourcesBridge.build/Debug-xros/ResourcesBridge-t.build/Objects-normal/arm64/ResourcesBridge.SwiftConstValuesFileList
WriteAuxiliaryFile /Users/admin/builder/spi-builder-workspace/.derivedData/Build/Intermediates.noindex/ResourcesBridge.build/Debug-xros/ResourcesBridge-t.build/Objects-normal/arm64/ResourcesBridge-OutputFileMap.json (in target 'ResourcesBridge' from project 'ResourcesBridge')
cd /Users/admin/builder/spi-builder-workspace/.dependencies/checkouts/ResourcesBridge
write-file /Users/admin/builder/spi-builder-workspace/.derivedData/Build/Intermediates.noindex/ResourcesBridge.build/Debug-xros/ResourcesBridge-t.build/Objects-normal/arm64/ResourcesBridge-OutputFileMap.json
Copy /Users/admin/builder/spi-builder-workspace/.derivedData/Build/Intermediates.noindex/GeneratedModuleMaps-xros/ResourcesBridge.modulemap /Users/admin/builder/spi-builder-workspace/.derivedData/Build/Intermediates.noindex/ResourcesBridge.build/Debug-xros/ResourcesBridge-t.build/ResourcesBridge.modulemap (in target 'ResourcesBridge' from project 'ResourcesBridge')
cd /Users/admin/builder/spi-builder-workspace/.dependencies/checkouts/ResourcesBridge
builtin-copy -exclude .DS_Store -exclude CVS -exclude .svn -exclude .git -exclude .hg -resolve-src-symlinks /Users/admin/builder/spi-builder-workspace/.derivedData/Build/Intermediates.noindex/ResourcesBridge.build/Debug-xros/ResourcesBridge-t.build/ResourcesBridge.modulemap /Users/admin/builder/spi-builder-workspace/.derivedData/Build/Intermediates.noindex/GeneratedModuleMaps-xros
WriteAuxiliaryFile /Users/admin/builder/spi-builder-workspace/.derivedData/Build/Intermediates.noindex/DeviceKit.build/Debug-xros/DeviceKit-t.build/Objects-normal/arm64/DeviceKit.SwiftFileList (in target 'DeviceKit' from project 'DeviceKit')
cd /Users/admin/builder/spi-builder-workspace/.dependencies/checkouts/DeviceKit
write-file /Users/admin/builder/spi-builder-workspace/.derivedData/Build/Intermediates.noindex/DeviceKit.build/Debug-xros/DeviceKit-t.build/Objects-normal/arm64/DeviceKit.SwiftFileList
WriteAuxiliaryFile /Users/admin/builder/spi-builder-workspace/.derivedData/Build/Intermediates.noindex/DeviceKit.build/Debug-xros/DeviceKit-t.build/Objects-normal/arm64/DeviceKit_const_extract_protocols.json (in target 'DeviceKit' from project 'DeviceKit')
cd /Users/admin/builder/spi-builder-workspace/.dependencies/checkouts/DeviceKit
write-file /Users/admin/builder/spi-builder-workspace/.derivedData/Build/Intermediates.noindex/DeviceKit.build/Debug-xros/DeviceKit-t.build/Objects-normal/arm64/DeviceKit_const_extract_protocols.json
WriteAuxiliaryFile /Users/admin/builder/spi-builder-workspace/.derivedData/Build/Intermediates.noindex/DeviceKit.build/Debug-xros/DeviceKit-t.build/Objects-normal/arm64/DeviceKit.SwiftConstValuesFileList (in target 'DeviceKit' from project 'DeviceKit')
cd /Users/admin/builder/spi-builder-workspace/.dependencies/checkouts/DeviceKit
write-file /Users/admin/builder/spi-builder-workspace/.derivedData/Build/Intermediates.noindex/DeviceKit.build/Debug-xros/DeviceKit-t.build/Objects-normal/arm64/DeviceKit.SwiftConstValuesFileList
WriteAuxiliaryFile /Users/admin/builder/spi-builder-workspace/.derivedData/Build/Intermediates.noindex/DeviceKit.build/Debug-xros/DeviceKit-t.build/Objects-normal/arm64/DeviceKit.LinkFileList (in target 'DeviceKit' from project 'DeviceKit')
cd /Users/admin/builder/spi-builder-workspace/.dependencies/checkouts/DeviceKit
write-file /Users/admin/builder/spi-builder-workspace/.derivedData/Build/Intermediates.noindex/DeviceKit.build/Debug-xros/DeviceKit-t.build/Objects-normal/arm64/DeviceKit.LinkFileList
WriteAuxiliaryFile /Users/admin/builder/spi-builder-workspace/.derivedData/Build/Intermediates.noindex/DeviceKit.build/Debug-xros/DeviceKit-t.build/Objects-normal/arm64/DeviceKit-OutputFileMap.json (in target 'DeviceKit' from project 'DeviceKit')
cd /Users/admin/builder/spi-builder-workspace/.dependencies/checkouts/DeviceKit
write-file /Users/admin/builder/spi-builder-workspace/.derivedData/Build/Intermediates.noindex/DeviceKit.build/Debug-xros/DeviceKit-t.build/Objects-normal/arm64/DeviceKit-OutputFileMap.json
WriteAuxiliaryFile /Users/admin/builder/spi-builder-workspace/.derivedData/Build/Intermediates.noindex/DeviceKit.build/Debug-xros/DeviceKit-t.build/DeviceKit.modulemap (in target 'DeviceKit' from project 'DeviceKit')
cd /Users/admin/builder/spi-builder-workspace/.dependencies/checkouts/DeviceKit
write-file /Users/admin/builder/spi-builder-workspace/.derivedData/Build/Intermediates.noindex/DeviceKit.build/Debug-xros/DeviceKit-t.build/DeviceKit.modulemap
WriteAuxiliaryFile /Users/admin/builder/spi-builder-workspace/.derivedData/Build/Intermediates.noindex/DeviceKit.build/Debug-xros/DeviceKit-t.build/DeviceKit.DependencyStaticMetadataFileList (in target 'DeviceKit' from project 'DeviceKit')
cd /Users/admin/builder/spi-builder-workspace/.dependencies/checkouts/DeviceKit
write-file /Users/admin/builder/spi-builder-workspace/.derivedData/Build/Intermediates.noindex/DeviceKit.build/Debug-xros/DeviceKit-t.build/DeviceKit.DependencyStaticMetadataFileList
WriteAuxiliaryFile /Users/admin/builder/spi-builder-workspace/.derivedData/Build/Intermediates.noindex/DeviceKit.build/Debug-xros/DeviceKit-t.build/DeviceKit.DependencyMetadataFileList (in target 'DeviceKit' from project 'DeviceKit')
cd /Users/admin/builder/spi-builder-workspace/.dependencies/checkouts/DeviceKit
write-file /Users/admin/builder/spi-builder-workspace/.derivedData/Build/Intermediates.noindex/DeviceKit.build/Debug-xros/DeviceKit-t.build/DeviceKit.DependencyMetadataFileList
WriteAuxiliaryFile /Users/admin/builder/spi-builder-workspace/.derivedData/Build/Intermediates.noindex/Bonjour.build/Debug-xros/Bonjour-t.build/Objects-normal/arm64/Bonjour.LinkFileList (in target 'Bonjour' from project 'Bonjour')
cd /Users/admin/builder/spi-builder-workspace/.dependencies/checkouts/Bonjour
write-file /Users/admin/builder/spi-builder-workspace/.derivedData/Build/Intermediates.noindex/Bonjour.build/Debug-xros/Bonjour-t.build/Objects-normal/arm64/Bonjour.LinkFileList
WriteAuxiliaryFile /Users/admin/builder/spi-builder-workspace/.derivedData/Build/Intermediates.noindex/Bonjour.build/Debug-xros/Bonjour-t.build/Objects-normal/arm64/Bonjour_const_extract_protocols.json (in target 'Bonjour' from project 'Bonjour')
cd /Users/admin/builder/spi-builder-workspace/.dependencies/checkouts/Bonjour
write-file /Users/admin/builder/spi-builder-workspace/.derivedData/Build/Intermediates.noindex/Bonjour.build/Debug-xros/Bonjour-t.build/Objects-normal/arm64/Bonjour_const_extract_protocols.json
WriteAuxiliaryFile /Users/admin/builder/spi-builder-workspace/.derivedData/Build/Intermediates.noindex/Bonjour.build/Debug-xros/Bonjour-t.build/Objects-normal/arm64/Bonjour.SwiftConstValuesFileList (in target 'Bonjour' from project 'Bonjour')
cd /Users/admin/builder/spi-builder-workspace/.dependencies/checkouts/Bonjour
write-file /Users/admin/builder/spi-builder-workspace/.derivedData/Build/Intermediates.noindex/Bonjour.build/Debug-xros/Bonjour-t.build/Objects-normal/arm64/Bonjour.SwiftConstValuesFileList
WriteAuxiliaryFile /Users/admin/builder/spi-builder-workspace/.derivedData/Build/Intermediates.noindex/Bonjour.build/Debug-xros/Bonjour-t.build/Objects-normal/arm64/Bonjour.SwiftFileList (in target 'Bonjour' from project 'Bonjour')
cd /Users/admin/builder/spi-builder-workspace/.dependencies/checkouts/Bonjour
write-file /Users/admin/builder/spi-builder-workspace/.derivedData/Build/Intermediates.noindex/Bonjour.build/Debug-xros/Bonjour-t.build/Objects-normal/arm64/Bonjour.SwiftFileList
WriteAuxiliaryFile /Users/admin/builder/spi-builder-workspace/.derivedData/Build/Intermediates.noindex/Bonjour.build/Debug-xros/Bonjour-t.build/Objects-normal/arm64/Bonjour-OutputFileMap.json (in target 'Bonjour' from project 'Bonjour')
cd /Users/admin/builder/spi-builder-workspace/.dependencies/checkouts/Bonjour
write-file /Users/admin/builder/spi-builder-workspace/.derivedData/Build/Intermediates.noindex/Bonjour.build/Debug-xros/Bonjour-t.build/Objects-normal/arm64/Bonjour-OutputFileMap.json
WriteAuxiliaryFile /Users/admin/builder/spi-builder-workspace/.derivedData/Build/Intermediates.noindex/Bonjour.build/Debug-xros/Bonjour-t.build/Bonjour.modulemap (in target 'Bonjour' from project 'Bonjour')
cd /Users/admin/builder/spi-builder-workspace/.dependencies/checkouts/Bonjour
write-file /Users/admin/builder/spi-builder-workspace/.derivedData/Build/Intermediates.noindex/Bonjour.build/Debug-xros/Bonjour-t.build/Bonjour.modulemap
WriteAuxiliaryFile /Users/admin/builder/spi-builder-workspace/.derivedData/Build/Intermediates.noindex/Bonjour.build/Debug-xros/Bonjour-t.build/Bonjour.DependencyStaticMetadataFileList (in target 'Bonjour' from project 'Bonjour')
cd /Users/admin/builder/spi-builder-workspace/.dependencies/checkouts/Bonjour
write-file /Users/admin/builder/spi-builder-workspace/.derivedData/Build/Intermediates.noindex/Bonjour.build/Debug-xros/Bonjour-t.build/Bonjour.DependencyStaticMetadataFileList
Copy /Users/admin/builder/spi-builder-workspace/.derivedData/Build/Intermediates.noindex/GeneratedModuleMaps-xros/DeviceKit.modulemap /Users/admin/builder/spi-builder-workspace/.derivedData/Build/Intermediates.noindex/DeviceKit.build/Debug-xros/DeviceKit-t.build/DeviceKit.modulemap (in target 'DeviceKit' from project 'DeviceKit')
cd /Users/admin/builder/spi-builder-workspace/.dependencies/checkouts/DeviceKit
builtin-copy -exclude .DS_Store -exclude CVS -exclude .svn -exclude .git -exclude .hg -resolve-src-symlinks /Users/admin/builder/spi-builder-workspace/.derivedData/Build/Intermediates.noindex/DeviceKit.build/Debug-xros/DeviceKit-t.build/DeviceKit.modulemap /Users/admin/builder/spi-builder-workspace/.derivedData/Build/Intermediates.noindex/GeneratedModuleMaps-xros
WriteAuxiliaryFile /Users/admin/builder/spi-builder-workspace/.derivedData/Build/Intermediates.noindex/Bonjour.build/Debug-xros/Bonjour-t.build/Bonjour.DependencyMetadataFileList (in target 'Bonjour' from project 'Bonjour')
cd /Users/admin/builder/spi-builder-workspace/.dependencies/checkouts/Bonjour
write-file /Users/admin/builder/spi-builder-workspace/.derivedData/Build/Intermediates.noindex/Bonjour.build/Debug-xros/Bonjour-t.build/Bonjour.DependencyMetadataFileList
MkDir /Users/admin/builder/spi-builder-workspace/.derivedData/Build/Products/Debug-xros/SwiftSnapshotTesting_SwiftSnapshotTesting.bundle (in target 'SwiftSnapshotTesting_SwiftSnapshotTesting' from project 'SwiftSnapshotTesting')
cd /Users/admin/builder/spi-builder-workspace
/bin/mkdir -p /Users/admin/builder/spi-builder-workspace/.derivedData/Build/Products/Debug-xros/SwiftSnapshotTesting_SwiftSnapshotTesting.bundle
WriteAuxiliaryFile /Users/admin/builder/spi-builder-workspace/.derivedData/Build/Intermediates.noindex/Alloy.build/Debug-xros/Alloy_Alloy-b.build/Alloy_Alloy.DependencyMetadataFileList (in target 'Alloy_Alloy' from project 'Alloy')
cd /Users/admin/builder/spi-builder-workspace/.dependencies/checkouts/Alloy
write-file /Users/admin/builder/spi-builder-workspace/.derivedData/Build/Intermediates.noindex/Alloy.build/Debug-xros/Alloy_Alloy-b.build/Alloy_Alloy.DependencyMetadataFileList
WriteAuxiliaryFile /Users/admin/builder/spi-builder-workspace/.derivedData/Build/Intermediates.noindex/Alloy.build/Debug-xros/Alloy_Alloy-b.build/Alloy_Alloy.DependencyStaticMetadataFileList (in target 'Alloy_Alloy' from project 'Alloy')
cd /Users/admin/builder/spi-builder-workspace/.dependencies/checkouts/Alloy
write-file /Users/admin/builder/spi-builder-workspace/.derivedData/Build/Intermediates.noindex/Alloy.build/Debug-xros/Alloy_Alloy-b.build/Alloy_Alloy.DependencyStaticMetadataFileList
WriteAuxiliaryFile /Users/admin/builder/spi-builder-workspace/.derivedData/Build/Intermediates.noindex/Alloy.build/Debug-xros/Alloy_Alloy-b.build/empty-Alloy_Alloy.plist (in target 'Alloy_Alloy' from project 'Alloy')
cd /Users/admin/builder/spi-builder-workspace/.dependencies/checkouts/Alloy
write-file /Users/admin/builder/spi-builder-workspace/.derivedData/Build/Intermediates.noindex/Alloy.build/Debug-xros/Alloy_Alloy-b.build/empty-Alloy_Alloy.plist
Copy /Users/admin/builder/spi-builder-workspace/.derivedData/Build/Intermediates.noindex/GeneratedModuleMaps-xros/Bonjour.modulemap /Users/admin/builder/spi-builder-workspace/.derivedData/Build/Intermediates.noindex/Bonjour.build/Debug-xros/Bonjour-t.build/Bonjour.modulemap (in target 'Bonjour' from project 'Bonjour')
cd /Users/admin/builder/spi-builder-workspace/.dependencies/checkouts/Bonjour
builtin-copy -exclude .DS_Store -exclude CVS -exclude .svn -exclude .git -exclude .hg -resolve-src-symlinks /Users/admin/builder/spi-builder-workspace/.derivedData/Build/Intermediates.noindex/Bonjour.build/Debug-xros/Bonjour-t.build/Bonjour.modulemap /Users/admin/builder/spi-builder-workspace/.derivedData/Build/Intermediates.noindex/GeneratedModuleMaps-xros
MkDir /Users/admin/builder/spi-builder-workspace/.derivedData/Build/Products/Debug-xros/Alloy_Alloy.bundle (in target 'Alloy_Alloy' from project 'Alloy')
cd /Users/admin/builder/spi-builder-workspace/.dependencies/checkouts/Alloy
/bin/mkdir -p /Users/admin/builder/spi-builder-workspace/.derivedData/Build/Products/Debug-xros/Alloy_Alloy.bundle
WriteAuxiliaryFile /Users/admin/builder/spi-builder-workspace/.derivedData/Build/Intermediates.noindex/Alloy.build/Debug-xros/AlloyShadersSharedTypes-t.build/AlloyShadersSharedTypes.modulemap (in target 'AlloyShadersSharedTypes' from project 'Alloy')
cd /Users/admin/builder/spi-builder-workspace/.dependencies/checkouts/Alloy
write-file /Users/admin/builder/spi-builder-workspace/.derivedData/Build/Intermediates.noindex/Alloy.build/Debug-xros/AlloyShadersSharedTypes-t.build/AlloyShadersSharedTypes.modulemap
WriteAuxiliaryFile /Users/admin/builder/spi-builder-workspace/.derivedData/Build/Intermediates.noindex/Alloy.build/Debug-xros/AlloyShadersSharedTypes-t.build/AlloyShadersSharedTypes.DependencyStaticMetadataFileList (in target 'AlloyShadersSharedTypes' from project 'Alloy')
cd /Users/admin/builder/spi-builder-workspace/.dependencies/checkouts/Alloy
write-file /Users/admin/builder/spi-builder-workspace/.derivedData/Build/Intermediates.noindex/Alloy.build/Debug-xros/AlloyShadersSharedTypes-t.build/AlloyShadersSharedTypes.DependencyStaticMetadataFileList
WriteAuxiliaryFile /Users/admin/builder/spi-builder-workspace/.derivedData/Build/Intermediates.noindex/Alloy.build/Debug-xros/AlloyShadersSharedTypes-t.build/AlloyShadersSharedTypes.DependencyMetadataFileList (in target 'AlloyShadersSharedTypes' from project 'Alloy')
cd /Users/admin/builder/spi-builder-workspace/.dependencies/checkouts/Alloy
write-file /Users/admin/builder/spi-builder-workspace/.derivedData/Build/Intermediates.noindex/Alloy.build/Debug-xros/AlloyShadersSharedTypes-t.build/AlloyShadersSharedTypes.DependencyMetadataFileList
WriteAuxiliaryFile /Users/admin/builder/spi-builder-workspace/.derivedData/Build/Intermediates.noindex/Alloy.build/Debug-xros/AlloyShadersSharedTypes-t.build/Objects-normal/arm64/7187679823f38a2a940e0043cdf9d637-common-args.resp (in target 'AlloyShadersSharedTypes' from project 'Alloy')
cd /Users/admin/builder/spi-builder-workspace/.dependencies/checkouts/Alloy
write-file /Users/admin/builder/spi-builder-workspace/.derivedData/Build/Intermediates.noindex/Alloy.build/Debug-xros/AlloyShadersSharedTypes-t.build/Objects-normal/arm64/7187679823f38a2a940e0043cdf9d637-common-args.resp
-fmodules -gmodules '-fmodules-cache-path=/Users/admin/builder/spi-builder-workspace/.derivedData/ModuleCache.noindex' '-fmodule-name=AlloyShadersSharedTypes' -fpascal-strings -O0 -DSWIFT_PACKAGE '-DDEBUG=1' -g -I/Users/admin/builder/spi-builder-workspace/.derivedData/Build/Products/Debug-xros/include -I/Users/admin/builder/spi-builder-workspace/.dependencies/checkouts/Alloy/Sources/AlloyShadersSharedTypes -I/Users/admin/builder/spi-builder-workspace/.derivedData/Build/Intermediates.noindex/Alloy.build/Debug-xros/AlloyShadersSharedTypes-t.build/DerivedSources-normal/arm64 -I/Users/admin/builder/spi-builder-workspace/.derivedData/Build/Intermediates.noindex/Alloy.build/Debug-xros/AlloyShadersSharedTypes-t.build/DerivedSources/arm64 -I/Users/admin/builder/spi-builder-workspace/.derivedData/Build/Intermediates.noindex/Alloy.build/Debug-xros/AlloyShadersSharedTypes-t.build/DerivedSources -F/Users/admin/builder/spi-builder-workspace/.derivedData/Build/Products/Debug-xros -iframework /Applications/Xcode-27.0.0-Release.Candidate.app/Contents/Developer/Platforms/XROS.platform/Developer/Library/Frameworks -iframework /Applications/Xcode-27.0.0-Release.Candidate.app/Contents/Developer/Platforms/XROS.platform/Developer/SDKs/XROS27.0.sdk/Developer/Library/Frameworks -DXcode
WriteAuxiliaryFile /Users/admin/builder/spi-builder-workspace/.derivedData/Build/Intermediates.noindex/Alloy.build/Debug-xros/AlloyShadersSharedTypes-t.build/Objects-normal/arm64/AlloyShadersSharedTypes.LinkFileList (in target 'AlloyShadersSharedTypes' from project 'Alloy')
cd /Users/admin/builder/spi-builder-workspace/.dependencies/checkouts/Alloy
write-file /Users/admin/builder/spi-builder-workspace/.derivedData/Build/Intermediates.noindex/Alloy.build/Debug-xros/AlloyShadersSharedTypes-t.build/Objects-normal/arm64/AlloyShadersSharedTypes.LinkFileList
WriteAuxiliaryFile /Users/admin/builder/spi-builder-workspace/.derivedData/Build/Intermediates.noindex/Alloy.build/Debug-xros/Alloy-t.build/Objects-normal/arm64/Alloy.SwiftFileList (in target 'Alloy' from project 'Alloy')
cd /Users/admin/builder/spi-builder-workspace/.dependencies/checkouts/Alloy
write-file /Users/admin/builder/spi-builder-workspace/.derivedData/Build/Intermediates.noindex/Alloy.build/Debug-xros/Alloy-t.build/Objects-normal/arm64/Alloy.SwiftFileList
WriteAuxiliaryFile /Users/admin/builder/spi-builder-workspace/.derivedData/Build/Intermediates.noindex/Alloy.build/Debug-xros/Alloy-t.build/Objects-normal/arm64/Alloy_const_extract_protocols.json (in target 'Alloy' from project 'Alloy')
cd /Users/admin/builder/spi-builder-workspace/.dependencies/checkouts/Alloy
write-file /Users/admin/builder/spi-builder-workspace/.derivedData/Build/Intermediates.noindex/Alloy.build/Debug-xros/Alloy-t.build/Objects-normal/arm64/Alloy_const_extract_protocols.json
WriteAuxiliaryFile /Users/admin/builder/spi-builder-workspace/.derivedData/Build/Intermediates.noindex/Alloy.build/Debug-xros/Alloy-t.build/Objects-normal/arm64/Alloy.SwiftConstValuesFileList (in target 'Alloy' from project 'Alloy')
cd /Users/admin/builder/spi-builder-workspace/.dependencies/checkouts/Alloy
write-file /Users/admin/builder/spi-builder-workspace/.derivedData/Build/Intermediates.noindex/Alloy.build/Debug-xros/Alloy-t.build/Objects-normal/arm64/Alloy.SwiftConstValuesFileList
WriteAuxiliaryFile /Users/admin/builder/spi-builder-workspace/.derivedData/Build/Intermediates.noindex/Alloy.build/Debug-xros/Alloy-t.build/Objects-normal/arm64/Alloy.LinkFileList (in target 'Alloy' from project 'Alloy')
cd /Users/admin/builder/spi-builder-workspace/.dependencies/checkouts/Alloy
write-file /Users/admin/builder/spi-builder-workspace/.derivedData/Build/Intermediates.noindex/Alloy.build/Debug-xros/Alloy-t.build/Objects-normal/arm64/Alloy.LinkFileList
WriteAuxiliaryFile /Users/admin/builder/spi-builder-workspace/.derivedData/Build/Intermediates.noindex/Alloy.build/Debug-xros/Alloy-t.build/Objects-normal/arm64/Alloy-OutputFileMap.json (in target 'Alloy' from project 'Alloy')
cd /Users/admin/builder/spi-builder-workspace/.dependencies/checkouts/Alloy
write-file /Users/admin/builder/spi-builder-workspace/.derivedData/Build/Intermediates.noindex/Alloy.build/Debug-xros/Alloy-t.build/Objects-normal/arm64/Alloy-OutputFileMap.json
WriteAuxiliaryFile /Users/admin/builder/spi-builder-workspace/.derivedData/Build/Intermediates.noindex/Alloy.build/Debug-xros/Alloy-t.build/Alloy.modulemap (in target 'Alloy' from project 'Alloy')
cd /Users/admin/builder/spi-builder-workspace/.dependencies/checkouts/Alloy
write-file /Users/admin/builder/spi-builder-workspace/.derivedData/Build/Intermediates.noindex/Alloy.build/Debug-xros/Alloy-t.build/Alloy.modulemap
WriteAuxiliaryFile /Users/admin/builder/spi-builder-workspace/.derivedData/Build/Intermediates.noindex/Alloy.build/Debug-xros/Alloy-t.build/DerivedSources/resource_bundle_accessor.swift (in target 'Alloy' from project 'Alloy')
cd /Users/admin/builder/spi-builder-workspace/.dependencies/checkouts/Alloy
write-file /Users/admin/builder/spi-builder-workspace/.derivedData/Build/Intermediates.noindex/Alloy.build/Debug-xros/Alloy-t.build/DerivedSources/resource_bundle_accessor.swift
Copy /Users/admin/builder/spi-builder-workspace/.derivedData/Build/Intermediates.noindex/GeneratedModuleMaps-xros/AlloyShadersSharedTypes.modulemap /Users/admin/builder/spi-builder-workspace/.derivedData/Build/Intermediates.noindex/Alloy.build/Debug-xros/AlloyShadersSharedTypes-t.build/AlloyShadersSharedTypes.modulemap (in target 'AlloyShadersSharedTypes' from project 'Alloy')
cd /Users/admin/builder/spi-builder-workspace/.dependencies/checkouts/Alloy
builtin-copy -exclude .DS_Store -exclude CVS -exclude .svn -exclude .git -exclude .hg -resolve-src-symlinks /Users/admin/builder/spi-builder-workspace/.derivedData/Build/Intermediates.noindex/Alloy.build/Debug-xros/AlloyShadersSharedTypes-t.build/AlloyShadersSharedTypes.modulemap /Users/admin/builder/spi-builder-workspace/.derivedData/Build/Intermediates.noindex/GeneratedModuleMaps-xros
WriteAuxiliaryFile /Users/admin/builder/spi-builder-workspace/.derivedData/Build/Intermediates.noindex/Alloy.build/Debug-xros/Alloy-t.build/Alloy.DependencyStaticMetadataFileList (in target 'Alloy' from project 'Alloy')
cd /Users/admin/builder/spi-builder-workspace/.dependencies/checkouts/Alloy
write-file /Users/admin/builder/spi-builder-workspace/.derivedData/Build/Intermediates.noindex/Alloy.build/Debug-xros/Alloy-t.build/Alloy.DependencyStaticMetadataFileList
WriteAuxiliaryFile /Users/admin/builder/spi-builder-workspace/.derivedData/Build/Intermediates.noindex/Alloy.build/Debug-xros/Alloy-t.build/Alloy.DependencyMetadataFileList (in target 'Alloy' from project 'Alloy')
cd /Users/admin/builder/spi-builder-workspace/.dependencies/checkouts/Alloy
write-file /Users/admin/builder/spi-builder-workspace/.derivedData/Build/Intermediates.noindex/Alloy.build/Debug-xros/Alloy-t.build/Alloy.DependencyMetadataFileList
Copy /Users/admin/builder/spi-builder-workspace/.derivedData/Build/Intermediates.noindex/GeneratedModuleMaps-xros/Alloy.modulemap /Users/admin/builder/spi-builder-workspace/.derivedData/Build/Intermediates.noindex/Alloy.build/Debug-xros/Alloy-t.build/Alloy.modulemap (in target 'Alloy' from project 'Alloy')
cd /Users/admin/builder/spi-builder-workspace/.dependencies/checkouts/Alloy
builtin-copy -exclude .DS_Store -exclude CVS -exclude .svn -exclude .git -exclude .hg -resolve-src-symlinks /Users/admin/builder/spi-builder-workspace/.derivedData/Build/Intermediates.noindex/Alloy.build/Debug-xros/Alloy-t.build/Alloy.modulemap /Users/admin/builder/spi-builder-workspace/.derivedData/Build/Intermediates.noindex/GeneratedModuleMaps-xros
CreateBuildDirectory /Users/admin/builder/spi-builder-workspace/.derivedData/Build/Products/Debug-xros/PackageFrameworks
cd /Users/admin/builder/spi-builder-workspace/.swiftpm/xcode
builtin-create-build-directory /Users/admin/builder/spi-builder-workspace/.derivedData/Build/Products/Debug-xros/PackageFrameworks
ProcessInfoPlistFile /Users/admin/builder/spi-builder-workspace/.derivedData/Build/Products/Debug-xros/SwiftSnapshotTesting_SwiftSnapshotTesting.bundle/Info.plist /Users/admin/builder/spi-builder-workspace/.derivedData/Build/Intermediates.noindex/SwiftSnapshotTesting.build/Debug-xros/SwiftSnapshotTesting_SwiftSnapshotTesting-b.build/empty-SwiftSnapshotTesting_SwiftSnapshotTesting.plist (in target 'SwiftSnapshotTesting_SwiftSnapshotTesting' from project 'SwiftSnapshotTesting')
cd /Users/admin/builder/spi-builder-workspace
builtin-infoPlistUtility /Users/admin/builder/spi-builder-workspace/.derivedData/Build/Intermediates.noindex/SwiftSnapshotTesting.build/Debug-xros/SwiftSnapshotTesting_SwiftSnapshotTesting-b.build/empty-SwiftSnapshotTesting_SwiftSnapshotTesting.plist -producttype com.apple.product-type.bundle -expandbuildsettings -format binary -platform xros -o /Users/admin/builder/spi-builder-workspace/.derivedData/Build/Products/Debug-xros/SwiftSnapshotTesting_SwiftSnapshotTesting.bundle/Info.plist
CompileMetalFile /Users/admin/builder/spi-builder-workspace/Sources/SwiftSnapshotTesting/Shaders/Shaders.metal (in target 'SwiftSnapshotTesting_SwiftSnapshotTesting' from project 'SwiftSnapshotTesting')
cd /Users/admin/builder/spi-builder-workspace
/var/run/com.apple.security.cryptexd/mnt/com.apple.MobileAsset.MetalToolchain-v27.1.266.1.WduVws/Metal.xctoolchain/usr/bin/metal -c -target air64-apple-xros1.0 -I/Users/admin/builder/spi-builder-workspace/.derivedData/Build/Products/Debug-xros/include -F/Users/admin/builder/spi-builder-workspace/.derivedData/Build/Products/Debug-xros -isysroot /Applications/Xcode-27.0.0-Release.Candidate.app/Contents/Developer/Platforms/XROS.platform/Developer/SDKs/XROS27.0.sdk -fmetal-math-mode\=fast -fmetal-math-fp32-functions\=fast -serialize-diagnostics /Users/admin/builder/spi-builder-workspace/.derivedData/Build/Intermediates.noindex/SwiftSnapshotTesting.build/Debug-xros/SwiftSnapshotTesting_SwiftSnapshotTesting-b.build/Metal/Shaders.dia -o /Users/admin/builder/spi-builder-workspace/.derivedData/Build/Intermediates.noindex/SwiftSnapshotTesting.build/Debug-xros/SwiftSnapshotTesting_SwiftSnapshotTesting-b.build/Metal/Shaders.air -MMD -MT dependencies -MF /Users/admin/builder/spi-builder-workspace/.derivedData/Build/Intermediates.noindex/SwiftSnapshotTesting.build/Debug-xros/SwiftSnapshotTesting_SwiftSnapshotTesting-b.build/Metal/Shaders.dat /Users/admin/builder/spi-builder-workspace/Sources/SwiftSnapshotTesting/Shaders/Shaders.metal
ProcessInfoPlistFile /Users/admin/builder/spi-builder-workspace/.derivedData/Build/Products/Debug-xros/Alloy_Alloy.bundle/Info.plist /Users/admin/builder/spi-builder-workspace/.derivedData/Build/Intermediates.noindex/Alloy.build/Debug-xros/Alloy_Alloy-b.build/empty-Alloy_Alloy.plist (in target 'Alloy_Alloy' from project 'Alloy')
cd /Users/admin/builder/spi-builder-workspace/.dependencies/checkouts/Alloy
builtin-infoPlistUtility /Users/admin/builder/spi-builder-workspace/.derivedData/Build/Intermediates.noindex/Alloy.build/Debug-xros/Alloy_Alloy-b.build/empty-Alloy_Alloy.plist -producttype com.apple.product-type.bundle -expandbuildsettings -format binary -platform xros -o /Users/admin/builder/spi-builder-workspace/.derivedData/Build/Products/Debug-xros/Alloy_Alloy.bundle/Info.plist
CompileMetalFile /Users/admin/builder/spi-builder-workspace/.dependencies/checkouts/Alloy/Sources/Alloy/Shaders/Shaders.metal (in target 'Alloy_Alloy' from project 'Alloy')
cd /Users/admin/builder/spi-builder-workspace/.dependencies/checkouts/Alloy
/var/run/com.apple.security.cryptexd/mnt/com.apple.MobileAsset.MetalToolchain-v27.1.266.1.WduVws/Metal.xctoolchain/usr/bin/metal -c -target air64-apple-xros1.0 -I/Users/admin/builder/spi-builder-workspace/.derivedData/Build/Products/Debug-xros/include -F/Users/admin/builder/spi-builder-workspace/.derivedData/Build/Products/Debug-xros -isysroot /Applications/Xcode-27.0.0-Release.Candidate.app/Contents/Developer/Platforms/XROS.platform/Developer/SDKs/XROS27.0.sdk -fmetal-math-mode\=fast -fmetal-math-fp32-functions\=fast -serialize-diagnostics /Users/admin/builder/spi-builder-workspace/.derivedData/Build/Intermediates.noindex/Alloy.build/Debug-xros/Alloy_Alloy-b.build/Metal/Shaders.dia -o /Users/admin/builder/spi-builder-workspace/.derivedData/Build/Intermediates.noindex/Alloy.build/Debug-xros/Alloy_Alloy-b.build/Metal/Shaders.air -MMD -MT dependencies -MF /Users/admin/builder/spi-builder-workspace/.derivedData/Build/Intermediates.noindex/Alloy.build/Debug-xros/Alloy_Alloy-b.build/Metal/Shaders.dat /Users/admin/builder/spi-builder-workspace/.dependencies/checkouts/Alloy/Sources/Alloy/Shaders/Shaders.metal
ScanDependencies /Users/admin/builder/spi-builder-workspace/.derivedData/Build/Intermediates.noindex/Alloy.build/Debug-xros/AlloyShadersSharedTypes-t.build/Objects-normal/arm64/AlloyShadersSharedTypes.o /Users/admin/builder/spi-builder-workspace/.dependencies/checkouts/Alloy/Sources/AlloyShadersSharedTypes/AlloyShadersSharedTypes.c normal arm64 c com.apple.compilers.llvm.clang.1_0.compiler (in target 'AlloyShadersSharedTypes' from project 'Alloy')
cd /Users/admin/builder/spi-builder-workspace/.swiftpm/xcode
Using response file: /Users/admin/builder/spi-builder-workspace/.derivedData/Build/Intermediates.noindex/Alloy.build/Debug-xros/AlloyShadersSharedTypes-t.build/Objects-normal/arm64/7187679823f38a2a940e0043cdf9d637-common-args.resp
builtin-ScanDependencies -o /Users/admin/builder/spi-builder-workspace/.derivedData/Build/Intermediates.noindex/Alloy.build/Debug-xros/AlloyShadersSharedTypes-t.build/Objects-normal/arm64/AlloyShadersSharedTypes.o.scan -- /Applications/Xcode-27.0.0-Release.Candidate.app/Contents/Developer/Toolchains/XcodeDefault.xctoolchain/usr/bin/clang -x c -ivfsstatcache /Users/admin/builder/spi-builder-workspace/.derivedData/SDKStatCaches.noindex/xros27.0-24M361-e829b21a6f8c9b70876ba0858053c044735bd543db762f57723cac368afd1ce4.sdkstatcache -target arm64-apple-xros1.0 -fmessage-length\=0 -fdiagnostics-show-note-include-stack -fmacro-backtrace-limit\=0 -fno-color-diagnostics -fmodules-prune-interval\=86400 -fmodules-prune-after\=345600 -fbuild-session-file\=/Users/admin/builder/spi-builder-workspace/.derivedData/ModuleCache.noindex/Session.modulevalidation -fmodules-validate-once-per-build-session -Wnon-modular-include-in-framework-module -Werror\=non-modular-include-in-framework-module -Wno-trigraphs -Wno-missing-field-initializers -Wno-missing-prototypes -Wno-return-type -Wno-missing-braces -Wparentheses -Wswitch -Wno-unused-function -Wno-unused-label -Wno-unused-parameter -Wno-unused-variable -Wunused-value -Wno-empty-body -Wno-uninitialized -Wno-unknown-pragmas -w -Wno-shadow -Wno-four-char-constants -Wno-conversion -Wno-constant-conversion -Wno-int-conversion -Wno-bool-conversion -Wno-enum-conversion -Wno-float-conversion -Wno-non-literal-null-conversion -Wno-objc-literal-conversion -Wshorten-64-to-32 -Wpointer-sign -Wno-newline-eof -Wno-implicit-fallthrough -isysroot /Applications/Xcode-27.0.0-Release.Candidate.app/Contents/Developer/Platforms/XROS.platform/Developer/SDKs/XROS27.0.sdk -fstrict-aliasing -Wdeprecated-declarations -Wno-sign-conversion -Wno-infinite-recursion -Wno-comma -Wno-block-capture-autoreleasing -Wno-strict-prototypes -Wno-semicolon-before-method-body -index-store-path /Users/admin/builder/spi-builder-workspace/.derivedData/Index.noindex/DataStore @/Users/admin/builder/spi-builder-workspace/.derivedData/Build/Intermediates.noindex/Alloy.build/Debug-xros/AlloyShadersSharedTypes-t.build/Objects-normal/arm64/7187679823f38a2a940e0043cdf9d637-common-args.resp -MMD -MT dependencies -MF /Users/admin/builder/spi-builder-workspace/.derivedData/Build/Intermediates.noindex/Alloy.build/Debug-xros/AlloyShadersSharedTypes-t.build/Objects-normal/arm64/AlloyShadersSharedTypes.d --serialize-diagnostics /Users/admin/builder/spi-builder-workspace/.derivedData/Build/Intermediates.noindex/Alloy.build/Debug-xros/AlloyShadersSharedTypes-t.build/Objects-normal/arm64/AlloyShadersSharedTypes.dia -c /Users/admin/builder/spi-builder-workspace/.dependencies/checkouts/Alloy/Sources/AlloyShadersSharedTypes/AlloyShadersSharedTypes.c -o /Users/admin/builder/spi-builder-workspace/.derivedData/Build/Intermediates.noindex/Alloy.build/Debug-xros/AlloyShadersSharedTypes-t.build/Objects-normal/arm64/AlloyShadersSharedTypes.o -index-unit-output-path /Alloy.build/Debug-xros/AlloyShadersSharedTypes-t.build/Objects-normal/arm64/AlloyShadersSharedTypes.o
SwiftDriver Bonjour normal arm64 com.apple.xcode.tools.swift.compiler (in target 'Bonjour' from project 'Bonjour')
cd /Users/admin/builder/spi-builder-workspace/.swiftpm/xcode
builtin-SwiftDriver -- /Applications/Xcode-27.0.0-Release.Candidate.app/Contents/Developer/Toolchains/XcodeDefault.xctoolchain/usr/bin/swiftc -parse-as-library -module-name Bonjour -Onone @/Users/admin/builder/spi-builder-workspace/.derivedData/Build/Intermediates.noindex/Bonjour.build/Debug-xros/Bonjour-t.build/Objects-normal/arm64/Bonjour.SwiftFileList -DSWIFT_PACKAGE -DDEBUG -DSWIFT_MODULE_RESOURCE_BUNDLE_UNAVAILABLE -DXcode -plugin-path /Applications/Xcode-27.0.0-Release.Candidate.app/Contents/Developer/Toolchains/XcodeDefault.xctoolchain/usr/lib/swift/host/plugins/testing -enable-experimental-feature DebugDescriptionMacro -sdk /Applications/Xcode-27.0.0-Release.Candidate.app/Contents/Developer/Platforms/XROS.platform/Developer/SDKs/XROS27.0.sdk -target arm64-apple-xros1.0 -g -module-cache-path /Users/admin/builder/spi-builder-workspace/.derivedData/ModuleCache.noindex -Xfrontend -serialize-debugging-options -enable-testing -suppress-warnings -index-store-path /Users/admin/builder/spi-builder-workspace/.derivedData/Index.noindex/DataStore -Xcc -D_LIBCPP_HARDENING_MODE\=_LIBCPP_HARDENING_MODE_DEBUG -swift-version 5 -I /Users/admin/builder/spi-builder-workspace/.derivedData/Build/Products/Debug-xros -Isystem /Applications/Xcode-27.0.0-Release.Candidate.app/Contents/Developer/Platforms/XROS.platform/Developer/usr/lib -F /Users/admin/builder/spi-builder-workspace/.derivedData/Build/Products/Debug-xros -F /Applications/Xcode-27.0.0-Release.Candidate.app/Contents/Developer/Platforms/XROS.platform/Developer/Library/Frameworks -F /Applications/Xcode-27.0.0-Release.Candidate.app/Contents/Developer/Platforms/XROS.platform/Developer/SDKs/XROS27.0.sdk/Developer/Library/Frameworks -c -j10 -enable-batch-mode -incremental -Xcc -ivfsstatcache -Xcc /Users/admin/builder/spi-builder-workspace/.derivedData/SDKStatCaches.noindex/xros27.0-24M361-e829b21a6f8c9b70876ba0858053c044735bd543db762f57723cac368afd1ce4.sdkstatcache -output-file-map /Users/admin/builder/spi-builder-workspace/.derivedData/Build/Intermediates.noindex/Bonjour.build/Debug-xros/Bonjour-t.build/Objects-normal/arm64/Bonjour-OutputFileMap.json -save-temps -no-color-diagnostics -explicit-module-build -module-cache-path /Users/admin/builder/spi-builder-workspace/.derivedData/Build/Intermediates.noindex/SwiftExplicitPrecompiledModules -clang-scanner-module-cache-path /Users/admin/builder/spi-builder-workspace/.derivedData/ModuleCache.noindex -sdk-module-cache-path /Users/admin/builder/spi-builder-workspace/.derivedData/SDKExplicitPrecompiledModules -emit-dependencies -emit-module -emit-module-path /Users/admin/builder/spi-builder-workspace/.derivedData/Build/Intermediates.noindex/Bonjour.build/Debug-xros/Bonjour-t.build/Objects-normal/arm64/Bonjour.swiftmodule -serialize-diagnostics -dependency-scan-serialize-diagnostics-path /Users/admin/builder/spi-builder-workspace/.derivedData/Build/Intermediates.noindex/Bonjour.build/Debug-xros/Bonjour-t.build/Objects-normal/arm64/Bonjour-dependency-scan.dia -validate-clang-modules-once -clang-build-session-file /Users/admin/builder/spi-builder-workspace/.derivedData/ModuleCache.noindex/Session.modulevalidation -Xcc -fmodules-prune-interval\=86400 -Xcc -fmodules-prune-after\=345600 -emit-const-values -const-gather-protocols-list /Users/admin/builder/spi-builder-workspace/.derivedData/Build/Intermediates.noindex/Bonjour.build/Debug-xros/Bonjour-t.build/Objects-normal/arm64/Bonjour_const_extract_protocols.json -Xcc -I/Users/admin/builder/spi-builder-workspace/.derivedData/Build/Products/Debug-xros/include -Xcc -I/Users/admin/builder/spi-builder-workspace/.derivedData/Build/Intermediates.noindex/Bonjour.build/Debug-xros/Bonjour-t.build/DerivedSources-normal/arm64 -Xcc -I/Users/admin/builder/spi-builder-workspace/.derivedData/Build/Intermediates.noindex/Bonjour.build/Debug-xros/Bonjour-t.build/DerivedSources/arm64 -Xcc -I/Users/admin/builder/spi-builder-workspace/.derivedData/Build/Intermediates.noindex/Bonjour.build/Debug-xros/Bonjour-t.build/DerivedSources -Xcc -DSWIFT_PACKAGE -Xcc -DDEBUG\=1 -emit-objc-header -emit-objc-header-path /Users/admin/builder/spi-builder-workspace/.derivedData/Build/Intermediates.noindex/Bonjour.build/Debug-xros/Bonjour-t.build/Objects-normal/arm64/Bonjour-Swift.h -working-directory /Users/admin/builder/spi-builder-workspace/.swiftpm/xcode -experimental-emit-module-separately -disable-cmo
/Users/admin/builder/spi-builder-workspace/.dependencies/checkouts/Bonjour/Sources/Bonjour/Extensions/MCPeerID+Extensions.swift:35:8: error: Unable to resolve module dependency: 'Cocoa' (in target 'Bonjour' from project 'Bonjour')
note: A dependency of main module 'Bonjour'
/Users/admin/builder/spi-builder-workspace/.dependencies/checkouts/Bonjour/Sources/Bonjour/Extensions/MCPeerID+Extensions.swift:35:8: note: A dependency of main module 'Bonjour'
import Cocoa
^ (in target 'Bonjour' from project 'Bonjour')
SwiftDriver Alloy normal arm64 com.apple.xcode.tools.swift.compiler (in target 'Alloy' from project 'Alloy')
cd /Users/admin/builder/spi-builder-workspace/.swiftpm/xcode
builtin-SwiftDriver -- /Applications/Xcode-27.0.0-Release.Candidate.app/Contents/Developer/Toolchains/XcodeDefault.xctoolchain/usr/bin/swiftc -parse-as-library -module-name Alloy -Onone @/Users/admin/builder/spi-builder-workspace/.derivedData/Build/Intermediates.noindex/Alloy.build/Debug-xros/Alloy-t.build/Objects-normal/arm64/Alloy.SwiftFileList -DSWIFT_PACKAGE -DDEBUG -DSWIFT_MODULE_RESOURCE_BUNDLE_AVAILABLE -Xcc -fmodule-map-file\=/Users/admin/builder/spi-builder-workspace/.derivedData/Build/Intermediates.noindex/GeneratedModuleMaps-xros/AlloyShadersSharedTypes.modulemap -DXcode -plugin-path /Applications/Xcode-27.0.0-Release.Candidate.app/Contents/Developer/Toolchains/XcodeDefault.xctoolchain/usr/lib/swift/host/plugins/testing -enable-experimental-feature DebugDescriptionMacro -sdk /Applications/Xcode-27.0.0-Release.Candidate.app/Contents/Developer/Platforms/XROS.platform/Developer/SDKs/XROS27.0.sdk -target arm64-apple-xros1.0 -g -module-cache-path /Users/admin/builder/spi-builder-workspace/.derivedData/ModuleCache.noindex -Xfrontend -serialize-debugging-options -enable-testing -suppress-warnings -index-store-path /Users/admin/builder/spi-builder-workspace/.derivedData/Index.noindex/DataStore -Xcc -D_LIBCPP_HARDENING_MODE\=_LIBCPP_HARDENING_MODE_DEBUG -swift-version 5 -I /Users/admin/builder/spi-builder-workspace/.derivedData/Build/Products/Debug-xros -Isystem /Applications/Xcode-27.0.0-Release.Candidate.app/Contents/Developer/Platforms/XROS.platform/Developer/usr/lib -F /Users/admin/builder/spi-builder-workspace/.derivedData/Build/Products/Debug-xros/PackageFrameworks -F /Users/admin/builder/spi-builder-workspace/.derivedData/Build/Products/Debug-xros -F /Applications/Xcode-27.0.0-Release.Candidate.app/Contents/Developer/Platforms/XROS.platform/Developer/Library/Frameworks -F /Applications/Xcode-27.0.0-Release.Candidate.app/Contents/Developer/Platforms/XROS.platform/Developer/SDKs/XROS27.0.sdk/Developer/Library/Frameworks -c -j10 -enable-batch-mode -incremental -Xcc -ivfsstatcache -Xcc /Users/admin/builder/spi-builder-workspace/.derivedData/SDKStatCaches.noindex/xros27.0-24M361-e829b21a6f8c9b70876ba0858053c044735bd543db762f57723cac368afd1ce4.sdkstatcache -output-file-map /Users/admin/builder/spi-builder-workspace/.derivedData/Build/Intermediates.noindex/Alloy.build/Debug-xros/Alloy-t.build/Objects-normal/arm64/Alloy-OutputFileMap.json -save-temps -no-color-diagnostics -explicit-module-build -module-cache-path /Users/admin/builder/spi-builder-workspace/.derivedData/Build/Intermediates.noindex/SwiftExplicitPrecompiledModules -clang-scanner-module-cache-path /Users/admin/builder/spi-builder-workspace/.derivedData/ModuleCache.noindex -sdk-module-cache-path /Users/admin/builder/spi-builder-workspace/.derivedData/SDKExplicitPrecompiledModules -emit-dependencies -emit-module -emit-module-path /Users/admin/builder/spi-builder-workspace/.derivedData/Build/Intermediates.noindex/Alloy.build/Debug-xros/Alloy-t.build/Objects-normal/arm64/Alloy.swiftmodule -serialize-diagnostics -dependency-scan-serialize-diagnostics-path /Users/admin/builder/spi-builder-workspace/.derivedData/Build/Intermediates.noindex/Alloy.build/Debug-xros/Alloy-t.build/Objects-normal/arm64/Alloy-dependency-scan.dia -validate-clang-modules-once -clang-build-session-file /Users/admin/builder/spi-builder-workspace/.derivedData/ModuleCache.noindex/Session.modulevalidation -Xcc -fmodules-prune-interval\=86400 -Xcc -fmodules-prune-after\=345600 -emit-const-values -const-gather-protocols-list /Users/admin/builder/spi-builder-workspace/.derivedData/Build/Intermediates.noindex/Alloy.build/Debug-xros/Alloy-t.build/Objects-normal/arm64/Alloy_const_extract_protocols.json -Xcc -I/Users/admin/builder/spi-builder-workspace/.dependencies/checkouts/Alloy/Sources/AlloyShadersSharedTypes -Xcc -I/Users/admin/builder/spi-builder-workspace/.derivedData/Build/Products/Debug-xros/include -Xcc -I/Users/admin/builder/spi-builder-workspace/.derivedData/Build/Intermediates.noindex/Alloy.build/Debug-xros/Alloy-t.build/DerivedSources-normal/arm64 -Xcc -I/Users/admin/builder/spi-builder-workspace/.derivedData/Build/Intermediates.noindex/Alloy.build/Debug-xros/Alloy-t.build/DerivedSources/arm64 -Xcc -I/Users/admin/builder/spi-builder-workspace/.derivedData/Build/Intermediates.noindex/Alloy.build/Debug-xros/Alloy-t.build/DerivedSources -Xcc -DSWIFT_PACKAGE -Xcc -DDEBUG\=1 -emit-objc-header -emit-objc-header-path /Users/admin/builder/spi-builder-workspace/.derivedData/Build/Intermediates.noindex/Alloy.build/Debug-xros/Alloy-t.build/Objects-normal/arm64/Alloy-Swift.h -working-directory /Users/admin/builder/spi-builder-workspace/.swiftpm/xcode -experimental-emit-module-separately -disable-cmo
SwiftDriver DeviceKit normal arm64 com.apple.xcode.tools.swift.compiler (in target 'DeviceKit' from project 'DeviceKit')
cd /Users/admin/builder/spi-builder-workspace/.swiftpm/xcode
builtin-SwiftDriver -- /Applications/Xcode-27.0.0-Release.Candidate.app/Contents/Developer/Toolchains/XcodeDefault.xctoolchain/usr/bin/swiftc -parse-as-library -module-name DeviceKit -Onone @/Users/admin/builder/spi-builder-workspace/.derivedData/Build/Intermediates.noindex/DeviceKit.build/Debug-xros/DeviceKit-t.build/Objects-normal/arm64/DeviceKit.SwiftFileList -DSWIFT_PACKAGE -DDEBUG -DSWIFT_MODULE_RESOURCE_BUNDLE_UNAVAILABLE -DXcode -plugin-path /Applications/Xcode-27.0.0-Release.Candidate.app/Contents/Developer/Toolchains/XcodeDefault.xctoolchain/usr/lib/swift/host/plugins/testing -enable-experimental-feature DebugDescriptionMacro -sdk /Applications/Xcode-27.0.0-Release.Candidate.app/Contents/Developer/Platforms/XROS.platform/Developer/SDKs/XROS27.0.sdk -target arm64-apple-xros1.0 -g -module-cache-path /Users/admin/builder/spi-builder-workspace/.derivedData/ModuleCache.noindex -Xfrontend -serialize-debugging-options -enable-testing -suppress-warnings -index-store-path /Users/admin/builder/spi-builder-workspace/.derivedData/Index.noindex/DataStore -Xcc -D_LIBCPP_HARDENING_MODE\=_LIBCPP_HARDENING_MODE_DEBUG -swift-version 5 -I /Users/admin/builder/spi-builder-workspace/.derivedData/Build/Products/Debug-xros -Isystem /Applications/Xcode-27.0.0-Release.Candidate.app/Contents/Developer/Platforms/XROS.platform/Developer/usr/lib -F /Users/admin/builder/spi-builder-workspace/.derivedData/Build/Products/Debug-xros -F /Applications/Xcode-27.0.0-Release.Candidate.app/Contents/Developer/Platforms/XROS.platform/Developer/Library/Frameworks -F /Applications/Xcode-27.0.0-Release.Candidate.app/Contents/Developer/Platforms/XROS.platform/Developer/SDKs/XROS27.0.sdk/Developer/Library/Frameworks -c -j10 -enable-batch-mode -incremental -Xcc -ivfsstatcache -Xcc /Users/admin/builder/spi-builder-workspace/.derivedData/SDKStatCaches.noindex/xros27.0-24M361-e829b21a6f8c9b70876ba0858053c044735bd543db762f57723cac368afd1ce4.sdkstatcache -output-file-map /Users/admin/builder/spi-builder-workspace/.derivedData/Build/Intermediates.noindex/DeviceKit.build/Debug-xros/DeviceKit-t.build/Objects-normal/arm64/DeviceKit-OutputFileMap.json -save-temps -no-color-diagnostics -explicit-module-build -module-cache-path /Users/admin/builder/spi-builder-workspace/.derivedData/Build/Intermediates.noindex/SwiftExplicitPrecompiledModules -clang-scanner-module-cache-path /Users/admin/builder/spi-builder-workspace/.derivedData/ModuleCache.noindex -sdk-module-cache-path /Users/admin/builder/spi-builder-workspace/.derivedData/SDKExplicitPrecompiledModules -emit-dependencies -emit-module -emit-module-path /Users/admin/builder/spi-builder-workspace/.derivedData/Build/Intermediates.noindex/DeviceKit.build/Debug-xros/DeviceKit-t.build/Objects-normal/arm64/DeviceKit.swiftmodule -serialize-diagnostics -dependency-scan-serialize-diagnostics-path /Users/admin/builder/spi-builder-workspace/.derivedData/Build/Intermediates.noindex/DeviceKit.build/Debug-xros/DeviceKit-t.build/Objects-normal/arm64/DeviceKit-dependency-scan.dia -validate-clang-modules-once -clang-build-session-file /Users/admin/builder/spi-builder-workspace/.derivedData/ModuleCache.noindex/Session.modulevalidation -Xcc -fmodules-prune-interval\=86400 -Xcc -fmodules-prune-after\=345600 -emit-const-values -const-gather-protocols-list /Users/admin/builder/spi-builder-workspace/.derivedData/Build/Intermediates.noindex/DeviceKit.build/Debug-xros/DeviceKit-t.build/Objects-normal/arm64/DeviceKit_const_extract_protocols.json -Xcc -I/Users/admin/builder/spi-builder-workspace/.derivedData/Build/Products/Debug-xros/include -Xcc -I/Users/admin/builder/spi-builder-workspace/.derivedData/Build/Intermediates.noindex/DeviceKit.build/Debug-xros/DeviceKit-t.build/DerivedSources-normal/arm64 -Xcc -I/Users/admin/builder/spi-builder-workspace/.derivedData/Build/Intermediates.noindex/DeviceKit.build/Debug-xros/DeviceKit-t.build/DerivedSources/arm64 -Xcc -I/Users/admin/builder/spi-builder-workspace/.derivedData/Build/Intermediates.noindex/DeviceKit.build/Debug-xros/DeviceKit-t.build/DerivedSources -Xcc -DSWIFT_PACKAGE -Xcc -DDEBUG\=1 -emit-objc-header -emit-objc-header-path /Users/admin/builder/spi-builder-workspace/.derivedData/Build/Intermediates.noindex/DeviceKit.build/Debug-xros/DeviceKit-t.build/Objects-normal/arm64/DeviceKit-Swift.h -working-directory /Users/admin/builder/spi-builder-workspace/.swiftpm/xcode -experimental-emit-module-separately -disable-cmo
CompileC /Users/admin/builder/spi-builder-workspace/.derivedData/Build/Intermediates.noindex/Alloy.build/Debug-xros/AlloyShadersSharedTypes-t.build/Objects-normal/arm64/AlloyShadersSharedTypes.o /Users/admin/builder/spi-builder-workspace/.dependencies/checkouts/Alloy/Sources/AlloyShadersSharedTypes/AlloyShadersSharedTypes.c normal arm64 c com.apple.compilers.llvm.clang.1_0.compiler (in target 'AlloyShadersSharedTypes' from project 'Alloy')
cd /Users/admin/builder/spi-builder-workspace/.swiftpm/xcode
Using response file: /Users/admin/builder/spi-builder-workspace/.derivedData/Build/Intermediates.noindex/Alloy.build/Debug-xros/AlloyShadersSharedTypes-t.build/Objects-normal/arm64/7187679823f38a2a940e0043cdf9d637-common-args.resp
/Applications/Xcode-27.0.0-Release.Candidate.app/Contents/Developer/Toolchains/XcodeDefault.xctoolchain/usr/bin/clang -x c -ivfsstatcache /Users/admin/builder/spi-builder-workspace/.derivedData/SDKStatCaches.noindex/xros27.0-24M361-e829b21a6f8c9b70876ba0858053c044735bd543db762f57723cac368afd1ce4.sdkstatcache -target arm64-apple-xros1.0 -fmessage-length\=0 -fdiagnostics-show-note-include-stack -fmacro-backtrace-limit\=0 -fno-color-diagnostics -fmodules-prune-interval\=86400 -fmodules-prune-after\=345600 -fbuild-session-file\=/Users/admin/builder/spi-builder-workspace/.derivedData/ModuleCache.noindex/Session.modulevalidation -fmodules-validate-once-per-build-session -Wnon-modular-include-in-framework-module -Werror\=non-modular-include-in-framework-module -Wno-trigraphs -Wno-missing-field-initializers -Wno-missing-prototypes -Wno-return-type -Wno-missing-braces -Wparentheses -Wswitch -Wno-unused-function -Wno-unused-label -Wno-unused-parameter -Wno-unused-variable -Wunused-value -Wno-empty-body -Wno-uninitialized -Wno-unknown-pragmas -w -Wno-shadow -Wno-four-char-constants -Wno-conversion -Wno-constant-conversion -Wno-int-conversion -Wno-bool-conversion -Wno-enum-conversion -Wno-float-conversion -Wno-non-literal-null-conversion -Wno-objc-literal-conversion -Wshorten-64-to-32 -Wpointer-sign -Wno-newline-eof -Wno-implicit-fallthrough -isysroot /Applications/Xcode-27.0.0-Release.Candidate.app/Contents/Developer/Platforms/XROS.platform/Developer/SDKs/XROS27.0.sdk -fstrict-aliasing -Wdeprecated-declarations -Wno-sign-conversion -Wno-infinite-recursion -Wno-comma -Wno-block-capture-autoreleasing -Wno-strict-prototypes -Wno-semicolon-before-method-body -index-store-path /Users/admin/builder/spi-builder-workspace/.derivedData/Index.noindex/DataStore @/Users/admin/builder/spi-builder-workspace/.derivedData/Build/Intermediates.noindex/Alloy.build/Debug-xros/AlloyShadersSharedTypes-t.build/Objects-normal/arm64/7187679823f38a2a940e0043cdf9d637-common-args.resp -MMD -MT dependencies -MF /Users/admin/builder/spi-builder-workspace/.derivedData/Build/Intermediates.noindex/Alloy.build/Debug-xros/AlloyShadersSharedTypes-t.build/Objects-normal/arm64/AlloyShadersSharedTypes.d --serialize-diagnostics /Users/admin/builder/spi-builder-workspace/.derivedData/Build/Intermediates.noindex/Alloy.build/Debug-xros/AlloyShadersSharedTypes-t.build/Objects-normal/arm64/AlloyShadersSharedTypes.dia -c /Users/admin/builder/spi-builder-workspace/.dependencies/checkouts/Alloy/Sources/AlloyShadersSharedTypes/AlloyShadersSharedTypes.c -o /Users/admin/builder/spi-builder-workspace/.derivedData/Build/Intermediates.noindex/Alloy.build/Debug-xros/AlloyShadersSharedTypes-t.build/Objects-normal/arm64/AlloyShadersSharedTypes.o -index-unit-output-path /Alloy.build/Debug-xros/AlloyShadersSharedTypes-t.build/Objects-normal/arm64/AlloyShadersSharedTypes.o
Ld /Users/admin/builder/spi-builder-workspace/.derivedData/Build/Products/Debug-xros/AlloyShadersSharedTypes.o normal (in target 'AlloyShadersSharedTypes' from project 'Alloy')
cd /Users/admin/builder/spi-builder-workspace/.dependencies/checkouts/Alloy
/Applications/Xcode-27.0.0-Release.Candidate.app/Contents/Developer/Toolchains/XcodeDefault.xctoolchain/usr/bin/clang -Xlinker -reproducible -target arm64-apple-xros1.0 -r -isysroot /Applications/Xcode-27.0.0-Release.Candidate.app/Contents/Developer/Platforms/XROS.platform/Developer/SDKs/XROS27.0.sdk -O0 -w -Xlinker -no_warn_duplicate_libraries -F/Users/admin/builder/spi-builder-workspace/.derivedData/Build/Intermediates.noindex/EagerLinkingTBDs/Debug-xros -F/Users/admin/builder/spi-builder-workspace/.derivedData/Build/Products/Debug-xros -iframework /Applications/Xcode-27.0.0-Release.Candidate.app/Contents/Developer/Platforms/XROS.platform/Developer/Library/Frameworks -iframework /Applications/Xcode-27.0.0-Release.Candidate.app/Contents/Developer/Platforms/XROS.platform/Developer/SDKs/XROS27.0.sdk/Developer/Library/Frameworks -filelist /Users/admin/builder/spi-builder-workspace/.derivedData/Build/Intermediates.noindex/Alloy.build/Debug-xros/AlloyShadersSharedTypes-t.build/Objects-normal/arm64/AlloyShadersSharedTypes.LinkFileList -nostdlib -Xlinker -object_path_lto -Xlinker /Users/admin/builder/spi-builder-workspace/.derivedData/Build/Intermediates.noindex/Alloy.build/Debug-xros/AlloyShadersSharedTypes-t.build/Objects-normal/arm64/AlloyShadersSharedTypes_lto.o -Xlinker -no_deduplicate -Xlinker -dependency_info -Xlinker /Users/admin/builder/spi-builder-workspace/.derivedData/Build/Intermediates.noindex/Alloy.build/Debug-xros/AlloyShadersSharedTypes-t.build/Objects-normal/arm64/AlloyShadersSharedTypes_dependency_info.dat -o /Users/admin/builder/spi-builder-workspace/.derivedData/Build/Products/Debug-xros/AlloyShadersSharedTypes.o
MetalLink /Users/admin/builder/spi-builder-workspace/.derivedData/Build/Products/Debug-xros/SwiftSnapshotTesting_SwiftSnapshotTesting.bundle/default.metallib (in target 'SwiftSnapshotTesting_SwiftSnapshotTesting' from project 'SwiftSnapshotTesting')
cd /Users/admin/builder/spi-builder-workspace
/var/run/com.apple.security.cryptexd/mnt/com.apple.MobileAsset.MetalToolchain-v27.1.266.1.WduVws/Metal.xctoolchain/usr/bin/metal -target air64-apple-xros1.0 -o /Users/admin/builder/spi-builder-workspace/.derivedData/Build/Products/Debug-xros/SwiftSnapshotTesting_SwiftSnapshotTesting.bundle/default.metallib /Users/admin/builder/spi-builder-workspace/.derivedData/Build/Intermediates.noindex/SwiftSnapshotTesting.build/Debug-xros/SwiftSnapshotTesting_SwiftSnapshotTesting-b.build/Metal/Shaders.air
RegisterExecutionPolicyException /Users/admin/builder/spi-builder-workspace/.derivedData/Build/Products/Debug-xros/SwiftSnapshotTesting_SwiftSnapshotTesting.bundle (in target 'SwiftSnapshotTesting_SwiftSnapshotTesting' from project 'SwiftSnapshotTesting')
cd /Users/admin/builder/spi-builder-workspace
builtin-RegisterExecutionPolicyException /Users/admin/builder/spi-builder-workspace/.derivedData/Build/Products/Debug-xros/SwiftSnapshotTesting_SwiftSnapshotTesting.bundle
Touch /Users/admin/builder/spi-builder-workspace/.derivedData/Build/Products/Debug-xros/SwiftSnapshotTesting_SwiftSnapshotTesting.bundle (in target 'SwiftSnapshotTesting_SwiftSnapshotTesting' from project 'SwiftSnapshotTesting')
cd /Users/admin/builder/spi-builder-workspace
/usr/bin/touch -c /Users/admin/builder/spi-builder-workspace/.derivedData/Build/Products/Debug-xros/SwiftSnapshotTesting_SwiftSnapshotTesting.bundle
MetalLink /Users/admin/builder/spi-builder-workspace/.derivedData/Build/Products/Debug-xros/Alloy_Alloy.bundle/default.metallib (in target 'Alloy_Alloy' from project 'Alloy')
cd /Users/admin/builder/spi-builder-workspace/.dependencies/checkouts/Alloy
/var/run/com.apple.security.cryptexd/mnt/com.apple.MobileAsset.MetalToolchain-v27.1.266.1.WduVws/Metal.xctoolchain/usr/bin/metal -target air64-apple-xros1.0 -o /Users/admin/builder/spi-builder-workspace/.derivedData/Build/Products/Debug-xros/Alloy_Alloy.bundle/default.metallib /Users/admin/builder/spi-builder-workspace/.derivedData/Build/Intermediates.noindex/Alloy.build/Debug-xros/Alloy_Alloy-b.build/Metal/Shaders.air
RegisterExecutionPolicyException /Users/admin/builder/spi-builder-workspace/.derivedData/Build/Products/Debug-xros/Alloy_Alloy.bundle (in target 'Alloy_Alloy' from project 'Alloy')
cd /Users/admin/builder/spi-builder-workspace/.dependencies/checkouts/Alloy
builtin-RegisterExecutionPolicyException /Users/admin/builder/spi-builder-workspace/.derivedData/Build/Products/Debug-xros/Alloy_Alloy.bundle
Touch /Users/admin/builder/spi-builder-workspace/.derivedData/Build/Products/Debug-xros/Alloy_Alloy.bundle (in target 'Alloy_Alloy' from project 'Alloy')
cd /Users/admin/builder/spi-builder-workspace/.dependencies/checkouts/Alloy
/usr/bin/touch -c /Users/admin/builder/spi-builder-workspace/.derivedData/Build/Products/Debug-xros/Alloy_Alloy.bundle
SwiftExplicitDependencyGeneratePcm arm64 /Users/admin/builder/spi-builder-workspace/.derivedData/SDKExplicitPrecompiledModules/_Builtin_stdbool-5BU2ADS7JXQMYENKQHW9X8XOU.pcm
SwiftExplicitDependencyGeneratePcm arm64 /Users/admin/builder/spi-builder-workspace/.derivedData/SDKExplicitPrecompiledModules/_SwiftConcurrencyShims-C8XHKSHX96D5YYALNM4W70Z0O.pcm
SwiftExplicitDependencyGeneratePcm arm64 /Users/admin/builder/spi-builder-workspace/.derivedData/SDKExplicitPrecompiledModules/_Builtin_stddef-5NQ9Z1GV07GBSRQGAQCGXGVRI.pcm
SwiftExplicitDependencyGeneratePcm arm64 /Users/admin/builder/spi-builder-workspace/.derivedData/SDKExplicitPrecompiledModules/DeveloperToolsSupport-46GOQP8J1QTHLYQSJW81T8UZ3.pcm
SwiftExplicitDependencyGeneratePcm arm64 /Users/admin/builder/spi-builder-workspace/.derivedData/SDKExplicitPrecompiledModules/_AvailabilityInternal-1Q8IQP6M38UWSGZ95UCEY2M44.pcm
SwiftExplicitDependencyGeneratePcm arm64 /Users/admin/builder/spi-builder-workspace/.derivedData/SDKExplicitPrecompiledModules/_Builtin_stdarg-CDA349K2K4US766844K8E0PVA.pcm
SwiftExplicitDependencyGeneratePcm arm64 /Users/admin/builder/spi-builder-workspace/.derivedData/SDKExplicitPrecompiledModules/ptrcheck-BXA97MNLI4BB0HF5I8MJE403D.pcm
SwiftExplicitDependencyGeneratePcm arm64 /Users/admin/builder/spi-builder-workspace/.derivedData/SDKExplicitPrecompiledModules/_Builtin_float-6WKHNW5S40U2QGHXXGETUDIRA.pcm
SwiftExplicitDependencyGeneratePcm arm64 /Users/admin/builder/spi-builder-workspace/.derivedData/SDKExplicitPrecompiledModules/SwiftShims-CI4H5RO9IYFFWQ2COB512Q2S9.pcm
PruneExplicitPrecompiledModules /Users/admin/builder/spi-builder-workspace/.derivedData/Build/Intermediates.noindex/ExplicitPrecompiledModules
PruneExplicitPrecompiledModules /Users/admin/builder/spi-builder-workspace/.derivedData/SDKExplicitPrecompiledModules
PruneExplicitPrecompiledModules /Users/admin/builder/spi-builder-workspace/.derivedData/Build/Intermediates.noindex/SwiftExplicitPrecompiledModules
2026-09-18 04:30:28.853 xcodebuild[798:4885] [MT] IDERunDestination: Supported platforms for the buildables in the current scheme is empty.
** BUILD FAILED **
The following build commands failed:
SwiftDriver Bonjour normal arm64 com.apple.xcode.tools.swift.compiler (in target 'Bonjour' from project 'Bonjour')
Building workspace SwiftSnapshotTesting with scheme SwiftSnapshotTesting
(2 failures)
Command line invocation:
/Applications/Xcode-27.0.0-Release.Candidate.app/Contents/Developer/usr/bin/xcodebuild -IDEClonedSourcePackagesDirPathOverride=/Users/admin/builder/spi-builder-workspace/.dependencies -resolvePackageDependencies
Resolve Package Graph
Resolved source packages:
Alloy: https://github.com/s1ddok/Alloy.git @ 0.18.2
DeviceKit: https://github.com/devicekit/DeviceKit.git @ 4.9.0
Bonjour: https://github.com/eugenebokhan/Bonjour.git @ 2.1.0
SwiftSnapshotTesting: /Users/admin/builder/spi-builder-workspace
ResourcesBridge: https://github.com/eugenebokhan/ResourcesBridge.git @ 0.0.4
resolved source packages: Alloy, DeviceKit, Bonjour, SwiftSnapshotTesting, ResourcesBridge
2026-09-18 04:30:34.238 xcodebuild[893:5560] [MT] IDERunDestination: Supported platforms for the buildables in the current scheme is empty.
{
"dependencies" : [
{
"identity" : "alloy",
"requirement" : {
"range" : [
{
"lower_bound" : "0.17.0",
"upper_bound" : "1.0.0"
}
]
},
"type" : "sourceControl",
"url" : "https://github.com/s1ddok/Alloy.git"
},
{
"identity" : "devicekit",
"requirement" : {
"range" : [
{
"lower_bound" : "4.2.1",
"upper_bound" : "5.0.0"
}
]
},
"type" : "sourceControl",
"url" : "https://github.com/devicekit/DeviceKit.git"
},
{
"identity" : "resourcesbridge",
"requirement" : {
"range" : [
{
"lower_bound" : "0.0.4",
"upper_bound" : "1.0.0"
}
]
},
"type" : "sourceControl",
"url" : "https://github.com/eugenebokhan/ResourcesBridge.git"
}
],
"manifest_display_name" : "SwiftSnapshotTesting",
"name" : "SwiftSnapshotTesting",
"path" : "/Users/admin/builder/spi-builder-workspace",
"platforms" : [
{
"name" : "ios",
"version" : "12.0"
},
{
"name" : "macos",
"version" : "10.14"
}
],
"products" : [
{
"name" : "SwiftSnapshotTesting",
"targets" : [
"SwiftSnapshotTesting"
],
"type" : {
"library" : [
"automatic"
]
}
}
],
"targets" : [
{
"c99name" : "SwiftSnapshotTesting",
"module_type" : "SwiftTarget",
"name" : "SwiftSnapshotTesting",
"path" : "Sources/SwiftSnapshotTesting",
"product_dependencies" : [
"Alloy",
"DeviceKit",
"ResourcesBridge"
],
"product_memberships" : [
"SwiftSnapshotTesting"
],
"resources" : [
{
"path" : "/Users/admin/builder/spi-builder-workspace/Sources/SwiftSnapshotTesting/Shaders/Shaders.metal",
"rule" : {
"process" : {
}
}
}
],
"sources" : [
"Encoders/EuclideanDistance.swift",
"Extensions/CoreGraphics/CGPoint+Extensions.swift",
"Extensions/CoreGraphics/CGSize+Extensions.swift",
"Extensions/CoreGraphics/CoreGraphics+Extensions.swift",
"Extensions/Foundation/Data+Compression.swift",
"Extensions/Metal/MTLSize+Extensions.swift",
"Extensions/Swift/String+Extensions.swift",
"Extensions/XCTest/XCUIApplication+Extensions.swift",
"SnapshotTestCase.swift"
],
"type" : "library"
}
],
"tools_version" : "5.3"
}
{
"workspace" : {
"name" : "SwiftSnapshotTesting",
"schemes" : [
"SwiftSnapshotTesting"
]
}
}
2026-09-18 04:30:35.531 xcodebuild[901:5625] [MT] IDERunDestination: Supported platforms for the buildables in the current scheme is empty.
Running build ...
env DEVELOPER_DIR=/Applications/Xcode-27.0.0-Release.Candidate.app xcrun xcodebuild -IDEClonedSourcePackagesDirPathOverride=$PWD/.dependencies -skipMacroValidation -skipPackagePluginValidation -derivedDataPath $PWD/.derivedData build -scheme SwiftSnapshotTesting -destination generic/platform=xrOS
Command line invocation:
/Applications/Xcode-27.0.0-Release.Candidate.app/Contents/Developer/usr/bin/xcodebuild -IDEClonedSourcePackagesDirPathOverride=/Users/admin/builder/spi-builder-workspace/.dependencies -skipMacroValidation -skipPackagePluginValidation -derivedDataPath /Users/admin/builder/spi-builder-workspace/.derivedData build -scheme SwiftSnapshotTesting -destination generic/platform=xrOS
Resolve Package Graph
Resolved source packages:
DeviceKit: https://github.com/devicekit/DeviceKit.git @ 4.9.0
Bonjour: https://github.com/eugenebokhan/Bonjour.git @ 2.1.0
Alloy: https://github.com/s1ddok/Alloy.git @ 0.18.2
ResourcesBridge: https://github.com/eugenebokhan/ResourcesBridge.git @ 0.0.4
SwiftSnapshotTesting: /Users/admin/builder/spi-builder-workspace
ComputePackagePrebuildTargetDependencyGraph
Prepare packages
CreateBuildRequest
SendProjectDescription
CreateBuildOperation
ComputeTargetDependencyGraph
note: Building targets in dependency order
note: Target dependency graph (13 targets)
Target 'SwiftSnapshotTesting-product' in project 'SwiftSnapshotTesting'
➜ Explicit dependency on target 'SwiftSnapshotTesting' in project 'SwiftSnapshotTesting'
➜ Explicit dependency on target 'SwiftSnapshotTesting_SwiftSnapshotTesting' in project 'SwiftSnapshotTesting'
➜ Explicit dependency on target 'Alloy-product' in project 'Alloy'
➜ Explicit dependency on target 'DeviceKit-product' in project 'DeviceKit'
➜ Explicit dependency on target 'ResourcesBridge-product' in project 'ResourcesBridge'
Target 'SwiftSnapshotTesting' in project 'SwiftSnapshotTesting'
➜ Explicit dependency on target 'SwiftSnapshotTesting_SwiftSnapshotTesting' in project 'SwiftSnapshotTesting'
➜ Explicit dependency on target 'Alloy-product' in project 'Alloy'
➜ Explicit dependency on target 'DeviceKit-product' in project 'DeviceKit'
➜ Explicit dependency on target 'ResourcesBridge-product' in project 'ResourcesBridge'
Target 'ResourcesBridge-product' in project 'ResourcesBridge'
➜ Explicit dependency on target 'ResourcesBridge' in project 'ResourcesBridge'
➜ Explicit dependency on target 'Bonjour-product' in project 'Bonjour'
Target 'ResourcesBridge' in project 'ResourcesBridge'
➜ Explicit dependency on target 'Bonjour-product' in project 'Bonjour'
Target 'Bonjour-product' in project 'Bonjour'
➜ Explicit dependency on target 'Bonjour' in project 'Bonjour'
Target 'Bonjour' in project 'Bonjour' (no dependencies)
Target 'DeviceKit-product' in project 'DeviceKit'
➜ Explicit dependency on target 'DeviceKit' in project 'DeviceKit'
Target 'DeviceKit' in project 'DeviceKit' (no dependencies)
Target 'Alloy-product' in project 'Alloy'
➜ Explicit dependency on target 'Alloy' in project 'Alloy'
➜ Explicit dependency on target 'AlloyShadersSharedTypes' in project 'Alloy'
➜ Explicit dependency on target 'Alloy_Alloy' in project 'Alloy'
Target 'Alloy' in project 'Alloy'
➜ Explicit dependency on target 'Alloy_Alloy' in project 'Alloy'
➜ Explicit dependency on target 'AlloyShadersSharedTypes' in project 'Alloy'
Target 'AlloyShadersSharedTypes' in project 'Alloy' (no dependencies)
Target 'Alloy_Alloy' in project 'Alloy' (no dependencies)
Target 'SwiftSnapshotTesting_SwiftSnapshotTesting' in project 'SwiftSnapshotTesting' (no dependencies)
GatherProvisioningInputs
CreateBuildDescription
ClangStatCache /Applications/Xcode-27.0.0-Release.Candidate.app/Contents/Developer/Toolchains/XcodeDefault.xctoolchain/usr/bin/clang-stat-cache /Applications/Xcode-27.0.0-Release.Candidate.app/Contents/Developer/Platforms/XROS.platform/Developer/SDKs/XROS27.0.sdk /Users/admin/builder/spi-builder-workspace/.derivedData/SDKStatCaches.noindex/xros27.0-24M361-e829b21a6f8c9b70876ba0858053c044735bd543db762f57723cac368afd1ce4.sdkstatcache
cd /Users/admin/builder/spi-builder-workspace/.swiftpm/xcode
/Applications/Xcode-27.0.0-Release.Candidate.app/Contents/Developer/Toolchains/XcodeDefault.xctoolchain/usr/bin/clang-stat-cache /Applications/Xcode-27.0.0-Release.Candidate.app/Contents/Developer/Platforms/XROS.platform/Developer/SDKs/XROS27.0.sdk -o /Users/admin/builder/spi-builder-workspace/.derivedData/SDKStatCaches.noindex/xros27.0-24M361-e829b21a6f8c9b70876ba0858053c044735bd543db762f57723cac368afd1ce4.sdkstatcache
SwiftDriver Bonjour normal arm64 com.apple.xcode.tools.swift.compiler (in target 'Bonjour' from project 'Bonjour')
cd /Users/admin/builder/spi-builder-workspace/.swiftpm/xcode
builtin-SwiftDriver -- /Applications/Xcode-27.0.0-Release.Candidate.app/Contents/Developer/Toolchains/XcodeDefault.xctoolchain/usr/bin/swiftc -parse-as-library -module-name Bonjour -Onone @/Users/admin/builder/spi-builder-workspace/.derivedData/Build/Intermediates.noindex/Bonjour.build/Debug-xros/Bonjour-t.build/Objects-normal/arm64/Bonjour.SwiftFileList -DSWIFT_PACKAGE -DDEBUG -DSWIFT_MODULE_RESOURCE_BUNDLE_UNAVAILABLE -DXcode -plugin-path /Applications/Xcode-27.0.0-Release.Candidate.app/Contents/Developer/Toolchains/XcodeDefault.xctoolchain/usr/lib/swift/host/plugins/testing -enable-experimental-feature DebugDescriptionMacro -sdk /Applications/Xcode-27.0.0-Release.Candidate.app/Contents/Developer/Platforms/XROS.platform/Developer/SDKs/XROS27.0.sdk -target arm64-apple-xros1.0 -g -module-cache-path /Users/admin/builder/spi-builder-workspace/.derivedData/ModuleCache.noindex -Xfrontend -serialize-debugging-options -enable-testing -suppress-warnings -index-store-path /Users/admin/builder/spi-builder-workspace/.derivedData/Index.noindex/DataStore -Xcc -D_LIBCPP_HARDENING_MODE\=_LIBCPP_HARDENING_MODE_DEBUG -swift-version 5 -I /Users/admin/builder/spi-builder-workspace/.derivedData/Build/Products/Debug-xros -Isystem /Applications/Xcode-27.0.0-Release.Candidate.app/Contents/Developer/Platforms/XROS.platform/Developer/usr/lib -F /Users/admin/builder/spi-builder-workspace/.derivedData/Build/Products/Debug-xros -F /Applications/Xcode-27.0.0-Release.Candidate.app/Contents/Developer/Platforms/XROS.platform/Developer/Library/Frameworks -F /Applications/Xcode-27.0.0-Release.Candidate.app/Contents/Developer/Platforms/XROS.platform/Developer/SDKs/XROS27.0.sdk/Developer/Library/Frameworks -c -j10 -enable-batch-mode -incremental -Xcc -ivfsstatcache -Xcc /Users/admin/builder/spi-builder-workspace/.derivedData/SDKStatCaches.noindex/xros27.0-24M361-e829b21a6f8c9b70876ba0858053c044735bd543db762f57723cac368afd1ce4.sdkstatcache -output-file-map /Users/admin/builder/spi-builder-workspace/.derivedData/Build/Intermediates.noindex/Bonjour.build/Debug-xros/Bonjour-t.build/Objects-normal/arm64/Bonjour-OutputFileMap.json -save-temps -no-color-diagnostics -explicit-module-build -module-cache-path /Users/admin/builder/spi-builder-workspace/.derivedData/Build/Intermediates.noindex/SwiftExplicitPrecompiledModules -clang-scanner-module-cache-path /Users/admin/builder/spi-builder-workspace/.derivedData/ModuleCache.noindex -sdk-module-cache-path /Users/admin/builder/spi-builder-workspace/.derivedData/SDKExplicitPrecompiledModules -emit-dependencies -emit-module -emit-module-path /Users/admin/builder/spi-builder-workspace/.derivedData/Build/Intermediates.noindex/Bonjour.build/Debug-xros/Bonjour-t.build/Objects-normal/arm64/Bonjour.swiftmodule -serialize-diagnostics -dependency-scan-serialize-diagnostics-path /Users/admin/builder/spi-builder-workspace/.derivedData/Build/Intermediates.noindex/Bonjour.build/Debug-xros/Bonjour-t.build/Objects-normal/arm64/Bonjour-dependency-scan.dia -validate-clang-modules-once -clang-build-session-file /Users/admin/builder/spi-builder-workspace/.derivedData/ModuleCache.noindex/Session.modulevalidation -Xcc -fmodules-prune-interval\=86400 -Xcc -fmodules-prune-after\=345600 -emit-const-values -const-gather-protocols-list /Users/admin/builder/spi-builder-workspace/.derivedData/Build/Intermediates.noindex/Bonjour.build/Debug-xros/Bonjour-t.build/Objects-normal/arm64/Bonjour_const_extract_protocols.json -Xcc -I/Users/admin/builder/spi-builder-workspace/.derivedData/Build/Products/Debug-xros/include -Xcc -I/Users/admin/builder/spi-builder-workspace/.derivedData/Build/Intermediates.noindex/Bonjour.build/Debug-xros/Bonjour-t.build/DerivedSources-normal/arm64 -Xcc -I/Users/admin/builder/spi-builder-workspace/.derivedData/Build/Intermediates.noindex/Bonjour.build/Debug-xros/Bonjour-t.build/DerivedSources/arm64 -Xcc -I/Users/admin/builder/spi-builder-workspace/.derivedData/Build/Intermediates.noindex/Bonjour.build/Debug-xros/Bonjour-t.build/DerivedSources -Xcc -DSWIFT_PACKAGE -Xcc -DDEBUG\=1 -emit-objc-header -emit-objc-header-path /Users/admin/builder/spi-builder-workspace/.derivedData/Build/Intermediates.noindex/Bonjour.build/Debug-xros/Bonjour-t.build/Objects-normal/arm64/Bonjour-Swift.h -working-directory /Users/admin/builder/spi-builder-workspace/.swiftpm/xcode -experimental-emit-module-separately -disable-cmo
/Users/admin/builder/spi-builder-workspace/.dependencies/checkouts/Bonjour/Sources/Bonjour/Extensions/MCPeerID+Extensions.swift:35:8: error: Unable to resolve module dependency: 'Cocoa' (in target 'Bonjour' from project 'Bonjour')
note: A dependency of main module 'Bonjour'
/Users/admin/builder/spi-builder-workspace/.dependencies/checkouts/Bonjour/Sources/Bonjour/Extensions/MCPeerID+Extensions.swift:35:8: note: A dependency of main module 'Bonjour'
import Cocoa
^ (in target 'Bonjour' from project 'Bonjour')
SwiftDriver DeviceKit normal arm64 com.apple.xcode.tools.swift.compiler (in target 'DeviceKit' from project 'DeviceKit')
cd /Users/admin/builder/spi-builder-workspace/.swiftpm/xcode
builtin-SwiftDriver -- /Applications/Xcode-27.0.0-Release.Candidate.app/Contents/Developer/Toolchains/XcodeDefault.xctoolchain/usr/bin/swiftc -parse-as-library -module-name DeviceKit -Onone @/Users/admin/builder/spi-builder-workspace/.derivedData/Build/Intermediates.noindex/DeviceKit.build/Debug-xros/DeviceKit-t.build/Objects-normal/arm64/DeviceKit.SwiftFileList -DSWIFT_PACKAGE -DDEBUG -DSWIFT_MODULE_RESOURCE_BUNDLE_UNAVAILABLE -DXcode -plugin-path /Applications/Xcode-27.0.0-Release.Candidate.app/Contents/Developer/Toolchains/XcodeDefault.xctoolchain/usr/lib/swift/host/plugins/testing -enable-experimental-feature DebugDescriptionMacro -sdk /Applications/Xcode-27.0.0-Release.Candidate.app/Contents/Developer/Platforms/XROS.platform/Developer/SDKs/XROS27.0.sdk -target arm64-apple-xros1.0 -g -module-cache-path /Users/admin/builder/spi-builder-workspace/.derivedData/ModuleCache.noindex -Xfrontend -serialize-debugging-options -enable-testing -suppress-warnings -index-store-path /Users/admin/builder/spi-builder-workspace/.derivedData/Index.noindex/DataStore -Xcc -D_LIBCPP_HARDENING_MODE\=_LIBCPP_HARDENING_MODE_DEBUG -swift-version 5 -I /Users/admin/builder/spi-builder-workspace/.derivedData/Build/Products/Debug-xros -Isystem /Applications/Xcode-27.0.0-Release.Candidate.app/Contents/Developer/Platforms/XROS.platform/Developer/usr/lib -F /Users/admin/builder/spi-builder-workspace/.derivedData/Build/Products/Debug-xros -F /Applications/Xcode-27.0.0-Release.Candidate.app/Contents/Developer/Platforms/XROS.platform/Developer/Library/Frameworks -F /Applications/Xcode-27.0.0-Release.Candidate.app/Contents/Developer/Platforms/XROS.platform/Developer/SDKs/XROS27.0.sdk/Developer/Library/Frameworks -c -j10 -enable-batch-mode -incremental -Xcc -ivfsstatcache -Xcc /Users/admin/builder/spi-builder-workspace/.derivedData/SDKStatCaches.noindex/xros27.0-24M361-e829b21a6f8c9b70876ba0858053c044735bd543db762f57723cac368afd1ce4.sdkstatcache -output-file-map /Users/admin/builder/spi-builder-workspace/.derivedData/Build/Intermediates.noindex/DeviceKit.build/Debug-xros/DeviceKit-t.build/Objects-normal/arm64/DeviceKit-OutputFileMap.json -save-temps -no-color-diagnostics -explicit-module-build -module-cache-path /Users/admin/builder/spi-builder-workspace/.derivedData/Build/Intermediates.noindex/SwiftExplicitPrecompiledModules -clang-scanner-module-cache-path /Users/admin/builder/spi-builder-workspace/.derivedData/ModuleCache.noindex -sdk-module-cache-path /Users/admin/builder/spi-builder-workspace/.derivedData/SDKExplicitPrecompiledModules -emit-dependencies -emit-module -emit-module-path /Users/admin/builder/spi-builder-workspace/.derivedData/Build/Intermediates.noindex/DeviceKit.build/Debug-xros/DeviceKit-t.build/Objects-normal/arm64/DeviceKit.swiftmodule -serialize-diagnostics -dependency-scan-serialize-diagnostics-path /Users/admin/builder/spi-builder-workspace/.derivedData/Build/Intermediates.noindex/DeviceKit.build/Debug-xros/DeviceKit-t.build/Objects-normal/arm64/DeviceKit-dependency-scan.dia -validate-clang-modules-once -clang-build-session-file /Users/admin/builder/spi-builder-workspace/.derivedData/ModuleCache.noindex/Session.modulevalidation -Xcc -fmodules-prune-interval\=86400 -Xcc -fmodules-prune-after\=345600 -emit-const-values -const-gather-protocols-list /Users/admin/builder/spi-builder-workspace/.derivedData/Build/Intermediates.noindex/DeviceKit.build/Debug-xros/DeviceKit-t.build/Objects-normal/arm64/DeviceKit_const_extract_protocols.json -Xcc -I/Users/admin/builder/spi-builder-workspace/.derivedData/Build/Products/Debug-xros/include -Xcc -I/Users/admin/builder/spi-builder-workspace/.derivedData/Build/Intermediates.noindex/DeviceKit.build/Debug-xros/DeviceKit-t.build/DerivedSources-normal/arm64 -Xcc -I/Users/admin/builder/spi-builder-workspace/.derivedData/Build/Intermediates.noindex/DeviceKit.build/Debug-xros/DeviceKit-t.build/DerivedSources/arm64 -Xcc -I/Users/admin/builder/spi-builder-workspace/.derivedData/Build/Intermediates.noindex/DeviceKit.build/Debug-xros/DeviceKit-t.build/DerivedSources -Xcc -DSWIFT_PACKAGE -Xcc -DDEBUG\=1 -emit-objc-header -emit-objc-header-path /Users/admin/builder/spi-builder-workspace/.derivedData/Build/Intermediates.noindex/DeviceKit.build/Debug-xros/DeviceKit-t.build/Objects-normal/arm64/DeviceKit-Swift.h -working-directory /Users/admin/builder/spi-builder-workspace/.swiftpm/xcode -experimental-emit-module-separately -disable-cmo
SwiftDriver Alloy normal arm64 com.apple.xcode.tools.swift.compiler (in target 'Alloy' from project 'Alloy')
cd /Users/admin/builder/spi-builder-workspace/.swiftpm/xcode
builtin-SwiftDriver -- /Applications/Xcode-27.0.0-Release.Candidate.app/Contents/Developer/Toolchains/XcodeDefault.xctoolchain/usr/bin/swiftc -parse-as-library -module-name Alloy -Onone @/Users/admin/builder/spi-builder-workspace/.derivedData/Build/Intermediates.noindex/Alloy.build/Debug-xros/Alloy-t.build/Objects-normal/arm64/Alloy.SwiftFileList -DSWIFT_PACKAGE -DDEBUG -DSWIFT_MODULE_RESOURCE_BUNDLE_AVAILABLE -Xcc -fmodule-map-file\=/Users/admin/builder/spi-builder-workspace/.derivedData/Build/Intermediates.noindex/GeneratedModuleMaps-xros/AlloyShadersSharedTypes.modulemap -DXcode -plugin-path /Applications/Xcode-27.0.0-Release.Candidate.app/Contents/Developer/Toolchains/XcodeDefault.xctoolchain/usr/lib/swift/host/plugins/testing -enable-experimental-feature DebugDescriptionMacro -sdk /Applications/Xcode-27.0.0-Release.Candidate.app/Contents/Developer/Platforms/XROS.platform/Developer/SDKs/XROS27.0.sdk -target arm64-apple-xros1.0 -g -module-cache-path /Users/admin/builder/spi-builder-workspace/.derivedData/ModuleCache.noindex -Xfrontend -serialize-debugging-options -enable-testing -suppress-warnings -index-store-path /Users/admin/builder/spi-builder-workspace/.derivedData/Index.noindex/DataStore -Xcc -D_LIBCPP_HARDENING_MODE\=_LIBCPP_HARDENING_MODE_DEBUG -swift-version 5 -I /Users/admin/builder/spi-builder-workspace/.derivedData/Build/Products/Debug-xros -Isystem /Applications/Xcode-27.0.0-Release.Candidate.app/Contents/Developer/Platforms/XROS.platform/Developer/usr/lib -F /Users/admin/builder/spi-builder-workspace/.derivedData/Build/Products/Debug-xros/PackageFrameworks -F /Users/admin/builder/spi-builder-workspace/.derivedData/Build/Products/Debug-xros -F /Applications/Xcode-27.0.0-Release.Candidate.app/Contents/Developer/Platforms/XROS.platform/Developer/Library/Frameworks -F /Applications/Xcode-27.0.0-Release.Candidate.app/Contents/Developer/Platforms/XROS.platform/Developer/SDKs/XROS27.0.sdk/Developer/Library/Frameworks -c -j10 -enable-batch-mode -incremental -Xcc -ivfsstatcache -Xcc /Users/admin/builder/spi-builder-workspace/.derivedData/SDKStatCaches.noindex/xros27.0-24M361-e829b21a6f8c9b70876ba0858053c044735bd543db762f57723cac368afd1ce4.sdkstatcache -output-file-map /Users/admin/builder/spi-builder-workspace/.derivedData/Build/Intermediates.noindex/Alloy.build/Debug-xros/Alloy-t.build/Objects-normal/arm64/Alloy-OutputFileMap.json -save-temps -no-color-diagnostics -explicit-module-build -module-cache-path /Users/admin/builder/spi-builder-workspace/.derivedData/Build/Intermediates.noindex/SwiftExplicitPrecompiledModules -clang-scanner-module-cache-path /Users/admin/builder/spi-builder-workspace/.derivedData/ModuleCache.noindex -sdk-module-cache-path /Users/admin/builder/spi-builder-workspace/.derivedData/SDKExplicitPrecompiledModules -emit-dependencies -emit-module -emit-module-path /Users/admin/builder/spi-builder-workspace/.derivedData/Build/Intermediates.noindex/Alloy.build/Debug-xros/Alloy-t.build/Objects-normal/arm64/Alloy.swiftmodule -serialize-diagnostics -dependency-scan-serialize-diagnostics-path /Users/admin/builder/spi-builder-workspace/.derivedData/Build/Intermediates.noindex/Alloy.build/Debug-xros/Alloy-t.build/Objects-normal/arm64/Alloy-dependency-scan.dia -validate-clang-modules-once -clang-build-session-file /Users/admin/builder/spi-builder-workspace/.derivedData/ModuleCache.noindex/Session.modulevalidation -Xcc -fmodules-prune-interval\=86400 -Xcc -fmodules-prune-after\=345600 -emit-const-values -const-gather-protocols-list /Users/admin/builder/spi-builder-workspace/.derivedData/Build/Intermediates.noindex/Alloy.build/Debug-xros/Alloy-t.build/Objects-normal/arm64/Alloy_const_extract_protocols.json -Xcc -I/Users/admin/builder/spi-builder-workspace/.dependencies/checkouts/Alloy/Sources/AlloyShadersSharedTypes -Xcc -I/Users/admin/builder/spi-builder-workspace/.derivedData/Build/Products/Debug-xros/include -Xcc -I/Users/admin/builder/spi-builder-workspace/.derivedData/Build/Intermediates.noindex/Alloy.build/Debug-xros/Alloy-t.build/DerivedSources-normal/arm64 -Xcc -I/Users/admin/builder/spi-builder-workspace/.derivedData/Build/Intermediates.noindex/Alloy.build/Debug-xros/Alloy-t.build/DerivedSources/arm64 -Xcc -I/Users/admin/builder/spi-builder-workspace/.derivedData/Build/Intermediates.noindex/Alloy.build/Debug-xros/Alloy-t.build/DerivedSources -Xcc -DSWIFT_PACKAGE -Xcc -DDEBUG\=1 -emit-objc-header -emit-objc-header-path /Users/admin/builder/spi-builder-workspace/.derivedData/Build/Intermediates.noindex/Alloy.build/Debug-xros/Alloy-t.build/Objects-normal/arm64/Alloy-Swift.h -working-directory /Users/admin/builder/spi-builder-workspace/.swiftpm/xcode -experimental-emit-module-separately -disable-cmo
PruneExplicitPrecompiledModules /Users/admin/builder/spi-builder-workspace/.derivedData/SDKExplicitPrecompiledModules
PruneExplicitPrecompiledModules /Users/admin/builder/spi-builder-workspace/.derivedData/Build/Intermediates.noindex/SwiftExplicitPrecompiledModules
PruneExplicitPrecompiledModules /Users/admin/builder/spi-builder-workspace/.derivedData/Build/Intermediates.noindex/ExplicitPrecompiledModules
2026-09-18 04:30:36.560 xcodebuild[902:5655] [MT] IDERunDestination: Supported platforms for the buildables in the current scheme is empty.
** BUILD FAILED **
The following build commands failed:
SwiftDriver Bonjour normal arm64 com.apple.xcode.tools.swift.compiler (in target 'Bonjour' from project 'Bonjour')
Building workspace SwiftSnapshotTesting with scheme SwiftSnapshotTesting
(2 failures)
BUILD FAILURE 6.4 visionOS