Build Information
Failed to build PulsarClient, reference main (f32d0d), with Swift 6.4 for watchOS using Xcode 27.0 on 23 Sep 2026 13:52:02 UTC.
Build Command
env DEVELOPER_DIR=/Applications/Xcode-27.0.0-Release.Candidate.app xcrun xcodebuild -IDEClonedSourcePackagesDirPathOverride=$PWD/.dependencies -skipMacroValidation -skipPackagePluginValidation -derivedDataPath $PWD/.derivedData build -scheme PulsarClient -destination generic/platform=watchOSBuild Log
SwiftCompile normal arm64_32 (in target 'PulsarClient' from project 'PulsarClient')
cd /Users/admin/builder/spi-builder-workspace/.swiftpm/xcode
SwiftCompile normal arm64_32 Compiling\ CustomAuthentication.swift,\ DeadLetterPolicy.swift,\ EncryptionPolicy.swift,\ PulsarClientError.swift,\ ByteBufferExtensions.swift,\ ConsumerExtensions.swift,\ MessageExtensions.swift,\ ProducerExtensions.swift,\ PulsarClientExtensions.swift /Users/admin/builder/spi-builder-workspace/Sources/PulsarClient/CustomAuthentication.swift /Users/admin/builder/spi-builder-workspace/Sources/PulsarClient/DeadLetterPolicy.swift /Users/admin/builder/spi-builder-workspace/Sources/PulsarClient/EncryptionPolicy.swift /Users/admin/builder/spi-builder-workspace/Sources/PulsarClient/Exceptions/PulsarClientError.swift /Users/admin/builder/spi-builder-workspace/Sources/PulsarClient/Extensions/ByteBufferExtensions.swift /Users/admin/builder/spi-builder-workspace/Sources/PulsarClient/Extensions/ConsumerExtensions.swift /Users/admin/builder/spi-builder-workspace/Sources/PulsarClient/Extensions/MessageExtensions.swift /Users/admin/builder/spi-builder-workspace/Sources/PulsarClient/Extensions/ProducerExtensions.swift /Users/admin/builder/spi-builder-workspace/Sources/PulsarClient/Extensions/PulsarClientExtensions.swift (in target 'PulsarClient' from project 'PulsarClient')
SwiftCompile normal arm64_32 /Users/admin/builder/spi-builder-workspace/Sources/PulsarClient/CustomAuthentication.swift (in target 'PulsarClient' from project 'PulsarClient')
cd /Users/admin/builder/spi-builder-workspace/.swiftpm/xcode
builtin-SwiftPerFileCompile CustomAuthentication.swift
SwiftCompile normal arm64_32 /Users/admin/builder/spi-builder-workspace/Sources/PulsarClient/DeadLetterPolicy.swift (in target 'PulsarClient' from project 'PulsarClient')
cd /Users/admin/builder/spi-builder-workspace/.swiftpm/xcode
builtin-SwiftPerFileCompile DeadLetterPolicy.swift
SwiftCompile normal arm64_32 /Users/admin/builder/spi-builder-workspace/Sources/PulsarClient/EncryptionPolicy.swift (in target 'PulsarClient' from project 'PulsarClient')
cd /Users/admin/builder/spi-builder-workspace/.swiftpm/xcode
builtin-SwiftPerFileCompile EncryptionPolicy.swift
SwiftCompile normal arm64_32 /Users/admin/builder/spi-builder-workspace/Sources/PulsarClient/Exceptions/PulsarClientError.swift (in target 'PulsarClient' from project 'PulsarClient')
cd /Users/admin/builder/spi-builder-workspace/.swiftpm/xcode
builtin-SwiftPerFileCompile PulsarClientError.swift
SwiftCompile normal arm64_32 /Users/admin/builder/spi-builder-workspace/Sources/PulsarClient/Extensions/ByteBufferExtensions.swift (in target 'PulsarClient' from project 'PulsarClient')
cd /Users/admin/builder/spi-builder-workspace/.swiftpm/xcode
builtin-SwiftPerFileCompile ByteBufferExtensions.swift
SwiftCompile normal arm64_32 /Users/admin/builder/spi-builder-workspace/Sources/PulsarClient/Extensions/ConsumerExtensions.swift (in target 'PulsarClient' from project 'PulsarClient')
cd /Users/admin/builder/spi-builder-workspace/.swiftpm/xcode
builtin-SwiftPerFileCompile ConsumerExtensions.swift
SwiftCompile normal arm64_32 /Users/admin/builder/spi-builder-workspace/Sources/PulsarClient/Extensions/MessageExtensions.swift (in target 'PulsarClient' from project 'PulsarClient')
cd /Users/admin/builder/spi-builder-workspace/.swiftpm/xcode
builtin-SwiftPerFileCompile MessageExtensions.swift
SwiftCompile normal arm64_32 /Users/admin/builder/spi-builder-workspace/Sources/PulsarClient/Extensions/ProducerExtensions.swift (in target 'PulsarClient' from project 'PulsarClient')
cd /Users/admin/builder/spi-builder-workspace/.swiftpm/xcode
builtin-SwiftPerFileCompile ProducerExtensions.swift
SwiftCompile normal arm64_32 /Users/admin/builder/spi-builder-workspace/Sources/PulsarClient/Extensions/PulsarClientExtensions.swift (in target 'PulsarClient' from project 'PulsarClient')
cd /Users/admin/builder/spi-builder-workspace/.swiftpm/xcode
builtin-SwiftPerFileCompile PulsarClientExtensions.swift
SwiftDriverJobDiscovery normal arm64_32 Compiling NIOSSLHandler+Configuration.swift, NIOSSLHandler.swift, NIOSSLServerHandler.swift, ObjectIdentifier.swift (in target 'NIOSSL' from project 'swift-nio-ssl')
SwiftCompile normal arm64_32 Compiling\ ReaderOptions.swift,\ ReaderState.swift,\ RegexSubscriptionMode.swift,\ AutoSchemas.swift,\ BooleanSchema.swift,\ BytesSchema.swift,\ FloatingPointSchemas.swift,\ IntegerSchemas.swift /Users/admin/builder/spi-builder-workspace/Sources/PulsarClient/ReaderOptions.swift /Users/admin/builder/spi-builder-workspace/Sources/PulsarClient/ReaderState.swift /Users/admin/builder/spi-builder-workspace/Sources/PulsarClient/RegexSubscriptionMode.swift /Users/admin/builder/spi-builder-workspace/Sources/PulsarClient/Schemas/AutoSchemas.swift /Users/admin/builder/spi-builder-workspace/Sources/PulsarClient/Schemas/BooleanSchema.swift /Users/admin/builder/spi-builder-workspace/Sources/PulsarClient/Schemas/BytesSchema.swift /Users/admin/builder/spi-builder-workspace/Sources/PulsarClient/Schemas/FloatingPointSchemas.swift /Users/admin/builder/spi-builder-workspace/Sources/PulsarClient/Schemas/IntegerSchemas.swift (in target 'PulsarClient' from project 'PulsarClient')
SwiftCompile normal arm64_32 /Users/admin/builder/spi-builder-workspace/Sources/PulsarClient/ReaderOptions.swift (in target 'PulsarClient' from project 'PulsarClient')
cd /Users/admin/builder/spi-builder-workspace/.swiftpm/xcode
builtin-SwiftPerFileCompile ReaderOptions.swift
SwiftCompile normal arm64_32 /Users/admin/builder/spi-builder-workspace/Sources/PulsarClient/ReaderState.swift (in target 'PulsarClient' from project 'PulsarClient')
cd /Users/admin/builder/spi-builder-workspace/.swiftpm/xcode
builtin-SwiftPerFileCompile ReaderState.swift
SwiftCompile normal arm64_32 /Users/admin/builder/spi-builder-workspace/Sources/PulsarClient/RegexSubscriptionMode.swift (in target 'PulsarClient' from project 'PulsarClient')
cd /Users/admin/builder/spi-builder-workspace/.swiftpm/xcode
builtin-SwiftPerFileCompile RegexSubscriptionMode.swift
SwiftCompile normal arm64_32 /Users/admin/builder/spi-builder-workspace/Sources/PulsarClient/Schemas/AutoSchemas.swift (in target 'PulsarClient' from project 'PulsarClient')
cd /Users/admin/builder/spi-builder-workspace/.swiftpm/xcode
builtin-SwiftPerFileCompile AutoSchemas.swift
SwiftCompile normal arm64_32 /Users/admin/builder/spi-builder-workspace/Sources/PulsarClient/Schemas/BooleanSchema.swift (in target 'PulsarClient' from project 'PulsarClient')
cd /Users/admin/builder/spi-builder-workspace/.swiftpm/xcode
builtin-SwiftPerFileCompile BooleanSchema.swift
SwiftCompile normal arm64_32 /Users/admin/builder/spi-builder-workspace/Sources/PulsarClient/Schemas/BytesSchema.swift (in target 'PulsarClient' from project 'PulsarClient')
cd /Users/admin/builder/spi-builder-workspace/.swiftpm/xcode
builtin-SwiftPerFileCompile BytesSchema.swift
SwiftCompile normal arm64_32 /Users/admin/builder/spi-builder-workspace/Sources/PulsarClient/Schemas/FloatingPointSchemas.swift (in target 'PulsarClient' from project 'PulsarClient')
cd /Users/admin/builder/spi-builder-workspace/.swiftpm/xcode
builtin-SwiftPerFileCompile FloatingPointSchemas.swift
SwiftCompile normal arm64_32 /Users/admin/builder/spi-builder-workspace/Sources/PulsarClient/Schemas/IntegerSchemas.swift (in target 'PulsarClient' from project 'PulsarClient')
cd /Users/admin/builder/spi-builder-workspace/.swiftpm/xcode
builtin-SwiftPerFileCompile IntegerSchemas.swift
SwiftDriverJobDiscovery normal arm64_32 Compiling PosixPort.swift, SSLCallbacks.swift, SSLCertificate.swift, SSLCertificateExtensions.swift (in target 'NIOSSL' from project 'swift-nio-ssl')
SwiftCompile normal arm64 Compiling\ Transaction.swift,\ AuthenticationFactory.swift,\ Builders.swift,\ ConsumerBuilder.swift,\ ProducerBuilder.swift,\ ReaderBuilder.swift,\ Types.swift,\ ConsumerOptions.swift,\ ConsumerState.swift /Users/admin/builder/spi-builder-workspace/Sources/PulsarClient/Abstractions/Transaction.swift /Users/admin/builder/spi-builder-workspace/Sources/PulsarClient/AuthenticationFactory.swift /Users/admin/builder/spi-builder-workspace/Sources/PulsarClient/Builders.swift /Users/admin/builder/spi-builder-workspace/Sources/PulsarClient/Builders/ConsumerBuilder.swift /Users/admin/builder/spi-builder-workspace/Sources/PulsarClient/Builders/ProducerBuilder.swift /Users/admin/builder/spi-builder-workspace/Sources/PulsarClient/Builders/ReaderBuilder.swift /Users/admin/builder/spi-builder-workspace/Sources/PulsarClient/Common/Types.swift /Users/admin/builder/spi-builder-workspace/Sources/PulsarClient/ConsumerOptions.swift /Users/admin/builder/spi-builder-workspace/Sources/PulsarClient/ConsumerState.swift (in target 'PulsarClient' from project 'PulsarClient')
SwiftCompile normal arm64 /Users/admin/builder/spi-builder-workspace/Sources/PulsarClient/Abstractions/Transaction.swift (in target 'PulsarClient' from project 'PulsarClient')
cd /Users/admin/builder/spi-builder-workspace/.swiftpm/xcode
builtin-SwiftPerFileCompile Transaction.swift
SwiftCompile normal arm64 /Users/admin/builder/spi-builder-workspace/Sources/PulsarClient/AuthenticationFactory.swift (in target 'PulsarClient' from project 'PulsarClient')
cd /Users/admin/builder/spi-builder-workspace/.swiftpm/xcode
builtin-SwiftPerFileCompile AuthenticationFactory.swift
SwiftCompile normal arm64 /Users/admin/builder/spi-builder-workspace/Sources/PulsarClient/Builders.swift (in target 'PulsarClient' from project 'PulsarClient')
cd /Users/admin/builder/spi-builder-workspace/.swiftpm/xcode
builtin-SwiftPerFileCompile Builders.swift
SwiftCompile normal arm64 /Users/admin/builder/spi-builder-workspace/Sources/PulsarClient/Builders/ConsumerBuilder.swift (in target 'PulsarClient' from project 'PulsarClient')
cd /Users/admin/builder/spi-builder-workspace/.swiftpm/xcode
builtin-SwiftPerFileCompile ConsumerBuilder.swift
SwiftCompile normal arm64 /Users/admin/builder/spi-builder-workspace/Sources/PulsarClient/Builders/ProducerBuilder.swift (in target 'PulsarClient' from project 'PulsarClient')
cd /Users/admin/builder/spi-builder-workspace/.swiftpm/xcode
builtin-SwiftPerFileCompile ProducerBuilder.swift
SwiftCompile normal arm64 /Users/admin/builder/spi-builder-workspace/Sources/PulsarClient/Builders/ReaderBuilder.swift (in target 'PulsarClient' from project 'PulsarClient')
cd /Users/admin/builder/spi-builder-workspace/.swiftpm/xcode
builtin-SwiftPerFileCompile ReaderBuilder.swift
SwiftCompile normal arm64 /Users/admin/builder/spi-builder-workspace/Sources/PulsarClient/Common/Types.swift (in target 'PulsarClient' from project 'PulsarClient')
cd /Users/admin/builder/spi-builder-workspace/.swiftpm/xcode
builtin-SwiftPerFileCompile Types.swift
SwiftCompile normal arm64 /Users/admin/builder/spi-builder-workspace/Sources/PulsarClient/ConsumerOptions.swift (in target 'PulsarClient' from project 'PulsarClient')
cd /Users/admin/builder/spi-builder-workspace/.swiftpm/xcode
builtin-SwiftPerFileCompile ConsumerOptions.swift
SwiftCompile normal arm64 /Users/admin/builder/spi-builder-workspace/Sources/PulsarClient/ConsumerState.swift (in target 'PulsarClient' from project 'PulsarClient')
cd /Users/admin/builder/spi-builder-workspace/.swiftpm/xcode
builtin-SwiftPerFileCompile ConsumerState.swift
SwiftDriverJobDiscovery normal arm64_32 Compiling NIORandomizedDNSResolver.swift, NIOThreadPool.swift, NonBlockingFileIO.swift, PendingDatagramWritesManager.swift, PendingWritesManager.swift, PipeChannel.swift (in target 'NIOPosix' from project 'swift-nio')
SwiftCompile normal arm64_32 Compiling\ Authentication.swift,\ BuilderProtocols.swift,\ ConsumerProtocol.swift,\ GetLastMessageIds.swift,\ HandleException.swift,\ MessageBuilder.swift,\ MessageInterceptor.swift,\ MessageProtocol.swift,\ MessageRouter.swift /Users/admin/builder/spi-builder-workspace/Sources/PulsarClient/Abstractions/Authentication.swift /Users/admin/builder/spi-builder-workspace/Sources/PulsarClient/Abstractions/BuilderProtocols.swift /Users/admin/builder/spi-builder-workspace/Sources/PulsarClient/Abstractions/ConsumerProtocol.swift /Users/admin/builder/spi-builder-workspace/Sources/PulsarClient/Abstractions/GetLastMessageIds.swift /Users/admin/builder/spi-builder-workspace/Sources/PulsarClient/Abstractions/HandleException.swift /Users/admin/builder/spi-builder-workspace/Sources/PulsarClient/Abstractions/MessageBuilder.swift /Users/admin/builder/spi-builder-workspace/Sources/PulsarClient/Abstractions/MessageInterceptor.swift /Users/admin/builder/spi-builder-workspace/Sources/PulsarClient/Abstractions/MessageProtocol.swift /Users/admin/builder/spi-builder-workspace/Sources/PulsarClient/Abstractions/MessageRouter.swift (in target 'PulsarClient' from project 'PulsarClient')
SwiftCompile normal arm64_32 /Users/admin/builder/spi-builder-workspace/Sources/PulsarClient/Abstractions/Authentication.swift (in target 'PulsarClient' from project 'PulsarClient')
cd /Users/admin/builder/spi-builder-workspace/.swiftpm/xcode
builtin-SwiftPerFileCompile Authentication.swift
SwiftCompile normal arm64_32 /Users/admin/builder/spi-builder-workspace/Sources/PulsarClient/Abstractions/BuilderProtocols.swift (in target 'PulsarClient' from project 'PulsarClient')
cd /Users/admin/builder/spi-builder-workspace/.swiftpm/xcode
builtin-SwiftPerFileCompile BuilderProtocols.swift
SwiftCompile normal arm64_32 /Users/admin/builder/spi-builder-workspace/Sources/PulsarClient/Abstractions/ConsumerProtocol.swift (in target 'PulsarClient' from project 'PulsarClient')
cd /Users/admin/builder/spi-builder-workspace/.swiftpm/xcode
builtin-SwiftPerFileCompile ConsumerProtocol.swift
SwiftCompile normal arm64_32 /Users/admin/builder/spi-builder-workspace/Sources/PulsarClient/Abstractions/GetLastMessageIds.swift (in target 'PulsarClient' from project 'PulsarClient')
cd /Users/admin/builder/spi-builder-workspace/.swiftpm/xcode
builtin-SwiftPerFileCompile GetLastMessageIds.swift
SwiftCompile normal arm64_32 /Users/admin/builder/spi-builder-workspace/Sources/PulsarClient/Abstractions/HandleException.swift (in target 'PulsarClient' from project 'PulsarClient')
cd /Users/admin/builder/spi-builder-workspace/.swiftpm/xcode
builtin-SwiftPerFileCompile HandleException.swift
SwiftCompile normal arm64_32 /Users/admin/builder/spi-builder-workspace/Sources/PulsarClient/Abstractions/MessageBuilder.swift (in target 'PulsarClient' from project 'PulsarClient')
cd /Users/admin/builder/spi-builder-workspace/.swiftpm/xcode
builtin-SwiftPerFileCompile MessageBuilder.swift
SwiftCompile normal arm64_32 /Users/admin/builder/spi-builder-workspace/Sources/PulsarClient/Abstractions/MessageInterceptor.swift (in target 'PulsarClient' from project 'PulsarClient')
cd /Users/admin/builder/spi-builder-workspace/.swiftpm/xcode
builtin-SwiftPerFileCompile MessageInterceptor.swift
SwiftCompile normal arm64_32 /Users/admin/builder/spi-builder-workspace/Sources/PulsarClient/Abstractions/MessageProtocol.swift (in target 'PulsarClient' from project 'PulsarClient')
cd /Users/admin/builder/spi-builder-workspace/.swiftpm/xcode
builtin-SwiftPerFileCompile MessageProtocol.swift
SwiftCompile normal arm64_32 /Users/admin/builder/spi-builder-workspace/Sources/PulsarClient/Abstractions/MessageRouter.swift (in target 'PulsarClient' from project 'PulsarClient')
cd /Users/admin/builder/spi-builder-workspace/.swiftpm/xcode
builtin-SwiftPerFileCompile MessageRouter.swift
SwiftDriverJobDiscovery normal arm64 Compiling ReaderOptions.swift, ReaderState.swift, RegexSubscriptionMode.swift, AutoSchemas.swift, BooleanSchema.swift, BytesSchema.swift, FloatingPointSchemas.swift, IntegerSchemas.swift (in target 'PulsarClient' from project 'PulsarClient')
SwiftCompile normal arm64 Compiling\ ReaderExtensions.swift,\ FaultAction.swift,\ ChannelManager+Handlers.swift,\ ChannelManager.swift,\ ChannelPipelineBuilder.swift,\ ConnectedFrameHandler.swift,\ Connection+Enhanced.swift,\ Connection.swift,\ ConnectionPool+Enhanced.swift /Users/admin/builder/spi-builder-workspace/Sources/PulsarClient/Extensions/ReaderExtensions.swift /Users/admin/builder/spi-builder-workspace/Sources/PulsarClient/FaultAction.swift /Users/admin/builder/spi-builder-workspace/Sources/PulsarClient/Internal/ChannelManager+Handlers.swift /Users/admin/builder/spi-builder-workspace/Sources/PulsarClient/Internal/ChannelManager.swift /Users/admin/builder/spi-builder-workspace/Sources/PulsarClient/Internal/ChannelPipelineBuilder.swift /Users/admin/builder/spi-builder-workspace/Sources/PulsarClient/Internal/ConnectedFrameHandler.swift /Users/admin/builder/spi-builder-workspace/Sources/PulsarClient/Internal/Connection+Enhanced.swift /Users/admin/builder/spi-builder-workspace/Sources/PulsarClient/Internal/Connection.swift /Users/admin/builder/spi-builder-workspace/Sources/PulsarClient/Internal/ConnectionPool+Enhanced.swift (in target 'PulsarClient' from project 'PulsarClient')
SwiftCompile normal arm64 /Users/admin/builder/spi-builder-workspace/Sources/PulsarClient/Extensions/ReaderExtensions.swift (in target 'PulsarClient' from project 'PulsarClient')
cd /Users/admin/builder/spi-builder-workspace/.swiftpm/xcode
builtin-SwiftPerFileCompile ReaderExtensions.swift
SwiftCompile normal arm64 /Users/admin/builder/spi-builder-workspace/Sources/PulsarClient/FaultAction.swift (in target 'PulsarClient' from project 'PulsarClient')
cd /Users/admin/builder/spi-builder-workspace/.swiftpm/xcode
builtin-SwiftPerFileCompile FaultAction.swift
SwiftCompile normal arm64 /Users/admin/builder/spi-builder-workspace/Sources/PulsarClient/Internal/ChannelManager+Handlers.swift (in target 'PulsarClient' from project 'PulsarClient')
cd /Users/admin/builder/spi-builder-workspace/.swiftpm/xcode
builtin-SwiftPerFileCompile ChannelManager+Handlers.swift
SwiftCompile normal arm64 /Users/admin/builder/spi-builder-workspace/Sources/PulsarClient/Internal/ChannelManager.swift (in target 'PulsarClient' from project 'PulsarClient')
cd /Users/admin/builder/spi-builder-workspace/.swiftpm/xcode
builtin-SwiftPerFileCompile ChannelManager.swift
SwiftCompile normal arm64 /Users/admin/builder/spi-builder-workspace/Sources/PulsarClient/Internal/ChannelPipelineBuilder.swift (in target 'PulsarClient' from project 'PulsarClient')
cd /Users/admin/builder/spi-builder-workspace/.swiftpm/xcode
builtin-SwiftPerFileCompile ChannelPipelineBuilder.swift
SwiftCompile normal arm64 /Users/admin/builder/spi-builder-workspace/Sources/PulsarClient/Internal/ConnectedFrameHandler.swift (in target 'PulsarClient' from project 'PulsarClient')
cd /Users/admin/builder/spi-builder-workspace/.swiftpm/xcode
builtin-SwiftPerFileCompile ConnectedFrameHandler.swift
SwiftCompile normal arm64 /Users/admin/builder/spi-builder-workspace/Sources/PulsarClient/Internal/Connection+Enhanced.swift (in target 'PulsarClient' from project 'PulsarClient')
cd /Users/admin/builder/spi-builder-workspace/.swiftpm/xcode
builtin-SwiftPerFileCompile Connection+Enhanced.swift
SwiftCompile normal arm64 /Users/admin/builder/spi-builder-workspace/Sources/PulsarClient/Internal/Connection.swift (in target 'PulsarClient' from project 'PulsarClient')
cd /Users/admin/builder/spi-builder-workspace/.swiftpm/xcode
builtin-SwiftPerFileCompile Connection.swift
SwiftCompile normal arm64 /Users/admin/builder/spi-builder-workspace/Sources/PulsarClient/Internal/ConnectionPool+Enhanced.swift (in target 'PulsarClient' from project 'PulsarClient')
cd /Users/admin/builder/spi-builder-workspace/.swiftpm/xcode
builtin-SwiftPerFileCompile ConnectionPool+Enhanced.swift
/Users/admin/builder/spi-builder-workspace/Sources/PulsarClient/Internal/ChannelManager+Handlers.swift:134:22: error: static property 'messageStates' is not concurrency-safe because it is nonisolated global shared mutable state [#MutableGlobalVariable]
132 | }
133 |
134 | private static var messageStates: [UInt64: MessageState] = [:]
| |- error: static property 'messageStates' is not concurrency-safe because it is nonisolated global shared mutable state [#MutableGlobalVariable]
| |- note: convert 'messageStates' to a 'let' constant to make 'Sendable' shared state immutable
| |- note: add '@MainActor' to make static property 'messageStates' part of global actor 'MainActor'
| `- note: disable concurrency-safety checks if accesses are protected by an external synchronization mechanism
135 |
136 | /// Handle incoming message
SwiftDriverJobDiscovery normal arm64 Compiling CustomAuthentication.swift, DeadLetterPolicy.swift, EncryptionPolicy.swift, PulsarClientError.swift, ByteBufferExtensions.swift, ConsumerExtensions.swift, MessageExtensions.swift, ProducerExtensions.swift, PulsarClientExtensions.swift (in target 'PulsarClient' from project 'PulsarClient')
SwiftCompile normal arm64_32 Compiling\ ReaderExtensions.swift,\ FaultAction.swift,\ ChannelManager+Handlers.swift,\ ChannelManager.swift,\ ChannelPipelineBuilder.swift,\ ConnectedFrameHandler.swift,\ Connection+Enhanced.swift,\ Connection.swift,\ ConnectionPool+Enhanced.swift /Users/admin/builder/spi-builder-workspace/Sources/PulsarClient/Extensions/ReaderExtensions.swift /Users/admin/builder/spi-builder-workspace/Sources/PulsarClient/FaultAction.swift /Users/admin/builder/spi-builder-workspace/Sources/PulsarClient/Internal/ChannelManager+Handlers.swift /Users/admin/builder/spi-builder-workspace/Sources/PulsarClient/Internal/ChannelManager.swift /Users/admin/builder/spi-builder-workspace/Sources/PulsarClient/Internal/ChannelPipelineBuilder.swift /Users/admin/builder/spi-builder-workspace/Sources/PulsarClient/Internal/ConnectedFrameHandler.swift /Users/admin/builder/spi-builder-workspace/Sources/PulsarClient/Internal/Connection+Enhanced.swift /Users/admin/builder/spi-builder-workspace/Sources/PulsarClient/Internal/Connection.swift /Users/admin/builder/spi-builder-workspace/Sources/PulsarClient/Internal/ConnectionPool+Enhanced.swift (in target 'PulsarClient' from project 'PulsarClient')
/Users/admin/builder/spi-builder-workspace/Sources/PulsarClient/Internal/ChannelManager+Handlers.swift:134:22: error: static property 'messageStates' is not concurrency-safe because it is nonisolated global shared mutable state [#MutableGlobalVariable]
132 | }
133 |
134 | private static var messageStates: [UInt64: MessageState] = [:]
| |- error: static property 'messageStates' is not concurrency-safe because it is nonisolated global shared mutable state [#MutableGlobalVariable]
| |- note: convert 'messageStates' to a 'let' constant to make 'Sendable' shared state immutable
| |- note: add '@MainActor' to make static property 'messageStates' part of global actor 'MainActor'
| `- note: disable concurrency-safety checks if accesses are protected by an external synchronization mechanism
135 |
136 | /// Handle incoming message
SwiftCompile normal arm64_32 /Users/admin/builder/spi-builder-workspace/Sources/PulsarClient/Extensions/ReaderExtensions.swift (in target 'PulsarClient' from project 'PulsarClient')
cd /Users/admin/builder/spi-builder-workspace/.swiftpm/xcode
builtin-SwiftPerFileCompile ReaderExtensions.swift
SwiftCompile normal arm64_32 /Users/admin/builder/spi-builder-workspace/Sources/PulsarClient/FaultAction.swift (in target 'PulsarClient' from project 'PulsarClient')
cd /Users/admin/builder/spi-builder-workspace/.swiftpm/xcode
builtin-SwiftPerFileCompile FaultAction.swift
SwiftCompile normal arm64_32 /Users/admin/builder/spi-builder-workspace/Sources/PulsarClient/Internal/ChannelManager+Handlers.swift (in target 'PulsarClient' from project 'PulsarClient')
cd /Users/admin/builder/spi-builder-workspace/.swiftpm/xcode
builtin-SwiftPerFileCompile ChannelManager+Handlers.swift
SwiftCompile normal arm64_32 /Users/admin/builder/spi-builder-workspace/Sources/PulsarClient/Internal/ChannelManager.swift (in target 'PulsarClient' from project 'PulsarClient')
cd /Users/admin/builder/spi-builder-workspace/.swiftpm/xcode
builtin-SwiftPerFileCompile ChannelManager.swift
SwiftCompile normal arm64_32 /Users/admin/builder/spi-builder-workspace/Sources/PulsarClient/Internal/ChannelPipelineBuilder.swift (in target 'PulsarClient' from project 'PulsarClient')
cd /Users/admin/builder/spi-builder-workspace/.swiftpm/xcode
builtin-SwiftPerFileCompile ChannelPipelineBuilder.swift
SwiftCompile normal arm64_32 /Users/admin/builder/spi-builder-workspace/Sources/PulsarClient/Internal/ConnectedFrameHandler.swift (in target 'PulsarClient' from project 'PulsarClient')
cd /Users/admin/builder/spi-builder-workspace/.swiftpm/xcode
builtin-SwiftPerFileCompile ConnectedFrameHandler.swift
SwiftCompile normal arm64_32 /Users/admin/builder/spi-builder-workspace/Sources/PulsarClient/Internal/Connection+Enhanced.swift (in target 'PulsarClient' from project 'PulsarClient')
cd /Users/admin/builder/spi-builder-workspace/.swiftpm/xcode
builtin-SwiftPerFileCompile Connection+Enhanced.swift
SwiftCompile normal arm64_32 /Users/admin/builder/spi-builder-workspace/Sources/PulsarClient/Internal/Connection.swift (in target 'PulsarClient' from project 'PulsarClient')
cd /Users/admin/builder/spi-builder-workspace/.swiftpm/xcode
builtin-SwiftPerFileCompile Connection.swift
SwiftCompile normal arm64_32 /Users/admin/builder/spi-builder-workspace/Sources/PulsarClient/Internal/ConnectionPool+Enhanced.swift (in target 'PulsarClient' from project 'PulsarClient')
cd /Users/admin/builder/spi-builder-workspace/.swiftpm/xcode
builtin-SwiftPerFileCompile ConnectionPool+Enhanced.swift
SwiftDriverJobDiscovery normal arm64 Compiling JSONSchema.swift, StringSchema.swift, TimeSchemas.swift, State.swift, TLSAuthentication.swift, ConsumerMetricsInterceptor.swift, ProducerMetricsInterceptor.swift, PulsarMetrics.swift (in target 'PulsarClient' from project 'PulsarClient')
SwiftCompile normal arm64 Compiling\ Authentication.swift,\ BuilderProtocols.swift,\ ConsumerProtocol.swift,\ GetLastMessageIds.swift,\ HandleException.swift,\ MessageBuilder.swift,\ MessageInterceptor.swift,\ MessageProtocol.swift,\ MessageRouter.swift /Users/admin/builder/spi-builder-workspace/Sources/PulsarClient/Abstractions/Authentication.swift /Users/admin/builder/spi-builder-workspace/Sources/PulsarClient/Abstractions/BuilderProtocols.swift /Users/admin/builder/spi-builder-workspace/Sources/PulsarClient/Abstractions/ConsumerProtocol.swift /Users/admin/builder/spi-builder-workspace/Sources/PulsarClient/Abstractions/GetLastMessageIds.swift /Users/admin/builder/spi-builder-workspace/Sources/PulsarClient/Abstractions/HandleException.swift /Users/admin/builder/spi-builder-workspace/Sources/PulsarClient/Abstractions/MessageBuilder.swift /Users/admin/builder/spi-builder-workspace/Sources/PulsarClient/Abstractions/MessageInterceptor.swift /Users/admin/builder/spi-builder-workspace/Sources/PulsarClient/Abstractions/MessageProtocol.swift /Users/admin/builder/spi-builder-workspace/Sources/PulsarClient/Abstractions/MessageRouter.swift (in target 'PulsarClient' from project 'PulsarClient')
SwiftCompile normal arm64 /Users/admin/builder/spi-builder-workspace/Sources/PulsarClient/Abstractions/Authentication.swift (in target 'PulsarClient' from project 'PulsarClient')
cd /Users/admin/builder/spi-builder-workspace/.swiftpm/xcode
builtin-SwiftPerFileCompile Authentication.swift
SwiftCompile normal arm64 /Users/admin/builder/spi-builder-workspace/Sources/PulsarClient/Abstractions/BuilderProtocols.swift (in target 'PulsarClient' from project 'PulsarClient')
cd /Users/admin/builder/spi-builder-workspace/.swiftpm/xcode
builtin-SwiftPerFileCompile BuilderProtocols.swift
SwiftCompile normal arm64 /Users/admin/builder/spi-builder-workspace/Sources/PulsarClient/Abstractions/ConsumerProtocol.swift (in target 'PulsarClient' from project 'PulsarClient')
cd /Users/admin/builder/spi-builder-workspace/.swiftpm/xcode
builtin-SwiftPerFileCompile ConsumerProtocol.swift
SwiftCompile normal arm64 /Users/admin/builder/spi-builder-workspace/Sources/PulsarClient/Abstractions/GetLastMessageIds.swift (in target 'PulsarClient' from project 'PulsarClient')
cd /Users/admin/builder/spi-builder-workspace/.swiftpm/xcode
builtin-SwiftPerFileCompile GetLastMessageIds.swift
SwiftCompile normal arm64 /Users/admin/builder/spi-builder-workspace/Sources/PulsarClient/Abstractions/HandleException.swift (in target 'PulsarClient' from project 'PulsarClient')
cd /Users/admin/builder/spi-builder-workspace/.swiftpm/xcode
builtin-SwiftPerFileCompile HandleException.swift
SwiftCompile normal arm64 /Users/admin/builder/spi-builder-workspace/Sources/PulsarClient/Abstractions/MessageBuilder.swift (in target 'PulsarClient' from project 'PulsarClient')
cd /Users/admin/builder/spi-builder-workspace/.swiftpm/xcode
builtin-SwiftPerFileCompile MessageBuilder.swift
SwiftCompile normal arm64 /Users/admin/builder/spi-builder-workspace/Sources/PulsarClient/Abstractions/MessageInterceptor.swift (in target 'PulsarClient' from project 'PulsarClient')
cd /Users/admin/builder/spi-builder-workspace/.swiftpm/xcode
builtin-SwiftPerFileCompile MessageInterceptor.swift
SwiftCompile normal arm64 /Users/admin/builder/spi-builder-workspace/Sources/PulsarClient/Abstractions/MessageProtocol.swift (in target 'PulsarClient' from project 'PulsarClient')
cd /Users/admin/builder/spi-builder-workspace/.swiftpm/xcode
builtin-SwiftPerFileCompile MessageProtocol.swift
SwiftCompile normal arm64 /Users/admin/builder/spi-builder-workspace/Sources/PulsarClient/Abstractions/MessageRouter.swift (in target 'PulsarClient' from project 'PulsarClient')
cd /Users/admin/builder/spi-builder-workspace/.swiftpm/xcode
builtin-SwiftPerFileCompile MessageRouter.swift
SwiftDriverJobDiscovery normal arm64_32 Compiling Transaction.swift, AuthenticationFactory.swift, Builders.swift, ConsumerBuilder.swift, ProducerBuilder.swift, ReaderBuilder.swift, Types.swift, ConsumerOptions.swift, ConsumerState.swift (in target 'PulsarClient' from project 'PulsarClient')
SwiftCompile normal arm64 Compiling\ ProducerProtocol.swift,\ PulsarClientProtocol.swift,\ ReaderProtocol.swift,\ Receivable.swift,\ Schema.swift,\ Seekable.swift,\ SendChannel.swift,\ StateProtocol+Waiting.swift,\ StateProtocol.swift /Users/admin/builder/spi-builder-workspace/Sources/PulsarClient/Abstractions/ProducerProtocol.swift /Users/admin/builder/spi-builder-workspace/Sources/PulsarClient/Abstractions/PulsarClientProtocol.swift /Users/admin/builder/spi-builder-workspace/Sources/PulsarClient/Abstractions/ReaderProtocol.swift /Users/admin/builder/spi-builder-workspace/Sources/PulsarClient/Abstractions/Receivable.swift /Users/admin/builder/spi-builder-workspace/Sources/PulsarClient/Abstractions/Schema.swift /Users/admin/builder/spi-builder-workspace/Sources/PulsarClient/Abstractions/Seekable.swift /Users/admin/builder/spi-builder-workspace/Sources/PulsarClient/Abstractions/SendChannel.swift /Users/admin/builder/spi-builder-workspace/Sources/PulsarClient/Abstractions/StateProtocol+Waiting.swift /Users/admin/builder/spi-builder-workspace/Sources/PulsarClient/Abstractions/StateProtocol.swift (in target 'PulsarClient' from project 'PulsarClient')
/Users/admin/builder/spi-builder-workspace/Sources/PulsarClient/Abstractions/Schema.swift:180:30: warning: capture of non-Sendable type 'U.Type' in an isolated closure [#SendableMetatypes]
178 | return Schema<U>(
179 | schemaInfo: SchemaInfo(name: String(describing: U.self), type: .json),
180 | encoder: { try encoder.encode($0) },
| `- warning: capture of non-Sendable type 'U.Type' in an isolated closure [#SendableMetatypes]
181 | decoder: { try decoder.decode(U.self, from: $0) }
182 | )
SwiftCompile normal arm64 /Users/admin/builder/spi-builder-workspace/Sources/PulsarClient/Abstractions/ProducerProtocol.swift (in target 'PulsarClient' from project 'PulsarClient')
cd /Users/admin/builder/spi-builder-workspace/.swiftpm/xcode
builtin-SwiftPerFileCompile ProducerProtocol.swift
SwiftCompile normal arm64 /Users/admin/builder/spi-builder-workspace/Sources/PulsarClient/Abstractions/PulsarClientProtocol.swift (in target 'PulsarClient' from project 'PulsarClient')
cd /Users/admin/builder/spi-builder-workspace/.swiftpm/xcode
builtin-SwiftPerFileCompile PulsarClientProtocol.swift
SwiftCompile normal arm64 /Users/admin/builder/spi-builder-workspace/Sources/PulsarClient/Abstractions/ReaderProtocol.swift (in target 'PulsarClient' from project 'PulsarClient')
cd /Users/admin/builder/spi-builder-workspace/.swiftpm/xcode
builtin-SwiftPerFileCompile ReaderProtocol.swift
SwiftCompile normal arm64 /Users/admin/builder/spi-builder-workspace/Sources/PulsarClient/Abstractions/Receivable.swift (in target 'PulsarClient' from project 'PulsarClient')
cd /Users/admin/builder/spi-builder-workspace/.swiftpm/xcode
builtin-SwiftPerFileCompile Receivable.swift
SwiftCompile normal arm64 /Users/admin/builder/spi-builder-workspace/Sources/PulsarClient/Abstractions/Schema.swift (in target 'PulsarClient' from project 'PulsarClient')
cd /Users/admin/builder/spi-builder-workspace/.swiftpm/xcode
builtin-SwiftPerFileCompile Schema.swift
SwiftCompile normal arm64 /Users/admin/builder/spi-builder-workspace/Sources/PulsarClient/Abstractions/Seekable.swift (in target 'PulsarClient' from project 'PulsarClient')
cd /Users/admin/builder/spi-builder-workspace/.swiftpm/xcode
builtin-SwiftPerFileCompile Seekable.swift
SwiftCompile normal arm64 /Users/admin/builder/spi-builder-workspace/Sources/PulsarClient/Abstractions/SendChannel.swift (in target 'PulsarClient' from project 'PulsarClient')
cd /Users/admin/builder/spi-builder-workspace/.swiftpm/xcode
builtin-SwiftPerFileCompile SendChannel.swift
SwiftCompile normal arm64 /Users/admin/builder/spi-builder-workspace/Sources/PulsarClient/Abstractions/StateProtocol+Waiting.swift (in target 'PulsarClient' from project 'PulsarClient')
cd /Users/admin/builder/spi-builder-workspace/.swiftpm/xcode
builtin-SwiftPerFileCompile StateProtocol+Waiting.swift
SwiftCompile normal arm64 /Users/admin/builder/spi-builder-workspace/Sources/PulsarClient/Abstractions/StateProtocol.swift (in target 'PulsarClient' from project 'PulsarClient')
cd /Users/admin/builder/spi-builder-workspace/.swiftpm/xcode
builtin-SwiftPerFileCompile StateProtocol.swift
SwiftDriverJobDiscovery normal arm64_32 Compiling ReaderOptions.swift, ReaderState.swift, RegexSubscriptionMode.swift, AutoSchemas.swift, BooleanSchema.swift, BytesSchema.swift, FloatingPointSchemas.swift, IntegerSchemas.swift (in target 'PulsarClient' from project 'PulsarClient')
SwiftCompile normal arm64_32 Compiling\ ProducerProtocol.swift,\ PulsarClientProtocol.swift,\ ReaderProtocol.swift,\ Receivable.swift,\ Schema.swift,\ Seekable.swift,\ SendChannel.swift,\ StateProtocol+Waiting.swift,\ StateProtocol.swift /Users/admin/builder/spi-builder-workspace/Sources/PulsarClient/Abstractions/ProducerProtocol.swift /Users/admin/builder/spi-builder-workspace/Sources/PulsarClient/Abstractions/PulsarClientProtocol.swift /Users/admin/builder/spi-builder-workspace/Sources/PulsarClient/Abstractions/ReaderProtocol.swift /Users/admin/builder/spi-builder-workspace/Sources/PulsarClient/Abstractions/Receivable.swift /Users/admin/builder/spi-builder-workspace/Sources/PulsarClient/Abstractions/Schema.swift /Users/admin/builder/spi-builder-workspace/Sources/PulsarClient/Abstractions/Seekable.swift /Users/admin/builder/spi-builder-workspace/Sources/PulsarClient/Abstractions/SendChannel.swift /Users/admin/builder/spi-builder-workspace/Sources/PulsarClient/Abstractions/StateProtocol+Waiting.swift /Users/admin/builder/spi-builder-workspace/Sources/PulsarClient/Abstractions/StateProtocol.swift (in target 'PulsarClient' from project 'PulsarClient')
/Users/admin/builder/spi-builder-workspace/Sources/PulsarClient/Abstractions/Schema.swift:180:30: warning: capture of non-Sendable type 'U.Type' in an isolated closure [#SendableMetatypes]
178 | return Schema<U>(
179 | schemaInfo: SchemaInfo(name: String(describing: U.self), type: .json),
180 | encoder: { try encoder.encode($0) },
| `- warning: capture of non-Sendable type 'U.Type' in an isolated closure [#SendableMetatypes]
181 | decoder: { try decoder.decode(U.self, from: $0) }
182 | )
SwiftCompile normal arm64_32 /Users/admin/builder/spi-builder-workspace/Sources/PulsarClient/Abstractions/ProducerProtocol.swift (in target 'PulsarClient' from project 'PulsarClient')
cd /Users/admin/builder/spi-builder-workspace/.swiftpm/xcode
builtin-SwiftPerFileCompile ProducerProtocol.swift
SwiftCompile normal arm64_32 /Users/admin/builder/spi-builder-workspace/Sources/PulsarClient/Abstractions/PulsarClientProtocol.swift (in target 'PulsarClient' from project 'PulsarClient')
cd /Users/admin/builder/spi-builder-workspace/.swiftpm/xcode
builtin-SwiftPerFileCompile PulsarClientProtocol.swift
SwiftCompile normal arm64_32 /Users/admin/builder/spi-builder-workspace/Sources/PulsarClient/Abstractions/ReaderProtocol.swift (in target 'PulsarClient' from project 'PulsarClient')
cd /Users/admin/builder/spi-builder-workspace/.swiftpm/xcode
builtin-SwiftPerFileCompile ReaderProtocol.swift
SwiftCompile normal arm64_32 /Users/admin/builder/spi-builder-workspace/Sources/PulsarClient/Abstractions/Receivable.swift (in target 'PulsarClient' from project 'PulsarClient')
cd /Users/admin/builder/spi-builder-workspace/.swiftpm/xcode
builtin-SwiftPerFileCompile Receivable.swift
SwiftCompile normal arm64_32 /Users/admin/builder/spi-builder-workspace/Sources/PulsarClient/Abstractions/Schema.swift (in target 'PulsarClient' from project 'PulsarClient')
cd /Users/admin/builder/spi-builder-workspace/.swiftpm/xcode
builtin-SwiftPerFileCompile Schema.swift
SwiftCompile normal arm64_32 /Users/admin/builder/spi-builder-workspace/Sources/PulsarClient/Abstractions/Seekable.swift (in target 'PulsarClient' from project 'PulsarClient')
cd /Users/admin/builder/spi-builder-workspace/.swiftpm/xcode
builtin-SwiftPerFileCompile Seekable.swift
SwiftCompile normal arm64_32 /Users/admin/builder/spi-builder-workspace/Sources/PulsarClient/Abstractions/SendChannel.swift (in target 'PulsarClient' from project 'PulsarClient')
cd /Users/admin/builder/spi-builder-workspace/.swiftpm/xcode
builtin-SwiftPerFileCompile SendChannel.swift
SwiftCompile normal arm64_32 /Users/admin/builder/spi-builder-workspace/Sources/PulsarClient/Abstractions/StateProtocol+Waiting.swift (in target 'PulsarClient' from project 'PulsarClient')
cd /Users/admin/builder/spi-builder-workspace/.swiftpm/xcode
builtin-SwiftPerFileCompile StateProtocol+Waiting.swift
SwiftCompile normal arm64_32 /Users/admin/builder/spi-builder-workspace/Sources/PulsarClient/Abstractions/StateProtocol.swift (in target 'PulsarClient' from project 'PulsarClient')
cd /Users/admin/builder/spi-builder-workspace/.swiftpm/xcode
builtin-SwiftPerFileCompile StateProtocol.swift
SwiftDriverJobDiscovery normal arm64_32 Compiling CustomAuthentication.swift, DeadLetterPolicy.swift, EncryptionPolicy.swift, PulsarClientError.swift, ByteBufferExtensions.swift, ConsumerExtensions.swift, MessageExtensions.swift, ProducerExtensions.swift, PulsarClientExtensions.swift (in target 'PulsarClient' from project 'PulsarClient')
SwiftCompile normal arm64_32 Compiling\ ConnectionPool.swift,\ ConsumerImpl.swift,\ DeadLetterQueueHandler.swift,\ FaultHandler.swift,\ InterceptorChain.swift,\ ProducerImpl.swift,\ ReaderImpl.swift,\ RetryPolicy.swift,\ SendOperation.swift /Users/admin/builder/spi-builder-workspace/Sources/PulsarClient/Internal/ConnectionPool.swift /Users/admin/builder/spi-builder-workspace/Sources/PulsarClient/Internal/ConsumerImpl.swift /Users/admin/builder/spi-builder-workspace/Sources/PulsarClient/Internal/DeadLetterQueueHandler.swift /Users/admin/builder/spi-builder-workspace/Sources/PulsarClient/Internal/FaultHandler.swift /Users/admin/builder/spi-builder-workspace/Sources/PulsarClient/Internal/InterceptorChain.swift /Users/admin/builder/spi-builder-workspace/Sources/PulsarClient/Internal/ProducerImpl.swift /Users/admin/builder/spi-builder-workspace/Sources/PulsarClient/Internal/ReaderImpl.swift /Users/admin/builder/spi-builder-workspace/Sources/PulsarClient/Internal/RetryPolicy.swift /Users/admin/builder/spi-builder-workspace/Sources/PulsarClient/Internal/SendOperation.swift (in target 'PulsarClient' from project 'PulsarClient')
SwiftCompile normal arm64_32 /Users/admin/builder/spi-builder-workspace/Sources/PulsarClient/Internal/ConnectionPool.swift (in target 'PulsarClient' from project 'PulsarClient')
cd /Users/admin/builder/spi-builder-workspace/.swiftpm/xcode
builtin-SwiftPerFileCompile ConnectionPool.swift
SwiftCompile normal arm64_32 /Users/admin/builder/spi-builder-workspace/Sources/PulsarClient/Internal/ConsumerImpl.swift (in target 'PulsarClient' from project 'PulsarClient')
cd /Users/admin/builder/spi-builder-workspace/.swiftpm/xcode
builtin-SwiftPerFileCompile ConsumerImpl.swift
SwiftCompile normal arm64_32 /Users/admin/builder/spi-builder-workspace/Sources/PulsarClient/Internal/DeadLetterQueueHandler.swift (in target 'PulsarClient' from project 'PulsarClient')
cd /Users/admin/builder/spi-builder-workspace/.swiftpm/xcode
builtin-SwiftPerFileCompile DeadLetterQueueHandler.swift
SwiftCompile normal arm64_32 /Users/admin/builder/spi-builder-workspace/Sources/PulsarClient/Internal/FaultHandler.swift (in target 'PulsarClient' from project 'PulsarClient')
cd /Users/admin/builder/spi-builder-workspace/.swiftpm/xcode
builtin-SwiftPerFileCompile FaultHandler.swift
SwiftCompile normal arm64_32 /Users/admin/builder/spi-builder-workspace/Sources/PulsarClient/Internal/InterceptorChain.swift (in target 'PulsarClient' from project 'PulsarClient')
cd /Users/admin/builder/spi-builder-workspace/.swiftpm/xcode
builtin-SwiftPerFileCompile InterceptorChain.swift
SwiftCompile normal arm64_32 /Users/admin/builder/spi-builder-workspace/Sources/PulsarClient/Internal/ProducerImpl.swift (in target 'PulsarClient' from project 'PulsarClient')
cd /Users/admin/builder/spi-builder-workspace/.swiftpm/xcode
builtin-SwiftPerFileCompile ProducerImpl.swift
SwiftCompile normal arm64_32 /Users/admin/builder/spi-builder-workspace/Sources/PulsarClient/Internal/ReaderImpl.swift (in target 'PulsarClient' from project 'PulsarClient')
cd /Users/admin/builder/spi-builder-workspace/.swiftpm/xcode
builtin-SwiftPerFileCompile ReaderImpl.swift
SwiftCompile normal arm64_32 /Users/admin/builder/spi-builder-workspace/Sources/PulsarClient/Internal/RetryPolicy.swift (in target 'PulsarClient' from project 'PulsarClient')
cd /Users/admin/builder/spi-builder-workspace/.swiftpm/xcode
builtin-SwiftPerFileCompile RetryPolicy.swift
SwiftCompile normal arm64_32 /Users/admin/builder/spi-builder-workspace/Sources/PulsarClient/Internal/SendOperation.swift (in target 'PulsarClient' from project 'PulsarClient')
cd /Users/admin/builder/spi-builder-workspace/.swiftpm/xcode
builtin-SwiftPerFileCompile SendOperation.swift
SwiftDriverJobDiscovery normal arm64_32 Compiling Authentication.swift, BuilderProtocols.swift, ConsumerProtocol.swift, GetLastMessageIds.swift, HandleException.swift, MessageBuilder.swift, MessageInterceptor.swift, MessageProtocol.swift, MessageRouter.swift (in target 'PulsarClient' from project 'PulsarClient')
SwiftCompile normal arm64 Compiling\ SendOperationWrapper.swift,\ SendQueue.swift,\ StateManager.swift,\ TransactionCoordinator.swift,\ TransactionImpl.swift,\ Message.swift,\ MessageId.swift,\ MessageMetadata.swift /Users/admin/builder/spi-builder-workspace/Sources/PulsarClient/Internal/SendOperationWrapper.swift /Users/admin/builder/spi-builder-workspace/Sources/PulsarClient/Internal/SendQueue.swift /Users/admin/builder/spi-builder-workspace/Sources/PulsarClient/Internal/StateManager.swift /Users/admin/builder/spi-builder-workspace/Sources/PulsarClient/Internal/TransactionCoordinator.swift /Users/admin/builder/spi-builder-workspace/Sources/PulsarClient/Internal/TransactionImpl.swift /Users/admin/builder/spi-builder-workspace/Sources/PulsarClient/Message.swift /Users/admin/builder/spi-builder-workspace/Sources/PulsarClient/MessageId.swift /Users/admin/builder/spi-builder-workspace/Sources/PulsarClient/MessageMetadata.swift (in target 'PulsarClient' from project 'PulsarClient')
SwiftCompile normal arm64 /Users/admin/builder/spi-builder-workspace/Sources/PulsarClient/Internal/SendOperationWrapper.swift (in target 'PulsarClient' from project 'PulsarClient')
cd /Users/admin/builder/spi-builder-workspace/.swiftpm/xcode
builtin-SwiftPerFileCompile SendOperationWrapper.swift
SwiftCompile normal arm64 /Users/admin/builder/spi-builder-workspace/Sources/PulsarClient/Internal/SendQueue.swift (in target 'PulsarClient' from project 'PulsarClient')
cd /Users/admin/builder/spi-builder-workspace/.swiftpm/xcode
builtin-SwiftPerFileCompile SendQueue.swift
SwiftCompile normal arm64 /Users/admin/builder/spi-builder-workspace/Sources/PulsarClient/Internal/StateManager.swift (in target 'PulsarClient' from project 'PulsarClient')
cd /Users/admin/builder/spi-builder-workspace/.swiftpm/xcode
builtin-SwiftPerFileCompile StateManager.swift
SwiftCompile normal arm64 /Users/admin/builder/spi-builder-workspace/Sources/PulsarClient/Internal/TransactionCoordinator.swift (in target 'PulsarClient' from project 'PulsarClient')
cd /Users/admin/builder/spi-builder-workspace/.swiftpm/xcode
builtin-SwiftPerFileCompile TransactionCoordinator.swift
SwiftCompile normal arm64 /Users/admin/builder/spi-builder-workspace/Sources/PulsarClient/Internal/TransactionImpl.swift (in target 'PulsarClient' from project 'PulsarClient')
cd /Users/admin/builder/spi-builder-workspace/.swiftpm/xcode
builtin-SwiftPerFileCompile TransactionImpl.swift
SwiftCompile normal arm64 /Users/admin/builder/spi-builder-workspace/Sources/PulsarClient/Message.swift (in target 'PulsarClient' from project 'PulsarClient')
cd /Users/admin/builder/spi-builder-workspace/.swiftpm/xcode
builtin-SwiftPerFileCompile Message.swift
SwiftCompile normal arm64 /Users/admin/builder/spi-builder-workspace/Sources/PulsarClient/MessageId.swift (in target 'PulsarClient' from project 'PulsarClient')
cd /Users/admin/builder/spi-builder-workspace/.swiftpm/xcode
builtin-SwiftPerFileCompile MessageId.swift
SwiftCompile normal arm64 /Users/admin/builder/spi-builder-workspace/Sources/PulsarClient/MessageMetadata.swift (in target 'PulsarClient' from project 'PulsarClient')
cd /Users/admin/builder/spi-builder-workspace/.swiftpm/xcode
builtin-SwiftPerFileCompile MessageMetadata.swift
SwiftDriverJobDiscovery normal arm64 Compiling Transaction.swift, AuthenticationFactory.swift, Builders.swift, ConsumerBuilder.swift, ProducerBuilder.swift, ReaderBuilder.swift, Types.swift, ConsumerOptions.swift, ConsumerState.swift (in target 'PulsarClient' from project 'PulsarClient')
SwiftCompile normal arm64_32 Compiling\ MultiTopicProducer.swift,\ OAuth2Authentication.swift,\ ProducerAccessMode.swift,\ ProducerOptions.swift,\ ProducerState.swift,\ PulsarApi.pb.swift,\ PulsarClient.swift,\ PulsarProtocol.swift /Users/admin/builder/spi-builder-workspace/Sources/PulsarClient/MultiTopicProducer.swift /Users/admin/builder/spi-builder-workspace/Sources/PulsarClient/OAuth2Authentication.swift /Users/admin/builder/spi-builder-workspace/Sources/PulsarClient/ProducerAccessMode.swift /Users/admin/builder/spi-builder-workspace/Sources/PulsarClient/ProducerOptions.swift /Users/admin/builder/spi-builder-workspace/Sources/PulsarClient/ProducerState.swift /Users/admin/builder/spi-builder-workspace/Sources/PulsarClient/PulsarApi.pb.swift /Users/admin/builder/spi-builder-workspace/Sources/PulsarClient/PulsarClient.swift /Users/admin/builder/spi-builder-workspace/Sources/PulsarClient/PulsarProtocol.swift (in target 'PulsarClient' from project 'PulsarClient')
SwiftCompile normal arm64_32 /Users/admin/builder/spi-builder-workspace/Sources/PulsarClient/MultiTopicProducer.swift (in target 'PulsarClient' from project 'PulsarClient')
cd /Users/admin/builder/spi-builder-workspace/.swiftpm/xcode
builtin-SwiftPerFileCompile MultiTopicProducer.swift
SwiftCompile normal arm64_32 /Users/admin/builder/spi-builder-workspace/Sources/PulsarClient/OAuth2Authentication.swift (in target 'PulsarClient' from project 'PulsarClient')
cd /Users/admin/builder/spi-builder-workspace/.swiftpm/xcode
builtin-SwiftPerFileCompile OAuth2Authentication.swift
SwiftCompile normal arm64_32 /Users/admin/builder/spi-builder-workspace/Sources/PulsarClient/ProducerAccessMode.swift (in target 'PulsarClient' from project 'PulsarClient')
cd /Users/admin/builder/spi-builder-workspace/.swiftpm/xcode
builtin-SwiftPerFileCompile ProducerAccessMode.swift
SwiftCompile normal arm64_32 /Users/admin/builder/spi-builder-workspace/Sources/PulsarClient/ProducerOptions.swift (in target 'PulsarClient' from project 'PulsarClient')
cd /Users/admin/builder/spi-builder-workspace/.swiftpm/xcode
builtin-SwiftPerFileCompile ProducerOptions.swift
SwiftCompile normal arm64_32 /Users/admin/builder/spi-builder-workspace/Sources/PulsarClient/ProducerState.swift (in target 'PulsarClient' from project 'PulsarClient')
cd /Users/admin/builder/spi-builder-workspace/.swiftpm/xcode
builtin-SwiftPerFileCompile ProducerState.swift
SwiftCompile normal arm64_32 /Users/admin/builder/spi-builder-workspace/Sources/PulsarClient/PulsarApi.pb.swift (in target 'PulsarClient' from project 'PulsarClient')
cd /Users/admin/builder/spi-builder-workspace/.swiftpm/xcode
builtin-SwiftPerFileCompile PulsarApi.pb.swift
SwiftCompile normal arm64_32 /Users/admin/builder/spi-builder-workspace/Sources/PulsarClient/PulsarClient.swift (in target 'PulsarClient' from project 'PulsarClient')
cd /Users/admin/builder/spi-builder-workspace/.swiftpm/xcode
builtin-SwiftPerFileCompile PulsarClient.swift
SwiftCompile normal arm64_32 /Users/admin/builder/spi-builder-workspace/Sources/PulsarClient/PulsarProtocol.swift (in target 'PulsarClient' from project 'PulsarClient')
cd /Users/admin/builder/spi-builder-workspace/.swiftpm/xcode
builtin-SwiftPerFileCompile PulsarProtocol.swift
SwiftDriverJobDiscovery normal arm64 Compiling Authentication.swift, BuilderProtocols.swift, ConsumerProtocol.swift, GetLastMessageIds.swift, HandleException.swift, MessageBuilder.swift, MessageInterceptor.swift, MessageProtocol.swift, MessageRouter.swift (in target 'PulsarClient' from project 'PulsarClient')
SwiftCompile normal arm64_32 Compiling\ JSONSchema.swift,\ StringSchema.swift,\ TimeSchemas.swift,\ State.swift,\ TLSAuthentication.swift,\ ConsumerMetricsInterceptor.swift,\ ProducerMetricsInterceptor.swift,\ PulsarMetrics.swift /Users/admin/builder/spi-builder-workspace/Sources/PulsarClient/Schemas/JSONSchema.swift /Users/admin/builder/spi-builder-workspace/Sources/PulsarClient/Schemas/StringSchema.swift /Users/admin/builder/spi-builder-workspace/Sources/PulsarClient/Schemas/TimeSchemas.swift /Users/admin/builder/spi-builder-workspace/Sources/PulsarClient/State.swift /Users/admin/builder/spi-builder-workspace/Sources/PulsarClient/TLSAuthentication.swift /Users/admin/builder/spi-builder-workspace/Sources/PulsarClient/Telemetry/ConsumerMetricsInterceptor.swift /Users/admin/builder/spi-builder-workspace/Sources/PulsarClient/Telemetry/ProducerMetricsInterceptor.swift /Users/admin/builder/spi-builder-workspace/Sources/PulsarClient/Telemetry/PulsarMetrics.swift (in target 'PulsarClient' from project 'PulsarClient')
SwiftCompile normal arm64_32 /Users/admin/builder/spi-builder-workspace/Sources/PulsarClient/Schemas/JSONSchema.swift (in target 'PulsarClient' from project 'PulsarClient')
cd /Users/admin/builder/spi-builder-workspace/.swiftpm/xcode
builtin-SwiftPerFileCompile JSONSchema.swift
SwiftCompile normal arm64_32 /Users/admin/builder/spi-builder-workspace/Sources/PulsarClient/Schemas/StringSchema.swift (in target 'PulsarClient' from project 'PulsarClient')
cd /Users/admin/builder/spi-builder-workspace/.swiftpm/xcode
builtin-SwiftPerFileCompile StringSchema.swift
SwiftCompile normal arm64_32 /Users/admin/builder/spi-builder-workspace/Sources/PulsarClient/Schemas/TimeSchemas.swift (in target 'PulsarClient' from project 'PulsarClient')
cd /Users/admin/builder/spi-builder-workspace/.swiftpm/xcode
builtin-SwiftPerFileCompile TimeSchemas.swift
SwiftCompile normal arm64_32 /Users/admin/builder/spi-builder-workspace/Sources/PulsarClient/State.swift (in target 'PulsarClient' from project 'PulsarClient')
cd /Users/admin/builder/spi-builder-workspace/.swiftpm/xcode
builtin-SwiftPerFileCompile State.swift
SwiftCompile normal arm64_32 /Users/admin/builder/spi-builder-workspace/Sources/PulsarClient/TLSAuthentication.swift (in target 'PulsarClient' from project 'PulsarClient')
cd /Users/admin/builder/spi-builder-workspace/.swiftpm/xcode
builtin-SwiftPerFileCompile TLSAuthentication.swift
SwiftCompile normal arm64_32 /Users/admin/builder/spi-builder-workspace/Sources/PulsarClient/Telemetry/ConsumerMetricsInterceptor.swift (in target 'PulsarClient' from project 'PulsarClient')
cd /Users/admin/builder/spi-builder-workspace/.swiftpm/xcode
builtin-SwiftPerFileCompile ConsumerMetricsInterceptor.swift
SwiftCompile normal arm64_32 /Users/admin/builder/spi-builder-workspace/Sources/PulsarClient/Telemetry/ProducerMetricsInterceptor.swift (in target 'PulsarClient' from project 'PulsarClient')
cd /Users/admin/builder/spi-builder-workspace/.swiftpm/xcode
builtin-SwiftPerFileCompile ProducerMetricsInterceptor.swift
SwiftCompile normal arm64_32 /Users/admin/builder/spi-builder-workspace/Sources/PulsarClient/Telemetry/PulsarMetrics.swift (in target 'PulsarClient' from project 'PulsarClient')
cd /Users/admin/builder/spi-builder-workspace/.swiftpm/xcode
builtin-SwiftPerFileCompile PulsarMetrics.swift
PruneExplicitPrecompiledModules /Users/admin/builder/spi-builder-workspace/.derivedData/Build/Intermediates.noindex/ExplicitPrecompiledModules
PruneExplicitPrecompiledModules /Users/admin/builder/spi-builder-workspace/.derivedData/Build/Intermediates.noindex/SwiftExplicitPrecompiledModules
PruneExplicitPrecompiledModules /Users/admin/builder/spi-builder-workspace/.derivedData/SDKExplicitPrecompiledModules
2026-09-23 09:50:49.951 xcodebuild[1174:6361] [MT] IDERunDestination: Supported platforms for the buildables in the current scheme is empty.
** BUILD FAILED **
The following build commands failed:
SwiftEmitModule normal arm64_32 Emitting\ module\ for\ PulsarClient (in target 'PulsarClient' from project 'PulsarClient')
SwiftCompile normal arm64_32 (in target 'PulsarClient' from project 'PulsarClient')
Building workspace PulsarClient with scheme PulsarClient
(3 failures)
Command line invocation:
/Applications/Xcode-27.0.0-Release.Candidate.app/Contents/Developer/usr/bin/xcodebuild -IDEClonedSourcePackagesDirPathOverride=/Users/admin/builder/spi-builder-workspace/.dependencies -resolvePackageDependencies
Resolve Package Graph
Resolved source packages:
swift-metrics: https://github.com/apple/swift-metrics.git @ 2.11.0
swift-nio: https://github.com/apple/swift-nio.git @ 2.103.0
swift-distributed-tracing: https://github.com/apple/swift-distributed-tracing.git @ 1.5.0
swift-async-algorithms: https://github.com/apple/swift-async-algorithms.git @ 1.1.5
PulsarClient: /Users/admin/builder/spi-builder-workspace
swift-atomics: https://github.com/apple/swift-atomics.git @ 1.3.1
CyclicRedundancyCheck: https://github.com/edgeengineer/cyclic-redundancy-check.git @ 0.0.5
swift-asn1: https://github.com/apple/swift-asn1.git @ 1.7.3
swift-crypto: https://github.com/apple/swift-crypto.git @ 3.15.1
swift-system: https://github.com/apple/swift-system.git @ 1.8.1
swift-nio-ssl: https://github.com/apple/swift-nio-ssl.git @ 2.37.5
swift-service-context: https://github.com/apple/swift-service-context.git @ 1.3.0
swift-collections: https://github.com/apple/swift-collections.git @ 1.7.0
SwiftProtobuf: https://github.com/apple/swift-protobuf.git @ 1.38.1
swift-log: https://github.com/apple/swift-log.git @ 1.15.1
resolved source packages: swift-metrics, swift-nio, swift-distributed-tracing, swift-async-algorithms, PulsarClient, swift-atomics, CyclicRedundancyCheck, swift-asn1, swift-crypto, swift-system, swift-nio-ssl, swift-service-context, swift-collections, SwiftProtobuf, swift-log
2026-09-23 09:51:50.772 xcodebuild[3953:13747] [MT] IDERunDestination: Supported platforms for the buildables in the current scheme is empty.
{
"dependencies" : [
{
"identity" : "swift-protobuf",
"requirement" : {
"range" : [
{
"lower_bound" : "1.30.0",
"upper_bound" : "2.0.0"
}
]
},
"type" : "sourceControl",
"url" : "https://github.com/apple/swift-protobuf.git"
},
{
"identity" : "swift-nio",
"requirement" : {
"range" : [
{
"lower_bound" : "2.83.0",
"upper_bound" : "3.0.0"
}
]
},
"type" : "sourceControl",
"url" : "https://github.com/apple/swift-nio.git"
},
{
"identity" : "swift-nio-ssl",
"requirement" : {
"range" : [
{
"lower_bound" : "2.32.0",
"upper_bound" : "3.0.0"
}
]
},
"type" : "sourceControl",
"url" : "https://github.com/apple/swift-nio-ssl.git"
},
{
"identity" : "swift-log",
"requirement" : {
"range" : [
{
"lower_bound" : "1.6.3",
"upper_bound" : "2.0.0"
}
]
},
"type" : "sourceControl",
"url" : "https://github.com/apple/swift-log.git"
},
{
"identity" : "swift-crypto",
"requirement" : {
"range" : [
{
"lower_bound" : "3.10.0",
"upper_bound" : "4.0.0"
}
]
},
"type" : "sourceControl",
"url" : "https://github.com/apple/swift-crypto.git"
},
{
"identity" : "swift-async-algorithms",
"requirement" : {
"range" : [
{
"lower_bound" : "1.0.0",
"upper_bound" : "2.0.0"
}
]
},
"type" : "sourceControl",
"url" : "https://github.com/apple/swift-async-algorithms.git"
},
{
"identity" : "cyclic-redundancy-check",
"requirement" : {
"range" : [
{
"lower_bound" : "0.0.5",
"upper_bound" : "1.0.0"
}
]
},
"type" : "sourceControl",
"url" : "https://github.com/edgeengineer/cyclic-redundancy-check.git"
},
{
"identity" : "swift-metrics",
"requirement" : {
"range" : [
{
"lower_bound" : "2.4.0",
"upper_bound" : "3.0.0"
}
]
},
"type" : "sourceControl",
"url" : "https://github.com/apple/swift-metrics.git"
},
{
"identity" : "swift-distributed-tracing",
"requirement" : {
"range" : [
{
"lower_bound" : "1.1.0",
"upper_bound" : "2.0.0"
}
]
},
"type" : "sourceControl",
"url" : "https://github.com/apple/swift-distributed-tracing.git"
}
],
"manifest_display_name" : "PulsarClient",
"name" : "PulsarClient",
"path" : "/Users/admin/builder/spi-builder-workspace",
"platforms" : [
{
"name" : "macos",
"version" : "13.0"
},
{
"name" : "ios",
"version" : "16.0"
},
{
"name" : "tvos",
"version" : "16.0"
},
{
"name" : "watchos",
"version" : "9.0"
},
{
"name" : "maccatalyst",
"version" : "16.0"
}
],
"products" : [
{
"name" : "PulsarClient",
"targets" : [
"PulsarClient"
],
"type" : {
"library" : [
"automatic"
]
}
}
],
"swift_languages_versions" : [
"6"
],
"targets" : [
{
"c99name" : "PulsarClientTests",
"module_type" : "SwiftTarget",
"name" : "PulsarClientTests",
"path" : "Tests/PulsarClientTests",
"sources" : [
"AuthenticationTests.swift",
"ByteBufferTests.swift",
"DeadLetterQueueTests.swift",
"FinalTests.swift",
"InterceptorTests.swift",
"MultiTopicProducerTests.swift",
"OAuth2AuthenticationTests.swift",
"StateTests.swift",
"TLSAuthenticationTests.swift",
"TransactionTests.swift"
],
"target_dependencies" : [
"PulsarClient"
],
"type" : "test"
},
{
"c99name" : "PulsarClientIntegrationTests",
"module_type" : "SwiftTarget",
"name" : "PulsarClientIntegrationTests",
"path" : "Tests/PulsarClientIntegrationTests",
"sources" : [
"AuthenticationIntegrationTests.swift",
"ConsumerIntegrationTests.swift",
"DeadLetterQueueIntegrationTests.swift",
"DebugSendReceiptTest.swift",
"EnvironmentCheck.swift",
"FailureScenarioTests.swift",
"IntegrationTestCase.swift",
"InterceptorIntegrationTests.swift",
"MultiTopicProducerIntegrationTests.swift",
"ProducerIntegrationTests.swift",
"RawFrameTest.swift",
"SerializationDebugTest.swift",
"SimpleMessageTest.swift",
"TransactionIntegrationTests.swift"
],
"target_dependencies" : [
"PulsarClient"
],
"type" : "test"
},
{
"c99name" : "PulsarClient",
"module_type" : "SwiftTarget",
"name" : "PulsarClient",
"path" : "Sources/PulsarClient",
"product_dependencies" : [
"SwiftProtobuf",
"NIO",
"NIOCore",
"NIOSSL",
"Logging",
"Crypto",
"AsyncAlgorithms",
"CyclicRedundancyCheck",
"Metrics",
"Tracing"
],
"product_memberships" : [
"PulsarClient"
],
"sources" : [
"Abstractions/Authentication.swift",
"Abstractions/BuilderProtocols.swift",
"Abstractions/ConsumerProtocol.swift",
"Abstractions/GetLastMessageIds.swift",
"Abstractions/HandleException.swift",
"Abstractions/MessageBuilder.swift",
"Abstractions/MessageInterceptor.swift",
"Abstractions/MessageProtocol.swift",
"Abstractions/MessageRouter.swift",
"Abstractions/ProducerProtocol.swift",
"Abstractions/PulsarClientProtocol.swift",
"Abstractions/ReaderProtocol.swift",
"Abstractions/Receivable.swift",
"Abstractions/Schema.swift",
"Abstractions/Seekable.swift",
"Abstractions/SendChannel.swift",
"Abstractions/StateProtocol+Waiting.swift",
"Abstractions/StateProtocol.swift",
"Abstractions/Transaction.swift",
"AuthenticationFactory.swift",
"Builders.swift",
"Builders/ConsumerBuilder.swift",
"Builders/ProducerBuilder.swift",
"Builders/ReaderBuilder.swift",
"Common/Types.swift",
"ConsumerOptions.swift",
"ConsumerState.swift",
"CustomAuthentication.swift",
"DeadLetterPolicy.swift",
"EncryptionPolicy.swift",
"Exceptions/PulsarClientError.swift",
"Extensions/ByteBufferExtensions.swift",
"Extensions/ConsumerExtensions.swift",
"Extensions/MessageExtensions.swift",
"Extensions/ProducerExtensions.swift",
"Extensions/PulsarClientExtensions.swift",
"Extensions/ReaderExtensions.swift",
"FaultAction.swift",
"Internal/ChannelManager+Handlers.swift",
"Internal/ChannelManager.swift",
"Internal/ChannelPipelineBuilder.swift",
"Internal/ConnectedFrameHandler.swift",
"Internal/Connection+Enhanced.swift",
"Internal/Connection.swift",
"Internal/ConnectionPool+Enhanced.swift",
"Internal/ConnectionPool.swift",
"Internal/ConsumerImpl.swift",
"Internal/DeadLetterQueueHandler.swift",
"Internal/FaultHandler.swift",
"Internal/InterceptorChain.swift",
"Internal/ProducerImpl.swift",
"Internal/ReaderImpl.swift",
"Internal/RetryPolicy.swift",
"Internal/SendOperation.swift",
"Internal/SendOperationWrapper.swift",
"Internal/SendQueue.swift",
"Internal/StateManager.swift",
"Internal/TransactionCoordinator.swift",
"Internal/TransactionImpl.swift",
"Message.swift",
"MessageId.swift",
"MessageMetadata.swift",
"MultiTopicProducer.swift",
"OAuth2Authentication.swift",
"ProducerAccessMode.swift",
"ProducerOptions.swift",
"ProducerState.swift",
"PulsarApi.pb.swift",
"PulsarClient.swift",
"PulsarProtocol.swift",
"ReaderOptions.swift",
"ReaderState.swift",
"RegexSubscriptionMode.swift",
"Schemas/AutoSchemas.swift",
"Schemas/BooleanSchema.swift",
"Schemas/BytesSchema.swift",
"Schemas/FloatingPointSchemas.swift",
"Schemas/IntegerSchemas.swift",
"Schemas/JSONSchema.swift",
"Schemas/StringSchema.swift",
"Schemas/TimeSchemas.swift",
"State.swift",
"TLSAuthentication.swift",
"Telemetry/ConsumerMetricsInterceptor.swift",
"Telemetry/ProducerMetricsInterceptor.swift",
"Telemetry/PulsarMetrics.swift"
],
"type" : "library"
}
],
"tools_version" : "6.1"
}
{
"workspace" : {
"name" : "PulsarClient",
"schemes" : [
"PulsarClient"
]
}
}
2026-09-23 09:51:53.736 xcodebuild[3962:13821] [MT] IDERunDestination: Supported platforms for the buildables in the current scheme is empty.
Running build ...
env DEVELOPER_DIR=/Applications/Xcode-27.0.0-Release.Candidate.app xcrun xcodebuild -IDEClonedSourcePackagesDirPathOverride=$PWD/.dependencies -skipMacroValidation -skipPackagePluginValidation -derivedDataPath $PWD/.derivedData build -scheme PulsarClient -destination generic/platform=watchOS
Command line invocation:
/Applications/Xcode-27.0.0-Release.Candidate.app/Contents/Developer/usr/bin/xcodebuild -IDEClonedSourcePackagesDirPathOverride=/Users/admin/builder/spi-builder-workspace/.dependencies -skipMacroValidation -skipPackagePluginValidation -derivedDataPath /Users/admin/builder/spi-builder-workspace/.derivedData build -scheme PulsarClient -destination generic/platform=watchOS
Resolve Package Graph
Resolved source packages:
swift-nio: https://github.com/apple/swift-nio.git @ 2.103.0
swift-collections: https://github.com/apple/swift-collections.git @ 1.7.0
swift-asn1: https://github.com/apple/swift-asn1.git @ 1.7.3
swift-log: https://github.com/apple/swift-log.git @ 1.15.1
PulsarClient: /Users/admin/builder/spi-builder-workspace
CyclicRedundancyCheck: https://github.com/edgeengineer/cyclic-redundancy-check.git @ 0.0.5
swift-metrics: https://github.com/apple/swift-metrics.git @ 2.11.0
swift-nio-ssl: https://github.com/apple/swift-nio-ssl.git @ 2.37.5
swift-async-algorithms: https://github.com/apple/swift-async-algorithms.git @ 1.1.5
swift-distributed-tracing: https://github.com/apple/swift-distributed-tracing.git @ 1.5.0
swift-system: https://github.com/apple/swift-system.git @ 1.8.1
swift-service-context: https://github.com/apple/swift-service-context.git @ 1.3.0
swift-atomics: https://github.com/apple/swift-atomics.git @ 1.3.1
swift-crypto: https://github.com/apple/swift-crypto.git @ 3.15.1
SwiftProtobuf: https://github.com/apple/swift-protobuf.git @ 1.38.1
ComputePackagePrebuildTargetDependencyGraph
Prepare packages
CreateBuildRequest
SendProjectDescription
CreateBuildOperation
ComputeTargetDependencyGraph
note: Building targets in dependency order
note: Target dependency graph (57 targets)
Target 'PulsarClient-product' in project 'PulsarClient'
➜ Explicit dependency on target 'PulsarClient' in project 'PulsarClient'
➜ Explicit dependency on target 'SwiftProtobuf-product' in project 'SwiftProtobuf'
➜ Explicit dependency on target 'NIO-product' in project 'swift-nio'
➜ Explicit dependency on target 'NIOCore-product' in project 'swift-nio'
➜ Explicit dependency on target 'NIOSSL-product' in project 'swift-nio-ssl'
➜ Explicit dependency on target 'Logging-product' in project 'swift-log'
➜ Explicit dependency on target 'Crypto-product' in project 'swift-crypto'
➜ Explicit dependency on target 'AsyncAlgorithms-product' in project 'swift-async-algorithms'
➜ Explicit dependency on target 'CyclicRedundancyCheck-product' in project 'CyclicRedundancyCheck'
➜ Explicit dependency on target 'Metrics-product' in project 'swift-metrics'
➜ Explicit dependency on target 'Tracing-product' in project 'swift-distributed-tracing'
Target 'PulsarClient' in project 'PulsarClient'
➜ Explicit dependency on target 'SwiftProtobuf-product' in project 'SwiftProtobuf'
➜ Explicit dependency on target 'NIO-product' in project 'swift-nio'
➜ Explicit dependency on target 'NIOCore-product' in project 'swift-nio'
➜ Explicit dependency on target 'NIOSSL-product' in project 'swift-nio-ssl'
➜ Explicit dependency on target 'Logging-product' in project 'swift-log'
➜ Explicit dependency on target 'Crypto-product' in project 'swift-crypto'
➜ Explicit dependency on target 'AsyncAlgorithms-product' in project 'swift-async-algorithms'
➜ Explicit dependency on target 'CyclicRedundancyCheck-product' in project 'CyclicRedundancyCheck'
➜ Explicit dependency on target 'Metrics-product' in project 'swift-metrics'
➜ Explicit dependency on target 'Tracing-product' in project 'swift-distributed-tracing'
Target 'Tracing-product' in project 'swift-distributed-tracing'
➜ Explicit dependency on target 'Tracing' in project 'swift-distributed-tracing'
➜ Explicit dependency on target 'Instrumentation' in project 'swift-distributed-tracing'
➜ Explicit dependency on target 'ServiceContextModule-product' in project 'swift-service-context'
Target 'Tracing' in project 'swift-distributed-tracing'
➜ Explicit dependency on target 'Instrumentation' in project 'swift-distributed-tracing'
➜ Explicit dependency on target 'ServiceContextModule-product' in project 'swift-service-context'
Target 'Instrumentation' in project 'swift-distributed-tracing'
➜ Explicit dependency on target 'ServiceContextModule-product' in project 'swift-service-context'
Target 'ServiceContextModule-product' in project 'swift-service-context'
➜ Explicit dependency on target 'ServiceContextModule' in project 'swift-service-context'
Target 'ServiceContextModule' in project 'swift-service-context' (no dependencies)
Target 'Metrics-product' in project 'swift-metrics'
➜ Explicit dependency on target 'Metrics' in project 'swift-metrics'
➜ Explicit dependency on target 'CoreMetrics' in project 'swift-metrics'
Target 'Metrics' in project 'swift-metrics'
➜ Explicit dependency on target 'CoreMetrics' in project 'swift-metrics'
Target 'CoreMetrics' in project 'swift-metrics' (no dependencies)
Target 'CyclicRedundancyCheck-product' in project 'CyclicRedundancyCheck'
➜ Explicit dependency on target 'CyclicRedundancyCheck' in project 'CyclicRedundancyCheck'
Target 'CyclicRedundancyCheck' in project 'CyclicRedundancyCheck' (no dependencies)
Target 'AsyncAlgorithms-product' in project 'swift-async-algorithms'
➜ Explicit dependency on target 'AsyncAlgorithms' in project 'swift-async-algorithms'
➜ Explicit dependency on target 'OrderedCollections-product' in project 'swift-collections'
➜ Explicit dependency on target 'DequeModule-product' in project 'swift-collections'
Target 'AsyncAlgorithms' in project 'swift-async-algorithms'
➜ Explicit dependency on target 'OrderedCollections-product' in project 'swift-collections'
➜ Explicit dependency on target 'DequeModule-product' in project 'swift-collections'
Target 'OrderedCollections-product' in project 'swift-collections'
➜ Explicit dependency on target 'OrderedCollections' in project 'swift-collections'
➜ Explicit dependency on target 'InternalCollectionsUtilities' in project 'swift-collections'
Target 'OrderedCollections' in project 'swift-collections'
➜ Explicit dependency on target 'InternalCollectionsUtilities' in project 'swift-collections'
Target 'Crypto-product' in project 'swift-crypto'
➜ Explicit dependency on target 'Crypto' in project 'swift-crypto'
➜ Explicit dependency on target 'swift-crypto_Crypto' in project 'swift-crypto'
Target 'Crypto' in project 'swift-crypto'
➜ Explicit dependency on target 'swift-crypto_Crypto' in project 'swift-crypto'
Target 'swift-crypto_Crypto' in project 'swift-crypto' (no dependencies)
Target 'Logging-product' in project 'swift-log'
➜ Explicit dependency on target 'Logging' in project 'swift-log'
Target 'Logging' in project 'swift-log' (no dependencies)
Target 'NIOSSL-product' in project 'swift-nio-ssl'
➜ Explicit dependency on target 'NIOSSL' in project 'swift-nio-ssl'
➜ Explicit dependency on target 'swift-nio-ssl_NIOSSL' in project 'swift-nio-ssl'
➜ Explicit dependency on target 'CNIOBoringSSL' in project 'swift-nio-ssl'
➜ Explicit dependency on target 'CNIOBoringSSLShims' in project 'swift-nio-ssl'
➜ Explicit dependency on target 'NIO-product' in project 'swift-nio'
➜ Explicit dependency on target 'NIOCore-product' in project 'swift-nio'
➜ Explicit dependency on target 'NIOConcurrencyHelpers-product' in project 'swift-nio'
➜ Explicit dependency on target 'NIOTLS-product' in project 'swift-nio'
Target 'NIOSSL' in project 'swift-nio-ssl'
➜ Explicit dependency on target 'swift-nio-ssl_NIOSSL' in project 'swift-nio-ssl'
➜ Explicit dependency on target 'CNIOBoringSSL' in project 'swift-nio-ssl'
➜ Explicit dependency on target 'CNIOBoringSSLShims' in project 'swift-nio-ssl'
➜ Explicit dependency on target 'NIO-product' in project 'swift-nio'
➜ Explicit dependency on target 'NIOCore-product' in project 'swift-nio'
➜ Explicit dependency on target 'NIOConcurrencyHelpers-product' in project 'swift-nio'
➜ Explicit dependency on target 'NIOTLS-product' in project 'swift-nio'
Target 'NIOTLS-product' in project 'swift-nio'
➜ Explicit dependency on target 'NIOTLS' in project 'swift-nio'
➜ Explicit dependency on target 'CNIOAtomics' in project 'swift-nio'
➜ Explicit dependency on target 'NIOConcurrencyHelpers' in project 'swift-nio'
➜ Explicit dependency on target '_NIOBase64' in project 'swift-nio'
➜ Explicit dependency on target 'CNIOOpenBSD' in project 'swift-nio'
➜ Explicit dependency on target 'CNIOFreeBSD' in project 'swift-nio'
➜ Explicit dependency on target 'CNIODarwin' in project 'swift-nio'
➜ Explicit dependency on target 'CNIOLinux' in project 'swift-nio'
➜ Explicit dependency on target 'CNIOWindows' in project 'swift-nio'
➜ Explicit dependency on target 'CNIOWASI' in project 'swift-nio'
➜ Explicit dependency on target '_NIODataStructures' in project 'swift-nio'
➜ Explicit dependency on target 'NIOCore' in project 'swift-nio'
➜ Explicit dependency on target 'NIOEmbedded' in project 'swift-nio'
➜ Explicit dependency on target 'CNIOPosix' in project 'swift-nio'
➜ Explicit dependency on target 'NIOPosix' in project 'swift-nio'
➜ Explicit dependency on target 'NIO' in project 'swift-nio'
➜ Explicit dependency on target 'DequeModule-product' in project 'swift-collections'
➜ Explicit dependency on target 'Atomics-product' in project 'swift-atomics'
Target 'NIOTLS' in project 'swift-nio'
➜ Explicit dependency on target 'CNIOAtomics' in project 'swift-nio'
➜ Explicit dependency on target 'NIOConcurrencyHelpers' in project 'swift-nio'
➜ Explicit dependency on target '_NIOBase64' in project 'swift-nio'
➜ Explicit dependency on target 'CNIOOpenBSD' in project 'swift-nio'
➜ Explicit dependency on target 'CNIOFreeBSD' in project 'swift-nio'
➜ Explicit dependency on target 'CNIODarwin' in project 'swift-nio'
➜ Explicit dependency on target 'CNIOLinux' in project 'swift-nio'
➜ Explicit dependency on target 'CNIOWindows' in project 'swift-nio'
➜ Explicit dependency on target 'CNIOWASI' in project 'swift-nio'
➜ Explicit dependency on target '_NIODataStructures' in project 'swift-nio'
➜ Explicit dependency on target 'NIOCore' in project 'swift-nio'
➜ Explicit dependency on target 'NIOEmbedded' in project 'swift-nio'
➜ Explicit dependency on target 'CNIOPosix' in project 'swift-nio'
➜ Explicit dependency on target 'NIOPosix' in project 'swift-nio'
➜ Explicit dependency on target 'NIO' in project 'swift-nio'
➜ Explicit dependency on target 'DequeModule-product' in project 'swift-collections'
➜ Explicit dependency on target 'Atomics-product' in project 'swift-atomics'
Target 'NIOConcurrencyHelpers-product' in project 'swift-nio'
➜ Explicit dependency on target 'NIOConcurrencyHelpers' in project 'swift-nio'
➜ Explicit dependency on target 'CNIOAtomics' in project 'swift-nio'
Target 'CNIOBoringSSLShims' in project 'swift-nio-ssl'
➜ Explicit dependency on target 'CNIOBoringSSL' in project 'swift-nio-ssl'
Target 'CNIOBoringSSL' in project 'swift-nio-ssl' (no dependencies)
Target 'swift-nio-ssl_NIOSSL' in project 'swift-nio-ssl' (no dependencies)
Target 'NIOCore-product' in project 'swift-nio'
➜ Explicit dependency on target 'NIOCore' in project 'swift-nio'
➜ Explicit dependency on target 'CNIOAtomics' in project 'swift-nio'
➜ Explicit dependency on target 'NIOConcurrencyHelpers' in project 'swift-nio'
➜ Explicit dependency on target '_NIOBase64' in project 'swift-nio'
➜ Explicit dependency on target 'CNIOOpenBSD' in project 'swift-nio'
➜ Explicit dependency on target 'CNIOFreeBSD' in project 'swift-nio'
➜ Explicit dependency on target 'CNIODarwin' in project 'swift-nio'
➜ Explicit dependency on target 'CNIOLinux' in project 'swift-nio'
➜ Explicit dependency on target 'CNIOWindows' in project 'swift-nio'
➜ Explicit dependency on target 'CNIOWASI' in project 'swift-nio'
➜ Explicit dependency on target '_NIODataStructures' in project 'swift-nio'
➜ Explicit dependency on target 'DequeModule-product' in project 'swift-collections'
➜ Explicit dependency on target 'Atomics-product' in project 'swift-atomics'
Target 'NIO-product' in project 'swift-nio'
➜ Explicit dependency on target 'NIO' in project 'swift-nio'
➜ Explicit dependency on target 'CNIOAtomics' in project 'swift-nio'
➜ Explicit dependency on target 'NIOConcurrencyHelpers' in project 'swift-nio'
➜ Explicit dependency on target '_NIOBase64' in project 'swift-nio'
➜ Explicit dependency on target 'CNIOOpenBSD' in project 'swift-nio'
➜ Explicit dependency on target 'CNIOFreeBSD' in project 'swift-nio'
➜ Explicit dependency on target 'CNIODarwin' in project 'swift-nio'
➜ Explicit dependency on target 'CNIOLinux' in project 'swift-nio'
➜ Explicit dependency on target 'CNIOWindows' in project 'swift-nio'
➜ Explicit dependency on target 'CNIOWASI' in project 'swift-nio'
➜ Explicit dependency on target '_NIODataStructures' in project 'swift-nio'
➜ Explicit dependency on target 'NIOCore' in project 'swift-nio'
➜ Explicit dependency on target 'NIOEmbedded' in project 'swift-nio'
➜ Explicit dependency on target 'CNIOPosix' in project 'swift-nio'
➜ Explicit dependency on target 'NIOPosix' in project 'swift-nio'
➜ Explicit dependency on target 'DequeModule-product' in project 'swift-collections'
➜ Explicit dependency on target 'Atomics-product' in project 'swift-atomics'
Target 'NIO' in project 'swift-nio'
➜ Explicit dependency on target 'CNIOAtomics' in project 'swift-nio'
➜ Explicit dependency on target 'NIOConcurrencyHelpers' in project 'swift-nio'
➜ Explicit dependency on target '_NIOBase64' in project 'swift-nio'
➜ Explicit dependency on target 'CNIOOpenBSD' in project 'swift-nio'
➜ Explicit dependency on target 'CNIOFreeBSD' in project 'swift-nio'
➜ Explicit dependency on target 'CNIODarwin' in project 'swift-nio'
➜ Explicit dependency on target 'CNIOLinux' in project 'swift-nio'
➜ Explicit dependency on target 'CNIOWindows' in project 'swift-nio'
➜ Explicit dependency on target 'CNIOWASI' in project 'swift-nio'
➜ Explicit dependency on target '_NIODataStructures' in project 'swift-nio'
➜ Explicit dependency on target 'NIOCore' in project 'swift-nio'
➜ Explicit dependency on target 'NIOEmbedded' in project 'swift-nio'
➜ Explicit dependency on target 'CNIOPosix' in project 'swift-nio'
➜ Explicit dependency on target 'NIOPosix' in project 'swift-nio'
➜ Explicit dependency on target 'DequeModule-product' in project 'swift-collections'
➜ Explicit dependency on target 'Atomics-product' in project 'swift-atomics'
Target 'NIOPosix' in project 'swift-nio'
➜ Explicit dependency on target 'swift-nio_NIOPosix' in project 'swift-nio'
➜ Explicit dependency on target 'CNIOOpenBSD' in project 'swift-nio'
➜ Explicit dependency on target 'CNIOLinux' in project 'swift-nio'
➜ Explicit dependency on target 'CNIODarwin' in project 'swift-nio'
➜ Explicit dependency on target 'CNIOWindows' in project 'swift-nio'
➜ Explicit dependency on target 'CNIOAtomics' in project 'swift-nio'
➜ Explicit dependency on target 'NIOConcurrencyHelpers' in project 'swift-nio'
➜ Explicit dependency on target '_NIOBase64' in project 'swift-nio'
➜ Explicit dependency on target 'CNIOFreeBSD' in project 'swift-nio'
➜ Explicit dependency on target 'CNIOWASI' in project 'swift-nio'
➜ Explicit dependency on target '_NIODataStructures' in project 'swift-nio'
➜ Explicit dependency on target 'NIOCore' in project 'swift-nio'
➜ Explicit dependency on target 'CNIOPosix' in project 'swift-nio'
➜ Explicit dependency on target 'DequeModule-product' in project 'swift-collections'
➜ Explicit dependency on target 'Atomics-product' in project 'swift-atomics'
Target 'swift-nio_NIOPosix' in project 'swift-nio' (no dependencies)
Target 'CNIOPosix' in project 'swift-nio' (no dependencies)
Target 'NIOEmbedded' in project 'swift-nio'
➜ Explicit dependency on target 'CNIOAtomics' in project 'swift-nio'
➜ Explicit dependency on target 'NIOConcurrencyHelpers' in project 'swift-nio'
➜ Explicit dependency on target '_NIOBase64' in project 'swift-nio'
➜ Explicit dependency on target 'CNIOOpenBSD' in project 'swift-nio'
➜ Explicit dependency on target 'CNIOFreeBSD' in project 'swift-nio'
➜ Explicit dependency on target 'CNIODarwin' in project 'swift-nio'
➜ Explicit dependency on target 'CNIOLinux' in project 'swift-nio'
➜ Explicit dependency on target 'CNIOWindows' in project 'swift-nio'
➜ Explicit dependency on target 'CNIOWASI' in project 'swift-nio'
➜ Explicit dependency on target '_NIODataStructures' in project 'swift-nio'
➜ Explicit dependency on target 'NIOCore' in project 'swift-nio'
➜ Explicit dependency on target 'DequeModule-product' in project 'swift-collections'
➜ Explicit dependency on target 'Atomics-product' in project 'swift-atomics'
Target 'NIOCore' in project 'swift-nio'
➜ Explicit dependency on target 'CNIOAtomics' in project 'swift-nio'
➜ Explicit dependency on target 'NIOConcurrencyHelpers' in project 'swift-nio'
➜ Explicit dependency on target '_NIOBase64' in project 'swift-nio'
➜ Explicit dependency on target 'CNIOOpenBSD' in project 'swift-nio'
➜ Explicit dependency on target 'CNIOFreeBSD' in project 'swift-nio'
➜ Explicit dependency on target 'CNIODarwin' in project 'swift-nio'
➜ Explicit dependency on target 'CNIOLinux' in project 'swift-nio'
➜ Explicit dependency on target 'CNIOWindows' in project 'swift-nio'
➜ Explicit dependency on target 'CNIOWASI' in project 'swift-nio'
➜ Explicit dependency on target '_NIODataStructures' in project 'swift-nio'
➜ Explicit dependency on target 'DequeModule-product' in project 'swift-collections'
➜ Explicit dependency on target 'Atomics-product' in project 'swift-atomics'
Target 'Atomics-product' in project 'swift-atomics'
➜ Explicit dependency on target 'Atomics' in project 'swift-atomics'
➜ Explicit dependency on target '_AtomicsShims' in project 'swift-atomics'
Target 'Atomics' in project 'swift-atomics'
➜ Explicit dependency on target '_AtomicsShims' in project 'swift-atomics'
Target '_AtomicsShims' in project 'swift-atomics' (no dependencies)
Target 'DequeModule-product' in project 'swift-collections'
➜ Explicit dependency on target 'DequeModule' in project 'swift-collections'
➜ Explicit dependency on target 'InternalCollectionsUtilities' in project 'swift-collections'
➜ Explicit dependency on target 'SpanPreview' in project 'swift-collections'
Target 'DequeModule' in project 'swift-collections'
➜ Explicit dependency on target 'InternalCollectionsUtilities' in project 'swift-collections'
➜ Explicit dependency on target 'SpanPreview' in project 'swift-collections'
Target 'SpanPreview' in project 'swift-collections'
➜ Explicit dependency on target 'InternalCollectionsUtilities' in project 'swift-collections'
Target 'InternalCollectionsUtilities' in project 'swift-collections' (no dependencies)
Target '_NIODataStructures' in project 'swift-nio' (no dependencies)
Target 'CNIOWASI' in project 'swift-nio' (no dependencies)
Target 'CNIOWindows' in project 'swift-nio' (no dependencies)
Target 'CNIOLinux' in project 'swift-nio' (no dependencies)
Target 'CNIODarwin' in project 'swift-nio' (no dependencies)
Target 'CNIOFreeBSD' in project 'swift-nio' (no dependencies)
Target 'CNIOOpenBSD' in project 'swift-nio' (no dependencies)
Target '_NIOBase64' in project 'swift-nio' (no dependencies)
Target 'NIOConcurrencyHelpers' in project 'swift-nio'
➜ Explicit dependency on target 'CNIOAtomics' in project 'swift-nio'
Target 'CNIOAtomics' in project 'swift-nio' (no dependencies)
Target 'SwiftProtobuf-product' in project 'SwiftProtobuf'
➜ Explicit dependency on target 'SwiftProtobuf' in project 'SwiftProtobuf'
➜ Explicit dependency on target 'SwiftProtobuf_SwiftProtobuf' in project 'SwiftProtobuf'
Target 'SwiftProtobuf' in project 'SwiftProtobuf'
➜ Explicit dependency on target 'SwiftProtobuf_SwiftProtobuf' in project 'SwiftProtobuf'
Target 'SwiftProtobuf_SwiftProtobuf' in project 'SwiftProtobuf' (no dependencies)
GatherProvisioningInputs
CreateBuildDescription
ClangStatCache /Applications/Xcode-27.0.0-Release.Candidate.app/Contents/Developer/Toolchains/XcodeDefault.xctoolchain/usr/bin/clang-stat-cache /Applications/Xcode-27.0.0-Release.Candidate.app/Contents/Developer/Platforms/WatchOS.platform/Developer/SDKs/WatchOS27.0.sdk /Users/admin/builder/spi-builder-workspace/.derivedData/SDKStatCaches.noindex/watchos27.0-24R360-e829b21a6f8c9b70876ba0858053c04477534ef55a1706bf4c1112bbb242f0a2.sdkstatcache
cd /Users/admin/builder/spi-builder-workspace/.swiftpm/xcode
/Applications/Xcode-27.0.0-Release.Candidate.app/Contents/Developer/Toolchains/XcodeDefault.xctoolchain/usr/bin/clang-stat-cache /Applications/Xcode-27.0.0-Release.Candidate.app/Contents/Developer/Platforms/WatchOS.platform/Developer/SDKs/WatchOS27.0.sdk -o /Users/admin/builder/spi-builder-workspace/.derivedData/SDKStatCaches.noindex/watchos27.0-24R360-e829b21a6f8c9b70876ba0858053c04477534ef55a1706bf4c1112bbb242f0a2.sdkstatcache
SwiftDriver PulsarClient normal arm64_32 com.apple.xcode.tools.swift.compiler (in target 'PulsarClient' from project 'PulsarClient')
cd /Users/admin/builder/spi-builder-workspace/.swiftpm/xcode
builtin-SwiftDriver -- /Applications/Xcode-27.0.0-Release.Candidate.app/Contents/Developer/Toolchains/XcodeDefault.xctoolchain/usr/bin/swiftc -parse-as-library -module-name PulsarClient -Onone @/Users/admin/builder/spi-builder-workspace/.derivedData/Build/Intermediates.noindex/PulsarClient.build/Debug-watchos/PulsarClient-t.build/Objects-normal/arm64_32/PulsarClient.SwiftFileList -DSWIFT_PACKAGE -DDEBUG -DSWIFT_MODULE_RESOURCE_BUNDLE_UNAVAILABLE -Xcc -fmodule-map-file\=/Users/admin/builder/spi-builder-workspace/.dependencies/checkouts/swift-atomics/Sources/_AtomicsShims/include/module.modulemap -Xcc -fmodule-map-file\=/Users/admin/builder/spi-builder-workspace/.derivedData/Build/Intermediates.noindex/GeneratedModuleMaps-watchos/CNIOPosix.modulemap -Xcc -fmodule-map-file\=/Users/admin/builder/spi-builder-workspace/.derivedData/Build/Intermediates.noindex/GeneratedModuleMaps-watchos/CNIOWASI.modulemap -Xcc -fmodule-map-file\=/Users/admin/builder/spi-builder-workspace/.dependencies/checkouts/swift-nio/Sources/CNIOWindows/include/module.modulemap -Xcc -fmodule-map-file\=/Users/admin/builder/spi-builder-workspace/.derivedData/Build/Intermediates.noindex/GeneratedModuleMaps-watchos/CNIOLinux.modulemap -Xcc -fmodule-map-file\=/Users/admin/builder/spi-builder-workspace/.derivedData/Build/Intermediates.noindex/GeneratedModuleMaps-watchos/CNIODarwin.modulemap -Xcc -fmodule-map-file\=/Users/admin/builder/spi-builder-workspace/.derivedData/Build/Intermediates.noindex/GeneratedModuleMaps-watchos/CNIOFreeBSD.modulemap -Xcc -fmodule-map-file\=/Users/admin/builder/spi-builder-workspace/.derivedData/Build/Intermediates.noindex/GeneratedModuleMaps-watchos/CNIOOpenBSD.modulemap -Xcc -fmodule-map-file\=/Users/admin/builder/spi-builder-workspace/.derivedData/Build/Intermediates.noindex/GeneratedModuleMaps-watchos/CNIOAtomics.modulemap -Xcc -fmodule-map-file\=/Users/admin/builder/spi-builder-workspace/.derivedData/Build/Intermediates.noindex/GeneratedModuleMaps-watchos/CNIOBoringSSLShims.modulemap -Xcc -fmodule-map-file\=/Users/admin/builder/spi-builder-workspace/.dependencies/checkouts/swift-nio-ssl/Sources/CNIOBoringSSL/include/module.modulemap -DXcode -plugin-path /Applications/Xcode-27.0.0-Release.Candidate.app/Contents/Developer/Toolchains/XcodeDefault.xctoolchain/usr/lib/swift/host/plugins/testing -enable-experimental-feature DebugDescriptionMacro -sdk /Applications/Xcode-27.0.0-Release.Candidate.app/Contents/Developer/Platforms/WatchOS.platform/Developer/SDKs/WatchOS27.0.sdk -target arm64_32-apple-watchos9.0 -g -module-cache-path /Users/admin/builder/spi-builder-workspace/.derivedData/ModuleCache.noindex -Xfrontend -serialize-debugging-options -profile-coverage-mapping -profile-generate -enable-testing -index-store-path /Users/admin/builder/spi-builder-workspace/.derivedData/Index.noindex/DataStore -Xcc -D_LIBCPP_HARDENING_MODE\=_LIBCPP_HARDENING_MODE_DEBUG -swift-version 6 -I /Users/admin/builder/spi-builder-workspace/.derivedData/Build/Products/Debug-watchos -Isystem /Applications/Xcode-27.0.0-Release.Candidate.app/Contents/Developer/Platforms/WatchOS.platform/Developer/usr/lib -F /Users/admin/builder/spi-builder-workspace/.derivedData/Build/Products/Debug-watchos/PackageFrameworks -F /Users/admin/builder/spi-builder-workspace/.derivedData/Build/Products/Debug-watchos -F /Applications/Xcode-27.0.0-Release.Candidate.app/Contents/Developer/Platforms/WatchOS.platform/Developer/Library/Frameworks -F /Applications/Xcode-27.0.0-Release.Candidate.app/Contents/Developer/Platforms/WatchOS.platform/Developer/SDKs/WatchOS27.0.sdk/Developer/Library/Frameworks -c -j10 -enable-batch-mode -incremental -Xcc -ivfsstatcache -Xcc /Users/admin/builder/spi-builder-workspace/.derivedData/SDKStatCaches.noindex/watchos27.0-24R360-e829b21a6f8c9b70876ba0858053c04477534ef55a1706bf4c1112bbb242f0a2.sdkstatcache -output-file-map /Users/admin/builder/spi-builder-workspace/.derivedData/Build/Intermediates.noindex/PulsarClient.build/Debug-watchos/PulsarClient-t.build/Objects-normal/arm64_32/PulsarClient-OutputFileMap.json -save-temps -no-color-diagnostics -explicit-module-build -module-cache-path /Users/admin/builder/spi-builder-workspace/.derivedData/Build/Intermediates.noindex/SwiftExplicitPrecompiledModules -clang-scanner-module-cache-path /Users/admin/builder/spi-builder-workspace/.derivedData/ModuleCache.noindex -sdk-module-cache-path /Users/admin/builder/spi-builder-workspace/.derivedData/SDKExplicitPrecompiledModules -emit-dependencies -emit-module -emit-module-path /Users/admin/builder/spi-builder-workspace/.derivedData/Build/Intermediates.noindex/PulsarClient.build/Debug-watchos/PulsarClient-t.build/Objects-normal/arm64_32/PulsarClient.swiftmodule -serialize-diagnostics -dependency-scan-serialize-diagnostics-path /Users/admin/builder/spi-builder-workspace/.derivedData/Build/Intermediates.noindex/PulsarClient.build/Debug-watchos/PulsarClient-t.build/Objects-normal/arm64_32/PulsarClient-dependency-scan.dia -validate-clang-modules-once -clang-build-session-file /Users/admin/builder/spi-builder-workspace/.derivedData/ModuleCache.noindex/Session.modulevalidation -Xcc -fmodules-prune-interval\=86400 -Xcc -fmodules-prune-after\=345600 -package-name spi_builder_workspace -emit-const-values -const-gather-protocols-list /Users/admin/builder/spi-builder-workspace/.derivedData/Build/Intermediates.noindex/PulsarClient.build/Debug-watchos/PulsarClient-t.build/Objects-normal/arm64_32/PulsarClient_const_extract_protocols.json -Xcc -I/Users/admin/builder/spi-builder-workspace/.dependencies/checkouts/swift-atomics/Sources/_AtomicsShims/include -Xcc -I/Users/admin/builder/spi-builder-workspace/.dependencies/checkouts/swift-nio/Sources/CNIOPosix/include -Xcc -I/Users/admin/builder/spi-builder-workspace/.dependencies/checkouts/swift-nio/Sources/CNIOWASI/include -Xcc -I/Users/admin/builder/spi-builder-workspace/.dependencies/checkouts/swift-nio/Sources/CNIOWindows/include -Xcc -I/Users/admin/builder/spi-builder-workspace/.dependencies/checkouts/swift-nio/Sources/CNIOLinux/include -Xcc -I/Users/admin/builder/spi-builder-workspace/.dependencies/checkouts/swift-nio/Sources/CNIODarwin/include -Xcc -I/Users/admin/builder/spi-builder-workspace/.dependencies/checkouts/swift-nio/Sources/CNIOFreeBSD/include -Xcc -I/Users/admin/builder/spi-builder-workspace/.dependencies/checkouts/swift-nio/Sources/CNIOOpenBSD/include -Xcc -I/Users/admin/builder/spi-builder-workspace/.dependencies/checkouts/swift-nio/Sources/CNIOAtomics/include -Xcc -I/Users/admin/builder/spi-builder-workspace/.dependencies/checkouts/swift-nio-ssl/Sources/CNIOBoringSSLShims/include -Xcc -I/Users/admin/builder/spi-builder-workspace/.dependencies/checkouts/swift-nio-ssl/Sources/CNIOBoringSSL/include -Xcc -I/Users/admin/builder/spi-builder-workspace/.derivedData/Build/Products/Debug-watchos/include -Xcc -I/Users/admin/builder/spi-builder-workspace/.derivedData/Build/Intermediates.noindex/PulsarClient.build/Debug-watchos/PulsarClient-t.build/DerivedSources-normal/arm64_32 -Xcc -I/Users/admin/builder/spi-builder-workspace/.derivedData/Build/Intermediates.noindex/PulsarClient.build/Debug-watchos/PulsarClient-t.build/DerivedSources/arm64_32 -Xcc -I/Users/admin/builder/spi-builder-workspace/.derivedData/Build/Intermediates.noindex/PulsarClient.build/Debug-watchos/PulsarClient-t.build/DerivedSources -Xcc -DSWIFT_PACKAGE -Xcc -DDEBUG\=1 -emit-objc-header -emit-objc-header-path /Users/admin/builder/spi-builder-workspace/.derivedData/Build/Intermediates.noindex/PulsarClient.build/Debug-watchos/PulsarClient-t.build/Objects-normal/arm64_32/PulsarClient-Swift.h -working-directory /Users/admin/builder/spi-builder-workspace/.swiftpm/xcode -experimental-emit-module-separately -disable-cmo
SwiftDriver NIOSSL normal arm64_32 com.apple.xcode.tools.swift.compiler (in target 'NIOSSL' from project 'swift-nio-ssl')
cd /Users/admin/builder/spi-builder-workspace/.swiftpm/xcode
builtin-SwiftDriver -- /Applications/Xcode-27.0.0-Release.Candidate.app/Contents/Developer/Toolchains/XcodeDefault.xctoolchain/usr/bin/swiftc -parse-as-library -module-name NIOSSL -Onone @/Users/admin/builder/spi-builder-workspace/.derivedData/Build/Intermediates.noindex/swift-nio-ssl.build/Debug-watchos/NIOSSL-t.build/Objects-normal/arm64_32/NIOSSL.SwiftFileList -DSWIFT_PACKAGE -DDEBUG -DSWIFT_MODULE_RESOURCE_BUNDLE_AVAILABLE -Xcc -fmodule-map-file\=/Users/admin/builder/spi-builder-workspace/.dependencies/checkouts/swift-atomics/Sources/_AtomicsShims/include/module.modulemap -Xcc -fmodule-map-file\=/Users/admin/builder/spi-builder-workspace/.derivedData/Build/Intermediates.noindex/GeneratedModuleMaps-watchos/CNIOPosix.modulemap -Xcc -fmodule-map-file\=/Users/admin/builder/spi-builder-workspace/.derivedData/Build/Intermediates.noindex/GeneratedModuleMaps-watchos/CNIOWASI.modulemap -Xcc -fmodule-map-file\=/Users/admin/builder/spi-builder-workspace/.dependencies/checkouts/swift-nio/Sources/CNIOWindows/include/module.modulemap -Xcc -fmodule-map-file\=/Users/admin/builder/spi-builder-workspace/.derivedData/Build/Intermediates.noindex/GeneratedModuleMaps-watchos/CNIOLinux.modulemap -Xcc -fmodule-map-file\=/Users/admin/builder/spi-builder-workspace/.derivedData/Build/Intermediates.noindex/GeneratedModuleMaps-watchos/CNIODarwin.modulemap -Xcc -fmodule-map-file\=/Users/admin/builder/spi-builder-workspace/.derivedData/Build/Intermediates.noindex/GeneratedModuleMaps-watchos/CNIOFreeBSD.modulemap -Xcc -fmodule-map-file\=/Users/admin/builder/spi-builder-workspace/.derivedData/Build/Intermediates.noindex/GeneratedModuleMaps-watchos/CNIOOpenBSD.modulemap -Xcc -fmodule-map-file\=/Users/admin/builder/spi-builder-workspace/.derivedData/Build/Intermediates.noindex/GeneratedModuleMaps-watchos/CNIOAtomics.modulemap -Xcc -fmodule-map-file\=/Users/admin/builder/spi-builder-workspace/.derivedData/Build/Intermediates.noindex/GeneratedModuleMaps-watchos/CNIOBoringSSLShims.modulemap -Xcc -fmodule-map-file\=/Users/admin/builder/spi-builder-workspace/.dependencies/checkouts/swift-nio-ssl/Sources/CNIOBoringSSL/include/module.modulemap -DXcode -enable-upcoming-feature MemberImportVisibility -plugin-path /Applications/Xcode-27.0.0-Release.Candidate.app/Contents/Developer/Toolchains/XcodeDefault.xctoolchain/usr/lib/swift/host/plugins/testing -enable-experimental-feature DebugDescriptionMacro -sdk /Applications/Xcode-27.0.0-Release.Candidate.app/Contents/Developer/Platforms/WatchOS.platform/Developer/SDKs/WatchOS27.0.sdk -target arm64_32-apple-watchos9.0 -g -module-cache-path /Users/admin/builder/spi-builder-workspace/.derivedData/ModuleCache.noindex -Xfrontend -serialize-debugging-options -profile-coverage-mapping -profile-generate -enable-testing -suppress-warnings -index-store-path /Users/admin/builder/spi-builder-workspace/.derivedData/Index.noindex/DataStore -Xcc -D_LIBCPP_HARDENING_MODE\=_LIBCPP_HARDENING_MODE_DEBUG -swift-version 6 -I /Users/admin/builder/spi-builder-workspace/.derivedData/Build/Products/Debug-watchos -Isystem /Applications/Xcode-27.0.0-Release.Candidate.app/Contents/Developer/Platforms/WatchOS.platform/Developer/usr/lib -F /Users/admin/builder/spi-builder-workspace/.derivedData/Build/Products/Debug-watchos/PackageFrameworks -F /Users/admin/builder/spi-builder-workspace/.derivedData/Build/Products/Debug-watchos -F /Applications/Xcode-27.0.0-Release.Candidate.app/Contents/Developer/Platforms/WatchOS.platform/Developer/Library/Frameworks -F /Applications/Xcode-27.0.0-Release.Candidate.app/Contents/Developer/Platforms/WatchOS.platform/Developer/SDKs/WatchOS27.0.sdk/Developer/Library/Frameworks -c -j10 -enable-batch-mode -incremental -Xcc -ivfsstatcache -Xcc /Users/admin/builder/spi-builder-workspace/.derivedData/SDKStatCaches.noindex/watchos27.0-24R360-e829b21a6f8c9b70876ba0858053c04477534ef55a1706bf4c1112bbb242f0a2.sdkstatcache -output-file-map /Users/admin/builder/spi-builder-workspace/.derivedData/Build/Intermediates.noindex/swift-nio-ssl.build/Debug-watchos/NIOSSL-t.build/Objects-normal/arm64_32/NIOSSL-OutputFileMap.json -save-temps -no-color-diagnostics -explicit-module-build -module-cache-path /Users/admin/builder/spi-builder-workspace/.derivedData/Build/Intermediates.noindex/SwiftExplicitPrecompiledModules -clang-scanner-module-cache-path /Users/admin/builder/spi-builder-workspace/.derivedData/ModuleCache.noindex -sdk-module-cache-path /Users/admin/builder/spi-builder-workspace/.derivedData/SDKExplicitPrecompiledModules -emit-dependencies -emit-module -emit-module-path /Users/admin/builder/spi-builder-workspace/.derivedData/Build/Intermediates.noindex/swift-nio-ssl.build/Debug-watchos/NIOSSL-t.build/Objects-normal/arm64_32/NIOSSL.swiftmodule -serialize-diagnostics -dependency-scan-serialize-diagnostics-path /Users/admin/builder/spi-builder-workspace/.derivedData/Build/Intermediates.noindex/swift-nio-ssl.build/Debug-watchos/NIOSSL-t.build/Objects-normal/arm64_32/NIOSSL-dependency-scan.dia -user-module-version 2.37.5 -validate-clang-modules-once -clang-build-session-file /Users/admin/builder/spi-builder-workspace/.derivedData/ModuleCache.noindex/Session.modulevalidation -Xcc -fmodules-prune-interval\=86400 -Xcc -fmodules-prune-after\=345600 -package-name swift_nio_ssl -emit-const-values -const-gather-protocols-list /Users/admin/builder/spi-builder-workspace/.derivedData/Build/Intermediates.noindex/swift-nio-ssl.build/Debug-watchos/NIOSSL-t.build/Objects-normal/arm64_32/NIOSSL_const_extract_protocols.json -Xcc -I/Users/admin/builder/spi-builder-workspace/.dependencies/checkouts/swift-atomics/Sources/_AtomicsShims/include -Xcc -I/Users/admin/builder/spi-builder-workspace/.dependencies/checkouts/swift-nio/Sources/CNIOPosix/include -Xcc -I/Users/admin/builder/spi-builder-workspace/.dependencies/checkouts/swift-nio/Sources/CNIOWASI/include -Xcc -I/Users/admin/builder/spi-builder-workspace/.dependencies/checkouts/swift-nio/Sources/CNIOWindows/include -Xcc -I/Users/admin/builder/spi-builder-workspace/.dependencies/checkouts/swift-nio/Sources/CNIOLinux/include -Xcc -I/Users/admin/builder/spi-builder-workspace/.dependencies/checkouts/swift-nio/Sources/CNIODarwin/include -Xcc -I/Users/admin/builder/spi-builder-workspace/.dependencies/checkouts/swift-nio/Sources/CNIOFreeBSD/include -Xcc -I/Users/admin/builder/spi-builder-workspace/.dependencies/checkouts/swift-nio/Sources/CNIOOpenBSD/include -Xcc -I/Users/admin/builder/spi-builder-workspace/.dependencies/checkouts/swift-nio/Sources/CNIOAtomics/include -Xcc -I/Users/admin/builder/spi-builder-workspace/.dependencies/checkouts/swift-nio-ssl/Sources/CNIOBoringSSLShims/include -Xcc -I/Users/admin/builder/spi-builder-workspace/.dependencies/checkouts/swift-nio-ssl/Sources/CNIOBoringSSL/include -Xcc -I/Users/admin/builder/spi-builder-workspace/.derivedData/Build/Products/Debug-watchos/include -Xcc -I/Users/admin/builder/spi-builder-workspace/.derivedData/Build/Intermediates.noindex/swift-nio-ssl.build/Debug-watchos/NIOSSL-t.build/DerivedSources-normal/arm64_32 -Xcc -I/Users/admin/builder/spi-builder-workspace/.derivedData/Build/Intermediates.noindex/swift-nio-ssl.build/Debug-watchos/NIOSSL-t.build/DerivedSources/arm64_32 -Xcc -I/Users/admin/builder/spi-builder-workspace/.derivedData/Build/Intermediates.noindex/swift-nio-ssl.build/Debug-watchos/NIOSSL-t.build/DerivedSources -Xcc -DSWIFT_PACKAGE -Xcc -DDEBUG\=1 -emit-objc-header -emit-objc-header-path /Users/admin/builder/spi-builder-workspace/.derivedData/Build/Intermediates.noindex/swift-nio-ssl.build/Debug-watchos/NIOSSL-t.build/Objects-normal/arm64_32/NIOSSL-Swift.h -working-directory /Users/admin/builder/spi-builder-workspace/.swiftpm/xcode -experimental-emit-module-separately -disable-cmo
SwiftDriver PulsarClient normal arm64 com.apple.xcode.tools.swift.compiler (in target 'PulsarClient' from project 'PulsarClient')
cd /Users/admin/builder/spi-builder-workspace/.swiftpm/xcode
builtin-SwiftDriver -- /Applications/Xcode-27.0.0-Release.Candidate.app/Contents/Developer/Toolchains/XcodeDefault.xctoolchain/usr/bin/swiftc -parse-as-library -module-name PulsarClient -Onone @/Users/admin/builder/spi-builder-workspace/.derivedData/Build/Intermediates.noindex/PulsarClient.build/Debug-watchos/PulsarClient-t.build/Objects-normal/arm64/PulsarClient.SwiftFileList -DSWIFT_PACKAGE -DDEBUG -DSWIFT_MODULE_RESOURCE_BUNDLE_UNAVAILABLE -Xcc -fmodule-map-file\=/Users/admin/builder/spi-builder-workspace/.dependencies/checkouts/swift-atomics/Sources/_AtomicsShims/include/module.modulemap -Xcc -fmodule-map-file\=/Users/admin/builder/spi-builder-workspace/.derivedData/Build/Intermediates.noindex/GeneratedModuleMaps-watchos/CNIOPosix.modulemap -Xcc -fmodule-map-file\=/Users/admin/builder/spi-builder-workspace/.derivedData/Build/Intermediates.noindex/GeneratedModuleMaps-watchos/CNIOWASI.modulemap -Xcc -fmodule-map-file\=/Users/admin/builder/spi-builder-workspace/.dependencies/checkouts/swift-nio/Sources/CNIOWindows/include/module.modulemap -Xcc -fmodule-map-file\=/Users/admin/builder/spi-builder-workspace/.derivedData/Build/Intermediates.noindex/GeneratedModuleMaps-watchos/CNIOLinux.modulemap -Xcc -fmodule-map-file\=/Users/admin/builder/spi-builder-workspace/.derivedData/Build/Intermediates.noindex/GeneratedModuleMaps-watchos/CNIODarwin.modulemap -Xcc -fmodule-map-file\=/Users/admin/builder/spi-builder-workspace/.derivedData/Build/Intermediates.noindex/GeneratedModuleMaps-watchos/CNIOFreeBSD.modulemap -Xcc -fmodule-map-file\=/Users/admin/builder/spi-builder-workspace/.derivedData/Build/Intermediates.noindex/GeneratedModuleMaps-watchos/CNIOOpenBSD.modulemap -Xcc -fmodule-map-file\=/Users/admin/builder/spi-builder-workspace/.derivedData/Build/Intermediates.noindex/GeneratedModuleMaps-watchos/CNIOAtomics.modulemap -Xcc -fmodule-map-file\=/Users/admin/builder/spi-builder-workspace/.derivedData/Build/Intermediates.noindex/GeneratedModuleMaps-watchos/CNIOBoringSSLShims.modulemap -Xcc -fmodule-map-file\=/Users/admin/builder/spi-builder-workspace/.dependencies/checkouts/swift-nio-ssl/Sources/CNIOBoringSSL/include/module.modulemap -DXcode -plugin-path /Applications/Xcode-27.0.0-Release.Candidate.app/Contents/Developer/Toolchains/XcodeDefault.xctoolchain/usr/lib/swift/host/plugins/testing -enable-experimental-feature DebugDescriptionMacro -sdk /Applications/Xcode-27.0.0-Release.Candidate.app/Contents/Developer/Platforms/WatchOS.platform/Developer/SDKs/WatchOS27.0.sdk -target arm64-apple-watchos9.0 -g -module-cache-path /Users/admin/builder/spi-builder-workspace/.derivedData/ModuleCache.noindex -Xfrontend -serialize-debugging-options -profile-coverage-mapping -profile-generate -enable-testing -index-store-path /Users/admin/builder/spi-builder-workspace/.derivedData/Index.noindex/DataStore -Xcc -D_LIBCPP_HARDENING_MODE\=_LIBCPP_HARDENING_MODE_DEBUG -swift-version 6 -I /Users/admin/builder/spi-builder-workspace/.derivedData/Build/Products/Debug-watchos -Isystem /Applications/Xcode-27.0.0-Release.Candidate.app/Contents/Developer/Platforms/WatchOS.platform/Developer/usr/lib -F /Users/admin/builder/spi-builder-workspace/.derivedData/Build/Products/Debug-watchos/PackageFrameworks -F /Users/admin/builder/spi-builder-workspace/.derivedData/Build/Products/Debug-watchos -F /Applications/Xcode-27.0.0-Release.Candidate.app/Contents/Developer/Platforms/WatchOS.platform/Developer/Library/Frameworks -F /Applications/Xcode-27.0.0-Release.Candidate.app/Contents/Developer/Platforms/WatchOS.platform/Developer/SDKs/WatchOS27.0.sdk/Developer/Library/Frameworks -c -j10 -enable-batch-mode -incremental -Xcc -ivfsstatcache -Xcc /Users/admin/builder/spi-builder-workspace/.derivedData/SDKStatCaches.noindex/watchos27.0-24R360-e829b21a6f8c9b70876ba0858053c04477534ef55a1706bf4c1112bbb242f0a2.sdkstatcache -output-file-map /Users/admin/builder/spi-builder-workspace/.derivedData/Build/Intermediates.noindex/PulsarClient.build/Debug-watchos/PulsarClient-t.build/Objects-normal/arm64/PulsarClient-OutputFileMap.json -save-temps -no-color-diagnostics -explicit-module-build -module-cache-path /Users/admin/builder/spi-builder-workspace/.derivedData/Build/Intermediates.noindex/SwiftExplicitPrecompiledModules -clang-scanner-module-cache-path /Users/admin/builder/spi-builder-workspace/.derivedData/ModuleCache.noindex -sdk-module-cache-path /Users/admin/builder/spi-builder-workspace/.derivedData/SDKExplicitPrecompiledModules -emit-dependencies -emit-module -emit-module-path /Users/admin/builder/spi-builder-workspace/.derivedData/Build/Intermediates.noindex/PulsarClient.build/Debug-watchos/PulsarClient-t.build/Objects-normal/arm64/PulsarClient.swiftmodule -serialize-diagnostics -dependency-scan-serialize-diagnostics-path /Users/admin/builder/spi-builder-workspace/.derivedData/Build/Intermediates.noindex/PulsarClient.build/Debug-watchos/PulsarClient-t.build/Objects-normal/arm64/PulsarClient-dependency-scan.dia -validate-clang-modules-once -clang-build-session-file /Users/admin/builder/spi-builder-workspace/.derivedData/ModuleCache.noindex/Session.modulevalidation -Xcc -fmodules-prune-interval\=86400 -Xcc -fmodules-prune-after\=345600 -package-name spi_builder_workspace -emit-const-values -const-gather-protocols-list /Users/admin/builder/spi-builder-workspace/.derivedData/Build/Intermediates.noindex/PulsarClient.build/Debug-watchos/PulsarClient-t.build/Objects-normal/arm64/PulsarClient_const_extract_protocols.json -Xcc -I/Users/admin/builder/spi-builder-workspace/.dependencies/checkouts/swift-atomics/Sources/_AtomicsShims/include -Xcc -I/Users/admin/builder/spi-builder-workspace/.dependencies/checkouts/swift-nio/Sources/CNIOPosix/include -Xcc -I/Users/admin/builder/spi-builder-workspace/.dependencies/checkouts/swift-nio/Sources/CNIOWASI/include -Xcc -I/Users/admin/builder/spi-builder-workspace/.dependencies/checkouts/swift-nio/Sources/CNIOWindows/include -Xcc -I/Users/admin/builder/spi-builder-workspace/.dependencies/checkouts/swift-nio/Sources/CNIOLinux/include -Xcc -I/Users/admin/builder/spi-builder-workspace/.dependencies/checkouts/swift-nio/Sources/CNIODarwin/include -Xcc -I/Users/admin/builder/spi-builder-workspace/.dependencies/checkouts/swift-nio/Sources/CNIOFreeBSD/include -Xcc -I/Users/admin/builder/spi-builder-workspace/.dependencies/checkouts/swift-nio/Sources/CNIOOpenBSD/include -Xcc -I/Users/admin/builder/spi-builder-workspace/.dependencies/checkouts/swift-nio/Sources/CNIOAtomics/include -Xcc -I/Users/admin/builder/spi-builder-workspace/.dependencies/checkouts/swift-nio-ssl/Sources/CNIOBoringSSLShims/include -Xcc -I/Users/admin/builder/spi-builder-workspace/.dependencies/checkouts/swift-nio-ssl/Sources/CNIOBoringSSL/include -Xcc -I/Users/admin/builder/spi-builder-workspace/.derivedData/Build/Products/Debug-watchos/include -Xcc -I/Users/admin/builder/spi-builder-workspace/.derivedData/Build/Intermediates.noindex/PulsarClient.build/Debug-watchos/PulsarClient-t.build/DerivedSources-normal/arm64 -Xcc -I/Users/admin/builder/spi-builder-workspace/.derivedData/Build/Intermediates.noindex/PulsarClient.build/Debug-watchos/PulsarClient-t.build/DerivedSources/arm64 -Xcc -I/Users/admin/builder/spi-builder-workspace/.derivedData/Build/Intermediates.noindex/PulsarClient.build/Debug-watchos/PulsarClient-t.build/DerivedSources -Xcc -DSWIFT_PACKAGE -Xcc -DDEBUG\=1 -emit-objc-header -emit-objc-header-path /Users/admin/builder/spi-builder-workspace/.derivedData/Build/Intermediates.noindex/PulsarClient.build/Debug-watchos/PulsarClient-t.build/Objects-normal/arm64/PulsarClient-Swift.h -working-directory /Users/admin/builder/spi-builder-workspace/.swiftpm/xcode -experimental-emit-module-separately -disable-cmo
SwiftDriver NIOPosix normal arm64_32 com.apple.xcode.tools.swift.compiler (in target 'NIOPosix' from project 'swift-nio')
cd /Users/admin/builder/spi-builder-workspace/.swiftpm/xcode
builtin-SwiftDriver -- /Applications/Xcode-27.0.0-Release.Candidate.app/Contents/Developer/Toolchains/XcodeDefault.xctoolchain/usr/bin/swiftc -parse-as-library -module-name NIOPosix -Onone @/Users/admin/builder/spi-builder-workspace/.derivedData/Build/Intermediates.noindex/swift-nio.build/Debug-watchos/NIOPosix-t.build/Objects-normal/arm64_32/NIOPosix.SwiftFileList -DSWIFT_PACKAGE -DDEBUG -DSWIFT_MODULE_RESOURCE_BUNDLE_AVAILABLE -Xcc -fmodule-map-file\=/Users/admin/builder/spi-builder-workspace/.dependencies/checkouts/swift-atomics/Sources/_AtomicsShims/include/module.modulemap -Xcc -fmodule-map-file\=/Users/admin/builder/spi-builder-workspace/.derivedData/Build/Intermediates.noindex/GeneratedModuleMaps-watchos/CNIOPosix.modulemap -Xcc -fmodule-map-file\=/Users/admin/builder/spi-builder-workspace/.derivedData/Build/Intermediates.noindex/GeneratedModuleMaps-watchos/CNIOWASI.modulemap -Xcc -fmodule-map-file\=/Users/admin/builder/spi-builder-workspace/.derivedData/Build/Intermediates.noindex/GeneratedModuleMaps-watchos/CNIOFreeBSD.modulemap -Xcc -fmodule-map-file\=/Users/admin/builder/spi-builder-workspace/.derivedData/Build/Intermediates.noindex/GeneratedModuleMaps-watchos/CNIOAtomics.modulemap -Xcc -fmodule-map-file\=/Users/admin/builder/spi-builder-workspace/.dependencies/checkouts/swift-nio/Sources/CNIOWindows/include/module.modulemap -Xcc -fmodule-map-file\=/Users/admin/builder/spi-builder-workspace/.derivedData/Build/Intermediates.noindex/GeneratedModuleMaps-watchos/CNIODarwin.modulemap -Xcc -fmodule-map-file\=/Users/admin/builder/spi-builder-workspace/.derivedData/Build/Intermediates.noindex/GeneratedModuleMaps-watchos/CNIOLinux.modulemap -Xcc -fmodule-map-file\=/Users/admin/builder/spi-builder-workspace/.derivedData/Build/Intermediates.noindex/GeneratedModuleMaps-watchos/CNIOOpenBSD.modulemap -DXcode -enable-experimental-feature Lifetimes -enable-upcoming-feature MemberImportVisibility -plugin-path /Applications/Xcode-27.0.0-Release.Candidate.app/Contents/Developer/Toolchains/XcodeDefault.xctoolchain/usr/lib/swift/host/plugins/testing -enable-experimental-feature DebugDescriptionMacro -sdk /Applications/Xcode-27.0.0-Release.Candidate.app/Contents/Developer/Platforms/WatchOS.platform/Developer/SDKs/WatchOS27.0.sdk -target arm64_32-apple-watchos9.0 -g -module-cache-path /Users/admin/builder/spi-builder-workspace/.derivedData/ModuleCache.noindex -Xfrontend -serialize-debugging-options -profile-coverage-mapping -profile-generate -enable-testing -suppress-warnings -index-store-path /Users/admin/builder/spi-builder-workspace/.derivedData/Index.noindex/DataStore -Xcc -D_LIBCPP_HARDENING_MODE\=_LIBCPP_HARDENING_MODE_DEBUG -swift-version 6 -I /Users/admin/builder/spi-builder-workspace/.derivedData/Build/Products/Debug-watchos -Isystem /Applications/Xcode-27.0.0-Release.Candidate.app/Contents/Developer/Platforms/WatchOS.platform/Developer/usr/lib -F /Users/admin/builder/spi-builder-workspace/.derivedData/Build/Products/Debug-watchos/PackageFrameworks -F /Users/admin/builder/spi-builder-workspace/.derivedData/Build/Products/Debug-watchos -F /Applications/Xcode-27.0.0-Release.Candidate.app/Contents/Developer/Platforms/WatchOS.platform/Developer/Library/Frameworks -F /Applications/Xcode-27.0.0-Release.Candidate.app/Contents/Developer/Platforms/WatchOS.platform/Developer/SDKs/WatchOS27.0.sdk/Developer/Library/Frameworks -c -j10 -enable-batch-mode -incremental -Xcc -ivfsstatcache -Xcc /Users/admin/builder/spi-builder-workspace/.derivedData/SDKStatCaches.noindex/watchos27.0-24R360-e829b21a6f8c9b70876ba0858053c04477534ef55a1706bf4c1112bbb242f0a2.sdkstatcache -output-file-map /Users/admin/builder/spi-builder-workspace/.derivedData/Build/Intermediates.noindex/swift-nio.build/Debug-watchos/NIOPosix-t.build/Objects-normal/arm64_32/NIOPosix-OutputFileMap.json -save-temps -no-color-diagnostics -explicit-module-build -module-cache-path /Users/admin/builder/spi-builder-workspace/.derivedData/Build/Intermediates.noindex/SwiftExplicitPrecompiledModules -clang-scanner-module-cache-path /Users/admin/builder/spi-builder-workspace/.derivedData/ModuleCache.noindex -sdk-module-cache-path /Users/admin/builder/spi-builder-workspace/.derivedData/SDKExplicitPrecompiledModules -emit-dependencies -emit-module -emit-module-path /Users/admin/builder/spi-builder-workspace/.derivedData/Build/Intermediates.noindex/swift-nio.build/Debug-watchos/NIOPosix-t.build/Objects-normal/arm64_32/NIOPosix.swiftmodule -serialize-diagnostics -dependency-scan-serialize-diagnostics-path /Users/admin/builder/spi-builder-workspace/.derivedData/Build/Intermediates.noindex/swift-nio.build/Debug-watchos/NIOPosix-t.build/Objects-normal/arm64_32/NIOPosix-dependency-scan.dia -user-module-version 2.103.0 -validate-clang-modules-once -clang-build-session-file /Users/admin/builder/spi-builder-workspace/.derivedData/ModuleCache.noindex/Session.modulevalidation -Xcc -fmodules-prune-interval\=86400 -Xcc -fmodules-prune-after\=345600 -package-name swift_nio -emit-const-values -const-gather-protocols-list /Users/admin/builder/spi-builder-workspace/.derivedData/Build/Intermediates.noindex/swift-nio.build/Debug-watchos/NIOPosix-t.build/Objects-normal/arm64_32/NIOPosix_const_extract_protocols.json -Xcc -I/Users/admin/builder/spi-builder-workspace/.dependencies/checkouts/swift-atomics/Sources/_AtomicsShims/include -Xcc -I/Users/admin/builder/spi-builder-workspace/.dependencies/checkouts/swift-nio/Sources/CNIOPosix/include -Xcc -I/Users/admin/builder/spi-builder-workspace/.dependencies/checkouts/swift-nio/Sources/CNIOWASI/include -Xcc -I/Users/admin/builder/spi-builder-workspace/.dependencies/checkouts/swift-nio/Sources/CNIOFreeBSD/include -Xcc -I/Users/admin/builder/spi-builder-workspace/.dependencies/checkouts/swift-nio/Sources/CNIOAtomics/include -Xcc -I/Users/admin/builder/spi-builder-workspace/.dependencies/checkouts/swift-nio/Sources/CNIOWindows/include -Xcc -I/Users/admin/builder/spi-builder-workspace/.dependencies/checkouts/swift-nio/Sources/CNIODarwin/include -Xcc -I/Users/admin/builder/spi-builder-workspace/.dependencies/checkouts/swift-nio/Sources/CNIOLinux/include -Xcc -I/Users/admin/builder/spi-builder-workspace/.dependencies/checkouts/swift-nio/Sources/CNIOOpenBSD/include -Xcc -I/Users/admin/builder/spi-builder-workspace/.derivedData/Build/Products/Debug-watchos/include -Xcc -I/Users/admin/builder/spi-builder-workspace/.derivedData/Build/Intermediates.noindex/swift-nio.build/Debug-watchos/NIOPosix-t.build/DerivedSources-normal/arm64_32 -Xcc -I/Users/admin/builder/spi-builder-workspace/.derivedData/Build/Intermediates.noindex/swift-nio.build/Debug-watchos/NIOPosix-t.build/DerivedSources/arm64_32 -Xcc -I/Users/admin/builder/spi-builder-workspace/.derivedData/Build/Intermediates.noindex/swift-nio.build/Debug-watchos/NIOPosix-t.build/DerivedSources -Xcc -DSWIFT_PACKAGE -Xcc -DDEBUG\=1 -emit-objc-header -emit-objc-header-path /Users/admin/builder/spi-builder-workspace/.derivedData/Build/Intermediates.noindex/swift-nio.build/Debug-watchos/NIOPosix-t.build/Objects-normal/arm64_32/NIOPosix-Swift.h -working-directory /Users/admin/builder/spi-builder-workspace/.swiftpm/xcode -experimental-emit-module-separately -disable-cmo
SwiftDriver\ Compilation NIOSSL normal arm64_32 com.apple.xcode.tools.swift.compiler (in target 'NIOSSL' from project 'swift-nio-ssl')
cd /Users/admin/builder/spi-builder-workspace/.swiftpm/xcode
builtin-Swift-Compilation -- /Applications/Xcode-27.0.0-Release.Candidate.app/Contents/Developer/Toolchains/XcodeDefault.xctoolchain/usr/bin/swiftc -parse-as-library -module-name NIOSSL -Onone @/Users/admin/builder/spi-builder-workspace/.derivedData/Build/Intermediates.noindex/swift-nio-ssl.build/Debug-watchos/NIOSSL-t.build/Objects-normal/arm64_32/NIOSSL.SwiftFileList -DSWIFT_PACKAGE -DDEBUG -DSWIFT_MODULE_RESOURCE_BUNDLE_AVAILABLE -Xcc -fmodule-map-file\=/Users/admin/builder/spi-builder-workspace/.dependencies/checkouts/swift-atomics/Sources/_AtomicsShims/include/module.modulemap -Xcc -fmodule-map-file\=/Users/admin/builder/spi-builder-workspace/.derivedData/Build/Intermediates.noindex/GeneratedModuleMaps-watchos/CNIOPosix.modulemap -Xcc -fmodule-map-file\=/Users/admin/builder/spi-builder-workspace/.derivedData/Build/Intermediates.noindex/GeneratedModuleMaps-watchos/CNIOWASI.modulemap -Xcc -fmodule-map-file\=/Users/admin/builder/spi-builder-workspace/.dependencies/checkouts/swift-nio/Sources/CNIOWindows/include/module.modulemap -Xcc -fmodule-map-file\=/Users/admin/builder/spi-builder-workspace/.derivedData/Build/Intermediates.noindex/GeneratedModuleMaps-watchos/CNIOLinux.modulemap -Xcc -fmodule-map-file\=/Users/admin/builder/spi-builder-workspace/.derivedData/Build/Intermediates.noindex/GeneratedModuleMaps-watchos/CNIODarwin.modulemap -Xcc -fmodule-map-file\=/Users/admin/builder/spi-builder-workspace/.derivedData/Build/Intermediates.noindex/GeneratedModuleMaps-watchos/CNIOFreeBSD.modulemap -Xcc -fmodule-map-file\=/Users/admin/builder/spi-builder-workspace/.derivedData/Build/Intermediates.noindex/GeneratedModuleMaps-watchos/CNIOOpenBSD.modulemap -Xcc -fmodule-map-file\=/Users/admin/builder/spi-builder-workspace/.derivedData/Build/Intermediates.noindex/GeneratedModuleMaps-watchos/CNIOAtomics.modulemap -Xcc -fmodule-map-file\=/Users/admin/builder/spi-builder-workspace/.derivedData/Build/Intermediates.noindex/GeneratedModuleMaps-watchos/CNIOBoringSSLShims.modulemap -Xcc -fmodule-map-file\=/Users/admin/builder/spi-builder-workspace/.dependencies/checkouts/swift-nio-ssl/Sources/CNIOBoringSSL/include/module.modulemap -DXcode -enable-upcoming-feature MemberImportVisibility -plugin-path /Applications/Xcode-27.0.0-Release.Candidate.app/Contents/Developer/Toolchains/XcodeDefault.xctoolchain/usr/lib/swift/host/plugins/testing -enable-experimental-feature DebugDescriptionMacro -sdk /Applications/Xcode-27.0.0-Release.Candidate.app/Contents/Developer/Platforms/WatchOS.platform/Developer/SDKs/WatchOS27.0.sdk -target arm64_32-apple-watchos9.0 -g -module-cache-path /Users/admin/builder/spi-builder-workspace/.derivedData/ModuleCache.noindex -Xfrontend -serialize-debugging-options -profile-coverage-mapping -profile-generate -enable-testing -suppress-warnings -index-store-path /Users/admin/builder/spi-builder-workspace/.derivedData/Index.noindex/DataStore -Xcc -D_LIBCPP_HARDENING_MODE\=_LIBCPP_HARDENING_MODE_DEBUG -swift-version 6 -I /Users/admin/builder/spi-builder-workspace/.derivedData/Build/Products/Debug-watchos -Isystem /Applications/Xcode-27.0.0-Release.Candidate.app/Contents/Developer/Platforms/WatchOS.platform/Developer/usr/lib -F /Users/admin/builder/spi-builder-workspace/.derivedData/Build/Products/Debug-watchos/PackageFrameworks -F /Users/admin/builder/spi-builder-workspace/.derivedData/Build/Products/Debug-watchos -F /Applications/Xcode-27.0.0-Release.Candidate.app/Contents/Developer/Platforms/WatchOS.platform/Developer/Library/Frameworks -F /Applications/Xcode-27.0.0-Release.Candidate.app/Contents/Developer/Platforms/WatchOS.platform/Developer/SDKs/WatchOS27.0.sdk/Developer/Library/Frameworks -c -j10 -enable-batch-mode -incremental -Xcc -ivfsstatcache -Xcc /Users/admin/builder/spi-builder-workspace/.derivedData/SDKStatCaches.noindex/watchos27.0-24R360-e829b21a6f8c9b70876ba0858053c04477534ef55a1706bf4c1112bbb242f0a2.sdkstatcache -output-file-map /Users/admin/builder/spi-builder-workspace/.derivedData/Build/Intermediates.noindex/swift-nio-ssl.build/Debug-watchos/NIOSSL-t.build/Objects-normal/arm64_32/NIOSSL-OutputFileMap.json -save-temps -no-color-diagnostics -explicit-module-build -module-cache-path /Users/admin/builder/spi-builder-workspace/.derivedData/Build/Intermediates.noindex/SwiftExplicitPrecompiledModules -clang-scanner-module-cache-path /Users/admin/builder/spi-builder-workspace/.derivedData/ModuleCache.noindex -sdk-module-cache-path /Users/admin/builder/spi-builder-workspace/.derivedData/SDKExplicitPrecompiledModules -emit-dependencies -emit-module -emit-module-path /Users/admin/builder/spi-builder-workspace/.derivedData/Build/Intermediates.noindex/swift-nio-ssl.build/Debug-watchos/NIOSSL-t.build/Objects-normal/arm64_32/NIOSSL.swiftmodule -serialize-diagnostics -dependency-scan-serialize-diagnostics-path /Users/admin/builder/spi-builder-workspace/.derivedData/Build/Intermediates.noindex/swift-nio-ssl.build/Debug-watchos/NIOSSL-t.build/Objects-normal/arm64_32/NIOSSL-dependency-scan.dia -user-module-version 2.37.5 -validate-clang-modules-once -clang-build-session-file /Users/admin/builder/spi-builder-workspace/.derivedData/ModuleCache.noindex/Session.modulevalidation -Xcc -fmodules-prune-interval\=86400 -Xcc -fmodules-prune-after\=345600 -package-name swift_nio_ssl -emit-const-values -const-gather-protocols-list /Users/admin/builder/spi-builder-workspace/.derivedData/Build/Intermediates.noindex/swift-nio-ssl.build/Debug-watchos/NIOSSL-t.build/Objects-normal/arm64_32/NIOSSL_const_extract_protocols.json -Xcc -I/Users/admin/builder/spi-builder-workspace/.dependencies/checkouts/swift-atomics/Sources/_AtomicsShims/include -Xcc -I/Users/admin/builder/spi-builder-workspace/.dependencies/checkouts/swift-nio/Sources/CNIOPosix/include -Xcc -I/Users/admin/builder/spi-builder-workspace/.dependencies/checkouts/swift-nio/Sources/CNIOWASI/include -Xcc -I/Users/admin/builder/spi-builder-workspace/.dependencies/checkouts/swift-nio/Sources/CNIOWindows/include -Xcc -I/Users/admin/builder/spi-builder-workspace/.dependencies/checkouts/swift-nio/Sources/CNIOLinux/include -Xcc -I/Users/admin/builder/spi-builder-workspace/.dependencies/checkouts/swift-nio/Sources/CNIODarwin/include -Xcc -I/Users/admin/builder/spi-builder-workspace/.dependencies/checkouts/swift-nio/Sources/CNIOFreeBSD/include -Xcc -I/Users/admin/builder/spi-builder-workspace/.dependencies/checkouts/swift-nio/Sources/CNIOOpenBSD/include -Xcc -I/Users/admin/builder/spi-builder-workspace/.dependencies/checkouts/swift-nio/Sources/CNIOAtomics/include -Xcc -I/Users/admin/builder/spi-builder-workspace/.dependencies/checkouts/swift-nio-ssl/Sources/CNIOBoringSSLShims/include -Xcc -I/Users/admin/builder/spi-builder-workspace/.dependencies/checkouts/swift-nio-ssl/Sources/CNIOBoringSSL/include -Xcc -I/Users/admin/builder/spi-builder-workspace/.derivedData/Build/Products/Debug-watchos/include -Xcc -I/Users/admin/builder/spi-builder-workspace/.derivedData/Build/Intermediates.noindex/swift-nio-ssl.build/Debug-watchos/NIOSSL-t.build/DerivedSources-normal/arm64_32 -Xcc -I/Users/admin/builder/spi-builder-workspace/.derivedData/Build/Intermediates.noindex/swift-nio-ssl.build/Debug-watchos/NIOSSL-t.build/DerivedSources/arm64_32 -Xcc -I/Users/admin/builder/spi-builder-workspace/.derivedData/Build/Intermediates.noindex/swift-nio-ssl.build/Debug-watchos/NIOSSL-t.build/DerivedSources -Xcc -DSWIFT_PACKAGE -Xcc -DDEBUG\=1 -emit-objc-header -emit-objc-header-path /Users/admin/builder/spi-builder-workspace/.derivedData/Build/Intermediates.noindex/swift-nio-ssl.build/Debug-watchos/NIOSSL-t.build/Objects-normal/arm64_32/NIOSSL-Swift.h -working-directory /Users/admin/builder/spi-builder-workspace/.swiftpm/xcode -experimental-emit-module-separately -disable-cmo
SwiftDriver\ Compilation NIOPosix normal arm64_32 com.apple.xcode.tools.swift.compiler (in target 'NIOPosix' from project 'swift-nio')
cd /Users/admin/builder/spi-builder-workspace/.swiftpm/xcode
builtin-Swift-Compilation -- /Applications/Xcode-27.0.0-Release.Candidate.app/Contents/Developer/Toolchains/XcodeDefault.xctoolchain/usr/bin/swiftc -parse-as-library -module-name NIOPosix -Onone @/Users/admin/builder/spi-builder-workspace/.derivedData/Build/Intermediates.noindex/swift-nio.build/Debug-watchos/NIOPosix-t.build/Objects-normal/arm64_32/NIOPosix.SwiftFileList -DSWIFT_PACKAGE -DDEBUG -DSWIFT_MODULE_RESOURCE_BUNDLE_AVAILABLE -Xcc -fmodule-map-file\=/Users/admin/builder/spi-builder-workspace/.dependencies/checkouts/swift-atomics/Sources/_AtomicsShims/include/module.modulemap -Xcc -fmodule-map-file\=/Users/admin/builder/spi-builder-workspace/.derivedData/Build/Intermediates.noindex/GeneratedModuleMaps-watchos/CNIOPosix.modulemap -Xcc -fmodule-map-file\=/Users/admin/builder/spi-builder-workspace/.derivedData/Build/Intermediates.noindex/GeneratedModuleMaps-watchos/CNIOWASI.modulemap -Xcc -fmodule-map-file\=/Users/admin/builder/spi-builder-workspace/.derivedData/Build/Intermediates.noindex/GeneratedModuleMaps-watchos/CNIOFreeBSD.modulemap -Xcc -fmodule-map-file\=/Users/admin/builder/spi-builder-workspace/.derivedData/Build/Intermediates.noindex/GeneratedModuleMaps-watchos/CNIOAtomics.modulemap -Xcc -fmodule-map-file\=/Users/admin/builder/spi-builder-workspace/.dependencies/checkouts/swift-nio/Sources/CNIOWindows/include/module.modulemap -Xcc -fmodule-map-file\=/Users/admin/builder/spi-builder-workspace/.derivedData/Build/Intermediates.noindex/GeneratedModuleMaps-watchos/CNIODarwin.modulemap -Xcc -fmodule-map-file\=/Users/admin/builder/spi-builder-workspace/.derivedData/Build/Intermediates.noindex/GeneratedModuleMaps-watchos/CNIOLinux.modulemap -Xcc -fmodule-map-file\=/Users/admin/builder/spi-builder-workspace/.derivedData/Build/Intermediates.noindex/GeneratedModuleMaps-watchos/CNIOOpenBSD.modulemap -DXcode -enable-experimental-feature Lifetimes -enable-upcoming-feature MemberImportVisibility -plugin-path /Applications/Xcode-27.0.0-Release.Candidate.app/Contents/Developer/Toolchains/XcodeDefault.xctoolchain/usr/lib/swift/host/plugins/testing -enable-experimental-feature DebugDescriptionMacro -sdk /Applications/Xcode-27.0.0-Release.Candidate.app/Contents/Developer/Platforms/WatchOS.platform/Developer/SDKs/WatchOS27.0.sdk -target arm64_32-apple-watchos9.0 -g -module-cache-path /Users/admin/builder/spi-builder-workspace/.derivedData/ModuleCache.noindex -Xfrontend -serialize-debugging-options -profile-coverage-mapping -profile-generate -enable-testing -suppress-warnings -index-store-path /Users/admin/builder/spi-builder-workspace/.derivedData/Index.noindex/DataStore -Xcc -D_LIBCPP_HARDENING_MODE\=_LIBCPP_HARDENING_MODE_DEBUG -swift-version 6 -I /Users/admin/builder/spi-builder-workspace/.derivedData/Build/Products/Debug-watchos -Isystem /Applications/Xcode-27.0.0-Release.Candidate.app/Contents/Developer/Platforms/WatchOS.platform/Developer/usr/lib -F /Users/admin/builder/spi-builder-workspace/.derivedData/Build/Products/Debug-watchos/PackageFrameworks -F /Users/admin/builder/spi-builder-workspace/.derivedData/Build/Products/Debug-watchos -F /Applications/Xcode-27.0.0-Release.Candidate.app/Contents/Developer/Platforms/WatchOS.platform/Developer/Library/Frameworks -F /Applications/Xcode-27.0.0-Release.Candidate.app/Contents/Developer/Platforms/WatchOS.platform/Developer/SDKs/WatchOS27.0.sdk/Developer/Library/Frameworks -c -j10 -enable-batch-mode -incremental -Xcc -ivfsstatcache -Xcc /Users/admin/builder/spi-builder-workspace/.derivedData/SDKStatCaches.noindex/watchos27.0-24R360-e829b21a6f8c9b70876ba0858053c04477534ef55a1706bf4c1112bbb242f0a2.sdkstatcache -output-file-map /Users/admin/builder/spi-builder-workspace/.derivedData/Build/Intermediates.noindex/swift-nio.build/Debug-watchos/NIOPosix-t.build/Objects-normal/arm64_32/NIOPosix-OutputFileMap.json -save-temps -no-color-diagnostics -explicit-module-build -module-cache-path /Users/admin/builder/spi-builder-workspace/.derivedData/Build/Intermediates.noindex/SwiftExplicitPrecompiledModules -clang-scanner-module-cache-path /Users/admin/builder/spi-builder-workspace/.derivedData/ModuleCache.noindex -sdk-module-cache-path /Users/admin/builder/spi-builder-workspace/.derivedData/SDKExplicitPrecompiledModules -emit-dependencies -emit-module -emit-module-path /Users/admin/builder/spi-builder-workspace/.derivedData/Build/Intermediates.noindex/swift-nio.build/Debug-watchos/NIOPosix-t.build/Objects-normal/arm64_32/NIOPosix.swiftmodule -serialize-diagnostics -dependency-scan-serialize-diagnostics-path /Users/admin/builder/spi-builder-workspace/.derivedData/Build/Intermediates.noindex/swift-nio.build/Debug-watchos/NIOPosix-t.build/Objects-normal/arm64_32/NIOPosix-dependency-scan.dia -user-module-version 2.103.0 -validate-clang-modules-once -clang-build-session-file /Users/admin/builder/spi-builder-workspace/.derivedData/ModuleCache.noindex/Session.modulevalidation -Xcc -fmodules-prune-interval\=86400 -Xcc -fmodules-prune-after\=345600 -package-name swift_nio -emit-const-values -const-gather-protocols-list /Users/admin/builder/spi-builder-workspace/.derivedData/Build/Intermediates.noindex/swift-nio.build/Debug-watchos/NIOPosix-t.build/Objects-normal/arm64_32/NIOPosix_const_extract_protocols.json -Xcc -I/Users/admin/builder/spi-builder-workspace/.dependencies/checkouts/swift-atomics/Sources/_AtomicsShims/include -Xcc -I/Users/admin/builder/spi-builder-workspace/.dependencies/checkouts/swift-nio/Sources/CNIOPosix/include -Xcc -I/Users/admin/builder/spi-builder-workspace/.dependencies/checkouts/swift-nio/Sources/CNIOWASI/include -Xcc -I/Users/admin/builder/spi-builder-workspace/.dependencies/checkouts/swift-nio/Sources/CNIOFreeBSD/include -Xcc -I/Users/admin/builder/spi-builder-workspace/.dependencies/checkouts/swift-nio/Sources/CNIOAtomics/include -Xcc -I/Users/admin/builder/spi-builder-workspace/.dependencies/checkouts/swift-nio/Sources/CNIOWindows/include -Xcc -I/Users/admin/builder/spi-builder-workspace/.dependencies/checkouts/swift-nio/Sources/CNIODarwin/include -Xcc -I/Users/admin/builder/spi-builder-workspace/.dependencies/checkouts/swift-nio/Sources/CNIOLinux/include -Xcc -I/Users/admin/builder/spi-builder-workspace/.dependencies/checkouts/swift-nio/Sources/CNIOOpenBSD/include -Xcc -I/Users/admin/builder/spi-builder-workspace/.derivedData/Build/Products/Debug-watchos/include -Xcc -I/Users/admin/builder/spi-builder-workspace/.derivedData/Build/Intermediates.noindex/swift-nio.build/Debug-watchos/NIOPosix-t.build/DerivedSources-normal/arm64_32 -Xcc -I/Users/admin/builder/spi-builder-workspace/.derivedData/Build/Intermediates.noindex/swift-nio.build/Debug-watchos/NIOPosix-t.build/DerivedSources/arm64_32 -Xcc -I/Users/admin/builder/spi-builder-workspace/.derivedData/Build/Intermediates.noindex/swift-nio.build/Debug-watchos/NIOPosix-t.build/DerivedSources -Xcc -DSWIFT_PACKAGE -Xcc -DDEBUG\=1 -emit-objc-header -emit-objc-header-path /Users/admin/builder/spi-builder-workspace/.derivedData/Build/Intermediates.noindex/swift-nio.build/Debug-watchos/NIOPosix-t.build/Objects-normal/arm64_32/NIOPosix-Swift.h -working-directory /Users/admin/builder/spi-builder-workspace/.swiftpm/xcode -experimental-emit-module-separately -disable-cmo
Ld /Users/admin/builder/spi-builder-workspace/.derivedData/Build/Intermediates.noindex/swift-nio.build/Debug-watchos/NIOPosix-t.build/Objects-normal/arm64_32/Binary/NIOPosix.o normal arm64_32 (in target 'NIOPosix' from project 'swift-nio')
cd /Users/admin/builder/spi-builder-workspace/.dependencies/checkouts/swift-nio
/Applications/Xcode-27.0.0-Release.Candidate.app/Contents/Developer/Toolchains/XcodeDefault.xctoolchain/usr/bin/clang -Xlinker -reproducible -target arm64_32-apple-watchos9.0 -r -isysroot /Applications/Xcode-27.0.0-Release.Candidate.app/Contents/Developer/Platforms/WatchOS.platform/Developer/SDKs/WatchOS27.0.sdk -O0 -w -Xlinker -no_warn_duplicate_libraries -F/Users/admin/builder/spi-builder-workspace/.derivedData/Build/Intermediates.noindex/EagerLinkingTBDs/Debug-watchos -F/Users/admin/builder/spi-builder-workspace/.derivedData/Build/Products/Debug-watchos/PackageFrameworks -F/Users/admin/builder/spi-builder-workspace/.derivedData/Build/Products/Debug-watchos -iframework /Applications/Xcode-27.0.0-Release.Candidate.app/Contents/Developer/Platforms/WatchOS.platform/Developer/Library/Frameworks -iframework /Applications/Xcode-27.0.0-Release.Candidate.app/Contents/Developer/Platforms/WatchOS.platform/Developer/SDKs/WatchOS27.0.sdk/Developer/Library/Frameworks -filelist /Users/admin/builder/spi-builder-workspace/.derivedData/Build/Intermediates.noindex/swift-nio.build/Debug-watchos/NIOPosix-t.build/Objects-normal/arm64_32/NIOPosix.LinkFileList -nostdlib -Xlinker -object_path_lto -Xlinker /Users/admin/builder/spi-builder-workspace/.derivedData/Build/Intermediates.noindex/swift-nio.build/Debug-watchos/NIOPosix-t.build/Objects-normal/arm64_32/NIOPosix_lto.o -Xlinker -no_deduplicate -Xlinker -debug_variant -Xlinker -dependency_info -Xlinker /Users/admin/builder/spi-builder-workspace/.derivedData/Build/Intermediates.noindex/swift-nio.build/Debug-watchos/NIOPosix-t.build/Objects-normal/arm64_32/NIOPosix_dependency_info.dat -fobjc-link-runtime -L/Applications/Xcode-27.0.0-Release.Candidate.app/Contents/Developer/Toolchains/XcodeDefault.xctoolchain/usr/lib/swift/watchos -L/usr/lib/swift -Xlinker -add_ast_path -Xlinker /Users/admin/builder/spi-builder-workspace/.derivedData/Build/Intermediates.noindex/swift-nio.build/Debug-watchos/NIOPosix-t.build/Objects-normal/arm64_32/NIOPosix.swiftmodule -o /Users/admin/builder/spi-builder-workspace/.derivedData/Build/Intermediates.noindex/swift-nio.build/Debug-watchos/NIOPosix-t.build/Objects-normal/arm64_32/Binary/NIOPosix.o
CreateUniversalBinary /Users/admin/builder/spi-builder-workspace/.derivedData/Build/Products/Debug-watchos/NIOPosix.o normal arm64\ arm64_32 (in target 'NIOPosix' from project 'swift-nio')
cd /Users/admin/builder/spi-builder-workspace/.dependencies/checkouts/swift-nio
/Applications/Xcode-27.0.0-Release.Candidate.app/Contents/Developer/Toolchains/XcodeDefault.xctoolchain/usr/bin/lipo -create /Users/admin/builder/spi-builder-workspace/.derivedData/Build/Intermediates.noindex/swift-nio.build/Debug-watchos/NIOPosix-t.build/Objects-normal/arm64/Binary/NIOPosix.o /Users/admin/builder/spi-builder-workspace/.derivedData/Build/Intermediates.noindex/swift-nio.build/Debug-watchos/NIOPosix-t.build/Objects-normal/arm64_32/Binary/NIOPosix.o -output /Users/admin/builder/spi-builder-workspace/.derivedData/Build/Products/Debug-watchos/NIOPosix.o
ExtractAppIntentsMetadata (in target 'NIOPosix' from project 'swift-nio')
cd /Users/admin/builder/spi-builder-workspace/.dependencies/checkouts/swift-nio
/Applications/Xcode-27.0.0-Release.Candidate.app/Contents/Developer/Toolchains/XcodeDefault.xctoolchain/usr/bin/appintentsmetadataprocessor --toolchain-dir /var/run/com.apple.security.cryptexd/mnt/com.apple.MobileAsset.MetalToolchain-v27.1.266.1.EWxOOS/Metal.xctoolchain --module-name NIOPosix --sdk-root /Applications/Xcode-27.0.0-Release.Candidate.app/Contents/Developer/Platforms/WatchOS.platform/Developer/SDKs/WatchOS27.0.sdk --xcode-version 27A266a --platform-family watchOS --deployment-target 9.0 --bundle-identifier swift-nio.NIOPosix --output /Users/admin/builder/spi-builder-workspace/.derivedData/Build/Products/Debug-watchos/NIOPosix.appintents --target-triple arm64-apple-watchos9.0 --target-triple arm64_32-apple-watchos9.0 --binary-file /Users/admin/builder/spi-builder-workspace/.derivedData/Build/Products/Debug-watchos/NIOPosix.o --dependency-file /Users/admin/builder/spi-builder-workspace/.derivedData/Build/Intermediates.noindex/swift-nio.build/Debug-watchos/NIOPosix-t.build/Objects-normal/arm64/NIOPosix_dependency_info.dat --dependency-file /Users/admin/builder/spi-builder-workspace/.derivedData/Build/Intermediates.noindex/swift-nio.build/Debug-watchos/NIOPosix-t.build/Objects-normal/arm64_32/NIOPosix_dependency_info.dat --stringsdata-file /Users/admin/builder/spi-builder-workspace/.derivedData/Build/Intermediates.noindex/swift-nio.build/Debug-watchos/NIOPosix-t.build/Objects-normal/arm64/ExtractedAppShortcutsMetadata.stringsdata --stringsdata-file /Users/admin/builder/spi-builder-workspace/.derivedData/Build/Intermediates.noindex/swift-nio.build/Debug-watchos/NIOPosix-t.build/Objects-normal/arm64_32/ExtractedAppShortcutsMetadata.stringsdata --source-file-list /Users/admin/builder/spi-builder-workspace/.derivedData/Build/Intermediates.noindex/swift-nio.build/Debug-watchos/NIOPosix-t.build/Objects-normal/arm64/NIOPosix.SwiftFileList --source-file-list /Users/admin/builder/spi-builder-workspace/.derivedData/Build/Intermediates.noindex/swift-nio.build/Debug-watchos/NIOPosix-t.build/Objects-normal/arm64_32/NIOPosix.SwiftFileList --metadata-file-list /Users/admin/builder/spi-builder-workspace/.derivedData/Build/Intermediates.noindex/swift-nio.build/Debug-watchos/NIOPosix-t.build/NIOPosix.DependencyMetadataFileList --static-metadata-file-list /Users/admin/builder/spi-builder-workspace/.derivedData/Build/Intermediates.noindex/swift-nio.build/Debug-watchos/NIOPosix-t.build/NIOPosix.DependencyStaticMetadataFileList --swift-const-vals-list /Users/admin/builder/spi-builder-workspace/.derivedData/Build/Intermediates.noindex/swift-nio.build/Debug-watchos/NIOPosix-t.build/Objects-normal/arm64/NIOPosix.SwiftConstValuesFileList --swift-const-vals-list /Users/admin/builder/spi-builder-workspace/.derivedData/Build/Intermediates.noindex/swift-nio.build/Debug-watchos/NIOPosix-t.build/Objects-normal/arm64_32/NIOPosix.SwiftConstValuesFileList --force --compile-time-extraction --deployment-aware-processing --no-app-shortcuts-localization
2026-09-23 09:52:01.781 appintentsmetadataprocessor[3971:13972] Starting appintentsmetadataprocessor export
2026-09-23 09:52:01.843 appintentsmetadataprocessor[3971:13972] Extracted no relevant App Intents symbols, skipping writing output
Ld /Users/admin/builder/spi-builder-workspace/.derivedData/Build/Intermediates.noindex/swift-nio.build/Debug-watchos/NIO-t.build/Objects-normal/arm64_32/Binary/NIO.o normal arm64_32 (in target 'NIO' from project 'swift-nio')
cd /Users/admin/builder/spi-builder-workspace/.dependencies/checkouts/swift-nio
/Applications/Xcode-27.0.0-Release.Candidate.app/Contents/Developer/Toolchains/XcodeDefault.xctoolchain/usr/bin/clang -Xlinker -reproducible -target arm64_32-apple-watchos9.0 -r -isysroot /Applications/Xcode-27.0.0-Release.Candidate.app/Contents/Developer/Platforms/WatchOS.platform/Developer/SDKs/WatchOS27.0.sdk -O0 -w -Xlinker -no_warn_duplicate_libraries -F/Users/admin/builder/spi-builder-workspace/.derivedData/Build/Intermediates.noindex/EagerLinkingTBDs/Debug-watchos -F/Users/admin/builder/spi-builder-workspace/.derivedData/Build/Products/Debug-watchos/PackageFrameworks -F/Users/admin/builder/spi-builder-workspace/.derivedData/Build/Products/Debug-watchos -iframework /Applications/Xcode-27.0.0-Release.Candidate.app/Contents/Developer/Platforms/WatchOS.platform/Developer/Library/Frameworks -iframework /Applications/Xcode-27.0.0-Release.Candidate.app/Contents/Developer/Platforms/WatchOS.platform/Developer/SDKs/WatchOS27.0.sdk/Developer/Library/Frameworks -filelist /Users/admin/builder/spi-builder-workspace/.derivedData/Build/Intermediates.noindex/swift-nio.build/Debug-watchos/NIO-t.build/Objects-normal/arm64_32/NIO.LinkFileList -nostdlib -Xlinker -object_path_lto -Xlinker /Users/admin/builder/spi-builder-workspace/.derivedData/Build/Intermediates.noindex/swift-nio.build/Debug-watchos/NIO-t.build/Objects-normal/arm64_32/NIO_lto.o -Xlinker -no_deduplicate -Xlinker -debug_variant -Xlinker -dependency_info -Xlinker /Users/admin/builder/spi-builder-workspace/.derivedData/Build/Intermediates.noindex/swift-nio.build/Debug-watchos/NIO-t.build/Objects-normal/arm64_32/NIO_dependency_info.dat -fobjc-link-runtime -L/Applications/Xcode-27.0.0-Release.Candidate.app/Contents/Developer/Toolchains/XcodeDefault.xctoolchain/usr/lib/swift/watchos -L/usr/lib/swift -Xlinker -add_ast_path -Xlinker /Users/admin/builder/spi-builder-workspace/.derivedData/Build/Intermediates.noindex/swift-nio.build/Debug-watchos/NIO-t.build/Objects-normal/arm64_32/NIO.swiftmodule -o /Users/admin/builder/spi-builder-workspace/.derivedData/Build/Intermediates.noindex/swift-nio.build/Debug-watchos/NIO-t.build/Objects-normal/arm64_32/Binary/NIO.o
Ld /Users/admin/builder/spi-builder-workspace/.derivedData/Build/Intermediates.noindex/swift-nio.build/Debug-watchos/NIO-t.build/Objects-normal/arm64/Binary/NIO.o normal arm64 (in target 'NIO' from project 'swift-nio')
cd /Users/admin/builder/spi-builder-workspace/.dependencies/checkouts/swift-nio
/Applications/Xcode-27.0.0-Release.Candidate.app/Contents/Developer/Toolchains/XcodeDefault.xctoolchain/usr/bin/clang -Xlinker -reproducible -target arm64-apple-watchos9.0 -r -isysroot /Applications/Xcode-27.0.0-Release.Candidate.app/Contents/Developer/Platforms/WatchOS.platform/Developer/SDKs/WatchOS27.0.sdk -O0 -w -Xlinker -no_warn_duplicate_libraries -F/Users/admin/builder/spi-builder-workspace/.derivedData/Build/Intermediates.noindex/EagerLinkingTBDs/Debug-watchos -F/Users/admin/builder/spi-builder-workspace/.derivedData/Build/Products/Debug-watchos/PackageFrameworks -F/Users/admin/builder/spi-builder-workspace/.derivedData/Build/Products/Debug-watchos -iframework /Applications/Xcode-27.0.0-Release.Candidate.app/Contents/Developer/Platforms/WatchOS.platform/Developer/Library/Frameworks -iframework /Applications/Xcode-27.0.0-Release.Candidate.app/Contents/Developer/Platforms/WatchOS.platform/Developer/SDKs/WatchOS27.0.sdk/Developer/Library/Frameworks -filelist /Users/admin/builder/spi-builder-workspace/.derivedData/Build/Intermediates.noindex/swift-nio.build/Debug-watchos/NIO-t.build/Objects-normal/arm64/NIO.LinkFileList -nostdlib -Xlinker -object_path_lto -Xlinker /Users/admin/builder/spi-builder-workspace/.derivedData/Build/Intermediates.noindex/swift-nio.build/Debug-watchos/NIO-t.build/Objects-normal/arm64/NIO_lto.o -Xlinker -no_deduplicate -Xlinker -debug_variant -Xlinker -dependency_info -Xlinker /Users/admin/builder/spi-builder-workspace/.derivedData/Build/Intermediates.noindex/swift-nio.build/Debug-watchos/NIO-t.build/Objects-normal/arm64/NIO_dependency_info.dat -fobjc-link-runtime -L/Applications/Xcode-27.0.0-Release.Candidate.app/Contents/Developer/Toolchains/XcodeDefault.xctoolchain/usr/lib/swift/watchos -L/usr/lib/swift -Xlinker -add_ast_path -Xlinker /Users/admin/builder/spi-builder-workspace/.derivedData/Build/Intermediates.noindex/swift-nio.build/Debug-watchos/NIO-t.build/Objects-normal/arm64/NIO.swiftmodule -o /Users/admin/builder/spi-builder-workspace/.derivedData/Build/Intermediates.noindex/swift-nio.build/Debug-watchos/NIO-t.build/Objects-normal/arm64/Binary/NIO.o
CreateUniversalBinary /Users/admin/builder/spi-builder-workspace/.derivedData/Build/Products/Debug-watchos/NIO.o normal arm64\ arm64_32 (in target 'NIO' from project 'swift-nio')
cd /Users/admin/builder/spi-builder-workspace/.dependencies/checkouts/swift-nio
/Applications/Xcode-27.0.0-Release.Candidate.app/Contents/Developer/Toolchains/XcodeDefault.xctoolchain/usr/bin/lipo -create /Users/admin/builder/spi-builder-workspace/.derivedData/Build/Intermediates.noindex/swift-nio.build/Debug-watchos/NIO-t.build/Objects-normal/arm64/Binary/NIO.o /Users/admin/builder/spi-builder-workspace/.derivedData/Build/Intermediates.noindex/swift-nio.build/Debug-watchos/NIO-t.build/Objects-normal/arm64_32/Binary/NIO.o -output /Users/admin/builder/spi-builder-workspace/.derivedData/Build/Products/Debug-watchos/NIO.o
SwiftEmitModule normal arm64_32 Emitting\ module\ for\ PulsarClient (in target 'PulsarClient' from project 'PulsarClient')
SwiftCompile normal arm64_32 (in target 'PulsarClient' from project 'PulsarClient')
cd /Users/admin/builder/spi-builder-workspace/.swiftpm/xcode
SwiftCompile normal arm64_32 Compiling\ ChannelManager+Handlers.swift,\ ChannelManager.swift,\ ChannelPipelineBuilder.swift,\ ConnectedFrameHandler.swift,\ Connection+Enhanced.swift /Users/admin/builder/spi-builder-workspace/Sources/PulsarClient/Internal/ChannelManager+Handlers.swift /Users/admin/builder/spi-builder-workspace/Sources/PulsarClient/Internal/ChannelManager.swift /Users/admin/builder/spi-builder-workspace/Sources/PulsarClient/Internal/ChannelPipelineBuilder.swift /Users/admin/builder/spi-builder-workspace/Sources/PulsarClient/Internal/ConnectedFrameHandler.swift /Users/admin/builder/spi-builder-workspace/Sources/PulsarClient/Internal/Connection+Enhanced.swift (in target 'PulsarClient' from project 'PulsarClient')
/Users/admin/builder/spi-builder-workspace/Sources/PulsarClient/Internal/ChannelManager+Handlers.swift:134:22: error: static property 'messageStates' is not concurrency-safe because it is nonisolated global shared mutable state [#MutableGlobalVariable]
132 | }
133 |
134 | private static var messageStates: [UInt64: MessageState] = [:]
| |- error: static property 'messageStates' is not concurrency-safe because it is nonisolated global shared mutable state [#MutableGlobalVariable]
| |- note: convert 'messageStates' to a 'let' constant to make 'Sendable' shared state immutable
| |- note: add '@MainActor' to make static property 'messageStates' part of global actor 'MainActor'
| `- note: disable concurrency-safety checks if accesses are protected by an external synchronization mechanism
135 |
136 | /// Handle incoming message
/Users/admin/builder/spi-builder-workspace/Sources/PulsarClient/Internal/ChannelPipelineBuilder.swift:105:41: warning: type 'any ChannelHandler' does not conform to the 'Sendable' protocol
103 | with handlers: [ChannelHandler]
104 | ) -> EventLoopFuture<Void> {
105 | return channel.pipeline.addHandlers(handlers, position: .last)
| `- warning: type 'any ChannelHandler' does not conform to the 'Sendable' protocol
106 | }
107 |
[#MutableGlobalVariable]: <https://docs.swift.org/compiler/documentation/diagnostics/mutable-global-variable>
Failed frontend command:
/Applications/Xcode-27.0.0-Release.Candidate.app/Contents/Developer/Toolchains/XcodeDefault.xctoolchain/usr/bin/swift-frontend -frontend -c /Users/admin/builder/spi-builder-workspace/Sources/PulsarClient/Abstractions/Authentication.swift /Users/admin/builder/spi-builder-workspace/Sources/PulsarClient/Abstractions/BuilderProtocols.swift /Users/admin/builder/spi-builder-workspace/Sources/PulsarClient/Abstractions/ConsumerProtocol.swift /Users/admin/builder/spi-builder-workspace/Sources/PulsarClient/Abstractions/GetLastMessageIds.swift /Users/admin/builder/spi-builder-workspace/Sources/PulsarClient/Abstractions/HandleException.swift /Users/admin/builder/spi-builder-workspace/Sources/PulsarClient/Abstractions/MessageBuilder.swift /Users/admin/builder/spi-builder-workspace/Sources/PulsarClient/Abstractions/MessageInterceptor.swift /Users/admin/builder/spi-builder-workspace/Sources/PulsarClient/Abstractions/MessageProtocol.swift /Users/admin/builder/spi-builder-workspace/Sources/PulsarClient/Abstractions/MessageRouter.swift /Users/admin/builder/spi-builder-workspace/Sources/PulsarClient/Abstractions/ProducerProtocol.swift /Users/admin/builder/spi-builder-workspace/Sources/PulsarClient/Abstractions/PulsarClientProtocol.swift /Users/admin/builder/spi-builder-workspace/Sources/PulsarClient/Abstractions/ReaderProtocol.swift /Users/admin/builder/spi-builder-workspace/Sources/PulsarClient/Abstractions/Receivable.swift /Users/admin/builder/spi-builder-workspace/Sources/PulsarClient/Abstractions/Schema.swift /Users/admin/builder/spi-builder-workspace/Sources/PulsarClient/Abstractions/Seekable.swift /Users/admin/builder/spi-builder-workspace/Sources/PulsarClient/Abstractions/SendChannel.swift /Users/admin/builder/spi-builder-workspace/Sources/PulsarClient/Abstractions/StateProtocol+Waiting.swift /Users/admin/builder/spi-builder-workspace/Sources/PulsarClient/Abstractions/StateProtocol.swift /Users/admin/builder/spi-builder-workspace/Sources/PulsarClient/Abstractions/Transaction.swift /Users/admin/builder/spi-builder-workspace/Sources/PulsarClient/AuthenticationFactory.swift /Users/admin/builder/spi-builder-workspace/Sources/PulsarClient/Builders.swift /Users/admin/builder/spi-builder-workspace/Sources/PulsarClient/Builders/ConsumerBuilder.swift /Users/admin/builder/spi-builder-workspace/Sources/PulsarClient/Builders/ProducerBuilder.swift /Users/admin/builder/spi-builder-workspace/Sources/PulsarClient/Builders/ReaderBuilder.swift /Users/admin/builder/spi-builder-workspace/Sources/PulsarClient/Common/Types.swift /Users/admin/builder/spi-builder-workspace/Sources/PulsarClient/ConsumerOptions.swift /Users/admin/builder/spi-builder-workspace/Sources/PulsarClient/ConsumerState.swift /Users/admin/builder/spi-builder-workspace/Sources/PulsarClient/CustomAuthentication.swift /Users/admin/builder/spi-builder-workspace/Sources/PulsarClient/DeadLetterPolicy.swift /Users/admin/builder/spi-builder-workspace/Sources/PulsarClient/EncryptionPolicy.swift /Users/admin/builder/spi-builder-workspace/Sources/PulsarClient/Exceptions/PulsarClientError.swift /Users/admin/builder/spi-builder-workspace/Sources/PulsarClient/Extensions/ByteBufferExtensions.swift /Users/admin/builder/spi-builder-workspace/Sources/PulsarClient/Extensions/ConsumerExtensions.swift /Users/admin/builder/spi-builder-workspace/Sources/PulsarClient/Extensions/MessageExtensions.swift /Users/admin/builder/spi-builder-workspace/Sources/PulsarClient/Extensions/ProducerExtensions.swift /Users/admin/builder/spi-builder-workspace/Sources/PulsarClient/Extensions/PulsarClientExtensions.swift /Users/admin/builder/spi-builder-workspace/Sources/PulsarClient/Extensions/ReaderExtensions.swift /Users/admin/builder/spi-builder-workspace/Sources/PulsarClient/FaultAction.swift -primary-file /Users/admin/builder/spi-builder-workspace/Sources/PulsarClient/Internal/ChannelManager+Handlers.swift -primary-file /Users/admin/builder/spi-builder-workspace/Sources/PulsarClient/Internal/ChannelManager.swift -primary-file /Users/admin/builder/spi-builder-workspace/Sources/PulsarClient/Internal/ChannelPipelineBuilder.swift -primary-file /Users/admin/builder/spi-builder-workspace/Sources/PulsarClient/Internal/ConnectedFrameHandler.swift -primary-file /Users/admin/builder/spi-builder-workspace/Sources/PulsarClient/Internal/Connection+Enhanced.swift /Users/admin/builder/spi-builder-workspace/Sources/PulsarClient/Internal/Connection.swift /Users/admin/builder/spi-builder-workspace/Sources/PulsarClient/Internal/ConnectionPool+Enhanced.swift /Users/admin/builder/spi-builder-workspace/Sources/PulsarClient/Internal/ConnectionPool.swift /Users/admin/builder/spi-builder-workspace/Sources/PulsarClient/Internal/ConsumerImpl.swift /Users/admin/builder/spi-builder-workspace/Sources/PulsarClient/Internal/DeadLetterQueueHandler.swift /Users/admin/builder/spi-builder-workspace/Sources/PulsarClient/Internal/FaultHandler.swift /Users/admin/builder/spi-builder-workspace/Sources/PulsarClient/Internal/InterceptorChain.swift /Users/admin/builder/spi-builder-workspace/Sources/PulsarClient/Internal/ProducerImpl.swift /Users/admin/builder/spi-builder-workspace/Sources/PulsarClient/Internal/ReaderImpl.swift /Users/admin/builder/spi-builder-workspace/Sources/PulsarClient/Internal/RetryPolicy.swift /Users/admin/builder/spi-builder-workspace/Sources/PulsarClient/Internal/SendOperation.swift /Users/admin/builder/spi-builder-workspace/Sources/PulsarClient/Internal/SendOperationWrapper.swift /Users/admin/builder/spi-builder-workspace/Sources/PulsarClient/Internal/SendQueue.swift /Users/admin/builder/spi-builder-workspace/Sources/PulsarClient/Internal/StateManager.swift /Users/admin/builder/spi-builder-workspace/Sources/PulsarClient/Internal/TransactionCoordinator.swift /Users/admin/builder/spi-builder-workspace/Sources/PulsarClient/Internal/TransactionImpl.swift /Users/admin/builder/spi-builder-workspace/Sources/PulsarClient/Message.swift /Users/admin/builder/spi-builder-workspace/Sources/PulsarClient/MessageId.swift /Users/admin/builder/spi-builder-workspace/Sources/PulsarClient/MessageMetadata.swift /Users/admin/builder/spi-builder-workspace/Sources/PulsarClient/MultiTopicProducer.swift /Users/admin/builder/spi-builder-workspace/Sources/PulsarClient/OAuth2Authentication.swift /Users/admin/builder/spi-builder-workspace/Sources/PulsarClient/ProducerAccessMode.swift /Users/admin/builder/spi-builder-workspace/Sources/PulsarClient/ProducerOptions.swift /Users/admin/builder/spi-builder-workspace/Sources/PulsarClient/ProducerState.swift /Users/admin/builder/spi-builder-workspace/Sources/PulsarClient/PulsarApi.pb.swift /Users/admin/builder/spi-builder-workspace/Sources/PulsarClient/PulsarClient.swift /Users/admin/builder/spi-builder-workspace/Sources/PulsarClient/PulsarProtocol.swift /Users/admin/builder/spi-builder-workspace/Sources/PulsarClient/ReaderOptions.swift /Users/admin/builder/spi-builder-workspace/Sources/PulsarClient/ReaderState.swift /Users/admin/builder/spi-builder-workspace/Sources/PulsarClient/RegexSubscriptionMode.swift /Users/admin/builder/spi-builder-workspace/Sources/PulsarClient/Schemas/AutoSchemas.swift /Users/admin/builder/spi-builder-workspace/Sources/PulsarClient/Schemas/BooleanSchema.swift /Users/admin/builder/spi-builder-workspace/Sources/PulsarClient/Schemas/BytesSchema.swift /Users/admin/builder/spi-builder-workspace/Sources/PulsarClient/Schemas/FloatingPointSchemas.swift /Users/admin/builder/spi-builder-workspace/Sources/PulsarClient/Schemas/IntegerSchemas.swift /Users/admin/builder/spi-builder-workspace/Sources/PulsarClient/Schemas/JSONSchema.swift /Users/admin/builder/spi-builder-workspace/Sources/PulsarClient/Schemas/StringSchema.swift /Users/admin/builder/spi-builder-workspace/Sources/PulsarClient/Schemas/TimeSchemas.swift /Users/admin/builder/spi-builder-workspace/Sources/PulsarClient/State.swift /Users/admin/builder/spi-builder-workspace/Sources/PulsarClient/TLSAuthentication.swift /Users/admin/builder/spi-builder-workspace/Sources/PulsarClient/Telemetry/ConsumerMetricsInterceptor.swift /Users/admin/builder/spi-builder-workspace/Sources/PulsarClient/Telemetry/ProducerMetricsInterceptor.swift /Users/admin/builder/spi-builder-workspace/Sources/PulsarClient/Telemetry/PulsarMetrics.swift -supplementary-output-file-map /Users/admin/builder/spi-builder-workspace/.derivedData/Build/Intermediates.noindex/PulsarClient.build/Debug-watchos/PulsarClient-t.build/Objects-normal/arm64_32/supplementaryOutputs-3 -target arm64_32-apple-watchos9.0 -module-can-import-version RegexBuilder 6.4.0.31 0 -disable-cross-import-overlay-search -swift-module-cross-import Darwin /Applications/Xcode-27.0.0-Release.Candidate.app/Contents/Developer/Platforms/WatchOS.platform/Developer/SDKs/WatchOS.sdk/usr/include/Darwin.swiftcrossimport/xlocale.swiftoverlay -load-resolved-plugin /Applications/Xcode-27.0.0-Release.Candidate.app/Contents/Developer/Platforms/WatchOS.platform/Developer/usr/lib/swift/host/plugins/libFoundationMacros.dylib\#/Applications/Xcode-27.0.0-Release.Candidate.app/Contents/Developer/Platforms/WatchOS.platform/Developer/usr/bin/swift-plugin-server\#FoundationMacros -load-resolved-plugin /Applications/Xcode-27.0.0-Release.Candidate.app/Contents/Developer/Platforms/WatchOS.platform/Developer/usr/lib/swift/host/plugins/libObservationMacros.dylib\#/Applications/Xcode-27.0.0-Release.Candidate.app/Contents/Developer/Platforms/WatchOS.platform/Developer/usr/bin/swift-plugin-server\#ObservationMacros -load-resolved-plugin /Applications/Xcode-27.0.0-Release.Candidate.app/Contents/Developer/Platforms/WatchOS.platform/Developer/usr/lib/swift/host/plugins/libSwiftMacros.dylib\#/Applications/Xcode-27.0.0-Release.Candidate.app/Contents/Developer/Platforms/WatchOS.platform/Developer/usr/bin/swift-plugin-server\#SwiftMacros -disable-implicit-swift-modules -Xcc -fno-implicit-modules -Xcc -fno-implicit-module-maps -explicit-swift-module-map-file /Users/admin/builder/spi-builder-workspace/.derivedData/Build/Intermediates.noindex/PulsarClient.build/Debug-watchos/PulsarClient-t.build/Objects-normal/arm64_32/PulsarClient-dependencies-1.json -enable-objc-interop -sdk /Applications/Xcode-27.0.0-Release.Candidate.app/Contents/Developer/Platforms/WatchOS.platform/Developer/SDKs/WatchOS27.0.sdk -I /Users/admin/builder/spi-builder-workspace/.derivedData/Build/Products/Debug-watchos -Isystem /Applications/Xcode-27.0.0-Release.Candidate.app/Contents/Developer/Platforms/WatchOS.platform/Developer/usr/lib -F /Users/admin/builder/spi-builder-workspace/.derivedData/Build/Products/Debug-watchos/PackageFrameworks -F /Users/admin/builder/spi-builder-workspace/.derivedData/Build/Products/Debug-watchos -F /Applications/Xcode-27.0.0-Release.Candidate.app/Contents/Developer/Platforms/WatchOS.platform/Developer/Library/Frameworks -F /Applications/Xcode-27.0.0-Release.Candidate.app/Contents/Developer/Platforms/WatchOS.platform/Developer/SDKs/WatchOS27.0.sdk/Developer/Library/Frameworks -module-cache-path /Users/admin/builder/spi-builder-workspace/.derivedData/Build/Intermediates.noindex/SwiftExplicitPrecompiledModules -no-color-diagnostics -Xcc -fno-color-diagnostics -enable-testing -g -debug-info-format\=dwarf -dwarf-version\=4 -profile-generate -profile-coverage-mapping -swift-version 6 -Onone -D SWIFT_PACKAGE -D DEBUG -D SWIFT_MODULE_RESOURCE_BUNDLE_UNAVAILABLE -D Xcode -serialize-debugging-options -enable-experimental-feature DebugDescriptionMacro -empty-abi-descriptor -validate-clang-modules-once -clang-build-session-file /Users/admin/builder/spi-builder-workspace/.derivedData/ModuleCache.noindex/Session.modulevalidation -Xcc -working-directory -Xcc /Users/admin/builder/spi-builder-workspace/.swiftpm/xcode -enable-anonymous-context-mangled-names -file-compilation-dir /Users/admin/builder/spi-builder-workspace/.swiftpm/xcode -Xcc -fmodule-map-file\=/Users/admin/builder/spi-builder-workspace/.dependencies/checkouts/swift-atomics/Sources/_AtomicsShims/include/module.modulemap -Xcc -fmodule-map-file\=/Users/admin/builder/spi-builder-workspace/.derivedData/Build/Intermediates.noindex/GeneratedModuleMaps-watchos/CNIOPosix.modulemap -Xcc -fmodule-map-file\=/Users/admin/builder/spi-builder-workspace/.derivedData/Build/Intermediates.noindex/GeneratedModuleMaps-watchos/CNIOWASI.modulemap -Xcc -fmodule-map-file\=/Users/admin/builder/spi-builder-workspace/.dependencies/checkouts/swift-nio/Sources/CNIOWindows/include/module.modulemap -Xcc -fmodule-map-file\=/Users/admin/builder/spi-builder-workspace/.derivedData/Build/Intermediates.noindex/GeneratedModuleMaps-watchos/CNIOLinux.modulemap -Xcc -fmodule-map-file\=/Users/admin/builder/spi-builder-workspace/.derivedData/Build/Intermediates.noindex/GeneratedModuleMaps-watchos/CNIODarwin.modulemap -Xcc -fmodule-map-file\=/Users/admin/builder/spi-builder-workspace/.derivedData/Build/Intermediates.noindex/GeneratedModuleMaps-watchos/CNIOFreeBSD.modulemap -Xcc -fmodule-map-file\=/Users/admin/builder/spi-builder-workspace/.derivedData/Build/Intermediates.noindex/GeneratedModuleMaps-watchos/CNIOOpenBSD.modulemap -Xcc -fmodule-map-file\=/Users/admin/builder/spi-builder-workspace/.derivedData/Build/Intermediates.noindex/GeneratedModuleMaps-watchos/CNIOAtomics.modulemap -Xcc -fmodule-map-file\=/Users/admin/builder/spi-builder-workspace/.derivedData/Build/Intermediates.noindex/GeneratedModuleMaps-watchos/CNIOBoringSSLShims.modulemap -Xcc -fmodule-map-file\=/Users/admin/builder/spi-builder-workspace/.dependencies/checkouts/swift-nio-ssl/Sources/CNIOBoringSSL/include/module.modulemap -Xcc -D_LIBCPP_HARDENING_MODE\=_LIBCPP_HARDENING_MODE_DEBUG -Xcc -ivfsstatcache -Xcc /Users/admin/builder/spi-builder-workspace/.derivedData/SDKStatCaches.noindex/watchos27.0-24R360-e829b21a6f8c9b70876ba0858053c04477534ef55a1706bf4c1112bbb242f0a2.sdkstatcache -Xcc -fmodules-prune-interval\=86400 -Xcc -fmodules-prune-after\=345600 -Xcc -I/Users/admin/builder/spi-builder-workspace/.dependencies/checkouts/swift-atomics/Sources/_AtomicsShims/include -Xcc -I/Users/admin/builder/spi-builder-workspace/.dependencies/checkouts/swift-nio/Sources/CNIOPosix/include -Xcc -I/Users/admin/builder/spi-builder-workspace/.dependencies/checkouts/swift-nio/Sources/CNIOWASI/include -Xcc -I/Users/admin/builder/spi-builder-workspace/.dependencies/checkouts/swift-nio/Sources/CNIOWindows/include -Xcc -I/Users/admin/builder/spi-builder-workspace/.dependencies/checkouts/swift-nio/Sources/CNIOLinux/include -Xcc -I/Users/admin/builder/spi-builder-workspace/.dependencies/checkouts/swift-nio/Sources/CNIODarwin/include -Xcc -I/Users/admin/builder/spi-builder-workspace/.dependencies/checkouts/swift-nio/Sources/CNIOFreeBSD/include -Xcc -I/Users/admin/builder/spi-builder-workspace/.dependencies/checkouts/swift-nio/Sources/CNIOOpenBSD/include -Xcc -I/Users/admin/builder/spi-builder-workspace/.dependencies/checkouts/swift-nio/Sources/CNIOAtomics/include -Xcc -I/Users/admin/builder/spi-builder-workspace/.dependencies/checkouts/swift-nio-ssl/Sources/CNIOBoringSSLShims/include -Xcc -I/Users/admin/builder/spi-builder-workspace/.dependencies/checkouts/swift-nio-ssl/Sources/CNIOBoringSSL/include -Xcc -I/Users/admin/builder/spi-builder-workspace/.derivedData/Build/Products/Debug-watchos/include -Xcc -I/Users/admin/builder/spi-builder-workspace/.derivedData/Build/Intermediates.noindex/PulsarClient.build/Debug-watchos/PulsarClient-t.build/DerivedSources-normal/arm64_32 -Xcc -I/Users/admin/builder/spi-builder-workspace/.derivedData/Build/Intermediates.noindex/PulsarClient.build/Debug-watchos/PulsarClient-t.build/DerivedSources/arm64_32 -Xcc -I/Users/admin/builder/spi-builder-workspace/.derivedData/Build/Intermediates.noindex/PulsarClient.build/Debug-watchos/PulsarClient-t.build/DerivedSources -Xcc -DSWIFT_PACKAGE -Xcc -DDEBUG\=1 -no-auto-bridging-header-chaining -module-name PulsarClient -package-name spi_builder_workspace -const-gather-protocols-file /Users/admin/builder/spi-builder-workspace/.derivedData/Build/Intermediates.noindex/PulsarClient.build/Debug-watchos/PulsarClient-t.build/Objects-normal/arm64_32/PulsarClient_const_extract_protocols.json -disable-clang-spi -clang-target arm64_32-apple-watchos27.0 -target-sdk-version 27.0 -target-sdk-name watchos27.0 -in-process-plugin-server-path /Applications/Xcode-27.0.0-Release.Candidate.app/Contents/Developer/Toolchains/XcodeDefault.xctoolchain/usr/lib/swift/host/libSwiftInProcPluginServer.dylib -parse-as-library -o /Users/admin/builder/spi-builder-workspace/.derivedData/Build/Intermediates.noindex/PulsarClient.build/Debug-watchos/PulsarClient-t.build/Objects-normal/arm64_32/ChannelManager+Handlers.o -o /Users/admin/builder/spi-builder-workspace/.derivedData/Build/Intermediates.noindex/PulsarClient.build/Debug-watchos/PulsarClient-t.build/Objects-normal/arm64_32/ChannelManager.o -o /Users/admin/builder/spi-builder-workspace/.derivedData/Build/Intermediates.noindex/PulsarClient.build/Debug-watchos/PulsarClient-t.build/Objects-normal/arm64_32/ChannelPipelineBuilder.o -o /Users/admin/builder/spi-builder-workspace/.derivedData/Build/Intermediates.noindex/PulsarClient.build/Debug-watchos/PulsarClient-t.build/Objects-normal/arm64_32/ConnectedFrameHandler.o -o /Users/admin/builder/spi-builder-workspace/.derivedData/Build/Intermediates.noindex/PulsarClient.build/Debug-watchos/PulsarClient-t.build/Objects-normal/arm64_32/Connection+Enhanced.o -debug-module-path /Users/admin/builder/spi-builder-workspace/.derivedData/Build/Intermediates.noindex/PulsarClient.build/Debug-watchos/PulsarClient-t.build/Objects-normal/arm64_32/PulsarClient.swiftmodule -index-unit-output-path /PulsarClient.build/Debug-watchos/PulsarClient-t.build/Objects-normal/arm64_32/ChannelManager+Handlers.o -index-unit-output-path /PulsarClient.build/Debug-watchos/PulsarClient-t.build/Objects-normal/arm64_32/ChannelManager.o -index-unit-output-path /PulsarClient.build/Debug-watchos/PulsarClient-t.build/Objects-normal/arm64_32/ChannelPipelineBuilder.o -index-unit-output-path /PulsarClient.build/Debug-watchos/PulsarClient-t.build/Objects-normal/arm64_32/ConnectedFrameHandler.o -index-unit-output-path /PulsarClient.build/Debug-watchos/PulsarClient-t.build/Objects-normal/arm64_32/Connection+Enhanced.o -index-store-path /Users/admin/builder/spi-builder-workspace/.derivedData/Index.noindex/DataStore -index-system-modules
SwiftCompile normal arm64_32 /Users/admin/builder/spi-builder-workspace/Sources/PulsarClient/Internal/ChannelManager+Handlers.swift (in target 'PulsarClient' from project 'PulsarClient')
cd /Users/admin/builder/spi-builder-workspace/.swiftpm/xcode
builtin-SwiftPerFileCompile ChannelManager+Handlers.swift
SwiftCompile normal arm64_32 /Users/admin/builder/spi-builder-workspace/Sources/PulsarClient/Internal/ChannelManager.swift (in target 'PulsarClient' from project 'PulsarClient')
cd /Users/admin/builder/spi-builder-workspace/.swiftpm/xcode
builtin-SwiftPerFileCompile ChannelManager.swift
SwiftCompile normal arm64_32 /Users/admin/builder/spi-builder-workspace/Sources/PulsarClient/Internal/ChannelPipelineBuilder.swift (in target 'PulsarClient' from project 'PulsarClient')
cd /Users/admin/builder/spi-builder-workspace/.swiftpm/xcode
builtin-SwiftPerFileCompile ChannelPipelineBuilder.swift
SwiftCompile normal arm64_32 /Users/admin/builder/spi-builder-workspace/Sources/PulsarClient/Internal/ConnectedFrameHandler.swift (in target 'PulsarClient' from project 'PulsarClient')
cd /Users/admin/builder/spi-builder-workspace/.swiftpm/xcode
builtin-SwiftPerFileCompile ConnectedFrameHandler.swift
SwiftCompile normal arm64_32 /Users/admin/builder/spi-builder-workspace/Sources/PulsarClient/Internal/Connection+Enhanced.swift (in target 'PulsarClient' from project 'PulsarClient')
cd /Users/admin/builder/spi-builder-workspace/.swiftpm/xcode
builtin-SwiftPerFileCompile Connection+Enhanced.swift
SwiftCompile normal arm64_32 Compiling\ SendOperation.swift,\ SendOperationWrapper.swift,\ SendQueue.swift,\ StateManager.swift,\ TransactionCoordinator.swift /Users/admin/builder/spi-builder-workspace/Sources/PulsarClient/Internal/SendOperation.swift /Users/admin/builder/spi-builder-workspace/Sources/PulsarClient/Internal/SendOperationWrapper.swift /Users/admin/builder/spi-builder-workspace/Sources/PulsarClient/Internal/SendQueue.swift /Users/admin/builder/spi-builder-workspace/Sources/PulsarClient/Internal/StateManager.swift /Users/admin/builder/spi-builder-workspace/Sources/PulsarClient/Internal/TransactionCoordinator.swift (in target 'PulsarClient' from project 'PulsarClient')
SwiftCompile normal arm64_32 /Users/admin/builder/spi-builder-workspace/Sources/PulsarClient/Internal/SendOperation.swift (in target 'PulsarClient' from project 'PulsarClient')
cd /Users/admin/builder/spi-builder-workspace/.swiftpm/xcode
builtin-SwiftPerFileCompile SendOperation.swift
SwiftCompile normal arm64_32 /Users/admin/builder/spi-builder-workspace/Sources/PulsarClient/Internal/SendOperationWrapper.swift (in target 'PulsarClient' from project 'PulsarClient')
cd /Users/admin/builder/spi-builder-workspace/.swiftpm/xcode
builtin-SwiftPerFileCompile SendOperationWrapper.swift
SwiftCompile normal arm64_32 /Users/admin/builder/spi-builder-workspace/Sources/PulsarClient/Internal/SendQueue.swift (in target 'PulsarClient' from project 'PulsarClient')
cd /Users/admin/builder/spi-builder-workspace/.swiftpm/xcode
builtin-SwiftPerFileCompile SendQueue.swift
SwiftCompile normal arm64_32 /Users/admin/builder/spi-builder-workspace/Sources/PulsarClient/Internal/StateManager.swift (in target 'PulsarClient' from project 'PulsarClient')
cd /Users/admin/builder/spi-builder-workspace/.swiftpm/xcode
builtin-SwiftPerFileCompile StateManager.swift
SwiftCompile normal arm64_32 /Users/admin/builder/spi-builder-workspace/Sources/PulsarClient/Internal/TransactionCoordinator.swift (in target 'PulsarClient' from project 'PulsarClient')
cd /Users/admin/builder/spi-builder-workspace/.swiftpm/xcode
builtin-SwiftPerFileCompile TransactionCoordinator.swift
SwiftCompile normal arm64_32 Compiling\ TransactionImpl.swift,\ Message.swift,\ MessageId.swift,\ MessageMetadata.swift,\ MultiTopicProducer.swift /Users/admin/builder/spi-builder-workspace/Sources/PulsarClient/Internal/TransactionImpl.swift /Users/admin/builder/spi-builder-workspace/Sources/PulsarClient/Message.swift /Users/admin/builder/spi-builder-workspace/Sources/PulsarClient/MessageId.swift /Users/admin/builder/spi-builder-workspace/Sources/PulsarClient/MessageMetadata.swift /Users/admin/builder/spi-builder-workspace/Sources/PulsarClient/MultiTopicProducer.swift (in target 'PulsarClient' from project 'PulsarClient')
SwiftCompile normal arm64_32 /Users/admin/builder/spi-builder-workspace/Sources/PulsarClient/Internal/TransactionImpl.swift (in target 'PulsarClient' from project 'PulsarClient')
cd /Users/admin/builder/spi-builder-workspace/.swiftpm/xcode
builtin-SwiftPerFileCompile TransactionImpl.swift
SwiftCompile normal arm64_32 /Users/admin/builder/spi-builder-workspace/Sources/PulsarClient/Message.swift (in target 'PulsarClient' from project 'PulsarClient')
cd /Users/admin/builder/spi-builder-workspace/.swiftpm/xcode
builtin-SwiftPerFileCompile Message.swift
SwiftCompile normal arm64_32 /Users/admin/builder/spi-builder-workspace/Sources/PulsarClient/MessageId.swift (in target 'PulsarClient' from project 'PulsarClient')
cd /Users/admin/builder/spi-builder-workspace/.swiftpm/xcode
builtin-SwiftPerFileCompile MessageId.swift
SwiftCompile normal arm64_32 /Users/admin/builder/spi-builder-workspace/Sources/PulsarClient/MessageMetadata.swift (in target 'PulsarClient' from project 'PulsarClient')
cd /Users/admin/builder/spi-builder-workspace/.swiftpm/xcode
builtin-SwiftPerFileCompile MessageMetadata.swift
SwiftCompile normal arm64_32 /Users/admin/builder/spi-builder-workspace/Sources/PulsarClient/MultiTopicProducer.swift (in target 'PulsarClient' from project 'PulsarClient')
cd /Users/admin/builder/spi-builder-workspace/.swiftpm/xcode
builtin-SwiftPerFileCompile MultiTopicProducer.swift
SwiftCompile normal arm64_32 Compiling\ Connection.swift,\ ConnectionPool+Enhanced.swift,\ ConnectionPool.swift,\ ConsumerImpl.swift,\ DeadLetterQueueHandler.swift /Users/admin/builder/spi-builder-workspace/Sources/PulsarClient/Internal/Connection.swift /Users/admin/builder/spi-builder-workspace/Sources/PulsarClient/Internal/ConnectionPool+Enhanced.swift /Users/admin/builder/spi-builder-workspace/Sources/PulsarClient/Internal/ConnectionPool.swift /Users/admin/builder/spi-builder-workspace/Sources/PulsarClient/Internal/ConsumerImpl.swift /Users/admin/builder/spi-builder-workspace/Sources/PulsarClient/Internal/DeadLetterQueueHandler.swift (in target 'PulsarClient' from project 'PulsarClient')
SwiftCompile normal arm64_32 /Users/admin/builder/spi-builder-workspace/Sources/PulsarClient/Internal/Connection.swift (in target 'PulsarClient' from project 'PulsarClient')
cd /Users/admin/builder/spi-builder-workspace/.swiftpm/xcode
builtin-SwiftPerFileCompile Connection.swift
SwiftCompile normal arm64_32 /Users/admin/builder/spi-builder-workspace/Sources/PulsarClient/Internal/ConnectionPool+Enhanced.swift (in target 'PulsarClient' from project 'PulsarClient')
cd /Users/admin/builder/spi-builder-workspace/.swiftpm/xcode
builtin-SwiftPerFileCompile ConnectionPool+Enhanced.swift
SwiftCompile normal arm64_32 /Users/admin/builder/spi-builder-workspace/Sources/PulsarClient/Internal/ConnectionPool.swift (in target 'PulsarClient' from project 'PulsarClient')
cd /Users/admin/builder/spi-builder-workspace/.swiftpm/xcode
builtin-SwiftPerFileCompile ConnectionPool.swift
SwiftCompile normal arm64_32 /Users/admin/builder/spi-builder-workspace/Sources/PulsarClient/Internal/ConsumerImpl.swift (in target 'PulsarClient' from project 'PulsarClient')
cd /Users/admin/builder/spi-builder-workspace/.swiftpm/xcode
builtin-SwiftPerFileCompile ConsumerImpl.swift
SwiftCompile normal arm64_32 /Users/admin/builder/spi-builder-workspace/Sources/PulsarClient/Internal/DeadLetterQueueHandler.swift (in target 'PulsarClient' from project 'PulsarClient')
cd /Users/admin/builder/spi-builder-workspace/.swiftpm/xcode
builtin-SwiftPerFileCompile DeadLetterQueueHandler.swift
SwiftCompile normal arm64_32 Compiling\ ProducerProtocol.swift,\ PulsarClientProtocol.swift,\ ReaderProtocol.swift,\ Receivable.swift,\ Schema.swift,\ Seekable.swift /Users/admin/builder/spi-builder-workspace/Sources/PulsarClient/Abstractions/ProducerProtocol.swift /Users/admin/builder/spi-builder-workspace/Sources/PulsarClient/Abstractions/PulsarClientProtocol.swift /Users/admin/builder/spi-builder-workspace/Sources/PulsarClient/Abstractions/ReaderProtocol.swift /Users/admin/builder/spi-builder-workspace/Sources/PulsarClient/Abstractions/Receivable.swift /Users/admin/builder/spi-builder-workspace/Sources/PulsarClient/Abstractions/Schema.swift /Users/admin/builder/spi-builder-workspace/Sources/PulsarClient/Abstractions/Seekable.swift (in target 'PulsarClient' from project 'PulsarClient')
/Users/admin/builder/spi-builder-workspace/Sources/PulsarClient/Abstractions/Schema.swift:180:30: warning: capture of non-Sendable type 'U.Type' in an isolated closure [#SendableMetatypes]
178 | return Schema<U>(
179 | schemaInfo: SchemaInfo(name: String(describing: U.self), type: .json),
180 | encoder: { try encoder.encode($0) },
| `- warning: capture of non-Sendable type 'U.Type' in an isolated closure [#SendableMetatypes]
181 | decoder: { try decoder.decode(U.self, from: $0) }
182 | )
/Users/admin/builder/spi-builder-workspace/Sources/PulsarClient/Abstractions/Schema.swift:181:30: warning: capture of non-Sendable type 'U.Type' in an isolated closure [#SendableMetatypes]
179 | schemaInfo: SchemaInfo(name: String(describing: U.self), type: .json),
180 | encoder: { try encoder.encode($0) },
181 | decoder: { try decoder.decode(U.self, from: $0) }
| `- warning: capture of non-Sendable type 'U.Type' in an isolated closure [#SendableMetatypes]
182 | )
183 | }
[#SendableMetatypes]: <https://docs.swift.org/compiler/documentation/diagnostics/sendable-metatypes>
SwiftCompile normal arm64_32 /Users/admin/builder/spi-builder-workspace/Sources/PulsarClient/Abstractions/ProducerProtocol.swift (in target 'PulsarClient' from project 'PulsarClient')
cd /Users/admin/builder/spi-builder-workspace/.swiftpm/xcode
builtin-SwiftPerFileCompile ProducerProtocol.swift
SwiftCompile normal arm64_32 /Users/admin/builder/spi-builder-workspace/Sources/PulsarClient/Abstractions/PulsarClientProtocol.swift (in target 'PulsarClient' from project 'PulsarClient')
cd /Users/admin/builder/spi-builder-workspace/.swiftpm/xcode
builtin-SwiftPerFileCompile PulsarClientProtocol.swift
SwiftCompile normal arm64_32 /Users/admin/builder/spi-builder-workspace/Sources/PulsarClient/Abstractions/ReaderProtocol.swift (in target 'PulsarClient' from project 'PulsarClient')
cd /Users/admin/builder/spi-builder-workspace/.swiftpm/xcode
builtin-SwiftPerFileCompile ReaderProtocol.swift
SwiftCompile normal arm64_32 /Users/admin/builder/spi-builder-workspace/Sources/PulsarClient/Abstractions/Receivable.swift (in target 'PulsarClient' from project 'PulsarClient')
cd /Users/admin/builder/spi-builder-workspace/.swiftpm/xcode
builtin-SwiftPerFileCompile Receivable.swift
SwiftCompile normal arm64_32 /Users/admin/builder/spi-builder-workspace/Sources/PulsarClient/Abstractions/Schema.swift (in target 'PulsarClient' from project 'PulsarClient')
cd /Users/admin/builder/spi-builder-workspace/.swiftpm/xcode
builtin-SwiftPerFileCompile Schema.swift
SwiftCompile normal arm64_32 /Users/admin/builder/spi-builder-workspace/Sources/PulsarClient/Abstractions/Seekable.swift (in target 'PulsarClient' from project 'PulsarClient')
cd /Users/admin/builder/spi-builder-workspace/.swiftpm/xcode
builtin-SwiftPerFileCompile Seekable.swift
SwiftCompile normal arm64_32 Compiling\ SendChannel.swift,\ StateProtocol+Waiting.swift,\ StateProtocol.swift,\ ReaderExtensions.swift,\ FaultAction.swift /Users/admin/builder/spi-builder-workspace/Sources/PulsarClient/Abstractions/SendChannel.swift /Users/admin/builder/spi-builder-workspace/Sources/PulsarClient/Abstractions/StateProtocol+Waiting.swift /Users/admin/builder/spi-builder-workspace/Sources/PulsarClient/Abstractions/StateProtocol.swift /Users/admin/builder/spi-builder-workspace/Sources/PulsarClient/Extensions/ReaderExtensions.swift /Users/admin/builder/spi-builder-workspace/Sources/PulsarClient/FaultAction.swift (in target 'PulsarClient' from project 'PulsarClient')
SwiftCompile normal arm64_32 /Users/admin/builder/spi-builder-workspace/Sources/PulsarClient/Abstractions/SendChannel.swift (in target 'PulsarClient' from project 'PulsarClient')
cd /Users/admin/builder/spi-builder-workspace/.swiftpm/xcode
builtin-SwiftPerFileCompile SendChannel.swift
SwiftCompile normal arm64_32 /Users/admin/builder/spi-builder-workspace/Sources/PulsarClient/Abstractions/StateProtocol+Waiting.swift (in target 'PulsarClient' from project 'PulsarClient')
cd /Users/admin/builder/spi-builder-workspace/.swiftpm/xcode
builtin-SwiftPerFileCompile StateProtocol+Waiting.swift
SwiftCompile normal arm64_32 /Users/admin/builder/spi-builder-workspace/Sources/PulsarClient/Abstractions/StateProtocol.swift (in target 'PulsarClient' from project 'PulsarClient')
cd /Users/admin/builder/spi-builder-workspace/.swiftpm/xcode
builtin-SwiftPerFileCompile StateProtocol.swift
SwiftCompile normal arm64_32 /Users/admin/builder/spi-builder-workspace/Sources/PulsarClient/Extensions/ReaderExtensions.swift (in target 'PulsarClient' from project 'PulsarClient')
cd /Users/admin/builder/spi-builder-workspace/.swiftpm/xcode
builtin-SwiftPerFileCompile ReaderExtensions.swift
SwiftCompile normal arm64_32 /Users/admin/builder/spi-builder-workspace/Sources/PulsarClient/FaultAction.swift (in target 'PulsarClient' from project 'PulsarClient')
cd /Users/admin/builder/spi-builder-workspace/.swiftpm/xcode
builtin-SwiftPerFileCompile FaultAction.swift
SwiftCompile normal arm64_32 Compiling\ FaultHandler.swift,\ InterceptorChain.swift,\ ProducerImpl.swift,\ ReaderImpl.swift,\ RetryPolicy.swift /Users/admin/builder/spi-builder-workspace/Sources/PulsarClient/Internal/FaultHandler.swift /Users/admin/builder/spi-builder-workspace/Sources/PulsarClient/Internal/InterceptorChain.swift /Users/admin/builder/spi-builder-workspace/Sources/PulsarClient/Internal/ProducerImpl.swift /Users/admin/builder/spi-builder-workspace/Sources/PulsarClient/Internal/ReaderImpl.swift /Users/admin/builder/spi-builder-workspace/Sources/PulsarClient/Internal/RetryPolicy.swift (in target 'PulsarClient' from project 'PulsarClient')
SwiftCompile normal arm64_32 /Users/admin/builder/spi-builder-workspace/Sources/PulsarClient/Internal/FaultHandler.swift (in target 'PulsarClient' from project 'PulsarClient')
cd /Users/admin/builder/spi-builder-workspace/.swiftpm/xcode
builtin-SwiftPerFileCompile FaultHandler.swift
SwiftCompile normal arm64_32 /Users/admin/builder/spi-builder-workspace/Sources/PulsarClient/Internal/InterceptorChain.swift (in target 'PulsarClient' from project 'PulsarClient')
cd /Users/admin/builder/spi-builder-workspace/.swiftpm/xcode
builtin-SwiftPerFileCompile InterceptorChain.swift
SwiftCompile normal arm64_32 /Users/admin/builder/spi-builder-workspace/Sources/PulsarClient/Internal/ProducerImpl.swift (in target 'PulsarClient' from project 'PulsarClient')
cd /Users/admin/builder/spi-builder-workspace/.swiftpm/xcode
builtin-SwiftPerFileCompile ProducerImpl.swift
SwiftCompile normal arm64_32 /Users/admin/builder/spi-builder-workspace/Sources/PulsarClient/Internal/ReaderImpl.swift (in target 'PulsarClient' from project 'PulsarClient')
cd /Users/admin/builder/spi-builder-workspace/.swiftpm/xcode
builtin-SwiftPerFileCompile ReaderImpl.swift
SwiftCompile normal arm64_32 /Users/admin/builder/spi-builder-workspace/Sources/PulsarClient/Internal/RetryPolicy.swift (in target 'PulsarClient' from project 'PulsarClient')
cd /Users/admin/builder/spi-builder-workspace/.swiftpm/xcode
builtin-SwiftPerFileCompile RetryPolicy.swift
SwiftCompile normal arm64_32 Compiling\ OAuth2Authentication.swift,\ ProducerAccessMode.swift,\ ProducerOptions.swift,\ ProducerState.swift,\ PulsarApi.pb.swift /Users/admin/builder/spi-builder-workspace/Sources/PulsarClient/OAuth2Authentication.swift /Users/admin/builder/spi-builder-workspace/Sources/PulsarClient/ProducerAccessMode.swift /Users/admin/builder/spi-builder-workspace/Sources/PulsarClient/ProducerOptions.swift /Users/admin/builder/spi-builder-workspace/Sources/PulsarClient/ProducerState.swift /Users/admin/builder/spi-builder-workspace/Sources/PulsarClient/PulsarApi.pb.swift (in target 'PulsarClient' from project 'PulsarClient')
SwiftCompile normal arm64_32 /Users/admin/builder/spi-builder-workspace/Sources/PulsarClient/OAuth2Authentication.swift (in target 'PulsarClient' from project 'PulsarClient')
cd /Users/admin/builder/spi-builder-workspace/.swiftpm/xcode
builtin-SwiftPerFileCompile OAuth2Authentication.swift
SwiftCompile normal arm64_32 /Users/admin/builder/spi-builder-workspace/Sources/PulsarClient/ProducerAccessMode.swift (in target 'PulsarClient' from project 'PulsarClient')
cd /Users/admin/builder/spi-builder-workspace/.swiftpm/xcode
builtin-SwiftPerFileCompile ProducerAccessMode.swift
SwiftCompile normal arm64_32 /Users/admin/builder/spi-builder-workspace/Sources/PulsarClient/ProducerOptions.swift (in target 'PulsarClient' from project 'PulsarClient')
cd /Users/admin/builder/spi-builder-workspace/.swiftpm/xcode
builtin-SwiftPerFileCompile ProducerOptions.swift
SwiftCompile normal arm64_32 /Users/admin/builder/spi-builder-workspace/Sources/PulsarClient/ProducerState.swift (in target 'PulsarClient' from project 'PulsarClient')
cd /Users/admin/builder/spi-builder-workspace/.swiftpm/xcode
builtin-SwiftPerFileCompile ProducerState.swift
SwiftCompile normal arm64_32 /Users/admin/builder/spi-builder-workspace/Sources/PulsarClient/PulsarApi.pb.swift (in target 'PulsarClient' from project 'PulsarClient')
cd /Users/admin/builder/spi-builder-workspace/.swiftpm/xcode
builtin-SwiftPerFileCompile PulsarApi.pb.swift
SwiftCompile normal arm64_32 Compiling\ State.swift,\ TLSAuthentication.swift,\ ConsumerMetricsInterceptor.swift,\ ProducerMetricsInterceptor.swift,\ PulsarMetrics.swift /Users/admin/builder/spi-builder-workspace/Sources/PulsarClient/State.swift /Users/admin/builder/spi-builder-workspace/Sources/PulsarClient/TLSAuthentication.swift /Users/admin/builder/spi-builder-workspace/Sources/PulsarClient/Telemetry/ConsumerMetricsInterceptor.swift /Users/admin/builder/spi-builder-workspace/Sources/PulsarClient/Telemetry/ProducerMetricsInterceptor.swift /Users/admin/builder/spi-builder-workspace/Sources/PulsarClient/Telemetry/PulsarMetrics.swift (in target 'PulsarClient' from project 'PulsarClient')
SwiftCompile normal arm64_32 /Users/admin/builder/spi-builder-workspace/Sources/PulsarClient/State.swift (in target 'PulsarClient' from project 'PulsarClient')
cd /Users/admin/builder/spi-builder-workspace/.swiftpm/xcode
builtin-SwiftPerFileCompile State.swift
SwiftCompile normal arm64_32 /Users/admin/builder/spi-builder-workspace/Sources/PulsarClient/TLSAuthentication.swift (in target 'PulsarClient' from project 'PulsarClient')
cd /Users/admin/builder/spi-builder-workspace/.swiftpm/xcode
builtin-SwiftPerFileCompile TLSAuthentication.swift
SwiftCompile normal arm64_32 /Users/admin/builder/spi-builder-workspace/Sources/PulsarClient/Telemetry/ConsumerMetricsInterceptor.swift (in target 'PulsarClient' from project 'PulsarClient')
cd /Users/admin/builder/spi-builder-workspace/.swiftpm/xcode
builtin-SwiftPerFileCompile ConsumerMetricsInterceptor.swift
SwiftCompile normal arm64_32 /Users/admin/builder/spi-builder-workspace/Sources/PulsarClient/Telemetry/ProducerMetricsInterceptor.swift (in target 'PulsarClient' from project 'PulsarClient')
cd /Users/admin/builder/spi-builder-workspace/.swiftpm/xcode
builtin-SwiftPerFileCompile ProducerMetricsInterceptor.swift
SwiftCompile normal arm64_32 /Users/admin/builder/spi-builder-workspace/Sources/PulsarClient/Telemetry/PulsarMetrics.swift (in target 'PulsarClient' from project 'PulsarClient')
cd /Users/admin/builder/spi-builder-workspace/.swiftpm/xcode
builtin-SwiftPerFileCompile PulsarMetrics.swift
SwiftEmitModule normal arm64 Emitting\ module\ for\ PulsarClient (in target 'PulsarClient' from project 'PulsarClient')
SwiftCompile normal arm64 (in target 'PulsarClient' from project 'PulsarClient')
cd /Users/admin/builder/spi-builder-workspace/.swiftpm/xcode
SwiftDriverJobDiscovery normal arm64_32 Compiling ProducerProtocol.swift, PulsarClientProtocol.swift, ReaderProtocol.swift, Receivable.swift, Schema.swift, Seekable.swift (in target 'PulsarClient' from project 'PulsarClient')
SwiftCompile normal arm64 Compiling\ ProducerState.swift,\ PulsarApi.pb.swift,\ PulsarClient.swift,\ PulsarProtocol.swift /Users/admin/builder/spi-builder-workspace/Sources/PulsarClient/ProducerState.swift /Users/admin/builder/spi-builder-workspace/Sources/PulsarClient/PulsarApi.pb.swift /Users/admin/builder/spi-builder-workspace/Sources/PulsarClient/PulsarClient.swift /Users/admin/builder/spi-builder-workspace/Sources/PulsarClient/PulsarProtocol.swift (in target 'PulsarClient' from project 'PulsarClient')
SwiftCompile normal arm64 /Users/admin/builder/spi-builder-workspace/Sources/PulsarClient/ProducerState.swift (in target 'PulsarClient' from project 'PulsarClient')
cd /Users/admin/builder/spi-builder-workspace/.swiftpm/xcode
builtin-SwiftPerFileCompile ProducerState.swift
SwiftCompile normal arm64 /Users/admin/builder/spi-builder-workspace/Sources/PulsarClient/PulsarApi.pb.swift (in target 'PulsarClient' from project 'PulsarClient')
cd /Users/admin/builder/spi-builder-workspace/.swiftpm/xcode
builtin-SwiftPerFileCompile PulsarApi.pb.swift
SwiftCompile normal arm64 /Users/admin/builder/spi-builder-workspace/Sources/PulsarClient/PulsarClient.swift (in target 'PulsarClient' from project 'PulsarClient')
cd /Users/admin/builder/spi-builder-workspace/.swiftpm/xcode
builtin-SwiftPerFileCompile PulsarClient.swift
SwiftCompile normal arm64 /Users/admin/builder/spi-builder-workspace/Sources/PulsarClient/PulsarProtocol.swift (in target 'PulsarClient' from project 'PulsarClient')
cd /Users/admin/builder/spi-builder-workspace/.swiftpm/xcode
builtin-SwiftPerFileCompile PulsarProtocol.swift
PruneExplicitPrecompiledModules /Users/admin/builder/spi-builder-workspace/.derivedData/Build/Intermediates.noindex/SwiftExplicitPrecompiledModules
PruneExplicitPrecompiledModules /Users/admin/builder/spi-builder-workspace/.derivedData/SDKExplicitPrecompiledModules
PruneExplicitPrecompiledModules /Users/admin/builder/spi-builder-workspace/.derivedData/Build/Intermediates.noindex/ExplicitPrecompiledModules
2026-09-23 09:51:56.473 xcodebuild[3964:13853] [MT] IDERunDestination: Supported platforms for the buildables in the current scheme is empty.
** BUILD FAILED **
The following build commands failed:
SwiftCompile normal arm64_32 Compiling\ ChannelManager+Handlers.swift,\ ChannelManager.swift,\ ChannelPipelineBuilder.swift,\ ConnectedFrameHandler.swift,\ Connection+Enhanced.swift /Users/admin/builder/spi-builder-workspace/Sources/PulsarClient/Internal/ChannelManager+Handlers.swift /Users/admin/builder/spi-builder-workspace/Sources/PulsarClient/Internal/ChannelManager.swift /Users/admin/builder/spi-builder-workspace/Sources/PulsarClient/Internal/ChannelPipelineBuilder.swift /Users/admin/builder/spi-builder-workspace/Sources/PulsarClient/Internal/ConnectedFrameHandler.swift /Users/admin/builder/spi-builder-workspace/Sources/PulsarClient/Internal/Connection+Enhanced.swift (in target 'PulsarClient' from project 'PulsarClient')
SwiftCompile normal arm64_32 /Users/admin/builder/spi-builder-workspace/Sources/PulsarClient/Internal/ChannelManager+Handlers.swift (in target 'PulsarClient' from project 'PulsarClient')
Building workspace PulsarClient with scheme PulsarClient
(3 failures)
BUILD FAILURE 6.4 watchOS