The Swift Package Index logo.Swift Package Index

Build Information

Failed to build SnappThemingSVGSupport, reference main (247b3b), with Swift 6.4 for Android on 23 Sep 2026 09:45:11 UTC.

Build Command

bash -c docker run --pull=always --rm -v "checkouts-54344845-0":/host -w "$PWD" -e JAVA_HOME="/root/.sdkman/candidates/java/current" -e SPI_BUILD="1" -e SPI_PROCESSING="1" registry.gitlab.com/saguaro1/spi-images:android-6.4-latest swift build --swift-sdk aarch64-unknown-linux-android28 2>&1

Build Log

========================================
RunAll
========================================
Builder version: 5.1.0
Interrupt handler set up.
========================================
Checkout
========================================
Clone URL: https://github.com/Snapp-Mobile/SnappThemingSVGSupport.git
Reference: main
Initialized empty Git repository in /host/spi-builder-workspace/.git/
hint: Using 'master' as the name for the initial branch. This default branch name
hint: is subject to change. To configure the initial branch name to use in all
hint: of your new repositories, which will suppress this warning, call:
hint:
hint: 	git config --global init.defaultBranch <name>
hint:
hint: Names commonly chosen instead of 'master' are 'main', 'trunk' and
hint: 'development'. The just-created branch can be renamed via this command:
hint:
hint: 	git branch -m <name>
From https://github.com/Snapp-Mobile/SnappThemingSVGSupport
 * branch            main       -> FETCH_HEAD
 * [new branch]      main       -> origin/main
HEAD is now at 247b3b4 Merge pull request #24 from Snapp-Mobile/feature/spi-doc
Cloned https://github.com/Snapp-Mobile/SnappThemingSVGSupport.git
Revision (git rev-parse @):
247b3b4694843c98593e2c4f9461c19e0976ae76
SPI manifest file found: $PWD/.spi.yml
SUCCESS checkout https://github.com/Snapp-Mobile/SnappThemingSVGSupport.git at main
========================================
Build
========================================
Selected platform:         android
Swift version:             6.4
Building package at path:  $PWD
https://github.com/Snapp-Mobile/SnappThemingSVGSupport.git
Running build ...
bash -c docker run --pull=always --rm -v "checkouts-54344845-0":/host -w "$PWD" -e JAVA_HOME="/root/.sdkman/candidates/java/current" -e SPI_BUILD="1" -e SPI_PROCESSING="1" registry.gitlab.com/saguaro1/spi-images:android-6.4-latest swift build --swift-sdk aarch64-unknown-linux-android28 2>&1
android-6.4-latest: Pulling from saguaro1/spi-images
Digest: sha256:abadcff584c273feba50641b454858d377ba30b35ea7287a94f45ebd8afd0ea0
Status: Image is up to date for registry.gitlab.com/saguaro1/spi-images:android-6.4-latest
Fetching https://github.com/Snapp-Mobile/SnappTheming
Fetching https://github.com/Snapp-Mobile/SwiftFormatLintPlugin.git
Fetching https://github.com/SVGKit/SVGKit.git
[1/148] Fetching swiftformatlintplugin
[93/18947] Fetching swiftformatlintplugin, svgkit
[1277/44651] Fetching swiftformatlintplugin, svgkit, snapptheming
Fetched https://github.com/Snapp-Mobile/SwiftFormatLintPlugin.git (4.31s)
Fetched https://github.com/SVGKit/SVGKit.git (4.33s)
Fetched https://github.com/Snapp-Mobile/SnappTheming (4.40s)
Computing version for https://github.com/Snapp-Mobile/SwiftFormatLintPlugin.git
Computed https://github.com/Snapp-Mobile/SwiftFormatLintPlugin.git at 1.0.4 (4.57s)
Computing version for https://github.com/Snapp-Mobile/SnappTheming
Computed https://github.com/Snapp-Mobile/SnappTheming at 0.1.3 (0.17s)
Computing version for https://github.com/SVGKit/SVGKit.git
Computed https://github.com/SVGKit/SVGKit.git at 3.0.0 (1.08s)
Fetching https://github.com/CocoaLumberjack/CocoaLumberjack.git
[1/19151] Fetching cocoalumberjack
Fetched https://github.com/CocoaLumberjack/CocoaLumberjack.git (0.85s)
Computing version for https://github.com/CocoaLumberjack/CocoaLumberjack.git
Computed https://github.com/CocoaLumberjack/CocoaLumberjack.git at 3.10.0 (1.04s)
Fetching https://github.com/apple/swift-log
[1/8164] Fetching swift-log
Fetched https://github.com/apple/swift-log (0.52s)
Computing version for https://github.com/apple/swift-log
Computed https://github.com/apple/swift-log at 1.15.1 (0.73s)
Creating working copy for https://github.com/Snapp-Mobile/SwiftFormatLintPlugin.git
Working copy of https://github.com/Snapp-Mobile/SwiftFormatLintPlugin.git resolved at 1.0.4
Creating working copy for https://github.com/CocoaLumberjack/CocoaLumberjack.git
Working copy of https://github.com/CocoaLumberjack/CocoaLumberjack.git resolved at 3.10.0
Creating working copy for https://github.com/apple/swift-log
Working copy of https://github.com/apple/swift-log resolved at 1.15.1
Creating working copy for https://github.com/Snapp-Mobile/SnappTheming
Working copy of https://github.com/Snapp-Mobile/SnappTheming resolved at 0.1.3
Creating working copy for https://github.com/SVGKit/SVGKit.git
Working copy of https://github.com/SVGKit/SVGKit.git resolved at 3.0.0
Building for debugging...
[Computing dependencies]
[Pre-planning 1 / 303]
[Planning deferred tasks]
warning: no rule to process file '/host/spi-builder-workspace/Sources/ExampleApp/ExampleApp/Assets.xcassets' of type 'folder.assetcatalog' for architecture 'aarch64'
In file included from <built-in>:1:
/host/spi-builder-workspace/.build/out/Intermediates.noindex/CocoaLumberjack.build/Debug-android-aarch64/CocoaLumberjack-t.build/DerivedSources/resource_bundle_accessor.h:1:9: fatal error: 'Foundation/Foundation.h' file not found
    1 | #import <Foundation/Foundation.h>
      |         ^~~~~~~~~~~~~~~~~~~~~~~~~
1 error generated.
error: CompileC /host/spi-builder-workspace/.build/out/Intermediates.noindex/CocoaLumberjack.build/Debug-android-aarch64/CocoaLumberjack-t.build/Objects-normal/aarch64/resource_bundle_accessor.o /host/spi-builder-workspace/.build/out/Intermediates.noindex/CocoaLumberjack.build/Debug-android-aarch64/CocoaLumberjack-t.build/DerivedSources/resource_bundle_accessor.m normal aarch64 objective-c com.apple.compilers.llvm.clang.1_0.compiler failed with a nonzero exit code. Command line:     cd /host

    Using response file: /host/spi-builder-workspace/.build/out/Intermediates.noindex/CocoaLumberjack.build/Debug-android-aarch64/CocoaLumberjack-t.build/Objects-normal/aarch64/6f95552a3397ee1cec971b90cf334075d5f321c3a3b0689ad55c3d1e24702600-common-args.resp

    /root/.local/share/swiftly/toolchains/6.4.x-snapshot-2026-09-04/usr/bin/clang -x objective-c -target aarch64-unknown-linux-android28 -fmessage-length\=0 -fdiagnostics-show-note-include-stack -fmacro-backtrace-limit\=0 -fcolor-diagnostics -Wno-trigraphs -Wno-missing-field-initializers -Wno-missing-prototypes -Wno-return-type -Wno-implicit-atomic-properties -Wno-objc-interface-ivars -Wno-arc-repeated-use-of-weak -Wno-missing-braces -Wparentheses -Wswitch -Wno-unused-function -Wno-unused-label -Wno-unused-parameter -Wno-unused-variable -Wunused-value -Wno-empty-body -Wno-uninitialized -Wno-unknown-pragmas -w -Wno-shadow -Wno-four-char-constants -Wno-conversion -Wno-constant-conversion -Wno-int-conversion -Wno-bool-conversion -Wno-enum-conversion -Wno-float-conversion -Wno-non-literal-null-conversion -Wno-objc-literal-conversion -Wno-shorten-64-to-32 -Wpointer-sign -Wno-newline-eof -Wno-selector -Wno-strict-selector-match -Wno-undeclared-selector -Wno-deprecated-implementations -Wno-implicit-fallthrough -fstrict-aliasing -Wprotocol -Wdeprecated-declarations -Wno-sign-conversion -Wno-infinite-recursion -Wno-comma -Wno-block-capture-autoreleasing -Wno-strict-prototypes -Wno-semicolon-before-method-body --sysroot /android-ndk/android-ndk-r27d/toolchains/llvm/prebuilt/linux-x86_64/sysroot @/host/spi-builder-workspace/.build/out/Intermediates.noindex/CocoaLumberjack.build/Debug-android-aarch64/CocoaLumberjack-t.build/Objects-normal/aarch64/6f95552a3397ee1cec971b90cf334075d5f321c3a3b0689ad55c3d1e24702600-common-args.resp -include /host/spi-builder-workspace/.build/out/Intermediates.noindex/CocoaLumberjack.build/Debug-android-aarch64/CocoaLumberjack-t.build/DerivedSources/resource_bundle_accessor.h -MMD -MT dependencies -MF /host/spi-builder-workspace/.build/out/Intermediates.noindex/CocoaLumberjack.build/Debug-android-aarch64/CocoaLumberjack-t.build/Objects-normal/aarch64/resource_bundle_accessor.d --serialize-diagnostics /host/spi-builder-workspace/.build/out/Intermediates.noindex/CocoaLumberjack.build/Debug-android-aarch64/CocoaLumberjack-t.build/Objects-normal/aarch64/resource_bundle_accessor.dia -c /host/spi-builder-workspace/.build/out/Intermediates.noindex/CocoaLumberjack.build/Debug-android-aarch64/CocoaLumberjack-t.build/DerivedSources/resource_bundle_accessor.m -o /host/spi-builder-workspace/.build/out/Intermediates.noindex/CocoaLumberjack.build/Debug-android-aarch64/CocoaLumberjack-t.build/Objects-normal/aarch64/resource_bundle_accessor.o
In file included from <built-in>:1:
/host/spi-builder-workspace/.build/out/Intermediates.noindex/CocoaLumberjack.build/Debug-android-aarch64/CocoaLumberjack-t.build/DerivedSources/resource_bundle_accessor.h:1:9: fatal error: 'Foundation/Foundation.h' file not found
    1 | #import <Foundation/Foundation.h>
      |         ^~~~~~~~~~~~~~~~~~~~~~~~~
1 error generated.
error: CompileC /host/spi-builder-workspace/.build/out/Intermediates.noindex/CocoaLumberjack.build/Debug-android-aarch64/CocoaLumberjack-t.build/Objects-normal/aarch64/DDMultiFormatter.o /host/spi-builder-workspace/.build/checkouts/CocoaLumberjack/Sources/CocoaLumberjack/Extensions/DDMultiFormatter.m normal aarch64 objective-c com.apple.compilers.llvm.clang.1_0.compiler failed with a nonzero exit code. Command line:     cd /host

    Using response file: /host/spi-builder-workspace/.build/out/Intermediates.noindex/CocoaLumberjack.build/Debug-android-aarch64/CocoaLumberjack-t.build/Objects-normal/aarch64/6f95552a3397ee1cec971b90cf334075d5f321c3a3b0689ad55c3d1e24702600-common-args.resp

    /root/.local/share/swiftly/toolchains/6.4.x-snapshot-2026-09-04/usr/bin/clang -x objective-c -target aarch64-unknown-linux-android28 -fmessage-length\=0 -fdiagnostics-show-note-include-stack -fmacro-backtrace-limit\=0 -fcolor-diagnostics -Wno-trigraphs -Wno-missing-field-initializers -Wno-missing-prototypes -Wno-return-type -Wno-implicit-atomic-properties -Wno-objc-interface-ivars -Wno-arc-repeated-use-of-weak -Wno-missing-braces -Wparentheses -Wswitch -Wno-unused-function -Wno-unused-label -Wno-unused-parameter -Wno-unused-variable -Wunused-value -Wno-empty-body -Wno-uninitialized -Wno-unknown-pragmas -w -Wno-shadow -Wno-four-char-constants -Wno-conversion -Wno-constant-conversion -Wno-int-conversion -Wno-bool-conversion -Wno-enum-conversion -Wno-float-conversion -Wno-non-literal-null-conversion -Wno-objc-literal-conversion -Wno-shorten-64-to-32 -Wpointer-sign -Wno-newline-eof -Wno-selector -Wno-strict-selector-match -Wno-undeclared-selector -Wno-deprecated-implementations -Wno-implicit-fallthrough -fstrict-aliasing -Wprotocol -Wdeprecated-declarations -Wno-sign-conversion -Wno-infinite-recursion -Wno-comma -Wno-block-capture-autoreleasing -Wno-strict-prototypes -Wno-semicolon-before-method-body --sysroot /android-ndk/android-ndk-r27d/toolchains/llvm/prebuilt/linux-x86_64/sysroot @/host/spi-builder-workspace/.build/out/Intermediates.noindex/CocoaLumberjack.build/Debug-android-aarch64/CocoaLumberjack-t.build/Objects-normal/aarch64/6f95552a3397ee1cec971b90cf334075d5f321c3a3b0689ad55c3d1e24702600-common-args.resp -include /host/spi-builder-workspace/.build/out/Intermediates.noindex/CocoaLumberjack.build/Debug-android-aarch64/CocoaLumberjack-t.build/DerivedSources/resource_bundle_accessor.h -MMD -MT dependencies -MF /host/spi-builder-workspace/.build/out/Intermediates.noindex/CocoaLumberjack.build/Debug-android-aarch64/CocoaLumberjack-t.build/Objects-normal/aarch64/DDMultiFormatter.d --serialize-diagnostics /host/spi-builder-workspace/.build/out/Intermediates.noindex/CocoaLumberjack.build/Debug-android-aarch64/CocoaLumberjack-t.build/Objects-normal/aarch64/DDMultiFormatter.dia -c /host/spi-builder-workspace/.build/checkouts/CocoaLumberjack/Sources/CocoaLumberjack/Extensions/DDMultiFormatter.m -o /host/spi-builder-workspace/.build/out/Intermediates.noindex/CocoaLumberjack.build/Debug-android-aarch64/CocoaLumberjack-t.build/Objects-normal/aarch64/DDMultiFormatter.o
In file included from <built-in>:1:
/host/spi-builder-workspace/.build/out/Intermediates.noindex/CocoaLumberjack.build/Debug-android-aarch64/CocoaLumberjack-t.build/DerivedSources/resource_bundle_accessor.h:1:9: fatal error: 'Foundation/Foundation.h' file not found
    1 | #import <Foundation/Foundation.h>
      |         ^~~~~~~~~~~~~~~~~~~~~~~~~
1 error generated.
error: CompileC /host/spi-builder-workspace/.build/out/Intermediates.noindex/CocoaLumberjack.build/Debug-android-aarch64/CocoaLumberjack-t.build/Objects-normal/aarch64/DDLoggerNames.o /host/spi-builder-workspace/.build/checkouts/CocoaLumberjack/Sources/CocoaLumberjack/DDLoggerNames.m normal aarch64 objective-c com.apple.compilers.llvm.clang.1_0.compiler failed with a nonzero exit code. Command line:     cd /host

    Using response file: /host/spi-builder-workspace/.build/out/Intermediates.noindex/CocoaLumberjack.build/Debug-android-aarch64/CocoaLumberjack-t.build/Objects-normal/aarch64/6f95552a3397ee1cec971b90cf334075d5f321c3a3b0689ad55c3d1e24702600-common-args.resp

    /root/.local/share/swiftly/toolchains/6.4.x-snapshot-2026-09-04/usr/bin/clang -x objective-c -target aarch64-unknown-linux-android28 -fmessage-length\=0 -fdiagnostics-show-note-include-stack -fmacro-backtrace-limit\=0 -fcolor-diagnostics -Wno-trigraphs -Wno-missing-field-initializers -Wno-missing-prototypes -Wno-return-type -Wno-implicit-atomic-properties -Wno-objc-interface-ivars -Wno-arc-repeated-use-of-weak -Wno-missing-braces -Wparentheses -Wswitch -Wno-unused-function -Wno-unused-label -Wno-unused-parameter -Wno-unused-variable -Wunused-value -Wno-empty-body -Wno-uninitialized -Wno-unknown-pragmas -w -Wno-shadow -Wno-four-char-constants -Wno-conversion -Wno-constant-conversion -Wno-int-conversion -Wno-bool-conversion -Wno-enum-conversion -Wno-float-conversion -Wno-non-literal-null-conversion -Wno-objc-literal-conversion -Wno-shorten-64-to-32 -Wpointer-sign -Wno-newline-eof -Wno-selector -Wno-strict-selector-match -Wno-undeclared-selector -Wno-deprecated-implementations -Wno-implicit-fallthrough -fstrict-aliasing -Wprotocol -Wdeprecated-declarations -Wno-sign-conversion -Wno-infinite-recursion -Wno-comma -Wno-block-capture-autoreleasing -Wno-strict-prototypes -Wno-semicolon-before-method-body --sysroot /android-ndk/android-ndk-r27d/toolchains/llvm/prebuilt/linux-x86_64/sysroot @/host/spi-builder-workspace/.build/out/Intermediates.noindex/CocoaLumberjack.build/Debug-android-aarch64/CocoaLumberjack-t.build/Objects-normal/aarch64/6f95552a3397ee1cec971b90cf334075d5f321c3a3b0689ad55c3d1e24702600-common-args.resp -include /host/spi-builder-workspace/.build/out/Intermediates.noindex/CocoaLumberjack.build/Debug-android-aarch64/CocoaLumberjack-t.build/DerivedSources/resource_bundle_accessor.h -MMD -MT dependencies -MF /host/spi-builder-workspace/.build/out/Intermediates.noindex/CocoaLumberjack.build/Debug-android-aarch64/CocoaLumberjack-t.build/Objects-normal/aarch64/DDLoggerNames.d --serialize-diagnostics /host/spi-builder-workspace/.build/out/Intermediates.noindex/CocoaLumberjack.build/Debug-android-aarch64/CocoaLumberjack-t.build/Objects-normal/aarch64/DDLoggerNames.dia -c /host/spi-builder-workspace/.build/checkouts/CocoaLumberjack/Sources/CocoaLumberjack/DDLoggerNames.m -o /host/spi-builder-workspace/.build/out/Intermediates.noindex/CocoaLumberjack.build/Debug-android-aarch64/CocoaLumberjack-t.build/Objects-normal/aarch64/DDLoggerNames.o
In file included from <built-in>:1:
/host/spi-builder-workspace/.build/out/Intermediates.noindex/CocoaLumberjack.build/Debug-android-aarch64/CocoaLumberjack-t.build/DerivedSources/resource_bundle_accessor.h:1:9: fatal error: 'Foundation/Foundation.h' file not found
    1 | #import <Foundation/Foundation.h>
      |         ^~~~~~~~~~~~~~~~~~~~~~~~~
1 error generated.
error: CompileC /host/spi-builder-workspace/.build/out/Intermediates.noindex/CocoaLumberjack.build/Debug-android-aarch64/CocoaLumberjack-t.build/Objects-normal/aarch64/DDOSLogger.o /host/spi-builder-workspace/.build/checkouts/CocoaLumberjack/Sources/CocoaLumberjack/DDOSLogger.m normal aarch64 objective-c com.apple.compilers.llvm.clang.1_0.compiler failed with a nonzero exit code. Command line:     cd /host

    Using response file: /host/spi-builder-workspace/.build/out/Intermediates.noindex/CocoaLumberjack.build/Debug-android-aarch64/CocoaLumberjack-t.build/Objects-normal/aarch64/6f95552a3397ee1cec971b90cf334075d5f321c3a3b0689ad55c3d1e24702600-common-args.resp

    /root/.local/share/swiftly/toolchains/6.4.x-snapshot-2026-09-04/usr/bin/clang -x objective-c -target aarch64-unknown-linux-android28 -fmessage-length\=0 -fdiagnostics-show-note-include-stack -fmacro-backtrace-limit\=0 -fcolor-diagnostics -Wno-trigraphs -Wno-missing-field-initializers -Wno-missing-prototypes -Wno-return-type -Wno-implicit-atomic-properties -Wno-objc-interface-ivars -Wno-arc-repeated-use-of-weak -Wno-missing-braces -Wparentheses -Wswitch -Wno-unused-function -Wno-unused-label -Wno-unused-parameter -Wno-unused-variable -Wunused-value -Wno-empty-body -Wno-uninitialized -Wno-unknown-pragmas -w -Wno-shadow -Wno-four-char-constants -Wno-conversion -Wno-constant-conversion -Wno-int-conversion -Wno-bool-conversion -Wno-enum-conversion -Wno-float-conversion -Wno-non-literal-null-conversion -Wno-objc-literal-conversion -Wno-shorten-64-to-32 -Wpointer-sign -Wno-newline-eof -Wno-selector -Wno-strict-selector-match -Wno-undeclared-selector -Wno-deprecated-implementations -Wno-implicit-fallthrough -fstrict-aliasing -Wprotocol -Wdeprecated-declarations -Wno-sign-conversion -Wno-infinite-recursion -Wno-comma -Wno-block-capture-autoreleasing -Wno-strict-prototypes -Wno-semicolon-before-method-body --sysroot /android-ndk/android-ndk-r27d/toolchains/llvm/prebuilt/linux-x86_64/sysroot @/host/spi-builder-workspace/.build/out/Intermediates.noindex/CocoaLumberjack.build/Debug-android-aarch64/CocoaLumberjack-t.build/Objects-normal/aarch64/6f95552a3397ee1cec971b90cf334075d5f321c3a3b0689ad55c3d1e24702600-common-args.resp -include /host/spi-builder-workspace/.build/out/Intermediates.noindex/CocoaLumberjack.build/Debug-android-aarch64/CocoaLumberjack-t.build/DerivedSources/resource_bundle_accessor.h -MMD -MT dependencies -MF /host/spi-builder-workspace/.build/out/Intermediates.noindex/CocoaLumberjack.build/Debug-android-aarch64/CocoaLumberjack-t.build/Objects-normal/aarch64/DDOSLogger.d --serialize-diagnostics /host/spi-builder-workspace/.build/out/Intermediates.noindex/CocoaLumberjack.build/Debug-android-aarch64/CocoaLumberjack-t.build/Objects-normal/aarch64/DDOSLogger.dia -c /host/spi-builder-workspace/.build/checkouts/CocoaLumberjack/Sources/CocoaLumberjack/DDOSLogger.m -o /host/spi-builder-workspace/.build/out/Intermediates.noindex/CocoaLumberjack.build/Debug-android-aarch64/CocoaLumberjack-t.build/Objects-normal/aarch64/DDOSLogger.o
In file included from <built-in>:1:
/host/spi-builder-workspace/.build/out/Intermediates.noindex/CocoaLumberjack.build/Debug-android-aarch64/CocoaLumberjack-t.build/DerivedSources/resource_bundle_accessor.h:1:9: fatal error: 'Foundation/Foundation.h' file not found
    1 | #import <Foundation/Foundation.h>
      |         ^~~~~~~~~~~~~~~~~~~~~~~~~
1 error generated.
error: CompileC /host/spi-builder-workspace/.build/out/Intermediates.noindex/CocoaLumberjack.build/Debug-android-aarch64/CocoaLumberjack-t.build/Objects-normal/aarch64/DDTTYLogger.o /host/spi-builder-workspace/.build/checkouts/CocoaLumberjack/Sources/CocoaLumberjack/DDTTYLogger.m normal aarch64 objective-c com.apple.compilers.llvm.clang.1_0.compiler failed with a nonzero exit code. Command line:     cd /host

    Using response file: /host/spi-builder-workspace/.build/out/Intermediates.noindex/CocoaLumberjack.build/Debug-android-aarch64/CocoaLumberjack-t.build/Objects-normal/aarch64/6f95552a3397ee1cec971b90cf334075d5f321c3a3b0689ad55c3d1e24702600-common-args.resp

    /root/.local/share/swiftly/toolchains/6.4.x-snapshot-2026-09-04/usr/bin/clang -x objective-c -target aarch64-unknown-linux-android28 -fmessage-length\=0 -fdiagnostics-show-note-include-stack -fmacro-backtrace-limit\=0 -fcolor-diagnostics -Wno-trigraphs -Wno-missing-field-initializers -Wno-missing-prototypes -Wno-return-type -Wno-implicit-atomic-properties -Wno-objc-interface-ivars -Wno-arc-repeated-use-of-weak -Wno-missing-braces -Wparentheses -Wswitch -Wno-unused-function -Wno-unused-label -Wno-unused-parameter -Wno-unused-variable -Wunused-value -Wno-empty-body -Wno-uninitialized -Wno-unknown-pragmas -w -Wno-shadow -Wno-four-char-constants -Wno-conversion -Wno-constant-conversion -Wno-int-conversion -Wno-bool-conversion -Wno-enum-conversion -Wno-float-conversion -Wno-non-literal-null-conversion -Wno-objc-literal-conversion -Wno-shorten-64-to-32 -Wpointer-sign -Wno-newline-eof -Wno-selector -Wno-strict-selector-match -Wno-undeclared-selector -Wno-deprecated-implementations -Wno-implicit-fallthrough -fstrict-aliasing -Wprotocol -Wdeprecated-declarations -Wno-sign-conversion -Wno-infinite-recursion -Wno-comma -Wno-block-capture-autoreleasing -Wno-strict-prototypes -Wno-semicolon-before-method-body --sysroot /android-ndk/android-ndk-r27d/toolchains/llvm/prebuilt/linux-x86_64/sysroot @/host/spi-builder-workspace/.build/out/Intermediates.noindex/CocoaLumberjack.build/Debug-android-aarch64/CocoaLumberjack-t.build/Objects-normal/aarch64/6f95552a3397ee1cec971b90cf334075d5f321c3a3b0689ad55c3d1e24702600-common-args.resp -include /host/spi-builder-workspace/.build/out/Intermediates.noindex/CocoaLumberjack.build/Debug-android-aarch64/CocoaLumberjack-t.build/DerivedSources/resource_bundle_accessor.h -MMD -MT dependencies -MF /host/spi-builder-workspace/.build/out/Intermediates.noindex/CocoaLumberjack.build/Debug-android-aarch64/CocoaLumberjack-t.build/Objects-normal/aarch64/DDTTYLogger.d --serialize-diagnostics /host/spi-builder-workspace/.build/out/Intermediates.noindex/CocoaLumberjack.build/Debug-android-aarch64/CocoaLumberjack-t.build/Objects-normal/aarch64/DDTTYLogger.dia -c /host/spi-builder-workspace/.build/checkouts/CocoaLumberjack/Sources/CocoaLumberjack/DDTTYLogger.m -o /host/spi-builder-workspace/.build/out/Intermediates.noindex/CocoaLumberjack.build/Debug-android-aarch64/CocoaLumberjack-t.build/Objects-normal/aarch64/DDTTYLogger.o
In file included from <built-in>:1:
/host/spi-builder-workspace/.build/out/Intermediates.noindex/CocoaLumberjack.build/Debug-android-aarch64/CocoaLumberjack-t.build/DerivedSources/resource_bundle_accessor.h:1:9: fatal error: 'Foundation/Foundation.h' file not found
    1 | #import <Foundation/Foundation.h>
      |         ^~~~~~~~~~~~~~~~~~~~~~~~~
1 error generated.
error: CompileC /host/spi-builder-workspace/.build/out/Intermediates.noindex/CocoaLumberjack.build/Debug-android-aarch64/CocoaLumberjack-t.build/Objects-normal/aarch64/DDFileLogger+Buffering.o /host/spi-builder-workspace/.build/checkouts/CocoaLumberjack/Sources/CocoaLumberjack/Extensions/DDFileLogger+Buffering.m normal aarch64 objective-c com.apple.compilers.llvm.clang.1_0.compiler failed with a nonzero exit code. Command line:     cd /host

    Using response file: /host/spi-builder-workspace/.build/out/Intermediates.noindex/CocoaLumberjack.build/Debug-android-aarch64/CocoaLumberjack-t.build/Objects-normal/aarch64/6f95552a3397ee1cec971b90cf334075d5f321c3a3b0689ad55c3d1e24702600-common-args.resp

    /root/.local/share/swiftly/toolchains/6.4.x-snapshot-2026-09-04/usr/bin/clang -x objective-c -target aarch64-unknown-linux-android28 -fmessage-length\=0 -fdiagnostics-show-note-include-stack -fmacro-backtrace-limit\=0 -fcolor-diagnostics -Wno-trigraphs -Wno-missing-field-initializers -Wno-missing-prototypes -Wno-return-type -Wno-implicit-atomic-properties -Wno-objc-interface-ivars -Wno-arc-repeated-use-of-weak -Wno-missing-braces -Wparentheses -Wswitch -Wno-unused-function -Wno-unused-label -Wno-unused-parameter -Wno-unused-variable -Wunused-value -Wno-empty-body -Wno-uninitialized -Wno-unknown-pragmas -w -Wno-shadow -Wno-four-char-constants -Wno-conversion -Wno-constant-conversion -Wno-int-conversion -Wno-bool-conversion -Wno-enum-conversion -Wno-float-conversion -Wno-non-literal-null-conversion -Wno-objc-literal-conversion -Wno-shorten-64-to-32 -Wpointer-sign -Wno-newline-eof -Wno-selector -Wno-strict-selector-match -Wno-undeclared-selector -Wno-deprecated-implementations -Wno-implicit-fallthrough -fstrict-aliasing -Wprotocol -Wdeprecated-declarations -Wno-sign-conversion -Wno-infinite-recursion -Wno-comma -Wno-block-capture-autoreleasing -Wno-strict-prototypes -Wno-semicolon-before-method-body --sysroot /android-ndk/android-ndk-r27d/toolchains/llvm/prebuilt/linux-x86_64/sysroot @/host/spi-builder-workspace/.build/out/Intermediates.noindex/CocoaLumberjack.build/Debug-android-aarch64/CocoaLumberjack-t.build/Objects-normal/aarch64/6f95552a3397ee1cec971b90cf334075d5f321c3a3b0689ad55c3d1e24702600-common-args.resp -include /host/spi-builder-workspace/.build/out/Intermediates.noindex/CocoaLumberjack.build/Debug-android-aarch64/CocoaLumberjack-t.build/DerivedSources/resource_bundle_accessor.h -MMD -MT dependencies -MF /host/spi-builder-workspace/.build/out/Intermediates.noindex/CocoaLumberjack.build/Debug-android-aarch64/CocoaLumberjack-t.build/Objects-normal/aarch64/DDFileLogger+Buffering.d --serialize-diagnostics /host/spi-builder-workspace/.build/out/Intermediates.noindex/CocoaLumberjack.build/Debug-android-aarch64/CocoaLumberjack-t.build/Objects-normal/aarch64/DDFileLogger+Buffering.dia -c /host/spi-builder-workspace/.build/checkouts/CocoaLumberjack/Sources/CocoaLumberjack/Extensions/DDFileLogger+Buffering.m -o /host/spi-builder-workspace/.build/out/Intermediates.noindex/CocoaLumberjack.build/Debug-android-aarch64/CocoaLumberjack-t.build/Objects-normal/aarch64/DDFileLogger+Buffering.o
error: Build failed
BUILD FAILURE 6.4 android