The Swift Package Index logo.Swift Package Index

Build Information

Failed to build IntoError, reference 1.0.0 (86d978), with Swift 6.4 for Wasm on 24 Sep 2026 00:15:25 UTC.

Build Command

bash -c docker run --pull=always --rm -v "checkouts-54344845-1":/host -w "$PWD" -e JAVA_HOME="/root/.sdkman/candidates/java/current" -e SPI_BUILD="1" -e SPI_PROCESSING="1" registry.gitlab.com/saguaro1/spi-images:wasm-6.4-latest swift build --swift-sdk swift-6.4.x-DEVELOPMENT-SNAPSHOT-2026-09-04-a_wasm 2>&1

Build Log

========================================
RunAll
========================================
Builder version: 5.1.0
Interrupt handler set up.
========================================
Checkout
========================================
Clone URL: https://github.com/tikhop/IntoError.git
Reference: 1.0.0
Initialized empty Git repository in /host/spi-builder-workspace/.git/
hint: Using 'master' as the name for the initial branch. This default branch name
hint: is subject to change. To configure the initial branch name to use in all
hint: of your new repositories, which will suppress this warning, call:
hint:
hint: 	git config --global init.defaultBranch <name>
hint:
hint: Names commonly chosen instead of 'master' are 'main', 'trunk' and
hint: 'development'. The just-created branch can be renamed via this command:
hint:
hint: 	git branch -m <name>
From https://github.com/tikhop/IntoError
 * tag               1.0.0      -> FETCH_HEAD
HEAD is now at 86d978f chore: Prepare for release
Cloned https://github.com/tikhop/IntoError.git
Revision (git rev-parse @):
86d978f7a62e4c54d94b05676761b74d90f9715a
SPI manifest file found: $PWD/.spi.yml
SUCCESS checkout https://github.com/tikhop/IntoError.git at 1.0.0
========================================
Build
========================================
Selected platform:         wasm
Swift version:             6.4
Building package at path:  $PWD
https://github.com/tikhop/IntoError.git
Running build ...
bash -c docker run --pull=always --rm -v "checkouts-54344845-1":/host -w "$PWD" -e JAVA_HOME="/root/.sdkman/candidates/java/current" -e SPI_BUILD="1" -e SPI_PROCESSING="1" registry.gitlab.com/saguaro1/spi-images:wasm-6.4-latest swift build --swift-sdk swift-6.4.x-DEVELOPMENT-SNAPSHOT-2026-09-04-a_wasm 2>&1
wasm-6.4-latest: Pulling from saguaro1/spi-images
Digest: sha256:4328fdb43c680d205c1d6761b1e3267aa38277eefdda9ddfb17b6a0f1a77857a
Status: Image is up to date for registry.gitlab.com/saguaro1/spi-images:wasm-6.4-latest
Fetching https://github.com/swiftlang/swift-syntax.git
[1/80027] Fetching swift-syntax
Fetched https://github.com/swiftlang/swift-syntax.git (3.14s)
Computing version for https://github.com/swiftlang/swift-syntax.git
Computed https://github.com/swiftlang/swift-syntax.git at 600.0.1 (4.30s)
Creating working copy for https://github.com/swiftlang/swift-syntax.git
Working copy of https://github.com/swiftlang/swift-syntax.git resolved at 600.0.1
Building for debugging...
[Computing dependencies]
[Constructing description]
[Pre-planning 1 / 533]
[Planning deferred tasks]
[64 / 222] SwiftParserDiagnostics
[133 / 232] SwiftSyntax
[139 / 241] SwiftSyntax
[147 / 244] SwiftSyntax509
[150 / 244] SwiftSyntax509
[151 / 244] SwiftSyntax
[164 / 271] SwiftParser
[168 / 271] SwiftDiagnostics
[174 / 271] SwiftBasicFormat
[178 / 271] SwiftParser
[180 / 271] SwiftParser
[182 / 271] SwiftParser
[183 / 271] SwiftParser
[188 / 271] SwiftParser
[190 / 271] SwiftOperators
[193 / 271] SwiftDiagnostics
[195 / 271] SwiftDiagnostics
[196 / 271] SwiftBasicFormat
[197 / 271] SwiftParserDiagnostics
[200 / 273]
[204 / 292] SwiftParserDiagnostics
[206 / 293] SwiftOperators
[209 / 293] SwiftOperators
[215 / 293] SwiftParserDiagnostics
[219 / 293] SwiftParserDiagnostics
[220 / 293] SwiftSyntaxBuilder
[221 / 294] SwiftSyntaxBuilder
[224 / 294] SwiftParser
[227 / 294] SwiftOperators
[228 / 294] SwiftOperators
[231 / 294] SwiftDiagnostics
[238 / 304] SwiftSyntaxBuilder
[239 / 305] SwiftSyntaxBuilder
[240 / 306] SwiftSyntaxBuilder
[243 / 306] SwiftSyntaxBuilder
[252 / 306] SwiftBasicFormat
[256 / 316] SwiftSyntaxMacros
[260 / 316] SwiftSyntaxMacros
[267 / 316] SwiftSyntaxMacros
[272 / 326] SwiftSyntaxMacroExpansion
[273 / 326] SwiftSyntaxMacroExpansion
[274 / 327] SwiftSyntaxMacros
[281 / 327] SwiftSyntaxMacroExpansion
[284 / 327] SwiftSyntaxMacroExpansion
[287 / 328] SwiftSyntaxBuilder
[290 / 338] SwiftSyntaxMacroExpansion
[291 / 338] SwiftCompilerPluginMessageHandling
[294 / 338] SwiftCompilerPluginMessageHandling
[296 / 338] SwiftCompilerPluginMessageHandling
[302 / 338] SwiftCompilerPluginMessageHandling
[308 / 341] SwiftCompilerPlugin
[312 / 342] SwiftCompilerPlugin
[314 / 343] SwiftCompilerPluginMessageHandling
[316 / 344] SwiftSyntax
[318 / 345] SwiftSyntax
[319 / 345] SwiftSyntax
[326 / 345] SwiftSyntaxMacros
[334 / 346] IntoErrorMacros
[337 / 349] IntoErrorMacros
error: SwiftCompile normal x86_64 /host/spi-builder-workspace/Sources/IntoErrorMacros/IntoErrorMacro.swift failed with a nonzero exit code. Command line:     cd /host
    builtin-SwiftPerFileCompile IntoErrorMacro.swift
/host/spi-builder-workspace/Sources/IntoErrorMacros/IntoErrorMacro.swift:134:48: error: value of type 'String' has no member 'trimmingCharacters'
132 |         {
133 |             hasArgument = true
134 |             let argText = firstArg.description.trimmingCharacters(in: .whitespaces)
    |                                                `- error: value of type 'String' has no member 'trimmingCharacters'
135 |             if argText.hasSuffix(".self") {
136 |                 argumentType = String(argText.dropLast(5))
/host/spi-builder-workspace/Sources/IntoErrorMacros/IntoErrorMacro.swift:148:26: error: value of type 'String' has no member 'trimmingCharacters'
146 |         let hasTypedThrows = funcDecl.signature.effectSpecifiers?.throwsClause?.type != nil
147 |         let typedThrowsType = funcDecl.signature.effectSpecifiers?.throwsClause?.type?
148 |             .description.trimmingCharacters(in: .whitespaces)
    |                          `- error: value of type 'String' has no member 'trimmingCharacters'
149 |
150 |         // Determine error type and validate usage
Failed frontend command:
/usr/bin/swift-frontend -frontend -c -primary-file /host/spi-builder-workspace/Sources/IntoErrorMacros/IntoErrorMacro.swift /host/spi-builder-workspace/Sources/IntoErrorMacros/Plugin.swift -emit-dependencies-path /host/spi-builder-workspace/.build/out/Intermediates.noindex/IntoError.build/Debug-linux-x86_64/IntoErrorMacros-t.build/Objects-normal/x86_64/IntoErrorMacro.d -emit-const-values-path /host/spi-builder-workspace/.build/out/Intermediates.noindex/IntoError.build/Debug-linux-x86_64/IntoErrorMacros-t.build/Objects-normal/x86_64/IntoErrorMacro.swiftconstvalues -emit-reference-dependencies-path /host/spi-builder-workspace/.build/out/Intermediates.noindex/IntoError.build/Debug-linux-x86_64/IntoErrorMacros-t.build/Objects-normal/x86_64/IntoErrorMacro.swiftdeps -serialize-diagnostics-path /host/spi-builder-workspace/.build/out/Intermediates.noindex/IntoError.build/Debug-linux-x86_64/IntoErrorMacros-t.build/Objects-normal/x86_64/IntoErrorMacro.dia -target x86_64-unknown-linux-gnu -disable-objc-interop -I /host/spi-builder-workspace/.build/out/Products/Debug-linux-x86_64 -module-cache-path /host/spi-builder-workspace/.build/out/ModuleCache.noindex -color-diagnostics -Xcc -fcolor-diagnostics -enable-testing -g -debug-info-format\=dwarf -dwarf-version\=4 -swift-version 6 -Onone -D SWIFT_PACKAGE -D DEBUG -D Xcode -serialize-debugging-options -enable-experimental-feature DebugDescriptionMacro -empty-abi-descriptor -external-plugin-path /usr/lib/swift/host/plugins/testing\#/usr/bin/swift-plugin-server -validate-clang-modules-once -clang-build-session-file /host/spi-builder-workspace/.build/out/ModuleCache.noindex/Session.modulevalidation -Xcc -working-directory -Xcc /host -enable-anonymous-context-mangled-names -file-compilation-dir /host -Xcc -fmodule-map-file\=/host/spi-builder-workspace/.build/checkouts/swift-syntax/Sources/_SwiftSyntaxCShims/include/module.modulemap -Xcc -D_LIBCPP_HARDENING_MODE\=_LIBCPP_HARDENING_MODE_DEBUG -Xcc -fmodules-prune-interval\=86400 -Xcc -fmodules-prune-after\=345600 -Xcc -I/host/spi-builder-workspace/.build/checkouts/swift-syntax/Sources/_SwiftSyntaxCShims/include -Xcc -I/host/spi-builder-workspace/.build/out/Products/Debug-linux-x86_64/include -Xcc -I/host/spi-builder-workspace/.build/out/Intermediates.noindex/IntoError.build/Debug-linux-x86_64/IntoErrorMacros-t.build/DerivedSources-normal/x86_64 -Xcc -I/host/spi-builder-workspace/.build/out/Intermediates.noindex/IntoError.build/Debug-linux-x86_64/IntoErrorMacros-t.build/DerivedSources/x86_64 -Xcc -I/host/spi-builder-workspace/.build/out/Intermediates.noindex/IntoError.build/Debug-linux-x86_64/IntoErrorMacros-t.build/DerivedSources -Xcc -DSWIFT_PACKAGE -Xcc -DDEBUG\=1 -no-auto-bridging-header-chaining -module-name IntoErrorMacros -package-name spi_builder_workspace -const-gather-protocols-file /host/spi-builder-workspace/.build/out/Intermediates.noindex/IntoError.build/Debug-linux-x86_64/IntoErrorMacros-t.build/Objects-normal/x86_64/IntoErrorMacros_const_extract_protocols.json -in-process-plugin-server-path /usr/lib/swift/host/libSwiftInProcPluginServer.so -plugin-path /usr/lib/swift/host/plugins -plugin-path /usr/local/lib/swift/host/plugins -parse-as-library -o /host/spi-builder-workspace/.build/out/Intermediates.noindex/IntoError.build/Debug-linux-x86_64/IntoErrorMacros-t.build/Objects-normal/x86_64/IntoErrorMacro.o -index-unit-output-path /IntoError.build/Debug-linux-x86_64/IntoErrorMacros-t.build/Objects-normal/x86_64/IntoErrorMacro.o -index-store-path /host/spi-builder-workspace/.build/out -index-system-modules
error: Build failed
BUILD FAILURE 6.4 wasm