Build Information
Failed to build ZendeskSDKMessaging, reference 2.41.0 (aec9fc), with Swift 6.3 for watchOS using Xcode 26.4 on 3 Oct 2026 16:05:41 UTC.
Build Command
env DEVELOPER_DIR=/Applications/Xcode-26.5.0.app xcrun xcodebuild -IDEClonedSourcePackagesDirPathOverride=$PWD/.dependencies -skipMacroValidation -skipPackagePluginValidation -derivedDataPath $PWD/.derivedData build -scheme ZendeskSDKMessaging -destination generic/platform=watchOSBuild Log
========================================
RunAll
========================================
Builder version: 5.1.1
Interrupt handler set up.
========================================
Checkout
========================================
Clone URL: https://github.com/zendesk/sdk_messaging_ios.git
Reference: 2.41.0
Initialized empty Git repository in /Users/admin/builder/spi-builder-workspace/.git/
From https://github.com/zendesk/sdk_messaging_ios
* tag 2.41.0 -> FETCH_HEAD
HEAD is now at aec9fc2 [RELEASE] New version 2.41.0
Cloned https://github.com/zendesk/sdk_messaging_ios.git
Revision (git rev-parse @):
aec9fc237193d07d27377f05ba5c874d882ffd21
SUCCESS checkout https://github.com/zendesk/sdk_messaging_ios.git at 2.41.0
========================================
Build
========================================
Selected platform: watchOS
Swift version: 6.3
Building package at path: $PWD
https://github.com/zendesk/sdk_messaging_ios.git
Command line invocation:
/Applications/Xcode-26.5.0.app/Contents/Developer/usr/bin/xcodebuild -IDEClonedSourcePackagesDirPathOverride=/Users/admin/builder/spi-builder-workspace/.dependencies -resolvePackageDependencies
Resolve Package Graph
Fetching from https://github.com/zendesk/sdk_ui_components_ios
Fetching from https://github.com/zendesk/sdk_conversation_kit_ios
Fetching from https://github.com/zendesk/sdk_zendesk_ios
Fetching from https://github.com/zendesk/sdk_guide_kit_ios
Fetching from https://github.com/zendesk/sdk_core_utilities_ios
Fetching from https://github.com/zendesk/sdk_analytics_kit_ios
Fetching from https://github.com/zendesk/sdk_storage_ios
Fetching from https://github.com/zendesk/sdk_http_client_ios
Fetching from https://github.com/zendesk/sdk_logger_ios
Fetching from https://github.com/zendesk/sdk_faye_client_ios
Fetching from https://github.com/zendesk/sdk_socket_client_ios
Creating working copy of package ‘sdk_guide_kit_ios’
Checking out 2.12.0 of package ‘sdk_guide_kit_ios’
Creating working copy of package ‘sdk_logger_ios’
Checking out 0.12.0 of package ‘sdk_logger_ios’
Creating working copy of package ‘sdk_storage_ios’
Checking out 1.7.0 of package ‘sdk_storage_ios’
Creating working copy of package ‘sdk_analytics_kit_ios’
Checking out 1.1.0 of package ‘sdk_analytics_kit_ios’
Creating working copy of package ‘sdk_http_client_ios’
Checking out 0.22.0 of package ‘sdk_http_client_ios’
Creating working copy of package ‘sdk_ui_components_ios’
Checking out 15.1.0 of package ‘sdk_ui_components_ios’
Creating working copy of package ‘sdk_zendesk_ios’
Checking out 3.19.0 of package ‘sdk_zendesk_ios’
Creating working copy of package ‘sdk_faye_client_ios’
Checking out 1.17.0 of package ‘sdk_faye_client_ios’
Creating working copy of package ‘sdk_socket_client_ios’
Checking out 1.15.0 of package ‘sdk_socket_client_ios’
Creating working copy of package ‘sdk_conversation_kit_ios’
Checking out 15.1.0 of package ‘sdk_conversation_kit_ios’
Creating working copy of package ‘sdk_core_utilities_ios’
Checking out 8.2.0 of package ‘sdk_core_utilities_ios’
Resolve Package Graph
Resolved source packages:
ZendeskSDKStorage: https://github.com/zendesk/sdk_storage_ios @ 1.7.0
ZendeskSDKFayeClient: https://github.com/zendesk/sdk_faye_client_ios @ 1.17.0
ZendeskSDKCoreUtilities: https://github.com/zendesk/sdk_core_utilities_ios @ 8.2.0
ZendeskSDKHTTPClient: https://github.com/zendesk/sdk_http_client_ios @ 0.22.0
ZendeskSDKMessaging: /Users/admin/builder/spi-builder-workspace
ZendeskSDKConversationKit: https://github.com/zendesk/sdk_conversation_kit_ios @ 15.1.0
ZendeskSDKLogger: https://github.com/zendesk/sdk_logger_ios @ 0.12.0
ZendeskSDKAnalyticsKit: https://github.com/zendesk/sdk_analytics_kit_ios @ 1.1.0
ZendeskSDKGuideKit: https://github.com/zendesk/sdk_guide_kit_ios @ 2.12.0
ZendeskSDKUIComponents: https://github.com/zendesk/sdk_ui_components_ios @ 15.1.0
ZendeskSDKSocketClient: https://github.com/zendesk/sdk_socket_client_ios @ 1.15.0
ZendeskSDK: https://github.com/zendesk/sdk_zendesk_ios @ 3.19.0
resolved source packages: ZendeskSDKStorage, ZendeskSDKFayeClient, ZendeskSDKCoreUtilities, ZendeskSDKHTTPClient, ZendeskSDKMessaging, ZendeskSDKConversationKit, ZendeskSDKLogger, ZendeskSDKAnalyticsKit, ZendeskSDKGuideKit, ZendeskSDKUIComponents, ZendeskSDKSocketClient, ZendeskSDK
2026-10-03 12:03:49.615 xcodebuild[542:3112] [MT] IDERunDestination: Supported platforms for the buildables in the current scheme is empty.
{
"dependencies" : [
{
"identity" : "sdk_conversation_kit_ios",
"requirement" : {
"range" : [
{
"lower_bound" : "15.1.0",
"upper_bound" : "16.0.0"
}
]
},
"type" : "sourceControl",
"url" : "https://github.com/zendesk/sdk_conversation_kit_ios"
},
{
"identity" : "sdk_ui_components_ios",
"requirement" : {
"range" : [
{
"lower_bound" : "15.1.0",
"upper_bound" : "16.0.0"
}
]
},
"type" : "sourceControl",
"url" : "https://github.com/zendesk/sdk_ui_components_ios"
},
{
"identity" : "sdk_zendesk_ios",
"requirement" : {
"range" : [
{
"lower_bound" : "3.19.0",
"upper_bound" : "4.0.0"
}
]
},
"type" : "sourceControl",
"url" : "https://github.com/zendesk/sdk_zendesk_ios"
},
{
"identity" : "sdk_core_utilities_ios",
"requirement" : {
"range" : [
{
"lower_bound" : "8.2.0",
"upper_bound" : "9.0.0"
}
]
},
"type" : "sourceControl",
"url" : "https://github.com/zendesk/sdk_core_utilities_ios"
},
{
"identity" : "sdk_guide_kit_ios",
"requirement" : {
"range" : [
{
"lower_bound" : "2.12.0",
"upper_bound" : "3.0.0"
}
]
},
"type" : "sourceControl",
"url" : "https://github.com/zendesk/sdk_guide_kit_ios"
},
{
"identity" : "sdk_analytics_kit_ios",
"requirement" : {
"range" : [
{
"lower_bound" : "1.1.0",
"upper_bound" : "2.0.0"
}
]
},
"type" : "sourceControl",
"url" : "https://github.com/zendesk/sdk_analytics_kit_ios"
}
],
"manifest_display_name" : "ZendeskSDKMessaging",
"name" : "ZendeskSDKMessaging",
"path" : "/Users/admin/builder/spi-builder-workspace",
"platforms" : [
{
"name" : "ios",
"version" : "16.0"
}
],
"products" : [
{
"name" : "ZendeskSDKMessaging",
"targets" : [
"ZendeskSDKMessagingTargets"
],
"type" : {
"library" : [
"automatic"
]
}
}
],
"targets" : [
{
"c99name" : "ZendeskSDKMessagingTargets",
"module_type" : "SwiftTarget",
"name" : "ZendeskSDKMessagingTargets",
"path" : "Sources",
"product_dependencies" : [
"ZendeskSDKConversationKit",
"ZendeskSDKUIComponents",
"ZendeskSDK",
"ZendeskSDKCoreUtilities",
"ZendeskSDKGuideKit",
"ZendeskSDKAnalyticsKit"
],
"product_memberships" : [
"ZendeskSDKMessaging"
],
"sources" : [
"Placeholder.swift"
],
"target_dependencies" : [
"ZendeskSDKMessaging"
],
"type" : "library"
},
{
"c99name" : "ZendeskSDKMessaging",
"module_type" : "BinaryTarget",
"name" : "ZendeskSDKMessaging",
"path" : "ZendeskSDKMessaging.xcframework",
"product_memberships" : [
"ZendeskSDKMessaging"
],
"sources" : [
],
"type" : "binary"
}
],
"tools_version" : "5.7"
}
warning: 'spi-builder-workspace': /Users/admin/builder/spi-builder-workspace/Package.swift:17:10: warning: 'package(name:url:from:)' is deprecated: use package(url:from:) instead [#DeprecatedDeclaration]
15 | ],
16 | dependencies: [
17 | .package(
| `- warning: 'package(name:url:from:)' is deprecated: use package(url:from:) instead [#DeprecatedDeclaration]
18 | name: "ZendeskSDKConversationKit",
19 | url: "https://github.com/zendesk/sdk_conversation_kit_ios",
/Users/admin/builder/spi-builder-workspace/Package.swift:22:10: warning: 'package(name:url:from:)' is deprecated: use package(url:from:) instead [#DeprecatedDeclaration]
20 | from: "15.1.0"
21 | ),
22 | .package(
| `- warning: 'package(name:url:from:)' is deprecated: use package(url:from:) instead [#DeprecatedDeclaration]
23 | name: "ZendeskSDKUIComponents",
24 | url: "https://github.com/zendesk/sdk_ui_components_ios",
/Users/admin/builder/spi-builder-workspace/Package.swift:27:10: warning: 'package(name:url:from:)' is deprecated: use package(url:from:) instead [#DeprecatedDeclaration]
25 | from: "15.1.0"
26 | ),
27 | .package(
| `- warning: 'package(name:url:from:)' is deprecated: use package(url:from:) instead [#DeprecatedDeclaration]
28 | name: "ZendeskSDK",
29 | url: "https://github.com/zendesk/sdk_zendesk_ios",
/Users/admin/builder/spi-builder-workspace/Package.swift:32:10: warning: 'package(name:url:from:)' is deprecated: use package(url:from:) instead [#DeprecatedDeclaration]
30 | from: "3.19.0"
31 | ),
32 | .package(
| `- warning: 'package(name:url:from:)' is deprecated: use package(url:from:) instead [#DeprecatedDeclaration]
33 | name: "ZendeskSDKCoreUtilities",
34 | url: "https://github.com/zendesk/sdk_core_utilities_ios",
/Users/admin/builder/spi-builder-workspace/Package.swift:37:10: warning: 'package(name:url:from:)' is deprecated: use package(url:from:) instead [#DeprecatedDeclaration]
35 | from: "8.2.0"
36 | ),
37 | .package(
| `- warning: 'package(name:url:from:)' is deprecated: use package(url:from:) instead [#DeprecatedDeclaration]
38 | name: "ZendeskSDKGuideKit",
39 | url: "https://github.com/zendesk/sdk_guide_kit_ios",
/Users/admin/builder/spi-builder-workspace/Package.swift:42:10: warning: 'package(name:url:from:)' is deprecated: use package(url:from:) instead [#DeprecatedDeclaration]
40 | from: "2.12.0"
41 | ),
42 | .package(
| `- warning: 'package(name:url:from:)' is deprecated: use package(url:from:) instead [#DeprecatedDeclaration]
43 | name: "ZendeskSDKAnalyticsKit",
44 | url: "https://github.com/zendesk/sdk_analytics_kit_ios",
[#DeprecatedDeclaration]: <https://docs.swift.org/compiler/documentation/diagnostics/deprecated-declaration>
{
"workspace" : {
"name" : "spi-builder-workspace",
"schemes" : [
"ZendeskSDKMessaging"
]
}
}
2026-10-03 12:04:15.718 xcodebuild[1737:10026] [MT] IDERunDestination: Supported platforms for the buildables in the current scheme is empty.
Running build ...
env DEVELOPER_DIR=/Applications/Xcode-26.5.0.app xcrun xcodebuild -IDEClonedSourcePackagesDirPathOverride=$PWD/.dependencies -skipMacroValidation -skipPackagePluginValidation -derivedDataPath $PWD/.derivedData build -scheme ZendeskSDKMessaging -destination generic/platform=watchOS
Command line invocation:
/Applications/Xcode-26.5.0.app/Contents/Developer/usr/bin/xcodebuild -IDEClonedSourcePackagesDirPathOverride=/Users/admin/builder/spi-builder-workspace/.dependencies -skipMacroValidation -skipPackagePluginValidation -derivedDataPath /Users/admin/builder/spi-builder-workspace/.derivedData build -scheme ZendeskSDKMessaging -destination generic/platform=watchOS
Resolve Package Graph
Resolve Package Graph
Resolved source packages:
ZendeskSDKGuideKit: https://github.com/zendesk/sdk_guide_kit_ios @ 2.12.0
ZendeskSDKConversationKit: https://github.com/zendesk/sdk_conversation_kit_ios @ 15.1.0
ZendeskSDKStorage: https://github.com/zendesk/sdk_storage_ios @ 1.7.0
ZendeskSDKSocketClient: https://github.com/zendesk/sdk_socket_client_ios @ 1.15.0
ZendeskSDKAnalyticsKit: https://github.com/zendesk/sdk_analytics_kit_ios @ 1.1.0
ZendeskSDKCoreUtilities: https://github.com/zendesk/sdk_core_utilities_ios @ 8.2.0
ZendeskSDKUIComponents: https://github.com/zendesk/sdk_ui_components_ios @ 15.1.0
ZendeskSDKHTTPClient: https://github.com/zendesk/sdk_http_client_ios @ 0.22.0
ZendeskSDK: https://github.com/zendesk/sdk_zendesk_ios @ 3.19.0
ZendeskSDKFayeClient: https://github.com/zendesk/sdk_faye_client_ios @ 1.17.0
ZendeskSDKLogger: https://github.com/zendesk/sdk_logger_ios @ 0.12.0
ZendeskSDKMessaging: /Users/admin/builder/spi-builder-workspace
ComputePackagePrebuildTargetDependencyGraph
Prepare packages
CreateBuildRequest
SendProjectDescription
CreateBuildOperation
ComputeTargetDependencyGraph
note: Building targets in dependency order
note: Target dependency graph (21 targets)
Target 'ZendeskSDKMessaging' in project 'ZendeskSDKMessaging'
➜ Explicit dependency on target 'ZendeskSDKMessagingTargets' in project 'ZendeskSDKMessaging'
➜ Explicit dependency on target 'ZendeskSDKConversationKit' in project 'ZendeskSDKConversationKit'
➜ Explicit dependency on target 'ZendeskSDKUIComponents' in project 'ZendeskSDKUIComponents'
➜ Explicit dependency on target 'ZendeskSDK' in project 'ZendeskSDK'
➜ Explicit dependency on target 'ZendeskSDKCoreUtilities' in project 'ZendeskSDKCoreUtilities'
➜ Explicit dependency on target 'ZendeskSDKGuideKit' in project 'ZendeskSDKGuideKit'
➜ Explicit dependency on target 'ZendeskSDKAnalyticsKit' in project 'ZendeskSDKAnalyticsKit'
Target 'ZendeskSDKMessagingTargets' in project 'ZendeskSDKMessaging'
➜ Explicit dependency on target 'ZendeskSDKConversationKit' in project 'ZendeskSDKConversationKit'
➜ Explicit dependency on target 'ZendeskSDKUIComponents' in project 'ZendeskSDKUIComponents'
➜ Explicit dependency on target 'ZendeskSDK' in project 'ZendeskSDK'
➜ Explicit dependency on target 'ZendeskSDKCoreUtilities' in project 'ZendeskSDKCoreUtilities'
➜ Explicit dependency on target 'ZendeskSDKGuideKit' in project 'ZendeskSDKGuideKit'
➜ Explicit dependency on target 'ZendeskSDKAnalyticsKit' in project 'ZendeskSDKAnalyticsKit'
Target 'ZendeskSDKAnalyticsKit' in project 'ZendeskSDKAnalyticsKit'
➜ Explicit dependency on target 'ZendeskSDKAnalyticsKitTargets' in project 'ZendeskSDKAnalyticsKit'
➜ Explicit dependency on target 'ZendeskSDKLogger' in project 'ZendeskSDKLogger'
➜ Explicit dependency on target 'ZendeskSDKHTTPClient' in project 'ZendeskSDKHTTPClient'
➜ Explicit dependency on target 'ZendeskSDKStorage' in project 'ZendeskSDKStorage'
➜ Explicit dependency on target 'ZendeskSDKCoreUtilities' in project 'ZendeskSDKCoreUtilities'
Target 'ZendeskSDKAnalyticsKitTargets' in project 'ZendeskSDKAnalyticsKit'
➜ Explicit dependency on target 'ZendeskSDKLogger' in project 'ZendeskSDKLogger'
➜ Explicit dependency on target 'ZendeskSDKHTTPClient' in project 'ZendeskSDKHTTPClient'
➜ Explicit dependency on target 'ZendeskSDKStorage' in project 'ZendeskSDKStorage'
➜ Explicit dependency on target 'ZendeskSDKCoreUtilities' in project 'ZendeskSDKCoreUtilities'
Target 'ZendeskSDKGuideKit' in project 'ZendeskSDKGuideKit'
➜ Explicit dependency on target 'ZendeskSDKGuideKitTargets' in project 'ZendeskSDKGuideKit'
➜ Explicit dependency on target 'ZendeskSDKLogger' in project 'ZendeskSDKLogger'
➜ Explicit dependency on target 'ZendeskSDKHTTPClient' in project 'ZendeskSDKHTTPClient'
➜ Explicit dependency on target 'ZendeskSDKStorage' in project 'ZendeskSDKStorage'
➜ Explicit dependency on target 'ZendeskSDKCoreUtilities' in project 'ZendeskSDKCoreUtilities'
Target 'ZendeskSDKGuideKitTargets' in project 'ZendeskSDKGuideKit'
➜ Explicit dependency on target 'ZendeskSDKLogger' in project 'ZendeskSDKLogger'
➜ Explicit dependency on target 'ZendeskSDKHTTPClient' in project 'ZendeskSDKHTTPClient'
➜ Explicit dependency on target 'ZendeskSDKStorage' in project 'ZendeskSDKStorage'
➜ Explicit dependency on target 'ZendeskSDKCoreUtilities' in project 'ZendeskSDKCoreUtilities'
Target 'ZendeskSDK' in project 'ZendeskSDK'
➜ Explicit dependency on target 'ZendeskSDKTargets' in project 'ZendeskSDK'
➜ Explicit dependency on target 'ZendeskSDKConversationKit' in project 'ZendeskSDKConversationKit'
➜ Explicit dependency on target 'ZendeskSDKCoreUtilities' in project 'ZendeskSDKCoreUtilities'
Target 'ZendeskSDKTargets' in project 'ZendeskSDK'
➜ Explicit dependency on target 'ZendeskSDKConversationKit' in project 'ZendeskSDKConversationKit'
➜ Explicit dependency on target 'ZendeskSDKCoreUtilities' in project 'ZendeskSDKCoreUtilities'
Target 'ZendeskSDKUIComponents' in project 'ZendeskSDKUIComponents' (no dependencies)
Target 'ZendeskSDKConversationKit' in project 'ZendeskSDKConversationKit'
➜ Explicit dependency on target 'ZendeskSDKConversationKitTargets' in project 'ZendeskSDKConversationKit'
➜ Explicit dependency on target 'ZendeskSDKFayeClient' in project 'ZendeskSDKFayeClient'
➜ Explicit dependency on target 'ZendeskSDKHTTPClient' in project 'ZendeskSDKHTTPClient'
➜ Explicit dependency on target 'ZendeskSDKStorage' in project 'ZendeskSDKStorage'
➜ Explicit dependency on target 'ZendeskSDKCoreUtilities' in project 'ZendeskSDKCoreUtilities'
Target 'ZendeskSDKConversationKitTargets' in project 'ZendeskSDKConversationKit'
➜ Explicit dependency on target 'ZendeskSDKFayeClient' in project 'ZendeskSDKFayeClient'
➜ Explicit dependency on target 'ZendeskSDKHTTPClient' in project 'ZendeskSDKHTTPClient'
➜ Explicit dependency on target 'ZendeskSDKStorage' in project 'ZendeskSDKStorage'
➜ Explicit dependency on target 'ZendeskSDKCoreUtilities' in project 'ZendeskSDKCoreUtilities'
Target 'ZendeskSDKCoreUtilities' in project 'ZendeskSDKCoreUtilities' (no dependencies)
Target 'ZendeskSDKStorage' in project 'ZendeskSDKStorage'
➜ Explicit dependency on target 'ZendeskSDKStorageTargets' in project 'ZendeskSDKStorage'
➜ Explicit dependency on target 'ZendeskSDKLogger' in project 'ZendeskSDKLogger'
Target 'ZendeskSDKStorageTargets' in project 'ZendeskSDKStorage'
➜ Explicit dependency on target 'ZendeskSDKLogger' in project 'ZendeskSDKLogger'
Target 'ZendeskSDKHTTPClient' in project 'ZendeskSDKHTTPClient'
➜ Explicit dependency on target 'ZendeskSDKHTTPClientTargets' in project 'ZendeskSDKHTTPClient'
➜ Explicit dependency on target 'ZendeskSDKLogger' in project 'ZendeskSDKLogger'
Target 'ZendeskSDKHTTPClientTargets' in project 'ZendeskSDKHTTPClient'
➜ Explicit dependency on target 'ZendeskSDKLogger' in project 'ZendeskSDKLogger'
Target 'ZendeskSDKFayeClient' in project 'ZendeskSDKFayeClient'
➜ Explicit dependency on target 'ZendeskSDKFayeClientTargets' in project 'ZendeskSDKFayeClient'
➜ Explicit dependency on target 'ZendeskSDKSocketClient' in project 'ZendeskSDKSocketClient'
➜ Explicit dependency on target 'ZendeskSDKLogger' in project 'ZendeskSDKLogger'
Target 'ZendeskSDKFayeClientTargets' in project 'ZendeskSDKFayeClient'
➜ Explicit dependency on target 'ZendeskSDKSocketClient' in project 'ZendeskSDKSocketClient'
➜ Explicit dependency on target 'ZendeskSDKLogger' in project 'ZendeskSDKLogger'
Target 'ZendeskSDKSocketClient' in project 'ZendeskSDKSocketClient'
➜ Explicit dependency on target 'ZendeskSDKSocketClientTargets' in project 'ZendeskSDKSocketClient'
➜ Explicit dependency on target 'ZendeskSDKLogger' in project 'ZendeskSDKLogger'
Target 'ZendeskSDKSocketClientTargets' in project 'ZendeskSDKSocketClient'
➜ Explicit dependency on target 'ZendeskSDKLogger' in project 'ZendeskSDKLogger'
Target 'ZendeskSDKLogger' in project 'ZendeskSDKLogger' (no dependencies)
GatherProvisioningInputs
CreateBuildDescription
ExecuteExternalTool /Applications/Xcode-26.5.0.app/Contents/Developer/Toolchains/XcodeDefault.xctoolchain/usr/bin/swiftc --version
ExecuteExternalTool /Applications/Xcode-26.5.0.app/Contents/Developer/Toolchains/XcodeDefault.xctoolchain/usr/bin/clang -v -E -dM -isysroot /Applications/Xcode-26.5.0.app/Contents/Developer/Platforms/WatchOS.platform/Developer/SDKs/WatchOS26.5.sdk -x c -c /dev/null
ExecuteExternalTool /Applications/Xcode-26.5.0.app/Contents/Developer/Toolchains/XcodeDefault.xctoolchain/usr/bin/ld -version_details
Build description signature: 1f7ea4651850829b0e615fe86fa44f3e
Build description path: /Users/admin/builder/spi-builder-workspace/.derivedData/Build/Intermediates.noindex/XCBuildData/1f7ea4651850829b0e615fe86fa44f3e.xcbuilddata
/Users/admin/builder/spi-builder-workspace/.dependencies/checkouts/sdk_core_utilities_ios/ZendeskSDKCoreUtilities.xcframework:1:1: error: While building for watchOS, no library for this platform was found in '/Users/admin/builder/spi-builder-workspace/.dependencies/checkouts/sdk_core_utilities_ios/ZendeskSDKCoreUtilities.xcframework'. (in target 'ZendeskSDKCoreUtilities' from project 'ZendeskSDKCoreUtilities')
/Users/admin/builder/spi-builder-workspace/.dependencies/checkouts/sdk_guide_kit_ios/ZendeskSDKGuideKit.xcframework:1:1: error: While building for watchOS, no library for this platform was found in '/Users/admin/builder/spi-builder-workspace/.dependencies/checkouts/sdk_guide_kit_ios/ZendeskSDKGuideKit.xcframework'. (in target 'ZendeskSDKGuideKit' from project 'ZendeskSDKGuideKit')
/Users/admin/builder/spi-builder-workspace/.dependencies/checkouts/sdk_logger_ios/ZendeskSDKLogger.xcframework:1:1: error: While building for watchOS, no library for this platform was found in '/Users/admin/builder/spi-builder-workspace/.dependencies/checkouts/sdk_logger_ios/ZendeskSDKLogger.xcframework'. (in target 'ZendeskSDKGuideKit' from project 'ZendeskSDKGuideKit')
/Users/admin/builder/spi-builder-workspace/.dependencies/checkouts/sdk_core_utilities_ios/ZendeskSDKCoreUtilities.xcframework:1:1: error: While building for watchOS, no library for this platform was found in '/Users/admin/builder/spi-builder-workspace/.dependencies/checkouts/sdk_core_utilities_ios/ZendeskSDKCoreUtilities.xcframework'. (in target 'ZendeskSDKGuideKit' from project 'ZendeskSDKGuideKit')
/Users/admin/builder/spi-builder-workspace/.dependencies/checkouts/sdk_logger_ios/ZendeskSDKLogger.xcframework:1:1: error: While building for watchOS, no library for this platform was found in '/Users/admin/builder/spi-builder-workspace/.dependencies/checkouts/sdk_logger_ios/ZendeskSDKLogger.xcframework'. (in target 'ZendeskSDKGuideKit' from project 'ZendeskSDKGuideKit')
/Users/admin/builder/spi-builder-workspace/.dependencies/checkouts/sdk_http_client_ios/ZendeskSDKHTTPClient.xcframework:1:1: error: While building for watchOS, no library for this platform was found in '/Users/admin/builder/spi-builder-workspace/.dependencies/checkouts/sdk_http_client_ios/ZendeskSDKHTTPClient.xcframework'. (in target 'ZendeskSDKGuideKit' from project 'ZendeskSDKGuideKit')
/Users/admin/builder/spi-builder-workspace/.dependencies/checkouts/sdk_logger_ios/ZendeskSDKLogger.xcframework:1:1: error: While building for watchOS, no library for this platform was found in '/Users/admin/builder/spi-builder-workspace/.dependencies/checkouts/sdk_logger_ios/ZendeskSDKLogger.xcframework'. (in target 'ZendeskSDKGuideKit' from project 'ZendeskSDKGuideKit')
/Users/admin/builder/spi-builder-workspace/.dependencies/checkouts/sdk_storage_ios/ZendeskSDKStorage.xcframework:1:1: error: While building for watchOS, no library for this platform was found in '/Users/admin/builder/spi-builder-workspace/.dependencies/checkouts/sdk_storage_ios/ZendeskSDKStorage.xcframework'. (in target 'ZendeskSDKGuideKit' from project 'ZendeskSDKGuideKit')
/Users/admin/builder/spi-builder-workspace/.dependencies/checkouts/sdk_logger_ios/ZendeskSDKLogger.xcframework:1:1: error: While building for watchOS, no library for this platform was found in '/Users/admin/builder/spi-builder-workspace/.dependencies/checkouts/sdk_logger_ios/ZendeskSDKLogger.xcframework'. (in target 'ZendeskSDKGuideKit' from project 'ZendeskSDKGuideKit')
/Users/admin/builder/spi-builder-workspace/.dependencies/checkouts/sdk_core_utilities_ios/ZendeskSDKCoreUtilities.xcframework:1:1: error: While building for watchOS, no library for this platform was found in '/Users/admin/builder/spi-builder-workspace/.dependencies/checkouts/sdk_core_utilities_ios/ZendeskSDKCoreUtilities.xcframework'. (in target 'ZendeskSDKGuideKit' from project 'ZendeskSDKGuideKit')
/Users/admin/builder/spi-builder-workspace/.dependencies/checkouts/sdk_analytics_kit_ios/ZendeskSDKAnalyticsKit.xcframework:1:1: error: While building for watchOS, no library for this platform was found in '/Users/admin/builder/spi-builder-workspace/.dependencies/checkouts/sdk_analytics_kit_ios/ZendeskSDKAnalyticsKit.xcframework'. (in target 'ZendeskSDKAnalyticsKitTargets' from project 'ZendeskSDKAnalyticsKit')
/Users/admin/builder/spi-builder-workspace/.dependencies/checkouts/sdk_logger_ios/ZendeskSDKLogger.xcframework:1:1: error: While building for watchOS, no library for this platform was found in '/Users/admin/builder/spi-builder-workspace/.dependencies/checkouts/sdk_logger_ios/ZendeskSDKLogger.xcframework'. (in target 'ZendeskSDKAnalyticsKitTargets' from project 'ZendeskSDKAnalyticsKit')
/Users/admin/builder/spi-builder-workspace/.dependencies/checkouts/sdk_core_utilities_ios/ZendeskSDKCoreUtilities.xcframework:1:1: error: While building for watchOS, no library for this platform was found in '/Users/admin/builder/spi-builder-workspace/.dependencies/checkouts/sdk_core_utilities_ios/ZendeskSDKCoreUtilities.xcframework'. (in target 'ZendeskSDKAnalyticsKitTargets' from project 'ZendeskSDKAnalyticsKit')
/Users/admin/builder/spi-builder-workspace/.dependencies/checkouts/sdk_socket_client_ios/ZendeskSDKSocketClient.xcframework:1:1: error: While building for watchOS, no library for this platform was found in '/Users/admin/builder/spi-builder-workspace/.dependencies/checkouts/sdk_socket_client_ios/ZendeskSDKSocketClient.xcframework'. (in target 'ZendeskSDKSocketClientTargets' from project 'ZendeskSDKSocketClient')
/Users/admin/builder/spi-builder-workspace/.dependencies/checkouts/sdk_logger_ios/ZendeskSDKLogger.xcframework:1:1: error: While building for watchOS, no library for this platform was found in '/Users/admin/builder/spi-builder-workspace/.dependencies/checkouts/sdk_logger_ios/ZendeskSDKLogger.xcframework'. (in target 'ZendeskSDKSocketClientTargets' from project 'ZendeskSDKSocketClient')
/Users/admin/builder/spi-builder-workspace/.dependencies/checkouts/sdk_guide_kit_ios/ZendeskSDKGuideKit.xcframework:1:1: error: While building for watchOS, no library for this platform was found in '/Users/admin/builder/spi-builder-workspace/.dependencies/checkouts/sdk_guide_kit_ios/ZendeskSDKGuideKit.xcframework'. (in target 'ZendeskSDKGuideKitTargets' from project 'ZendeskSDKGuideKit')
/Users/admin/builder/spi-builder-workspace/.dependencies/checkouts/sdk_logger_ios/ZendeskSDKLogger.xcframework:1:1: error: While building for watchOS, no library for this platform was found in '/Users/admin/builder/spi-builder-workspace/.dependencies/checkouts/sdk_logger_ios/ZendeskSDKLogger.xcframework'. (in target 'ZendeskSDKGuideKitTargets' from project 'ZendeskSDKGuideKit')
/Users/admin/builder/spi-builder-workspace/.dependencies/checkouts/sdk_core_utilities_ios/ZendeskSDKCoreUtilities.xcframework:1:1: error: While building for watchOS, no library for this platform was found in '/Users/admin/builder/spi-builder-workspace/.dependencies/checkouts/sdk_core_utilities_ios/ZendeskSDKCoreUtilities.xcframework'. (in target 'ZendeskSDKGuideKitTargets' from project 'ZendeskSDKGuideKit')
/Users/admin/builder/spi-builder-workspace/.dependencies/checkouts/sdk_storage_ios/ZendeskSDKStorage.xcframework:1:1: error: While building for watchOS, no library for this platform was found in '/Users/admin/builder/spi-builder-workspace/.dependencies/checkouts/sdk_storage_ios/ZendeskSDKStorage.xcframework'. (in target 'ZendeskSDKStorageTargets' from project 'ZendeskSDKStorage')
/Users/admin/builder/spi-builder-workspace/.dependencies/checkouts/sdk_logger_ios/ZendeskSDKLogger.xcframework:1:1: error: While building for watchOS, no library for this platform was found in '/Users/admin/builder/spi-builder-workspace/.dependencies/checkouts/sdk_logger_ios/ZendeskSDKLogger.xcframework'. (in target 'ZendeskSDKStorageTargets' from project 'ZendeskSDKStorage')
/Users/admin/builder/spi-builder-workspace/ZendeskSDKMessaging.xcframework:1:1: error: While building for watchOS, no library for this platform was found in '/Users/admin/builder/spi-builder-workspace/ZendeskSDKMessaging.xcframework'. (in target 'ZendeskSDKMessagingTargets' from project 'ZendeskSDKMessaging')
/Users/admin/builder/spi-builder-workspace/.dependencies/checkouts/sdk_ui_components_ios/ZendeskSDKUIComponents.xcframework:1:1: error: While building for watchOS, no library for this platform was found in '/Users/admin/builder/spi-builder-workspace/.dependencies/checkouts/sdk_ui_components_ios/ZendeskSDKUIComponents.xcframework'. (in target 'ZendeskSDKMessagingTargets' from project 'ZendeskSDKMessaging')
/Users/admin/builder/spi-builder-workspace/.dependencies/checkouts/sdk_core_utilities_ios/ZendeskSDKCoreUtilities.xcframework:1:1: error: While building for watchOS, no library for this platform was found in '/Users/admin/builder/spi-builder-workspace/.dependencies/checkouts/sdk_core_utilities_ios/ZendeskSDKCoreUtilities.xcframework'. (in target 'ZendeskSDKMessagingTargets' from project 'ZendeskSDKMessaging')
/Users/admin/builder/spi-builder-workspace/.dependencies/checkouts/sdk_conversation_kit_ios/ZendeskSDKConversationKit.xcframework:1:1: error: While building for watchOS, no library for this platform was found in '/Users/admin/builder/spi-builder-workspace/.dependencies/checkouts/sdk_conversation_kit_ios/ZendeskSDKConversationKit.xcframework'. (in target 'ZendeskSDKConversationKitTargets' from project 'ZendeskSDKConversationKit')
/Users/admin/builder/spi-builder-workspace/.dependencies/checkouts/sdk_core_utilities_ios/ZendeskSDKCoreUtilities.xcframework:1:1: error: While building for watchOS, no library for this platform was found in '/Users/admin/builder/spi-builder-workspace/.dependencies/checkouts/sdk_core_utilities_ios/ZendeskSDKCoreUtilities.xcframework'. (in target 'ZendeskSDKConversationKitTargets' from project 'ZendeskSDKConversationKit')
/Users/admin/builder/spi-builder-workspace/.dependencies/checkouts/sdk_faye_client_ios/ZendeskSDKFayeClient.xcframework:1:1: error: While building for watchOS, no library for this platform was found in '/Users/admin/builder/spi-builder-workspace/.dependencies/checkouts/sdk_faye_client_ios/ZendeskSDKFayeClient.xcframework'. (in target 'ZendeskSDKFayeClientTargets' from project 'ZendeskSDKFayeClient')
/Users/admin/builder/spi-builder-workspace/.dependencies/checkouts/sdk_logger_ios/ZendeskSDKLogger.xcframework:1:1: error: While building for watchOS, no library for this platform was found in '/Users/admin/builder/spi-builder-workspace/.dependencies/checkouts/sdk_logger_ios/ZendeskSDKLogger.xcframework'. (in target 'ZendeskSDKFayeClientTargets' from project 'ZendeskSDKFayeClient')
/Users/admin/builder/spi-builder-workspace/.dependencies/checkouts/sdk_conversation_kit_ios/ZendeskSDKConversationKit.xcframework:1:1: error: While building for watchOS, no library for this platform was found in '/Users/admin/builder/spi-builder-workspace/.dependencies/checkouts/sdk_conversation_kit_ios/ZendeskSDKConversationKit.xcframework'. (in target 'ZendeskSDKConversationKit' from project 'ZendeskSDKConversationKit')
/Users/admin/builder/spi-builder-workspace/.dependencies/checkouts/sdk_core_utilities_ios/ZendeskSDKCoreUtilities.xcframework:1:1: error: While building for watchOS, no library for this platform was found in '/Users/admin/builder/spi-builder-workspace/.dependencies/checkouts/sdk_core_utilities_ios/ZendeskSDKCoreUtilities.xcframework'. (in target 'ZendeskSDKConversationKit' from project 'ZendeskSDKConversationKit')
/Users/admin/builder/spi-builder-workspace/.dependencies/checkouts/sdk_faye_client_ios/ZendeskSDKFayeClient.xcframework:1:1: error: While building for watchOS, no library for this platform was found in '/Users/admin/builder/spi-builder-workspace/.dependencies/checkouts/sdk_faye_client_ios/ZendeskSDKFayeClient.xcframework'. (in target 'ZendeskSDKConversationKit' from project 'ZendeskSDKConversationKit')
/Users/admin/builder/spi-builder-workspace/.dependencies/checkouts/sdk_logger_ios/ZendeskSDKLogger.xcframework:1:1: error: While building for watchOS, no library for this platform was found in '/Users/admin/builder/spi-builder-workspace/.dependencies/checkouts/sdk_logger_ios/ZendeskSDKLogger.xcframework'. (in target 'ZendeskSDKConversationKit' from project 'ZendeskSDKConversationKit')
/Users/admin/builder/spi-builder-workspace/.dependencies/checkouts/sdk_http_client_ios/ZendeskSDKHTTPClient.xcframework:1:1: error: While building for watchOS, no library for this platform was found in '/Users/admin/builder/spi-builder-workspace/.dependencies/checkouts/sdk_http_client_ios/ZendeskSDKHTTPClient.xcframework'. (in target 'ZendeskSDKConversationKit' from project 'ZendeskSDKConversationKit')
/Users/admin/builder/spi-builder-workspace/.dependencies/checkouts/sdk_logger_ios/ZendeskSDKLogger.xcframework:1:1: error: While building for watchOS, no library for this platform was found in '/Users/admin/builder/spi-builder-workspace/.dependencies/checkouts/sdk_logger_ios/ZendeskSDKLogger.xcframework'. (in target 'ZendeskSDKConversationKit' from project 'ZendeskSDKConversationKit')
/Users/admin/builder/spi-builder-workspace/.dependencies/checkouts/sdk_storage_ios/ZendeskSDKStorage.xcframework:1:1: error: While building for watchOS, no library for this platform was found in '/Users/admin/builder/spi-builder-workspace/.dependencies/checkouts/sdk_storage_ios/ZendeskSDKStorage.xcframework'. (in target 'ZendeskSDKConversationKit' from project 'ZendeskSDKConversationKit')
/Users/admin/builder/spi-builder-workspace/.dependencies/checkouts/sdk_logger_ios/ZendeskSDKLogger.xcframework:1:1: error: While building for watchOS, no library for this platform was found in '/Users/admin/builder/spi-builder-workspace/.dependencies/checkouts/sdk_logger_ios/ZendeskSDKLogger.xcframework'. (in target 'ZendeskSDKConversationKit' from project 'ZendeskSDKConversationKit')
/Users/admin/builder/spi-builder-workspace/.dependencies/checkouts/sdk_core_utilities_ios/ZendeskSDKCoreUtilities.xcframework:1:1: error: While building for watchOS, no library for this platform was found in '/Users/admin/builder/spi-builder-workspace/.dependencies/checkouts/sdk_core_utilities_ios/ZendeskSDKCoreUtilities.xcframework'. (in target 'ZendeskSDKConversationKit' from project 'ZendeskSDKConversationKit')
/Users/admin/builder/spi-builder-workspace/.dependencies/checkouts/sdk_socket_client_ios/ZendeskSDKSocketClient.xcframework:1:1: error: While building for watchOS, no library for this platform was found in '/Users/admin/builder/spi-builder-workspace/.dependencies/checkouts/sdk_socket_client_ios/ZendeskSDKSocketClient.xcframework'. (in target 'ZendeskSDKConversationKit' from project 'ZendeskSDKConversationKit')
/Users/admin/builder/spi-builder-workspace/.dependencies/checkouts/sdk_logger_ios/ZendeskSDKLogger.xcframework:1:1: error: While building for watchOS, no library for this platform was found in '/Users/admin/builder/spi-builder-workspace/.dependencies/checkouts/sdk_logger_ios/ZendeskSDKLogger.xcframework'. (in target 'ZendeskSDKConversationKit' from project 'ZendeskSDKConversationKit')
/Users/admin/builder/spi-builder-workspace/.dependencies/checkouts/sdk_logger_ios/ZendeskSDKLogger.xcframework:1:1: error: While building for watchOS, no library for this platform was found in '/Users/admin/builder/spi-builder-workspace/.dependencies/checkouts/sdk_logger_ios/ZendeskSDKLogger.xcframework'. (in target 'ZendeskSDKConversationKit' from project 'ZendeskSDKConversationKit')
/Users/admin/builder/spi-builder-workspace/.dependencies/checkouts/sdk_faye_client_ios/ZendeskSDKFayeClient.xcframework:1:1: error: While building for watchOS, no library for this platform was found in '/Users/admin/builder/spi-builder-workspace/.dependencies/checkouts/sdk_faye_client_ios/ZendeskSDKFayeClient.xcframework'. (in target 'ZendeskSDKFayeClient' from project 'ZendeskSDKFayeClient')
/Users/admin/builder/spi-builder-workspace/.dependencies/checkouts/sdk_logger_ios/ZendeskSDKLogger.xcframework:1:1: error: While building for watchOS, no library for this platform was found in '/Users/admin/builder/spi-builder-workspace/.dependencies/checkouts/sdk_logger_ios/ZendeskSDKLogger.xcframework'. (in target 'ZendeskSDKFayeClient' from project 'ZendeskSDKFayeClient')
/Users/admin/builder/spi-builder-workspace/.dependencies/checkouts/sdk_socket_client_ios/ZendeskSDKSocketClient.xcframework:1:1: error: While building for watchOS, no library for this platform was found in '/Users/admin/builder/spi-builder-workspace/.dependencies/checkouts/sdk_socket_client_ios/ZendeskSDKSocketClient.xcframework'. (in target 'ZendeskSDKFayeClient' from project 'ZendeskSDKFayeClient')
/Users/admin/builder/spi-builder-workspace/.dependencies/checkouts/sdk_logger_ios/ZendeskSDKLogger.xcframework:1:1: error: While building for watchOS, no library for this platform was found in '/Users/admin/builder/spi-builder-workspace/.dependencies/checkouts/sdk_logger_ios/ZendeskSDKLogger.xcframework'. (in target 'ZendeskSDKFayeClient' from project 'ZendeskSDKFayeClient')
/Users/admin/builder/spi-builder-workspace/.dependencies/checkouts/sdk_logger_ios/ZendeskSDKLogger.xcframework:1:1: error: While building for watchOS, no library for this platform was found in '/Users/admin/builder/spi-builder-workspace/.dependencies/checkouts/sdk_logger_ios/ZendeskSDKLogger.xcframework'. (in target 'ZendeskSDKFayeClient' from project 'ZendeskSDKFayeClient')
/Users/admin/builder/spi-builder-workspace/.dependencies/checkouts/sdk_ui_components_ios/ZendeskSDKUIComponents.xcframework:1:1: error: While building for watchOS, no library for this platform was found in '/Users/admin/builder/spi-builder-workspace/.dependencies/checkouts/sdk_ui_components_ios/ZendeskSDKUIComponents.xcframework'. (in target 'ZendeskSDKUIComponents' from project 'ZendeskSDKUIComponents')
/Users/admin/builder/spi-builder-workspace/ZendeskSDKMessaging.xcframework:1:1: error: While building for watchOS, no library for this platform was found in '/Users/admin/builder/spi-builder-workspace/ZendeskSDKMessaging.xcframework'. (in target 'ZendeskSDKMessaging' from project 'ZendeskSDKMessaging')
/Users/admin/builder/spi-builder-workspace/.dependencies/checkouts/sdk_ui_components_ios/ZendeskSDKUIComponents.xcframework:1:1: error: While building for watchOS, no library for this platform was found in '/Users/admin/builder/spi-builder-workspace/.dependencies/checkouts/sdk_ui_components_ios/ZendeskSDKUIComponents.xcframework'. (in target 'ZendeskSDKMessaging' from project 'ZendeskSDKMessaging')
/Users/admin/builder/spi-builder-workspace/.dependencies/checkouts/sdk_core_utilities_ios/ZendeskSDKCoreUtilities.xcframework:1:1: error: While building for watchOS, no library for this platform was found in '/Users/admin/builder/spi-builder-workspace/.dependencies/checkouts/sdk_core_utilities_ios/ZendeskSDKCoreUtilities.xcframework'. (in target 'ZendeskSDKMessaging' from project 'ZendeskSDKMessaging')
/Users/admin/builder/spi-builder-workspace/.dependencies/checkouts/sdk_conversation_kit_ios/ZendeskSDKConversationKit.xcframework:1:1: error: While building for watchOS, no library for this platform was found in '/Users/admin/builder/spi-builder-workspace/.dependencies/checkouts/sdk_conversation_kit_ios/ZendeskSDKConversationKit.xcframework'. (in target 'ZendeskSDKMessaging' from project 'ZendeskSDKMessaging')
/Users/admin/builder/spi-builder-workspace/.dependencies/checkouts/sdk_core_utilities_ios/ZendeskSDKCoreUtilities.xcframework:1:1: error: While building for watchOS, no library for this platform was found in '/Users/admin/builder/spi-builder-workspace/.dependencies/checkouts/sdk_core_utilities_ios/ZendeskSDKCoreUtilities.xcframework'. (in target 'ZendeskSDKMessaging' from project 'ZendeskSDKMessaging')
/Users/admin/builder/spi-builder-workspace/.dependencies/checkouts/sdk_ui_components_ios/ZendeskSDKUIComponents.xcframework:1:1: error: While building for watchOS, no library for this platform was found in '/Users/admin/builder/spi-builder-workspace/.dependencies/checkouts/sdk_ui_components_ios/ZendeskSDKUIComponents.xcframework'. (in target 'ZendeskSDKMessaging' from project 'ZendeskSDKMessaging')
/Users/admin/builder/spi-builder-workspace/.dependencies/checkouts/sdk_zendesk_ios/ZendeskSDK.xcframework:1:1: error: While building for watchOS, no library for this platform was found in '/Users/admin/builder/spi-builder-workspace/.dependencies/checkouts/sdk_zendesk_ios/ZendeskSDK.xcframework'. (in target 'ZendeskSDKMessaging' from project 'ZendeskSDKMessaging')
/Users/admin/builder/spi-builder-workspace/.dependencies/checkouts/sdk_core_utilities_ios/ZendeskSDKCoreUtilities.xcframework:1:1: error: While building for watchOS, no library for this platform was found in '/Users/admin/builder/spi-builder-workspace/.dependencies/checkouts/sdk_core_utilities_ios/ZendeskSDKCoreUtilities.xcframework'. (in target 'ZendeskSDKMessaging' from project 'ZendeskSDKMessaging')
/Users/admin/builder/spi-builder-workspace/.dependencies/checkouts/sdk_core_utilities_ios/ZendeskSDKCoreUtilities.xcframework:1:1: error: While building for watchOS, no library for this platform was found in '/Users/admin/builder/spi-builder-workspace/.dependencies/checkouts/sdk_core_utilities_ios/ZendeskSDKCoreUtilities.xcframework'. (in target 'ZendeskSDKMessaging' from project 'ZendeskSDKMessaging')
/Users/admin/builder/spi-builder-workspace/.dependencies/checkouts/sdk_guide_kit_ios/ZendeskSDKGuideKit.xcframework:1:1: error: While building for watchOS, no library for this platform was found in '/Users/admin/builder/spi-builder-workspace/.dependencies/checkouts/sdk_guide_kit_ios/ZendeskSDKGuideKit.xcframework'. (in target 'ZendeskSDKMessaging' from project 'ZendeskSDKMessaging')
/Users/admin/builder/spi-builder-workspace/.dependencies/checkouts/sdk_logger_ios/ZendeskSDKLogger.xcframework:1:1: error: While building for watchOS, no library for this platform was found in '/Users/admin/builder/spi-builder-workspace/.dependencies/checkouts/sdk_logger_ios/ZendeskSDKLogger.xcframework'. (in target 'ZendeskSDKMessaging' from project 'ZendeskSDKMessaging')
/Users/admin/builder/spi-builder-workspace/.dependencies/checkouts/sdk_core_utilities_ios/ZendeskSDKCoreUtilities.xcframework:1:1: error: While building for watchOS, no library for this platform was found in '/Users/admin/builder/spi-builder-workspace/.dependencies/checkouts/sdk_core_utilities_ios/ZendeskSDKCoreUtilities.xcframework'. (in target 'ZendeskSDKMessaging' from project 'ZendeskSDKMessaging')
/Users/admin/builder/spi-builder-workspace/.dependencies/checkouts/sdk_analytics_kit_ios/ZendeskSDKAnalyticsKit.xcframework:1:1: error: While building for watchOS, no library for this platform was found in '/Users/admin/builder/spi-builder-workspace/.dependencies/checkouts/sdk_analytics_kit_ios/ZendeskSDKAnalyticsKit.xcframework'. (in target 'ZendeskSDKMessaging' from project 'ZendeskSDKMessaging')
/Users/admin/builder/spi-builder-workspace/.dependencies/checkouts/sdk_logger_ios/ZendeskSDKLogger.xcframework:1:1: error: While building for watchOS, no library for this platform was found in '/Users/admin/builder/spi-builder-workspace/.dependencies/checkouts/sdk_logger_ios/ZendeskSDKLogger.xcframework'. (in target 'ZendeskSDKMessaging' from project 'ZendeskSDKMessaging')
/Users/admin/builder/spi-builder-workspace/.dependencies/checkouts/sdk_core_utilities_ios/ZendeskSDKCoreUtilities.xcframework:1:1: error: While building for watchOS, no library for this platform was found in '/Users/admin/builder/spi-builder-workspace/.dependencies/checkouts/sdk_core_utilities_ios/ZendeskSDKCoreUtilities.xcframework'. (in target 'ZendeskSDKMessaging' from project 'ZendeskSDKMessaging')
/Users/admin/builder/spi-builder-workspace/.dependencies/checkouts/sdk_faye_client_ios/ZendeskSDKFayeClient.xcframework:1:1: error: While building for watchOS, no library for this platform was found in '/Users/admin/builder/spi-builder-workspace/.dependencies/checkouts/sdk_faye_client_ios/ZendeskSDKFayeClient.xcframework'. (in target 'ZendeskSDKMessaging' from project 'ZendeskSDKMessaging')
/Users/admin/builder/spi-builder-workspace/.dependencies/checkouts/sdk_logger_ios/ZendeskSDKLogger.xcframework:1:1: error: While building for watchOS, no library for this platform was found in '/Users/admin/builder/spi-builder-workspace/.dependencies/checkouts/sdk_logger_ios/ZendeskSDKLogger.xcframework'. (in target 'ZendeskSDKMessaging' from project 'ZendeskSDKMessaging')
/Users/admin/builder/spi-builder-workspace/.dependencies/checkouts/sdk_http_client_ios/ZendeskSDKHTTPClient.xcframework:1:1: error: While building for watchOS, no library for this platform was found in '/Users/admin/builder/spi-builder-workspace/.dependencies/checkouts/sdk_http_client_ios/ZendeskSDKHTTPClient.xcframework'. (in target 'ZendeskSDKMessaging' from project 'ZendeskSDKMessaging')
/Users/admin/builder/spi-builder-workspace/.dependencies/checkouts/sdk_logger_ios/ZendeskSDKLogger.xcframework:1:1: error: While building for watchOS, no library for this platform was found in '/Users/admin/builder/spi-builder-workspace/.dependencies/checkouts/sdk_logger_ios/ZendeskSDKLogger.xcframework'. (in target 'ZendeskSDKMessaging' from project 'ZendeskSDKMessaging')
/Users/admin/builder/spi-builder-workspace/.dependencies/checkouts/sdk_storage_ios/ZendeskSDKStorage.xcframework:1:1: error: While building for watchOS, no library for this platform was found in '/Users/admin/builder/spi-builder-workspace/.dependencies/checkouts/sdk_storage_ios/ZendeskSDKStorage.xcframework'. (in target 'ZendeskSDKMessaging' from project 'ZendeskSDKMessaging')
/Users/admin/builder/spi-builder-workspace/.dependencies/checkouts/sdk_logger_ios/ZendeskSDKLogger.xcframework:1:1: error: While building for watchOS, no library for this platform was found in '/Users/admin/builder/spi-builder-workspace/.dependencies/checkouts/sdk_logger_ios/ZendeskSDKLogger.xcframework'. (in target 'ZendeskSDKMessaging' from project 'ZendeskSDKMessaging')
/Users/admin/builder/spi-builder-workspace/.dependencies/checkouts/sdk_logger_ios/ZendeskSDKLogger.xcframework:1:1: error: While building for watchOS, no library for this platform was found in '/Users/admin/builder/spi-builder-workspace/.dependencies/checkouts/sdk_logger_ios/ZendeskSDKLogger.xcframework'. (in target 'ZendeskSDKMessaging' from project 'ZendeskSDKMessaging')
/Users/admin/builder/spi-builder-workspace/.dependencies/checkouts/sdk_socket_client_ios/ZendeskSDKSocketClient.xcframework:1:1: error: While building for watchOS, no library for this platform was found in '/Users/admin/builder/spi-builder-workspace/.dependencies/checkouts/sdk_socket_client_ios/ZendeskSDKSocketClient.xcframework'. (in target 'ZendeskSDKMessaging' from project 'ZendeskSDKMessaging')
/Users/admin/builder/spi-builder-workspace/.dependencies/checkouts/sdk_logger_ios/ZendeskSDKLogger.xcframework:1:1: error: While building for watchOS, no library for this platform was found in '/Users/admin/builder/spi-builder-workspace/.dependencies/checkouts/sdk_logger_ios/ZendeskSDKLogger.xcframework'. (in target 'ZendeskSDKMessaging' from project 'ZendeskSDKMessaging')
/Users/admin/builder/spi-builder-workspace/.dependencies/checkouts/sdk_storage_ios/ZendeskSDKStorage.xcframework:1:1: error: While building for watchOS, no library for this platform was found in '/Users/admin/builder/spi-builder-workspace/.dependencies/checkouts/sdk_storage_ios/ZendeskSDKStorage.xcframework'. (in target 'ZendeskSDKStorage' from project 'ZendeskSDKStorage')
/Users/admin/builder/spi-builder-workspace/.dependencies/checkouts/sdk_logger_ios/ZendeskSDKLogger.xcframework:1:1: error: While building for watchOS, no library for this platform was found in '/Users/admin/builder/spi-builder-workspace/.dependencies/checkouts/sdk_logger_ios/ZendeskSDKLogger.xcframework'. (in target 'ZendeskSDKStorage' from project 'ZendeskSDKStorage')
/Users/admin/builder/spi-builder-workspace/.dependencies/checkouts/sdk_logger_ios/ZendeskSDKLogger.xcframework:1:1: error: While building for watchOS, no library for this platform was found in '/Users/admin/builder/spi-builder-workspace/.dependencies/checkouts/sdk_logger_ios/ZendeskSDKLogger.xcframework'. (in target 'ZendeskSDKStorage' from project 'ZendeskSDKStorage')
/Users/admin/builder/spi-builder-workspace/.dependencies/checkouts/sdk_analytics_kit_ios/ZendeskSDKAnalyticsKit.xcframework:1:1: error: While building for watchOS, no library for this platform was found in '/Users/admin/builder/spi-builder-workspace/.dependencies/checkouts/sdk_analytics_kit_ios/ZendeskSDKAnalyticsKit.xcframework'. (in target 'ZendeskSDKAnalyticsKit' from project 'ZendeskSDKAnalyticsKit')
/Users/admin/builder/spi-builder-workspace/.dependencies/checkouts/sdk_logger_ios/ZendeskSDKLogger.xcframework:1:1: error: While building for watchOS, no library for this platform was found in '/Users/admin/builder/spi-builder-workspace/.dependencies/checkouts/sdk_logger_ios/ZendeskSDKLogger.xcframework'. (in target 'ZendeskSDKAnalyticsKit' from project 'ZendeskSDKAnalyticsKit')
/Users/admin/builder/spi-builder-workspace/.dependencies/checkouts/sdk_core_utilities_ios/ZendeskSDKCoreUtilities.xcframework:1:1: error: While building for watchOS, no library for this platform was found in '/Users/admin/builder/spi-builder-workspace/.dependencies/checkouts/sdk_core_utilities_ios/ZendeskSDKCoreUtilities.xcframework'. (in target 'ZendeskSDKAnalyticsKit' from project 'ZendeskSDKAnalyticsKit')
/Users/admin/builder/spi-builder-workspace/.dependencies/checkouts/sdk_logger_ios/ZendeskSDKLogger.xcframework:1:1: error: While building for watchOS, no library for this platform was found in '/Users/admin/builder/spi-builder-workspace/.dependencies/checkouts/sdk_logger_ios/ZendeskSDKLogger.xcframework'. (in target 'ZendeskSDKAnalyticsKit' from project 'ZendeskSDKAnalyticsKit')
/Users/admin/builder/spi-builder-workspace/.dependencies/checkouts/sdk_http_client_ios/ZendeskSDKHTTPClient.xcframework:1:1: error: While building for watchOS, no library for this platform was found in '/Users/admin/builder/spi-builder-workspace/.dependencies/checkouts/sdk_http_client_ios/ZendeskSDKHTTPClient.xcframework'. (in target 'ZendeskSDKAnalyticsKit' from project 'ZendeskSDKAnalyticsKit')
/Users/admin/builder/spi-builder-workspace/.dependencies/checkouts/sdk_logger_ios/ZendeskSDKLogger.xcframework:1:1: error: While building for watchOS, no library for this platform was found in '/Users/admin/builder/spi-builder-workspace/.dependencies/checkouts/sdk_logger_ios/ZendeskSDKLogger.xcframework'. (in target 'ZendeskSDKAnalyticsKit' from project 'ZendeskSDKAnalyticsKit')
/Users/admin/builder/spi-builder-workspace/.dependencies/checkouts/sdk_storage_ios/ZendeskSDKStorage.xcframework:1:1: error: While building for watchOS, no library for this platform was found in '/Users/admin/builder/spi-builder-workspace/.dependencies/checkouts/sdk_storage_ios/ZendeskSDKStorage.xcframework'. (in target 'ZendeskSDKAnalyticsKit' from project 'ZendeskSDKAnalyticsKit')
/Users/admin/builder/spi-builder-workspace/.dependencies/checkouts/sdk_logger_ios/ZendeskSDKLogger.xcframework:1:1: error: While building for watchOS, no library for this platform was found in '/Users/admin/builder/spi-builder-workspace/.dependencies/checkouts/sdk_logger_ios/ZendeskSDKLogger.xcframework'. (in target 'ZendeskSDKAnalyticsKit' from project 'ZendeskSDKAnalyticsKit')
/Users/admin/builder/spi-builder-workspace/.dependencies/checkouts/sdk_core_utilities_ios/ZendeskSDKCoreUtilities.xcframework:1:1: error: While building for watchOS, no library for this platform was found in '/Users/admin/builder/spi-builder-workspace/.dependencies/checkouts/sdk_core_utilities_ios/ZendeskSDKCoreUtilities.xcframework'. (in target 'ZendeskSDKAnalyticsKit' from project 'ZendeskSDKAnalyticsKit')
/Users/admin/builder/spi-builder-workspace/.dependencies/checkouts/sdk_http_client_ios/ZendeskSDKHTTPClient.xcframework:1:1: error: While building for watchOS, no library for this platform was found in '/Users/admin/builder/spi-builder-workspace/.dependencies/checkouts/sdk_http_client_ios/ZendeskSDKHTTPClient.xcframework'. (in target 'ZendeskSDKHTTPClient' from project 'ZendeskSDKHTTPClient')
/Users/admin/builder/spi-builder-workspace/.dependencies/checkouts/sdk_logger_ios/ZendeskSDKLogger.xcframework:1:1: error: While building for watchOS, no library for this platform was found in '/Users/admin/builder/spi-builder-workspace/.dependencies/checkouts/sdk_logger_ios/ZendeskSDKLogger.xcframework'. (in target 'ZendeskSDKHTTPClient' from project 'ZendeskSDKHTTPClient')
/Users/admin/builder/spi-builder-workspace/.dependencies/checkouts/sdk_logger_ios/ZendeskSDKLogger.xcframework:1:1: error: While building for watchOS, no library for this platform was found in '/Users/admin/builder/spi-builder-workspace/.dependencies/checkouts/sdk_logger_ios/ZendeskSDKLogger.xcframework'. (in target 'ZendeskSDKHTTPClient' from project 'ZendeskSDKHTTPClient')
/Users/admin/builder/spi-builder-workspace/.dependencies/checkouts/sdk_zendesk_ios/ZendeskSDK.xcframework:1:1: error: While building for watchOS, no library for this platform was found in '/Users/admin/builder/spi-builder-workspace/.dependencies/checkouts/sdk_zendesk_ios/ZendeskSDK.xcframework'. (in target 'ZendeskSDKTargets' from project 'ZendeskSDK')
/Users/admin/builder/spi-builder-workspace/.dependencies/checkouts/sdk_core_utilities_ios/ZendeskSDKCoreUtilities.xcframework:1:1: error: While building for watchOS, no library for this platform was found in '/Users/admin/builder/spi-builder-workspace/.dependencies/checkouts/sdk_core_utilities_ios/ZendeskSDKCoreUtilities.xcframework'. (in target 'ZendeskSDKTargets' from project 'ZendeskSDK')
/Users/admin/builder/spi-builder-workspace/.dependencies/checkouts/sdk_zendesk_ios/ZendeskSDK.xcframework:1:1: error: While building for watchOS, no library for this platform was found in '/Users/admin/builder/spi-builder-workspace/.dependencies/checkouts/sdk_zendesk_ios/ZendeskSDK.xcframework'. (in target 'ZendeskSDK' from project 'ZendeskSDK')
/Users/admin/builder/spi-builder-workspace/.dependencies/checkouts/sdk_core_utilities_ios/ZendeskSDKCoreUtilities.xcframework:1:1: error: While building for watchOS, no library for this platform was found in '/Users/admin/builder/spi-builder-workspace/.dependencies/checkouts/sdk_core_utilities_ios/ZendeskSDKCoreUtilities.xcframework'. (in target 'ZendeskSDK' from project 'ZendeskSDK')
/Users/admin/builder/spi-builder-workspace/.dependencies/checkouts/sdk_conversation_kit_ios/ZendeskSDKConversationKit.xcframework:1:1: error: While building for watchOS, no library for this platform was found in '/Users/admin/builder/spi-builder-workspace/.dependencies/checkouts/sdk_conversation_kit_ios/ZendeskSDKConversationKit.xcframework'. (in target 'ZendeskSDK' from project 'ZendeskSDK')
/Users/admin/builder/spi-builder-workspace/.dependencies/checkouts/sdk_core_utilities_ios/ZendeskSDKCoreUtilities.xcframework:1:1: error: While building for watchOS, no library for this platform was found in '/Users/admin/builder/spi-builder-workspace/.dependencies/checkouts/sdk_core_utilities_ios/ZendeskSDKCoreUtilities.xcframework'. (in target 'ZendeskSDK' from project 'ZendeskSDK')
/Users/admin/builder/spi-builder-workspace/.dependencies/checkouts/sdk_core_utilities_ios/ZendeskSDKCoreUtilities.xcframework:1:1: error: While building for watchOS, no library for this platform was found in '/Users/admin/builder/spi-builder-workspace/.dependencies/checkouts/sdk_core_utilities_ios/ZendeskSDKCoreUtilities.xcframework'. (in target 'ZendeskSDK' from project 'ZendeskSDK')
/Users/admin/builder/spi-builder-workspace/.dependencies/checkouts/sdk_faye_client_ios/ZendeskSDKFayeClient.xcframework:1:1: error: While building for watchOS, no library for this platform was found in '/Users/admin/builder/spi-builder-workspace/.dependencies/checkouts/sdk_faye_client_ios/ZendeskSDKFayeClient.xcframework'. (in target 'ZendeskSDK' from project 'ZendeskSDK')
/Users/admin/builder/spi-builder-workspace/.dependencies/checkouts/sdk_logger_ios/ZendeskSDKLogger.xcframework:1:1: error: While building for watchOS, no library for this platform was found in '/Users/admin/builder/spi-builder-workspace/.dependencies/checkouts/sdk_logger_ios/ZendeskSDKLogger.xcframework'. (in target 'ZendeskSDK' from project 'ZendeskSDK')
/Users/admin/builder/spi-builder-workspace/.dependencies/checkouts/sdk_http_client_ios/ZendeskSDKHTTPClient.xcframework:1:1: error: While building for watchOS, no library for this platform was found in '/Users/admin/builder/spi-builder-workspace/.dependencies/checkouts/sdk_http_client_ios/ZendeskSDKHTTPClient.xcframework'. (in target 'ZendeskSDK' from project 'ZendeskSDK')
/Users/admin/builder/spi-builder-workspace/.dependencies/checkouts/sdk_logger_ios/ZendeskSDKLogger.xcframework:1:1: error: While building for watchOS, no library for this platform was found in '/Users/admin/builder/spi-builder-workspace/.dependencies/checkouts/sdk_logger_ios/ZendeskSDKLogger.xcframework'. (in target 'ZendeskSDK' from project 'ZendeskSDK')
/Users/admin/builder/spi-builder-workspace/.dependencies/checkouts/sdk_storage_ios/ZendeskSDKStorage.xcframework:1:1: error: While building for watchOS, no library for this platform was found in '/Users/admin/builder/spi-builder-workspace/.dependencies/checkouts/sdk_storage_ios/ZendeskSDKStorage.xcframework'. (in target 'ZendeskSDK' from project 'ZendeskSDK')
/Users/admin/builder/spi-builder-workspace/.dependencies/checkouts/sdk_logger_ios/ZendeskSDKLogger.xcframework:1:1: error: While building for watchOS, no library for this platform was found in '/Users/admin/builder/spi-builder-workspace/.dependencies/checkouts/sdk_logger_ios/ZendeskSDKLogger.xcframework'. (in target 'ZendeskSDK' from project 'ZendeskSDK')
/Users/admin/builder/spi-builder-workspace/.dependencies/checkouts/sdk_socket_client_ios/ZendeskSDKSocketClient.xcframework:1:1: error: While building for watchOS, no library for this platform was found in '/Users/admin/builder/spi-builder-workspace/.dependencies/checkouts/sdk_socket_client_ios/ZendeskSDKSocketClient.xcframework'. (in target 'ZendeskSDK' from project 'ZendeskSDK')
/Users/admin/builder/spi-builder-workspace/.dependencies/checkouts/sdk_logger_ios/ZendeskSDKLogger.xcframework:1:1: error: While building for watchOS, no library for this platform was found in '/Users/admin/builder/spi-builder-workspace/.dependencies/checkouts/sdk_logger_ios/ZendeskSDKLogger.xcframework'. (in target 'ZendeskSDK' from project 'ZendeskSDK')
/Users/admin/builder/spi-builder-workspace/.dependencies/checkouts/sdk_logger_ios/ZendeskSDKLogger.xcframework:1:1: error: While building for watchOS, no library for this platform was found in '/Users/admin/builder/spi-builder-workspace/.dependencies/checkouts/sdk_logger_ios/ZendeskSDKLogger.xcframework'. (in target 'ZendeskSDK' from project 'ZendeskSDK')
/Users/admin/builder/spi-builder-workspace/.dependencies/checkouts/sdk_logger_ios/ZendeskSDKLogger.xcframework:1:1: error: While building for watchOS, no library for this platform was found in '/Users/admin/builder/spi-builder-workspace/.dependencies/checkouts/sdk_logger_ios/ZendeskSDKLogger.xcframework'. (in target 'ZendeskSDKLogger' from project 'ZendeskSDKLogger')
/Users/admin/builder/spi-builder-workspace/.dependencies/checkouts/sdk_socket_client_ios/ZendeskSDKSocketClient.xcframework:1:1: error: While building for watchOS, no library for this platform was found in '/Users/admin/builder/spi-builder-workspace/.dependencies/checkouts/sdk_socket_client_ios/ZendeskSDKSocketClient.xcframework'. (in target 'ZendeskSDKSocketClient' from project 'ZendeskSDKSocketClient')
/Users/admin/builder/spi-builder-workspace/.dependencies/checkouts/sdk_logger_ios/ZendeskSDKLogger.xcframework:1:1: error: While building for watchOS, no library for this platform was found in '/Users/admin/builder/spi-builder-workspace/.dependencies/checkouts/sdk_logger_ios/ZendeskSDKLogger.xcframework'. (in target 'ZendeskSDKSocketClient' from project 'ZendeskSDKSocketClient')
/Users/admin/builder/spi-builder-workspace/.dependencies/checkouts/sdk_logger_ios/ZendeskSDKLogger.xcframework:1:1: error: While building for watchOS, no library for this platform was found in '/Users/admin/builder/spi-builder-workspace/.dependencies/checkouts/sdk_logger_ios/ZendeskSDKLogger.xcframework'. (in target 'ZendeskSDKSocketClient' from project 'ZendeskSDKSocketClient')
/Users/admin/builder/spi-builder-workspace/.dependencies/checkouts/sdk_http_client_ios/ZendeskSDKHTTPClient.xcframework:1:1: error: While building for watchOS, no library for this platform was found in '/Users/admin/builder/spi-builder-workspace/.dependencies/checkouts/sdk_http_client_ios/ZendeskSDKHTTPClient.xcframework'. (in target 'ZendeskSDKHTTPClientTargets' from project 'ZendeskSDKHTTPClient')
/Users/admin/builder/spi-builder-workspace/.dependencies/checkouts/sdk_logger_ios/ZendeskSDKLogger.xcframework:1:1: error: While building for watchOS, no library for this platform was found in '/Users/admin/builder/spi-builder-workspace/.dependencies/checkouts/sdk_logger_ios/ZendeskSDKLogger.xcframework'. (in target 'ZendeskSDKHTTPClientTargets' from project 'ZendeskSDKHTTPClient')
2026-10-03 12:04:39.492 xcodebuild[1744:10146] [MT] IDERunDestination: Supported platforms for the buildables in the current scheme is empty.
** BUILD FAILED **
The following build commands failed:
Building workspace spi-builder-workspace with scheme ZendeskSDKMessaging
(1 failure)
Command line invocation:
/Applications/Xcode-26.5.0.app/Contents/Developer/usr/bin/xcodebuild -IDEClonedSourcePackagesDirPathOverride=/Users/admin/builder/spi-builder-workspace/.dependencies -resolvePackageDependencies
Resolve Package Graph
Resolved source packages:
ZendeskSDKConversationKit: https://github.com/zendesk/sdk_conversation_kit_ios @ 15.1.0
ZendeskSDKFayeClient: https://github.com/zendesk/sdk_faye_client_ios @ 1.17.0
ZendeskSDKGuideKit: https://github.com/zendesk/sdk_guide_kit_ios @ 2.12.0
ZendeskSDKLogger: https://github.com/zendesk/sdk_logger_ios @ 0.12.0
ZendeskSDKAnalyticsKit: https://github.com/zendesk/sdk_analytics_kit_ios @ 1.1.0
ZendeskSDKMessaging: /Users/admin/builder/spi-builder-workspace
ZendeskSDKHTTPClient: https://github.com/zendesk/sdk_http_client_ios @ 0.22.0
ZendeskSDK: https://github.com/zendesk/sdk_zendesk_ios @ 3.19.0
ZendeskSDKStorage: https://github.com/zendesk/sdk_storage_ios @ 1.7.0
ZendeskSDKUIComponents: https://github.com/zendesk/sdk_ui_components_ios @ 15.1.0
ZendeskSDKCoreUtilities: https://github.com/zendesk/sdk_core_utilities_ios @ 8.2.0
ZendeskSDKSocketClient: https://github.com/zendesk/sdk_socket_client_ios @ 1.15.0
resolved source packages: ZendeskSDKConversationKit, ZendeskSDKFayeClient, ZendeskSDKGuideKit, ZendeskSDKLogger, ZendeskSDKAnalyticsKit, ZendeskSDKMessaging, ZendeskSDKHTTPClient, ZendeskSDK, ZendeskSDKStorage, ZendeskSDKUIComponents, ZendeskSDKCoreUtilities, ZendeskSDKSocketClient
2026-10-03 12:05:00.758 xcodebuild[1848:10857] [MT] IDERunDestination: Supported platforms for the buildables in the current scheme is empty.
{
"dependencies" : [
{
"identity" : "sdk_conversation_kit_ios",
"requirement" : {
"range" : [
{
"lower_bound" : "15.1.0",
"upper_bound" : "16.0.0"
}
]
},
"type" : "sourceControl",
"url" : "https://github.com/zendesk/sdk_conversation_kit_ios"
},
{
"identity" : "sdk_ui_components_ios",
"requirement" : {
"range" : [
{
"lower_bound" : "15.1.0",
"upper_bound" : "16.0.0"
}
]
},
"type" : "sourceControl",
"url" : "https://github.com/zendesk/sdk_ui_components_ios"
},
{
"identity" : "sdk_zendesk_ios",
"requirement" : {
"range" : [
{
"lower_bound" : "3.19.0",
"upper_bound" : "4.0.0"
}
]
},
"type" : "sourceControl",
"url" : "https://github.com/zendesk/sdk_zendesk_ios"
},
{
"identity" : "sdk_core_utilities_ios",
"requirement" : {
"range" : [
{
"lower_bound" : "8.2.0",
"upper_bound" : "9.0.0"
}
]
},
"type" : "sourceControl",
"url" : "https://github.com/zendesk/sdk_core_utilities_ios"
},
{
"identity" : "sdk_guide_kit_ios",
"requirement" : {
"range" : [
{
"lower_bound" : "2.12.0",
"upper_bound" : "3.0.0"
}
]
},
"type" : "sourceControl",
"url" : "https://github.com/zendesk/sdk_guide_kit_ios"
},
{
"identity" : "sdk_analytics_kit_ios",
"requirement" : {
"range" : [
{
"lower_bound" : "1.1.0",
"upper_bound" : "2.0.0"
}
]
},
"type" : "sourceControl",
"url" : "https://github.com/zendesk/sdk_analytics_kit_ios"
}
],
"manifest_display_name" : "ZendeskSDKMessaging",
"name" : "ZendeskSDKMessaging",
"path" : "/Users/admin/builder/spi-builder-workspace",
"platforms" : [
{
"name" : "ios",
"version" : "16.0"
}
],
"products" : [
{
"name" : "ZendeskSDKMessaging",
"targets" : [
"ZendeskSDKMessagingTargets"
],
"type" : {
"library" : [
"automatic"
]
}
}
],
"targets" : [
{
"c99name" : "ZendeskSDKMessagingTargets",
"module_type" : "SwiftTarget",
"name" : "ZendeskSDKMessagingTargets",
"path" : "Sources",
"product_dependencies" : [
"ZendeskSDKConversationKit",
"ZendeskSDKUIComponents",
"ZendeskSDK",
"ZendeskSDKCoreUtilities",
"ZendeskSDKGuideKit",
"ZendeskSDKAnalyticsKit"
],
"product_memberships" : [
"ZendeskSDKMessaging"
],
"sources" : [
"Placeholder.swift"
],
"target_dependencies" : [
"ZendeskSDKMessaging"
],
"type" : "library"
},
{
"c99name" : "ZendeskSDKMessaging",
"module_type" : "BinaryTarget",
"name" : "ZendeskSDKMessaging",
"path" : "ZendeskSDKMessaging.xcframework",
"product_memberships" : [
"ZendeskSDKMessaging"
],
"sources" : [
],
"type" : "binary"
}
],
"tools_version" : "5.7"
}
{
"workspace" : {
"name" : "spi-builder-workspace",
"schemes" : [
"ZendeskSDKMessaging"
]
}
}
2026-10-03 12:05:19.806 xcodebuild[1858:10980] [MT] IDERunDestination: Supported platforms for the buildables in the current scheme is empty.
Running build ...
env DEVELOPER_DIR=/Applications/Xcode-26.5.0.app xcrun xcodebuild -IDEClonedSourcePackagesDirPathOverride=$PWD/.dependencies -skipMacroValidation -skipPackagePluginValidation -derivedDataPath $PWD/.derivedData build -scheme ZendeskSDKMessaging -destination generic/platform=watchOS
Command line invocation:
/Applications/Xcode-26.5.0.app/Contents/Developer/usr/bin/xcodebuild -IDEClonedSourcePackagesDirPathOverride=/Users/admin/builder/spi-builder-workspace/.dependencies -skipMacroValidation -skipPackagePluginValidation -derivedDataPath /Users/admin/builder/spi-builder-workspace/.derivedData build -scheme ZendeskSDKMessaging -destination generic/platform=watchOS
Resolve Package Graph
Resolved source packages:
ZendeskSDKUIComponents: https://github.com/zendesk/sdk_ui_components_ios @ 15.1.0
ZendeskSDKFayeClient: https://github.com/zendesk/sdk_faye_client_ios @ 1.17.0
ZendeskSDKMessaging: /Users/admin/builder/spi-builder-workspace
ZendeskSDKGuideKit: https://github.com/zendesk/sdk_guide_kit_ios @ 2.12.0
ZendeskSDKLogger: https://github.com/zendesk/sdk_logger_ios @ 0.12.0
ZendeskSDKStorage: https://github.com/zendesk/sdk_storage_ios @ 1.7.0
ZendeskSDKCoreUtilities: https://github.com/zendesk/sdk_core_utilities_ios @ 8.2.0
ZendeskSDKHTTPClient: https://github.com/zendesk/sdk_http_client_ios @ 0.22.0
ZendeskSDK: https://github.com/zendesk/sdk_zendesk_ios @ 3.19.0
ZendeskSDKSocketClient: https://github.com/zendesk/sdk_socket_client_ios @ 1.15.0
ZendeskSDKConversationKit: https://github.com/zendesk/sdk_conversation_kit_ios @ 15.1.0
ZendeskSDKAnalyticsKit: https://github.com/zendesk/sdk_analytics_kit_ios @ 1.1.0
ComputePackagePrebuildTargetDependencyGraph
Prepare packages
CreateBuildRequest
SendProjectDescription
CreateBuildOperation
ComputeTargetDependencyGraph
note: Building targets in dependency order
note: Target dependency graph (21 targets)
Target 'ZendeskSDKMessaging' in project 'ZendeskSDKMessaging'
➜ Explicit dependency on target 'ZendeskSDKMessagingTargets' in project 'ZendeskSDKMessaging'
➜ Explicit dependency on target 'ZendeskSDKConversationKit' in project 'ZendeskSDKConversationKit'
➜ Explicit dependency on target 'ZendeskSDKUIComponents' in project 'ZendeskSDKUIComponents'
➜ Explicit dependency on target 'ZendeskSDK' in project 'ZendeskSDK'
➜ Explicit dependency on target 'ZendeskSDKCoreUtilities' in project 'ZendeskSDKCoreUtilities'
➜ Explicit dependency on target 'ZendeskSDKGuideKit' in project 'ZendeskSDKGuideKit'
➜ Explicit dependency on target 'ZendeskSDKAnalyticsKit' in project 'ZendeskSDKAnalyticsKit'
Target 'ZendeskSDKMessagingTargets' in project 'ZendeskSDKMessaging'
➜ Explicit dependency on target 'ZendeskSDKConversationKit' in project 'ZendeskSDKConversationKit'
➜ Explicit dependency on target 'ZendeskSDKUIComponents' in project 'ZendeskSDKUIComponents'
➜ Explicit dependency on target 'ZendeskSDK' in project 'ZendeskSDK'
➜ Explicit dependency on target 'ZendeskSDKCoreUtilities' in project 'ZendeskSDKCoreUtilities'
➜ Explicit dependency on target 'ZendeskSDKGuideKit' in project 'ZendeskSDKGuideKit'
➜ Explicit dependency on target 'ZendeskSDKAnalyticsKit' in project 'ZendeskSDKAnalyticsKit'
Target 'ZendeskSDKAnalyticsKit' in project 'ZendeskSDKAnalyticsKit'
➜ Explicit dependency on target 'ZendeskSDKAnalyticsKitTargets' in project 'ZendeskSDKAnalyticsKit'
➜ Explicit dependency on target 'ZendeskSDKLogger' in project 'ZendeskSDKLogger'
➜ Explicit dependency on target 'ZendeskSDKHTTPClient' in project 'ZendeskSDKHTTPClient'
➜ Explicit dependency on target 'ZendeskSDKStorage' in project 'ZendeskSDKStorage'
➜ Explicit dependency on target 'ZendeskSDKCoreUtilities' in project 'ZendeskSDKCoreUtilities'
Target 'ZendeskSDKAnalyticsKitTargets' in project 'ZendeskSDKAnalyticsKit'
➜ Explicit dependency on target 'ZendeskSDKLogger' in project 'ZendeskSDKLogger'
➜ Explicit dependency on target 'ZendeskSDKHTTPClient' in project 'ZendeskSDKHTTPClient'
➜ Explicit dependency on target 'ZendeskSDKStorage' in project 'ZendeskSDKStorage'
➜ Explicit dependency on target 'ZendeskSDKCoreUtilities' in project 'ZendeskSDKCoreUtilities'
Target 'ZendeskSDKGuideKit' in project 'ZendeskSDKGuideKit'
➜ Explicit dependency on target 'ZendeskSDKGuideKitTargets' in project 'ZendeskSDKGuideKit'
➜ Explicit dependency on target 'ZendeskSDKLogger' in project 'ZendeskSDKLogger'
➜ Explicit dependency on target 'ZendeskSDKHTTPClient' in project 'ZendeskSDKHTTPClient'
➜ Explicit dependency on target 'ZendeskSDKStorage' in project 'ZendeskSDKStorage'
➜ Explicit dependency on target 'ZendeskSDKCoreUtilities' in project 'ZendeskSDKCoreUtilities'
Target 'ZendeskSDKGuideKitTargets' in project 'ZendeskSDKGuideKit'
➜ Explicit dependency on target 'ZendeskSDKLogger' in project 'ZendeskSDKLogger'
➜ Explicit dependency on target 'ZendeskSDKHTTPClient' in project 'ZendeskSDKHTTPClient'
➜ Explicit dependency on target 'ZendeskSDKStorage' in project 'ZendeskSDKStorage'
➜ Explicit dependency on target 'ZendeskSDKCoreUtilities' in project 'ZendeskSDKCoreUtilities'
Target 'ZendeskSDK' in project 'ZendeskSDK'
➜ Explicit dependency on target 'ZendeskSDKTargets' in project 'ZendeskSDK'
➜ Explicit dependency on target 'ZendeskSDKConversationKit' in project 'ZendeskSDKConversationKit'
➜ Explicit dependency on target 'ZendeskSDKCoreUtilities' in project 'ZendeskSDKCoreUtilities'
Target 'ZendeskSDKTargets' in project 'ZendeskSDK'
➜ Explicit dependency on target 'ZendeskSDKConversationKit' in project 'ZendeskSDKConversationKit'
➜ Explicit dependency on target 'ZendeskSDKCoreUtilities' in project 'ZendeskSDKCoreUtilities'
Target 'ZendeskSDKUIComponents' in project 'ZendeskSDKUIComponents' (no dependencies)
Target 'ZendeskSDKConversationKit' in project 'ZendeskSDKConversationKit'
➜ Explicit dependency on target 'ZendeskSDKConversationKitTargets' in project 'ZendeskSDKConversationKit'
➜ Explicit dependency on target 'ZendeskSDKFayeClient' in project 'ZendeskSDKFayeClient'
➜ Explicit dependency on target 'ZendeskSDKHTTPClient' in project 'ZendeskSDKHTTPClient'
➜ Explicit dependency on target 'ZendeskSDKStorage' in project 'ZendeskSDKStorage'
➜ Explicit dependency on target 'ZendeskSDKCoreUtilities' in project 'ZendeskSDKCoreUtilities'
Target 'ZendeskSDKConversationKitTargets' in project 'ZendeskSDKConversationKit'
➜ Explicit dependency on target 'ZendeskSDKFayeClient' in project 'ZendeskSDKFayeClient'
➜ Explicit dependency on target 'ZendeskSDKHTTPClient' in project 'ZendeskSDKHTTPClient'
➜ Explicit dependency on target 'ZendeskSDKStorage' in project 'ZendeskSDKStorage'
➜ Explicit dependency on target 'ZendeskSDKCoreUtilities' in project 'ZendeskSDKCoreUtilities'
Target 'ZendeskSDKCoreUtilities' in project 'ZendeskSDKCoreUtilities' (no dependencies)
Target 'ZendeskSDKStorage' in project 'ZendeskSDKStorage'
➜ Explicit dependency on target 'ZendeskSDKStorageTargets' in project 'ZendeskSDKStorage'
➜ Explicit dependency on target 'ZendeskSDKLogger' in project 'ZendeskSDKLogger'
Target 'ZendeskSDKStorageTargets' in project 'ZendeskSDKStorage'
➜ Explicit dependency on target 'ZendeskSDKLogger' in project 'ZendeskSDKLogger'
Target 'ZendeskSDKHTTPClient' in project 'ZendeskSDKHTTPClient'
➜ Explicit dependency on target 'ZendeskSDKHTTPClientTargets' in project 'ZendeskSDKHTTPClient'
➜ Explicit dependency on target 'ZendeskSDKLogger' in project 'ZendeskSDKLogger'
Target 'ZendeskSDKHTTPClientTargets' in project 'ZendeskSDKHTTPClient'
➜ Explicit dependency on target 'ZendeskSDKLogger' in project 'ZendeskSDKLogger'
Target 'ZendeskSDKFayeClient' in project 'ZendeskSDKFayeClient'
➜ Explicit dependency on target 'ZendeskSDKFayeClientTargets' in project 'ZendeskSDKFayeClient'
➜ Explicit dependency on target 'ZendeskSDKSocketClient' in project 'ZendeskSDKSocketClient'
➜ Explicit dependency on target 'ZendeskSDKLogger' in project 'ZendeskSDKLogger'
Target 'ZendeskSDKFayeClientTargets' in project 'ZendeskSDKFayeClient'
➜ Explicit dependency on target 'ZendeskSDKSocketClient' in project 'ZendeskSDKSocketClient'
➜ Explicit dependency on target 'ZendeskSDKLogger' in project 'ZendeskSDKLogger'
Target 'ZendeskSDKSocketClient' in project 'ZendeskSDKSocketClient'
➜ Explicit dependency on target 'ZendeskSDKSocketClientTargets' in project 'ZendeskSDKSocketClient'
➜ Explicit dependency on target 'ZendeskSDKLogger' in project 'ZendeskSDKLogger'
Target 'ZendeskSDKSocketClientTargets' in project 'ZendeskSDKSocketClient'
➜ Explicit dependency on target 'ZendeskSDKLogger' in project 'ZendeskSDKLogger'
Target 'ZendeskSDKLogger' in project 'ZendeskSDKLogger' (no dependencies)
GatherProvisioningInputs
CreateBuildDescription
/Users/admin/builder/spi-builder-workspace/.dependencies/checkouts/sdk_logger_ios/ZendeskSDKLogger.xcframework:1:1: error: While building for watchOS, no library for this platform was found in '/Users/admin/builder/spi-builder-workspace/.dependencies/checkouts/sdk_logger_ios/ZendeskSDKLogger.xcframework'. (in target 'ZendeskSDKStorage' from project 'ZendeskSDKStorage')
/Users/admin/builder/spi-builder-workspace/.dependencies/checkouts/sdk_logger_ios/ZendeskSDKLogger.xcframework:1:1: error: While building for watchOS, no library for this platform was found in '/Users/admin/builder/spi-builder-workspace/.dependencies/checkouts/sdk_logger_ios/ZendeskSDKLogger.xcframework'. (in target 'ZendeskSDKStorage' from project 'ZendeskSDKStorage')
/Users/admin/builder/spi-builder-workspace/.dependencies/checkouts/sdk_storage_ios/ZendeskSDKStorage.xcframework:1:1: error: While building for watchOS, no library for this platform was found in '/Users/admin/builder/spi-builder-workspace/.dependencies/checkouts/sdk_storage_ios/ZendeskSDKStorage.xcframework'. (in target 'ZendeskSDKStorage' from project 'ZendeskSDKStorage')
/Users/admin/builder/spi-builder-workspace/.dependencies/checkouts/sdk_core_utilities_ios/ZendeskSDKCoreUtilities.xcframework:1:1: error: While building for watchOS, no library for this platform was found in '/Users/admin/builder/spi-builder-workspace/.dependencies/checkouts/sdk_core_utilities_ios/ZendeskSDKCoreUtilities.xcframework'. (in target 'ZendeskSDKCoreUtilities' from project 'ZendeskSDKCoreUtilities')
/Users/admin/builder/spi-builder-workspace/.dependencies/checkouts/sdk_logger_ios/ZendeskSDKLogger.xcframework:1:1: error: While building for watchOS, no library for this platform was found in '/Users/admin/builder/spi-builder-workspace/.dependencies/checkouts/sdk_logger_ios/ZendeskSDKLogger.xcframework'. (in target 'ZendeskSDKLogger' from project 'ZendeskSDKLogger')
/Users/admin/builder/spi-builder-workspace/.dependencies/checkouts/sdk_faye_client_ios/ZendeskSDKFayeClient.xcframework:1:1: error: While building for watchOS, no library for this platform was found in '/Users/admin/builder/spi-builder-workspace/.dependencies/checkouts/sdk_faye_client_ios/ZendeskSDKFayeClient.xcframework'. (in target 'ZendeskSDKFayeClientTargets' from project 'ZendeskSDKFayeClient')
/Users/admin/builder/spi-builder-workspace/.dependencies/checkouts/sdk_logger_ios/ZendeskSDKLogger.xcframework:1:1: error: While building for watchOS, no library for this platform was found in '/Users/admin/builder/spi-builder-workspace/.dependencies/checkouts/sdk_logger_ios/ZendeskSDKLogger.xcframework'. (in target 'ZendeskSDKFayeClientTargets' from project 'ZendeskSDKFayeClient')
/Users/admin/builder/spi-builder-workspace/.dependencies/checkouts/sdk_ui_components_ios/ZendeskSDKUIComponents.xcframework:1:1: error: While building for watchOS, no library for this platform was found in '/Users/admin/builder/spi-builder-workspace/.dependencies/checkouts/sdk_ui_components_ios/ZendeskSDKUIComponents.xcframework'. (in target 'ZendeskSDKUIComponents' from project 'ZendeskSDKUIComponents')
/Users/admin/builder/spi-builder-workspace/.dependencies/checkouts/sdk_conversation_kit_ios/ZendeskSDKConversationKit.xcframework:1:1: error: While building for watchOS, no library for this platform was found in '/Users/admin/builder/spi-builder-workspace/.dependencies/checkouts/sdk_conversation_kit_ios/ZendeskSDKConversationKit.xcframework'. (in target 'ZendeskSDKConversationKit' from project 'ZendeskSDKConversationKit')
/Users/admin/builder/spi-builder-workspace/.dependencies/checkouts/sdk_core_utilities_ios/ZendeskSDKCoreUtilities.xcframework:1:1: error: While building for watchOS, no library for this platform was found in '/Users/admin/builder/spi-builder-workspace/.dependencies/checkouts/sdk_core_utilities_ios/ZendeskSDKCoreUtilities.xcframework'. (in target 'ZendeskSDKConversationKit' from project 'ZendeskSDKConversationKit')
/Users/admin/builder/spi-builder-workspace/.dependencies/checkouts/sdk_core_utilities_ios/ZendeskSDKCoreUtilities.xcframework:1:1: error: While building for watchOS, no library for this platform was found in '/Users/admin/builder/spi-builder-workspace/.dependencies/checkouts/sdk_core_utilities_ios/ZendeskSDKCoreUtilities.xcframework'. (in target 'ZendeskSDKConversationKit' from project 'ZendeskSDKConversationKit')
/Users/admin/builder/spi-builder-workspace/.dependencies/checkouts/sdk_faye_client_ios/ZendeskSDKFayeClient.xcframework:1:1: error: While building for watchOS, no library for this platform was found in '/Users/admin/builder/spi-builder-workspace/.dependencies/checkouts/sdk_faye_client_ios/ZendeskSDKFayeClient.xcframework'. (in target 'ZendeskSDKConversationKit' from project 'ZendeskSDKConversationKit')
/Users/admin/builder/spi-builder-workspace/.dependencies/checkouts/sdk_http_client_ios/ZendeskSDKHTTPClient.xcframework:1:1: error: While building for watchOS, no library for this platform was found in '/Users/admin/builder/spi-builder-workspace/.dependencies/checkouts/sdk_http_client_ios/ZendeskSDKHTTPClient.xcframework'. (in target 'ZendeskSDKConversationKit' from project 'ZendeskSDKConversationKit')
/Users/admin/builder/spi-builder-workspace/.dependencies/checkouts/sdk_logger_ios/ZendeskSDKLogger.xcframework:1:1: error: While building for watchOS, no library for this platform was found in '/Users/admin/builder/spi-builder-workspace/.dependencies/checkouts/sdk_logger_ios/ZendeskSDKLogger.xcframework'. (in target 'ZendeskSDKConversationKit' from project 'ZendeskSDKConversationKit')
/Users/admin/builder/spi-builder-workspace/.dependencies/checkouts/sdk_logger_ios/ZendeskSDKLogger.xcframework:1:1: error: While building for watchOS, no library for this platform was found in '/Users/admin/builder/spi-builder-workspace/.dependencies/checkouts/sdk_logger_ios/ZendeskSDKLogger.xcframework'. (in target 'ZendeskSDKConversationKit' from project 'ZendeskSDKConversationKit')
/Users/admin/builder/spi-builder-workspace/.dependencies/checkouts/sdk_logger_ios/ZendeskSDKLogger.xcframework:1:1: error: While building for watchOS, no library for this platform was found in '/Users/admin/builder/spi-builder-workspace/.dependencies/checkouts/sdk_logger_ios/ZendeskSDKLogger.xcframework'. (in target 'ZendeskSDKConversationKit' from project 'ZendeskSDKConversationKit')
/Users/admin/builder/spi-builder-workspace/.dependencies/checkouts/sdk_logger_ios/ZendeskSDKLogger.xcframework:1:1: error: While building for watchOS, no library for this platform was found in '/Users/admin/builder/spi-builder-workspace/.dependencies/checkouts/sdk_logger_ios/ZendeskSDKLogger.xcframework'. (in target 'ZendeskSDKConversationKit' from project 'ZendeskSDKConversationKit')
/Users/admin/builder/spi-builder-workspace/.dependencies/checkouts/sdk_logger_ios/ZendeskSDKLogger.xcframework:1:1: error: While building for watchOS, no library for this platform was found in '/Users/admin/builder/spi-builder-workspace/.dependencies/checkouts/sdk_logger_ios/ZendeskSDKLogger.xcframework'. (in target 'ZendeskSDKConversationKit' from project 'ZendeskSDKConversationKit')
/Users/admin/builder/spi-builder-workspace/.dependencies/checkouts/sdk_socket_client_ios/ZendeskSDKSocketClient.xcframework:1:1: error: While building for watchOS, no library for this platform was found in '/Users/admin/builder/spi-builder-workspace/.dependencies/checkouts/sdk_socket_client_ios/ZendeskSDKSocketClient.xcframework'. (in target 'ZendeskSDKConversationKit' from project 'ZendeskSDKConversationKit')
/Users/admin/builder/spi-builder-workspace/.dependencies/checkouts/sdk_storage_ios/ZendeskSDKStorage.xcframework:1:1: error: While building for watchOS, no library for this platform was found in '/Users/admin/builder/spi-builder-workspace/.dependencies/checkouts/sdk_storage_ios/ZendeskSDKStorage.xcframework'. (in target 'ZendeskSDKConversationKit' from project 'ZendeskSDKConversationKit')
/Users/admin/builder/spi-builder-workspace/.dependencies/checkouts/sdk_logger_ios/ZendeskSDKLogger.xcframework:1:1: error: While building for watchOS, no library for this platform was found in '/Users/admin/builder/spi-builder-workspace/.dependencies/checkouts/sdk_logger_ios/ZendeskSDKLogger.xcframework'. (in target 'ZendeskSDKSocketClientTargets' from project 'ZendeskSDKSocketClient')
/Users/admin/builder/spi-builder-workspace/.dependencies/checkouts/sdk_socket_client_ios/ZendeskSDKSocketClient.xcframework:1:1: error: While building for watchOS, no library for this platform was found in '/Users/admin/builder/spi-builder-workspace/.dependencies/checkouts/sdk_socket_client_ios/ZendeskSDKSocketClient.xcframework'. (in target 'ZendeskSDKSocketClientTargets' from project 'ZendeskSDKSocketClient')
/Users/admin/builder/spi-builder-workspace/.dependencies/checkouts/sdk_faye_client_ios/ZendeskSDKFayeClient.xcframework:1:1: error: While building for watchOS, no library for this platform was found in '/Users/admin/builder/spi-builder-workspace/.dependencies/checkouts/sdk_faye_client_ios/ZendeskSDKFayeClient.xcframework'. (in target 'ZendeskSDKFayeClient' from project 'ZendeskSDKFayeClient')
/Users/admin/builder/spi-builder-workspace/.dependencies/checkouts/sdk_logger_ios/ZendeskSDKLogger.xcframework:1:1: error: While building for watchOS, no library for this platform was found in '/Users/admin/builder/spi-builder-workspace/.dependencies/checkouts/sdk_logger_ios/ZendeskSDKLogger.xcframework'. (in target 'ZendeskSDKFayeClient' from project 'ZendeskSDKFayeClient')
/Users/admin/builder/spi-builder-workspace/.dependencies/checkouts/sdk_logger_ios/ZendeskSDKLogger.xcframework:1:1: error: While building for watchOS, no library for this platform was found in '/Users/admin/builder/spi-builder-workspace/.dependencies/checkouts/sdk_logger_ios/ZendeskSDKLogger.xcframework'. (in target 'ZendeskSDKFayeClient' from project 'ZendeskSDKFayeClient')
/Users/admin/builder/spi-builder-workspace/.dependencies/checkouts/sdk_logger_ios/ZendeskSDKLogger.xcframework:1:1: error: While building for watchOS, no library for this platform was found in '/Users/admin/builder/spi-builder-workspace/.dependencies/checkouts/sdk_logger_ios/ZendeskSDKLogger.xcframework'. (in target 'ZendeskSDKFayeClient' from project 'ZendeskSDKFayeClient')
/Users/admin/builder/spi-builder-workspace/.dependencies/checkouts/sdk_socket_client_ios/ZendeskSDKSocketClient.xcframework:1:1: error: While building for watchOS, no library for this platform was found in '/Users/admin/builder/spi-builder-workspace/.dependencies/checkouts/sdk_socket_client_ios/ZendeskSDKSocketClient.xcframework'. (in target 'ZendeskSDKFayeClient' from project 'ZendeskSDKFayeClient')
/Users/admin/builder/spi-builder-workspace/.dependencies/checkouts/sdk_http_client_ios/ZendeskSDKHTTPClient.xcframework:1:1: error: While building for watchOS, no library for this platform was found in '/Users/admin/builder/spi-builder-workspace/.dependencies/checkouts/sdk_http_client_ios/ZendeskSDKHTTPClient.xcframework'. (in target 'ZendeskSDKHTTPClient' from project 'ZendeskSDKHTTPClient')
/Users/admin/builder/spi-builder-workspace/.dependencies/checkouts/sdk_logger_ios/ZendeskSDKLogger.xcframework:1:1: error: While building for watchOS, no library for this platform was found in '/Users/admin/builder/spi-builder-workspace/.dependencies/checkouts/sdk_logger_ios/ZendeskSDKLogger.xcframework'. (in target 'ZendeskSDKHTTPClient' from project 'ZendeskSDKHTTPClient')
/Users/admin/builder/spi-builder-workspace/.dependencies/checkouts/sdk_logger_ios/ZendeskSDKLogger.xcframework:1:1: error: While building for watchOS, no library for this platform was found in '/Users/admin/builder/spi-builder-workspace/.dependencies/checkouts/sdk_logger_ios/ZendeskSDKLogger.xcframework'. (in target 'ZendeskSDKHTTPClient' from project 'ZendeskSDKHTTPClient')
/Users/admin/builder/spi-builder-workspace/.dependencies/checkouts/sdk_analytics_kit_ios/ZendeskSDKAnalyticsKit.xcframework:1:1: error: While building for watchOS, no library for this platform was found in '/Users/admin/builder/spi-builder-workspace/.dependencies/checkouts/sdk_analytics_kit_ios/ZendeskSDKAnalyticsKit.xcframework'. (in target 'ZendeskSDKAnalyticsKitTargets' from project 'ZendeskSDKAnalyticsKit')
/Users/admin/builder/spi-builder-workspace/.dependencies/checkouts/sdk_core_utilities_ios/ZendeskSDKCoreUtilities.xcframework:1:1: error: While building for watchOS, no library for this platform was found in '/Users/admin/builder/spi-builder-workspace/.dependencies/checkouts/sdk_core_utilities_ios/ZendeskSDKCoreUtilities.xcframework'. (in target 'ZendeskSDKAnalyticsKitTargets' from project 'ZendeskSDKAnalyticsKit')
/Users/admin/builder/spi-builder-workspace/.dependencies/checkouts/sdk_logger_ios/ZendeskSDKLogger.xcframework:1:1: error: While building for watchOS, no library for this platform was found in '/Users/admin/builder/spi-builder-workspace/.dependencies/checkouts/sdk_logger_ios/ZendeskSDKLogger.xcframework'. (in target 'ZendeskSDKAnalyticsKitTargets' from project 'ZendeskSDKAnalyticsKit')
/Users/admin/builder/spi-builder-workspace/.dependencies/checkouts/sdk_core_utilities_ios/ZendeskSDKCoreUtilities.xcframework:1:1: error: While building for watchOS, no library for this platform was found in '/Users/admin/builder/spi-builder-workspace/.dependencies/checkouts/sdk_core_utilities_ios/ZendeskSDKCoreUtilities.xcframework'. (in target 'ZendeskSDKGuideKitTargets' from project 'ZendeskSDKGuideKit')
/Users/admin/builder/spi-builder-workspace/.dependencies/checkouts/sdk_guide_kit_ios/ZendeskSDKGuideKit.xcframework:1:1: error: While building for watchOS, no library for this platform was found in '/Users/admin/builder/spi-builder-workspace/.dependencies/checkouts/sdk_guide_kit_ios/ZendeskSDKGuideKit.xcframework'. (in target 'ZendeskSDKGuideKitTargets' from project 'ZendeskSDKGuideKit')
/Users/admin/builder/spi-builder-workspace/.dependencies/checkouts/sdk_logger_ios/ZendeskSDKLogger.xcframework:1:1: error: While building for watchOS, no library for this platform was found in '/Users/admin/builder/spi-builder-workspace/.dependencies/checkouts/sdk_logger_ios/ZendeskSDKLogger.xcframework'. (in target 'ZendeskSDKGuideKitTargets' from project 'ZendeskSDKGuideKit')
/Users/admin/builder/spi-builder-workspace/.dependencies/checkouts/sdk_conversation_kit_ios/ZendeskSDKConversationKit.xcframework:1:1: error: While building for watchOS, no library for this platform was found in '/Users/admin/builder/spi-builder-workspace/.dependencies/checkouts/sdk_conversation_kit_ios/ZendeskSDKConversationKit.xcframework'. (in target 'ZendeskSDK' from project 'ZendeskSDK')
/Users/admin/builder/spi-builder-workspace/.dependencies/checkouts/sdk_core_utilities_ios/ZendeskSDKCoreUtilities.xcframework:1:1: error: While building for watchOS, no library for this platform was found in '/Users/admin/builder/spi-builder-workspace/.dependencies/checkouts/sdk_core_utilities_ios/ZendeskSDKCoreUtilities.xcframework'. (in target 'ZendeskSDK' from project 'ZendeskSDK')
/Users/admin/builder/spi-builder-workspace/.dependencies/checkouts/sdk_core_utilities_ios/ZendeskSDKCoreUtilities.xcframework:1:1: error: While building for watchOS, no library for this platform was found in '/Users/admin/builder/spi-builder-workspace/.dependencies/checkouts/sdk_core_utilities_ios/ZendeskSDKCoreUtilities.xcframework'. (in target 'ZendeskSDK' from project 'ZendeskSDK')
/Users/admin/builder/spi-builder-workspace/.dependencies/checkouts/sdk_core_utilities_ios/ZendeskSDKCoreUtilities.xcframework:1:1: error: While building for watchOS, no library for this platform was found in '/Users/admin/builder/spi-builder-workspace/.dependencies/checkouts/sdk_core_utilities_ios/ZendeskSDKCoreUtilities.xcframework'. (in target 'ZendeskSDK' from project 'ZendeskSDK')
/Users/admin/builder/spi-builder-workspace/.dependencies/checkouts/sdk_faye_client_ios/ZendeskSDKFayeClient.xcframework:1:1: error: While building for watchOS, no library for this platform was found in '/Users/admin/builder/spi-builder-workspace/.dependencies/checkouts/sdk_faye_client_ios/ZendeskSDKFayeClient.xcframework'. (in target 'ZendeskSDK' from project 'ZendeskSDK')
/Users/admin/builder/spi-builder-workspace/.dependencies/checkouts/sdk_http_client_ios/ZendeskSDKHTTPClient.xcframework:1:1: error: While building for watchOS, no library for this platform was found in '/Users/admin/builder/spi-builder-workspace/.dependencies/checkouts/sdk_http_client_ios/ZendeskSDKHTTPClient.xcframework'. (in target 'ZendeskSDK' from project 'ZendeskSDK')
/Users/admin/builder/spi-builder-workspace/.dependencies/checkouts/sdk_logger_ios/ZendeskSDKLogger.xcframework:1:1: error: While building for watchOS, no library for this platform was found in '/Users/admin/builder/spi-builder-workspace/.dependencies/checkouts/sdk_logger_ios/ZendeskSDKLogger.xcframework'. (in target 'ZendeskSDK' from project 'ZendeskSDK')
/Users/admin/builder/spi-builder-workspace/.dependencies/checkouts/sdk_logger_ios/ZendeskSDKLogger.xcframework:1:1: error: While building for watchOS, no library for this platform was found in '/Users/admin/builder/spi-builder-workspace/.dependencies/checkouts/sdk_logger_ios/ZendeskSDKLogger.xcframework'. (in target 'ZendeskSDK' from project 'ZendeskSDK')
/Users/admin/builder/spi-builder-workspace/.dependencies/checkouts/sdk_logger_ios/ZendeskSDKLogger.xcframework:1:1: error: While building for watchOS, no library for this platform was found in '/Users/admin/builder/spi-builder-workspace/.dependencies/checkouts/sdk_logger_ios/ZendeskSDKLogger.xcframework'. (in target 'ZendeskSDK' from project 'ZendeskSDK')
/Users/admin/builder/spi-builder-workspace/.dependencies/checkouts/sdk_logger_ios/ZendeskSDKLogger.xcframework:1:1: error: While building for watchOS, no library for this platform was found in '/Users/admin/builder/spi-builder-workspace/.dependencies/checkouts/sdk_logger_ios/ZendeskSDKLogger.xcframework'. (in target 'ZendeskSDK' from project 'ZendeskSDK')
/Users/admin/builder/spi-builder-workspace/.dependencies/checkouts/sdk_logger_ios/ZendeskSDKLogger.xcframework:1:1: error: While building for watchOS, no library for this platform was found in '/Users/admin/builder/spi-builder-workspace/.dependencies/checkouts/sdk_logger_ios/ZendeskSDKLogger.xcframework'. (in target 'ZendeskSDK' from project 'ZendeskSDK')
/Users/admin/builder/spi-builder-workspace/.dependencies/checkouts/sdk_socket_client_ios/ZendeskSDKSocketClient.xcframework:1:1: error: While building for watchOS, no library for this platform was found in '/Users/admin/builder/spi-builder-workspace/.dependencies/checkouts/sdk_socket_client_ios/ZendeskSDKSocketClient.xcframework'. (in target 'ZendeskSDK' from project 'ZendeskSDK')
/Users/admin/builder/spi-builder-workspace/.dependencies/checkouts/sdk_storage_ios/ZendeskSDKStorage.xcframework:1:1: error: While building for watchOS, no library for this platform was found in '/Users/admin/builder/spi-builder-workspace/.dependencies/checkouts/sdk_storage_ios/ZendeskSDKStorage.xcframework'. (in target 'ZendeskSDK' from project 'ZendeskSDK')
/Users/admin/builder/spi-builder-workspace/.dependencies/checkouts/sdk_zendesk_ios/ZendeskSDK.xcframework:1:1: error: While building for watchOS, no library for this platform was found in '/Users/admin/builder/spi-builder-workspace/.dependencies/checkouts/sdk_zendesk_ios/ZendeskSDK.xcframework'. (in target 'ZendeskSDK' from project 'ZendeskSDK')
/Users/admin/builder/spi-builder-workspace/.dependencies/checkouts/sdk_conversation_kit_ios/ZendeskSDKConversationKit.xcframework:1:1: error: While building for watchOS, no library for this platform was found in '/Users/admin/builder/spi-builder-workspace/.dependencies/checkouts/sdk_conversation_kit_ios/ZendeskSDKConversationKit.xcframework'. (in target 'ZendeskSDKConversationKitTargets' from project 'ZendeskSDKConversationKit')
/Users/admin/builder/spi-builder-workspace/.dependencies/checkouts/sdk_core_utilities_ios/ZendeskSDKCoreUtilities.xcframework:1:1: error: While building for watchOS, no library for this platform was found in '/Users/admin/builder/spi-builder-workspace/.dependencies/checkouts/sdk_core_utilities_ios/ZendeskSDKCoreUtilities.xcframework'. (in target 'ZendeskSDKConversationKitTargets' from project 'ZendeskSDKConversationKit')
/Users/admin/builder/spi-builder-workspace/.dependencies/checkouts/sdk_core_utilities_ios/ZendeskSDKCoreUtilities.xcframework:1:1: error: While building for watchOS, no library for this platform was found in '/Users/admin/builder/spi-builder-workspace/.dependencies/checkouts/sdk_core_utilities_ios/ZendeskSDKCoreUtilities.xcframework'. (in target 'ZendeskSDKTargets' from project 'ZendeskSDK')
/Users/admin/builder/spi-builder-workspace/.dependencies/checkouts/sdk_zendesk_ios/ZendeskSDK.xcframework:1:1: error: While building for watchOS, no library for this platform was found in '/Users/admin/builder/spi-builder-workspace/.dependencies/checkouts/sdk_zendesk_ios/ZendeskSDK.xcframework'. (in target 'ZendeskSDKTargets' from project 'ZendeskSDK')
/Users/admin/builder/spi-builder-workspace/.dependencies/checkouts/sdk_logger_ios/ZendeskSDKLogger.xcframework:1:1: error: While building for watchOS, no library for this platform was found in '/Users/admin/builder/spi-builder-workspace/.dependencies/checkouts/sdk_logger_ios/ZendeskSDKLogger.xcframework'. (in target 'ZendeskSDKSocketClient' from project 'ZendeskSDKSocketClient')
/Users/admin/builder/spi-builder-workspace/.dependencies/checkouts/sdk_logger_ios/ZendeskSDKLogger.xcframework:1:1: error: While building for watchOS, no library for this platform was found in '/Users/admin/builder/spi-builder-workspace/.dependencies/checkouts/sdk_logger_ios/ZendeskSDKLogger.xcframework'. (in target 'ZendeskSDKSocketClient' from project 'ZendeskSDKSocketClient')
/Users/admin/builder/spi-builder-workspace/.dependencies/checkouts/sdk_socket_client_ios/ZendeskSDKSocketClient.xcframework:1:1: error: While building for watchOS, no library for this platform was found in '/Users/admin/builder/spi-builder-workspace/.dependencies/checkouts/sdk_socket_client_ios/ZendeskSDKSocketClient.xcframework'. (in target 'ZendeskSDKSocketClient' from project 'ZendeskSDKSocketClient')
/Users/admin/builder/spi-builder-workspace/.dependencies/checkouts/sdk_core_utilities_ios/ZendeskSDKCoreUtilities.xcframework:1:1: error: While building for watchOS, no library for this platform was found in '/Users/admin/builder/spi-builder-workspace/.dependencies/checkouts/sdk_core_utilities_ios/ZendeskSDKCoreUtilities.xcframework'. (in target 'ZendeskSDKGuideKit' from project 'ZendeskSDKGuideKit')
/Users/admin/builder/spi-builder-workspace/.dependencies/checkouts/sdk_core_utilities_ios/ZendeskSDKCoreUtilities.xcframework:1:1: error: While building for watchOS, no library for this platform was found in '/Users/admin/builder/spi-builder-workspace/.dependencies/checkouts/sdk_core_utilities_ios/ZendeskSDKCoreUtilities.xcframework'. (in target 'ZendeskSDKGuideKit' from project 'ZendeskSDKGuideKit')
/Users/admin/builder/spi-builder-workspace/.dependencies/checkouts/sdk_guide_kit_ios/ZendeskSDKGuideKit.xcframework:1:1: error: While building for watchOS, no library for this platform was found in '/Users/admin/builder/spi-builder-workspace/.dependencies/checkouts/sdk_guide_kit_ios/ZendeskSDKGuideKit.xcframework'. (in target 'ZendeskSDKGuideKit' from project 'ZendeskSDKGuideKit')
/Users/admin/builder/spi-builder-workspace/.dependencies/checkouts/sdk_http_client_ios/ZendeskSDKHTTPClient.xcframework:1:1: error: While building for watchOS, no library for this platform was found in '/Users/admin/builder/spi-builder-workspace/.dependencies/checkouts/sdk_http_client_ios/ZendeskSDKHTTPClient.xcframework'. (in target 'ZendeskSDKGuideKit' from project 'ZendeskSDKGuideKit')
/Users/admin/builder/spi-builder-workspace/.dependencies/checkouts/sdk_logger_ios/ZendeskSDKLogger.xcframework:1:1: error: While building for watchOS, no library for this platform was found in '/Users/admin/builder/spi-builder-workspace/.dependencies/checkouts/sdk_logger_ios/ZendeskSDKLogger.xcframework'. (in target 'ZendeskSDKGuideKit' from project 'ZendeskSDKGuideKit')
/Users/admin/builder/spi-builder-workspace/.dependencies/checkouts/sdk_logger_ios/ZendeskSDKLogger.xcframework:1:1: error: While building for watchOS, no library for this platform was found in '/Users/admin/builder/spi-builder-workspace/.dependencies/checkouts/sdk_logger_ios/ZendeskSDKLogger.xcframework'. (in target 'ZendeskSDKGuideKit' from project 'ZendeskSDKGuideKit')
/Users/admin/builder/spi-builder-workspace/.dependencies/checkouts/sdk_logger_ios/ZendeskSDKLogger.xcframework:1:1: error: While building for watchOS, no library for this platform was found in '/Users/admin/builder/spi-builder-workspace/.dependencies/checkouts/sdk_logger_ios/ZendeskSDKLogger.xcframework'. (in target 'ZendeskSDKGuideKit' from project 'ZendeskSDKGuideKit')
/Users/admin/builder/spi-builder-workspace/.dependencies/checkouts/sdk_logger_ios/ZendeskSDKLogger.xcframework:1:1: error: While building for watchOS, no library for this platform was found in '/Users/admin/builder/spi-builder-workspace/.dependencies/checkouts/sdk_logger_ios/ZendeskSDKLogger.xcframework'. (in target 'ZendeskSDKGuideKit' from project 'ZendeskSDKGuideKit')
/Users/admin/builder/spi-builder-workspace/.dependencies/checkouts/sdk_storage_ios/ZendeskSDKStorage.xcframework:1:1: error: While building for watchOS, no library for this platform was found in '/Users/admin/builder/spi-builder-workspace/.dependencies/checkouts/sdk_storage_ios/ZendeskSDKStorage.xcframework'. (in target 'ZendeskSDKGuideKit' from project 'ZendeskSDKGuideKit')
/Users/admin/builder/spi-builder-workspace/.dependencies/checkouts/sdk_analytics_kit_ios/ZendeskSDKAnalyticsKit.xcframework:1:1: error: While building for watchOS, no library for this platform was found in '/Users/admin/builder/spi-builder-workspace/.dependencies/checkouts/sdk_analytics_kit_ios/ZendeskSDKAnalyticsKit.xcframework'. (in target 'ZendeskSDKMessaging' from project 'ZendeskSDKMessaging')
/Users/admin/builder/spi-builder-workspace/.dependencies/checkouts/sdk_conversation_kit_ios/ZendeskSDKConversationKit.xcframework:1:1: error: While building for watchOS, no library for this platform was found in '/Users/admin/builder/spi-builder-workspace/.dependencies/checkouts/sdk_conversation_kit_ios/ZendeskSDKConversationKit.xcframework'. (in target 'ZendeskSDKMessaging' from project 'ZendeskSDKMessaging')
/Users/admin/builder/spi-builder-workspace/.dependencies/checkouts/sdk_core_utilities_ios/ZendeskSDKCoreUtilities.xcframework:1:1: error: While building for watchOS, no library for this platform was found in '/Users/admin/builder/spi-builder-workspace/.dependencies/checkouts/sdk_core_utilities_ios/ZendeskSDKCoreUtilities.xcframework'. (in target 'ZendeskSDKMessaging' from project 'ZendeskSDKMessaging')
/Users/admin/builder/spi-builder-workspace/.dependencies/checkouts/sdk_core_utilities_ios/ZendeskSDKCoreUtilities.xcframework:1:1: error: While building for watchOS, no library for this platform was found in '/Users/admin/builder/spi-builder-workspace/.dependencies/checkouts/sdk_core_utilities_ios/ZendeskSDKCoreUtilities.xcframework'. (in target 'ZendeskSDKMessaging' from project 'ZendeskSDKMessaging')
/Users/admin/builder/spi-builder-workspace/.dependencies/checkouts/sdk_core_utilities_ios/ZendeskSDKCoreUtilities.xcframework:1:1: error: While building for watchOS, no library for this platform was found in '/Users/admin/builder/spi-builder-workspace/.dependencies/checkouts/sdk_core_utilities_ios/ZendeskSDKCoreUtilities.xcframework'. (in target 'ZendeskSDKMessaging' from project 'ZendeskSDKMessaging')
/Users/admin/builder/spi-builder-workspace/.dependencies/checkouts/sdk_core_utilities_ios/ZendeskSDKCoreUtilities.xcframework:1:1: error: While building for watchOS, no library for this platform was found in '/Users/admin/builder/spi-builder-workspace/.dependencies/checkouts/sdk_core_utilities_ios/ZendeskSDKCoreUtilities.xcframework'. (in target 'ZendeskSDKMessaging' from project 'ZendeskSDKMessaging')
/Users/admin/builder/spi-builder-workspace/.dependencies/checkouts/sdk_core_utilities_ios/ZendeskSDKCoreUtilities.xcframework:1:1: error: While building for watchOS, no library for this platform was found in '/Users/admin/builder/spi-builder-workspace/.dependencies/checkouts/sdk_core_utilities_ios/ZendeskSDKCoreUtilities.xcframework'. (in target 'ZendeskSDKMessaging' from project 'ZendeskSDKMessaging')
/Users/admin/builder/spi-builder-workspace/.dependencies/checkouts/sdk_core_utilities_ios/ZendeskSDKCoreUtilities.xcframework:1:1: error: While building for watchOS, no library for this platform was found in '/Users/admin/builder/spi-builder-workspace/.dependencies/checkouts/sdk_core_utilities_ios/ZendeskSDKCoreUtilities.xcframework'. (in target 'ZendeskSDKMessaging' from project 'ZendeskSDKMessaging')
/Users/admin/builder/spi-builder-workspace/.dependencies/checkouts/sdk_faye_client_ios/ZendeskSDKFayeClient.xcframework:1:1: error: While building for watchOS, no library for this platform was found in '/Users/admin/builder/spi-builder-workspace/.dependencies/checkouts/sdk_faye_client_ios/ZendeskSDKFayeClient.xcframework'. (in target 'ZendeskSDKMessaging' from project 'ZendeskSDKMessaging')
/Users/admin/builder/spi-builder-workspace/.dependencies/checkouts/sdk_guide_kit_ios/ZendeskSDKGuideKit.xcframework:1:1: error: While building for watchOS, no library for this platform was found in '/Users/admin/builder/spi-builder-workspace/.dependencies/checkouts/sdk_guide_kit_ios/ZendeskSDKGuideKit.xcframework'. (in target 'ZendeskSDKMessaging' from project 'ZendeskSDKMessaging')
/Users/admin/builder/spi-builder-workspace/.dependencies/checkouts/sdk_http_client_ios/ZendeskSDKHTTPClient.xcframework:1:1: error: While building for watchOS, no library for this platform was found in '/Users/admin/builder/spi-builder-workspace/.dependencies/checkouts/sdk_http_client_ios/ZendeskSDKHTTPClient.xcframework'. (in target 'ZendeskSDKMessaging' from project 'ZendeskSDKMessaging')
/Users/admin/builder/spi-builder-workspace/.dependencies/checkouts/sdk_logger_ios/ZendeskSDKLogger.xcframework:1:1: error: While building for watchOS, no library for this platform was found in '/Users/admin/builder/spi-builder-workspace/.dependencies/checkouts/sdk_logger_ios/ZendeskSDKLogger.xcframework'. (in target 'ZendeskSDKMessaging' from project 'ZendeskSDKMessaging')
/Users/admin/builder/spi-builder-workspace/.dependencies/checkouts/sdk_logger_ios/ZendeskSDKLogger.xcframework:1:1: error: While building for watchOS, no library for this platform was found in '/Users/admin/builder/spi-builder-workspace/.dependencies/checkouts/sdk_logger_ios/ZendeskSDKLogger.xcframework'. (in target 'ZendeskSDKMessaging' from project 'ZendeskSDKMessaging')
/Users/admin/builder/spi-builder-workspace/.dependencies/checkouts/sdk_logger_ios/ZendeskSDKLogger.xcframework:1:1: error: While building for watchOS, no library for this platform was found in '/Users/admin/builder/spi-builder-workspace/.dependencies/checkouts/sdk_logger_ios/ZendeskSDKLogger.xcframework'. (in target 'ZendeskSDKMessaging' from project 'ZendeskSDKMessaging')
/Users/admin/builder/spi-builder-workspace/.dependencies/checkouts/sdk_logger_ios/ZendeskSDKLogger.xcframework:1:1: error: While building for watchOS, no library for this platform was found in '/Users/admin/builder/spi-builder-workspace/.dependencies/checkouts/sdk_logger_ios/ZendeskSDKLogger.xcframework'. (in target 'ZendeskSDKMessaging' from project 'ZendeskSDKMessaging')
/Users/admin/builder/spi-builder-workspace/.dependencies/checkouts/sdk_logger_ios/ZendeskSDKLogger.xcframework:1:1: error: While building for watchOS, no library for this platform was found in '/Users/admin/builder/spi-builder-workspace/.dependencies/checkouts/sdk_logger_ios/ZendeskSDKLogger.xcframework'. (in target 'ZendeskSDKMessaging' from project 'ZendeskSDKMessaging')
/Users/admin/builder/spi-builder-workspace/.dependencies/checkouts/sdk_logger_ios/ZendeskSDKLogger.xcframework:1:1: error: While building for watchOS, no library for this platform was found in '/Users/admin/builder/spi-builder-workspace/.dependencies/checkouts/sdk_logger_ios/ZendeskSDKLogger.xcframework'. (in target 'ZendeskSDKMessaging' from project 'ZendeskSDKMessaging')
/Users/admin/builder/spi-builder-workspace/.dependencies/checkouts/sdk_logger_ios/ZendeskSDKLogger.xcframework:1:1: error: While building for watchOS, no library for this platform was found in '/Users/admin/builder/spi-builder-workspace/.dependencies/checkouts/sdk_logger_ios/ZendeskSDKLogger.xcframework'. (in target 'ZendeskSDKMessaging' from project 'ZendeskSDKMessaging')
/Users/admin/builder/spi-builder-workspace/.dependencies/checkouts/sdk_socket_client_ios/ZendeskSDKSocketClient.xcframework:1:1: error: While building for watchOS, no library for this platform was found in '/Users/admin/builder/spi-builder-workspace/.dependencies/checkouts/sdk_socket_client_ios/ZendeskSDKSocketClient.xcframework'. (in target 'ZendeskSDKMessaging' from project 'ZendeskSDKMessaging')
/Users/admin/builder/spi-builder-workspace/.dependencies/checkouts/sdk_storage_ios/ZendeskSDKStorage.xcframework:1:1: error: While building for watchOS, no library for this platform was found in '/Users/admin/builder/spi-builder-workspace/.dependencies/checkouts/sdk_storage_ios/ZendeskSDKStorage.xcframework'. (in target 'ZendeskSDKMessaging' from project 'ZendeskSDKMessaging')
/Users/admin/builder/spi-builder-workspace/.dependencies/checkouts/sdk_ui_components_ios/ZendeskSDKUIComponents.xcframework:1:1: error: While building for watchOS, no library for this platform was found in '/Users/admin/builder/spi-builder-workspace/.dependencies/checkouts/sdk_ui_components_ios/ZendeskSDKUIComponents.xcframework'. (in target 'ZendeskSDKMessaging' from project 'ZendeskSDKMessaging')
/Users/admin/builder/spi-builder-workspace/.dependencies/checkouts/sdk_ui_components_ios/ZendeskSDKUIComponents.xcframework:1:1: error: While building for watchOS, no library for this platform was found in '/Users/admin/builder/spi-builder-workspace/.dependencies/checkouts/sdk_ui_components_ios/ZendeskSDKUIComponents.xcframework'. (in target 'ZendeskSDKMessaging' from project 'ZendeskSDKMessaging')
/Users/admin/builder/spi-builder-workspace/.dependencies/checkouts/sdk_zendesk_ios/ZendeskSDK.xcframework:1:1: error: While building for watchOS, no library for this platform was found in '/Users/admin/builder/spi-builder-workspace/.dependencies/checkouts/sdk_zendesk_ios/ZendeskSDK.xcframework'. (in target 'ZendeskSDKMessaging' from project 'ZendeskSDKMessaging')
/Users/admin/builder/spi-builder-workspace/ZendeskSDKMessaging.xcframework:1:1: error: While building for watchOS, no library for this platform was found in '/Users/admin/builder/spi-builder-workspace/ZendeskSDKMessaging.xcframework'. (in target 'ZendeskSDKMessaging' from project 'ZendeskSDKMessaging')
/Users/admin/builder/spi-builder-workspace/.dependencies/checkouts/sdk_core_utilities_ios/ZendeskSDKCoreUtilities.xcframework:1:1: error: While building for watchOS, no library for this platform was found in '/Users/admin/builder/spi-builder-workspace/.dependencies/checkouts/sdk_core_utilities_ios/ZendeskSDKCoreUtilities.xcframework'. (in target 'ZendeskSDKMessagingTargets' from project 'ZendeskSDKMessaging')
/Users/admin/builder/spi-builder-workspace/.dependencies/checkouts/sdk_ui_components_ios/ZendeskSDKUIComponents.xcframework:1:1: error: While building for watchOS, no library for this platform was found in '/Users/admin/builder/spi-builder-workspace/.dependencies/checkouts/sdk_ui_components_ios/ZendeskSDKUIComponents.xcframework'. (in target 'ZendeskSDKMessagingTargets' from project 'ZendeskSDKMessaging')
/Users/admin/builder/spi-builder-workspace/ZendeskSDKMessaging.xcframework:1:1: error: While building for watchOS, no library for this platform was found in '/Users/admin/builder/spi-builder-workspace/ZendeskSDKMessaging.xcframework'. (in target 'ZendeskSDKMessagingTargets' from project 'ZendeskSDKMessaging')
/Users/admin/builder/spi-builder-workspace/.dependencies/checkouts/sdk_analytics_kit_ios/ZendeskSDKAnalyticsKit.xcframework:1:1: error: While building for watchOS, no library for this platform was found in '/Users/admin/builder/spi-builder-workspace/.dependencies/checkouts/sdk_analytics_kit_ios/ZendeskSDKAnalyticsKit.xcframework'. (in target 'ZendeskSDKAnalyticsKit' from project 'ZendeskSDKAnalyticsKit')
/Users/admin/builder/spi-builder-workspace/.dependencies/checkouts/sdk_core_utilities_ios/ZendeskSDKCoreUtilities.xcframework:1:1: error: While building for watchOS, no library for this platform was found in '/Users/admin/builder/spi-builder-workspace/.dependencies/checkouts/sdk_core_utilities_ios/ZendeskSDKCoreUtilities.xcframework'. (in target 'ZendeskSDKAnalyticsKit' from project 'ZendeskSDKAnalyticsKit')
/Users/admin/builder/spi-builder-workspace/.dependencies/checkouts/sdk_core_utilities_ios/ZendeskSDKCoreUtilities.xcframework:1:1: error: While building for watchOS, no library for this platform was found in '/Users/admin/builder/spi-builder-workspace/.dependencies/checkouts/sdk_core_utilities_ios/ZendeskSDKCoreUtilities.xcframework'. (in target 'ZendeskSDKAnalyticsKit' from project 'ZendeskSDKAnalyticsKit')
/Users/admin/builder/spi-builder-workspace/.dependencies/checkouts/sdk_http_client_ios/ZendeskSDKHTTPClient.xcframework:1:1: error: While building for watchOS, no library for this platform was found in '/Users/admin/builder/spi-builder-workspace/.dependencies/checkouts/sdk_http_client_ios/ZendeskSDKHTTPClient.xcframework'. (in target 'ZendeskSDKAnalyticsKit' from project 'ZendeskSDKAnalyticsKit')
/Users/admin/builder/spi-builder-workspace/.dependencies/checkouts/sdk_logger_ios/ZendeskSDKLogger.xcframework:1:1: error: While building for watchOS, no library for this platform was found in '/Users/admin/builder/spi-builder-workspace/.dependencies/checkouts/sdk_logger_ios/ZendeskSDKLogger.xcframework'. (in target 'ZendeskSDKAnalyticsKit' from project 'ZendeskSDKAnalyticsKit')
/Users/admin/builder/spi-builder-workspace/.dependencies/checkouts/sdk_logger_ios/ZendeskSDKLogger.xcframework:1:1: error: While building for watchOS, no library for this platform was found in '/Users/admin/builder/spi-builder-workspace/.dependencies/checkouts/sdk_logger_ios/ZendeskSDKLogger.xcframework'. (in target 'ZendeskSDKAnalyticsKit' from project 'ZendeskSDKAnalyticsKit')
/Users/admin/builder/spi-builder-workspace/.dependencies/checkouts/sdk_logger_ios/ZendeskSDKLogger.xcframework:1:1: error: While building for watchOS, no library for this platform was found in '/Users/admin/builder/spi-builder-workspace/.dependencies/checkouts/sdk_logger_ios/ZendeskSDKLogger.xcframework'. (in target 'ZendeskSDKAnalyticsKit' from project 'ZendeskSDKAnalyticsKit')
/Users/admin/builder/spi-builder-workspace/.dependencies/checkouts/sdk_logger_ios/ZendeskSDKLogger.xcframework:1:1: error: While building for watchOS, no library for this platform was found in '/Users/admin/builder/spi-builder-workspace/.dependencies/checkouts/sdk_logger_ios/ZendeskSDKLogger.xcframework'. (in target 'ZendeskSDKAnalyticsKit' from project 'ZendeskSDKAnalyticsKit')
/Users/admin/builder/spi-builder-workspace/.dependencies/checkouts/sdk_storage_ios/ZendeskSDKStorage.xcframework:1:1: error: While building for watchOS, no library for this platform was found in '/Users/admin/builder/spi-builder-workspace/.dependencies/checkouts/sdk_storage_ios/ZendeskSDKStorage.xcframework'. (in target 'ZendeskSDKAnalyticsKit' from project 'ZendeskSDKAnalyticsKit')
/Users/admin/builder/spi-builder-workspace/.dependencies/checkouts/sdk_http_client_ios/ZendeskSDKHTTPClient.xcframework:1:1: error: While building for watchOS, no library for this platform was found in '/Users/admin/builder/spi-builder-workspace/.dependencies/checkouts/sdk_http_client_ios/ZendeskSDKHTTPClient.xcframework'. (in target 'ZendeskSDKHTTPClientTargets' from project 'ZendeskSDKHTTPClient')
/Users/admin/builder/spi-builder-workspace/.dependencies/checkouts/sdk_logger_ios/ZendeskSDKLogger.xcframework:1:1: error: While building for watchOS, no library for this platform was found in '/Users/admin/builder/spi-builder-workspace/.dependencies/checkouts/sdk_logger_ios/ZendeskSDKLogger.xcframework'. (in target 'ZendeskSDKHTTPClientTargets' from project 'ZendeskSDKHTTPClient')
/Users/admin/builder/spi-builder-workspace/.dependencies/checkouts/sdk_logger_ios/ZendeskSDKLogger.xcframework:1:1: error: While building for watchOS, no library for this platform was found in '/Users/admin/builder/spi-builder-workspace/.dependencies/checkouts/sdk_logger_ios/ZendeskSDKLogger.xcframework'. (in target 'ZendeskSDKStorageTargets' from project 'ZendeskSDKStorage')
/Users/admin/builder/spi-builder-workspace/.dependencies/checkouts/sdk_storage_ios/ZendeskSDKStorage.xcframework:1:1: error: While building for watchOS, no library for this platform was found in '/Users/admin/builder/spi-builder-workspace/.dependencies/checkouts/sdk_storage_ios/ZendeskSDKStorage.xcframework'. (in target 'ZendeskSDKStorageTargets' from project 'ZendeskSDKStorage')
2026-10-03 12:05:38.147 xcodebuild[1861:11074] [MT] IDERunDestination: Supported platforms for the buildables in the current scheme is empty.
** BUILD FAILED **
The following build commands failed:
Building workspace spi-builder-workspace with scheme ZendeskSDKMessaging
(1 failure)
BUILD FAILURE 6.3 watchOS