The Swift Package Index logo.Swift Package Index

Build Information

Failed to build mailslurp, reference master (c21a44), with Swift 6.4 for Linux on 24 Sep 2026 08:19:37 UTC.

Build Command

bash -c docker run --pull=always --rm -v "checkouts-54344845-1":/host -w "$PWD" -e JAVA_HOME="/root/.sdkman/candidates/java/current" -e SPI_BUILD="1" -e SPI_PROCESSING="1" registry.gitlab.com/saguaro1/spi-images:basic-6.4-latest swift build --triple x86_64-unknown-linux-gnu 2>&1

Build Log

========================================
RunAll
========================================
Builder version: 5.1.0
Interrupt handler set up.
========================================
Checkout
========================================
Clone URL: https://github.com/mailslurp/mailslurp-client-swift.git
Reference: master
Initialized empty Git repository in /host/spi-builder-workspace/.git/
hint: Using 'master' as the name for the initial branch. This default branch name
hint: is subject to change. To configure the initial branch name to use in all
hint: of your new repositories, which will suppress this warning, call:
hint:
hint: 	git config --global init.defaultBranch <name>
hint:
hint: Names commonly chosen instead of 'master' are 'main', 'trunk' and
hint: 'development'. The just-created branch can be renamed via this command:
hint:
hint: 	git branch -m <name>
From https://github.com/mailslurp/mailslurp-client-swift
 * branch            master     -> FETCH_HEAD
 * [new branch]      master     -> origin/master
HEAD is now at c21a44c 17.2.0 - Add campaign probe and domain monitor endpoints
Cloned https://github.com/mailslurp/mailslurp-client-swift.git
Revision (git rev-parse @):
c21a44ca0891fbea75a740ac3c0b2bdfc752210c
SUCCESS checkout https://github.com/mailslurp/mailslurp-client-swift.git at master
========================================
Build
========================================
Selected platform:         linux
Swift version:             6.4
Building package at path:  $PWD
https://github.com/mailslurp/mailslurp-client-swift.git
Running build ...
bash -c docker run --pull=always --rm -v "checkouts-54344845-1":/host -w "$PWD" -e JAVA_HOME="/root/.sdkman/candidates/java/current" -e SPI_BUILD="1" -e SPI_PROCESSING="1" registry.gitlab.com/saguaro1/spi-images:basic-6.4-latest swift build --triple x86_64-unknown-linux-gnu 2>&1
basic-6.4-latest: Pulling from saguaro1/spi-images
Digest: sha256:c77fcce225e223ac0fafed844619173fc6de8d62dd560eeb28db3182af6a282b
Status: Image is up to date for registry.gitlab.com/saguaro1/spi-images:basic-6.4-latest
warning: 'spi-builder-workspace': /host/spi-builder-workspace/Package.swift:11:19: warning: 'v4' is deprecated: watchOS 9.0 is the oldest supported version [#DeprecatedDeclaration]
 9 |         .macOS(.v10_13),
10 |         .tvOS(.v12),
11 |         .watchOS(.v4),
   |                   `- warning: 'v4' is deprecated: watchOS 9.0 is the oldest supported version [#DeprecatedDeclaration]
12 |     ],
13 |     products: [
[#DeprecatedDeclaration]: <https://docs.swift.org/compiler/documentation/diagnostics/deprecated-declaration>
Fetching https://github.com/mxcl/PromiseKit
[1/17244] Fetching promisekit
Fetched https://github.com/mxcl/PromiseKit (1.84s)
Computing version for https://github.com/mxcl/PromiseKit
Computed https://github.com/mxcl/PromiseKit at 8.2.0 (2.93s)
Creating working copy for https://github.com/mxcl/PromiseKit
Working copy of https://github.com/mxcl/PromiseKit resolved at 8.2.0
Building for debugging...
[Pre-planning 1 / 125]
[Planning deferred tasks]
[40 / 55] PromiseKit
[41 / 55] PromiseKit
[46 / 56] mailslurp
[48 / 79] mailslurp
error: SwiftCompile normal x86_64 /host/spi-builder-workspace/mailslurp/Models/BounceRecipientProjection.swift failed with a nonzero exit code. Command line:     cd /host
    builtin-SwiftPerFileCompile BounceRecipientProjection.swift
error: SwiftCompile normal x86_64 /host/spi-builder-workspace/mailslurp/Models/BouncedEmailDto.swift failed with a nonzero exit code. Command line:     cd /host
    builtin-SwiftPerFileCompile BouncedEmailDto.swift
error: SwiftCompile normal x86_64 /host/spi-builder-workspace/mailslurp/Models/BouncedRecipientDto.swift failed with a nonzero exit code. Command line:     cd /host
    builtin-SwiftPerFileCompile BouncedRecipientDto.swift
error: SwiftCompile normal x86_64 /host/spi-builder-workspace/mailslurp/Models/BulkSendEmailOptions.swift failed with a nonzero exit code. Command line:     cd /host
    builtin-SwiftPerFileCompile BulkSendEmailOptions.swift
error: SwiftCompile normal x86_64 /host/spi-builder-workspace/mailslurp/Models/CampaignProbeDto.swift failed with a nonzero exit code. Command line:     cd /host
    builtin-SwiftPerFileCompile CampaignProbeDto.swift
error: SwiftCompile normal x86_64 /host/spi-builder-workspace/mailslurp/Models/CampaignProbeInsightsDto.swift failed with a nonzero exit code. Command line:     cd /host
    builtin-SwiftPerFileCompile CampaignProbeInsightsDto.swift
error: SwiftCompile normal x86_64 /host/spi-builder-workspace/mailslurp/Models/CampaignProbeRunDto.swift failed with a nonzero exit code. Command line:     cd /host
    builtin-SwiftPerFileCompile CampaignProbeRunDto.swift
error: SwiftCompile normal x86_64 /host/spi-builder-workspace/mailslurp/Models/CampaignProbeRunDueResult.swift failed with a nonzero exit code. Command line:     cd /host
    builtin-SwiftPerFileCompile CampaignProbeRunDueResult.swift
error: SwiftCompile normal x86_64 /host/spi-builder-workspace/mailslurp/Models/CampaignProbeRunNowResult.swift failed with a nonzero exit code. Command line:     cd /host
    builtin-SwiftPerFileCompile CampaignProbeRunNowResult.swift
error: SwiftCompile normal x86_64 /host/spi-builder-workspace/mailslurp/Models/CampaignProbeSeriesDto.swift failed with a nonzero exit code. Command line:     cd /host
    builtin-SwiftPerFileCompile CampaignProbeSeriesDto.swift
error: SwiftCompile normal x86_64 /host/spi-builder-workspace/mailslurp/Models/CampaignProbeSeriesPointDto.swift failed with a nonzero exit code. Command line:     cd /host
    builtin-SwiftPerFileCompile CampaignProbeSeriesPointDto.swift
error: SwiftCompile normal x86_64 /host/spi-builder-workspace/mailslurp/Models/CanSendEmailResults.swift failed with a nonzero exit code. Command line:     cd /host
    builtin-SwiftPerFileCompile CanSendEmailResults.swift
error: SwiftCompile normal x86_64 /host/spi-builder-workspace/mailslurp/Models/CancelDevicePreviewRunOptions.swift failed with a nonzero exit code. Command line:     cd /host
    builtin-SwiftPerFileCompile CancelDevicePreviewRunOptions.swift
error: SwiftCompile normal x86_64 /host/spi-builder-workspace/mailslurp/Models/CancelDevicePreviewRunResult.swift failed with a nonzero exit code. Command line:     cd /host
    builtin-SwiftPerFileCompile CancelDevicePreviewRunResult.swift
error: SwiftCompile normal x86_64 /host/spi-builder-workspace/mailslurp/Models/CheckEmailBodyFeatureSupportResults.swift failed with a nonzero exit code. Command line:     cd /host
    builtin-SwiftPerFileCompile CheckEmailBodyFeatureSupportResults.swift
error: SwiftCompile normal x86_64 /host/spi-builder-workspace/mailslurp/Models/CheckEmailBodyResults.swift failed with a nonzero exit code. Command line:     cd /host
    builtin-SwiftPerFileCompile CheckEmailBodyResults.swift
error: SwiftCompile normal x86_64 /host/spi-builder-workspace/mailslurp/Models/CheckEmailClientSupportOptions.swift failed with a nonzero exit code. Command line:     cd /host
    builtin-SwiftPerFileCompile CheckEmailClientSupportOptions.swift
error: SwiftCompile normal x86_64 /host/spi-builder-workspace/mailslurp/Models/CheckEmailClientSupportResults.swift failed with a nonzero exit code. Command line:     cd /host
    builtin-SwiftPerFileCompile CheckEmailClientSupportResults.swift
error: SwiftCompile normal x86_64 /host/spi-builder-workspace/mailslurp/Models/CheckEmailFeaturesClientSupportOptions.swift failed with a nonzero exit code. Command line:     cd /host
    builtin-SwiftPerFileCompile CheckEmailFeaturesClientSupportOptions.swift
error: SwiftCompile normal x86_64 /host/spi-builder-workspace/mailslurp/Models/CheckEmailFeaturesClientSupportResults.swift failed with a nonzero exit code. Command line:     cd /host
    builtin-SwiftPerFileCompile CheckEmailFeaturesClientSupportResults.swift
error: SwiftCompile normal x86_64 /host/spi-builder-workspace/mailslurp/Models/CodeCandidate.swift failed with a nonzero exit code. Command line:     cd /host
    builtin-SwiftPerFileCompile CodeCandidate.swift
error: SwiftCompile normal x86_64 /host/spi-builder-workspace/mailslurp/Models/Complaint.swift failed with a nonzero exit code. Command line:     cd /host
    builtin-SwiftPerFileCompile Complaint.swift
error: SwiftCompile normal x86_64 /host/spi-builder-workspace/mailslurp/Models/ConditionOption.swift failed with a nonzero exit code. Command line:     cd /host
    builtin-SwiftPerFileCompile ConditionOption.swift
error: SwiftCompile normal x86_64 /host/spi-builder-workspace/mailslurp/Models/ConditionalStructuredContentResult.swift failed with a nonzero exit code. Command line:     cd /host
    builtin-SwiftPerFileCompile ConditionalStructuredContentResult.swift
error: SwiftCompile normal x86_64 /host/spi-builder-workspace/mailslurp/Models/ConnectorDto.swift failed with a nonzero exit code. Command line:     cd /host
    builtin-SwiftPerFileCompile ConnectorDto.swift
[55 / 80] mailslurp
/host/spi-builder-workspace/mailslurp/Infrastructure/URLSessionImplementations.swift:9:8: error: no such module 'MobileCoreServices'
  7 | import Foundation
  8 | #if !os(macOS)
  9 | import MobileCoreServices
    |        `- error: no such module 'MobileCoreServices'
 10 | #endif
 11 | #if canImport(UniformTypeIdentifiers)
Failed frontend command:
/usr/bin/swift-frontend -frontend -c -filelist /host/spi-builder-workspace/.build/out/Intermediates.noindex/mailslurp.build/Debug-linux-x86_64/mailslurp-t.build/Objects-normal/x86_64/sources-1 -primary-file /host/spi-builder-workspace/mailslurp/Models/BounceRecipientProjection.swift -primary-file /host/spi-builder-workspace/mailslurp/Models/BouncedEmailDto.swift -primary-file /host/spi-builder-workspace/mailslurp/Models/BouncedRecipientDto.swift -primary-file /host/spi-builder-workspace/mailslurp/Models/BulkSendEmailOptions.swift -primary-file /host/spi-builder-workspace/mailslurp/Models/CampaignProbeDto.swift -primary-file /host/spi-builder-workspace/mailslurp/Models/CampaignProbeInsightsDto.swift -primary-file /host/spi-builder-workspace/mailslurp/Models/CampaignProbeRunDto.swift -primary-file /host/spi-builder-workspace/mailslurp/Models/CampaignProbeRunDueResult.swift -primary-file /host/spi-builder-workspace/mailslurp/Models/CampaignProbeRunNowResult.swift -primary-file /host/spi-builder-workspace/mailslurp/Models/CampaignProbeSeriesDto.swift -primary-file /host/spi-builder-workspace/mailslurp/Models/CampaignProbeSeriesPointDto.swift -primary-file /host/spi-builder-workspace/mailslurp/Models/CanSendEmailResults.swift -primary-file /host/spi-builder-workspace/mailslurp/Models/CancelDevicePreviewRunOptions.swift -primary-file /host/spi-builder-workspace/mailslurp/Models/CancelDevicePreviewRunResult.swift -primary-file /host/spi-builder-workspace/mailslurp/Models/CheckEmailBodyFeatureSupportResults.swift -primary-file /host/spi-builder-workspace/mailslurp/Models/CheckEmailBodyResults.swift -primary-file /host/spi-builder-workspace/mailslurp/Models/CheckEmailClientSupportOptions.swift -primary-file /host/spi-builder-workspace/mailslurp/Models/CheckEmailClientSupportResults.swift -primary-file /host/spi-builder-workspace/mailslurp/Models/CheckEmailFeaturesClientSupportOptions.swift -primary-file /host/spi-builder-workspace/mailslurp/Models/CheckEmailFeaturesClientSupportResults.swift -primary-file /host/spi-builder-workspace/mailslurp/Models/CodeCandidate.swift -primary-file /host/spi-builder-workspace/mailslurp/Models/Complaint.swift -primary-file /host/spi-builder-workspace/mailslurp/Models/ConditionOption.swift -primary-file /host/spi-builder-workspace/mailslurp/Models/ConditionalStructuredContentResult.swift -primary-file /host/spi-builder-workspace/mailslurp/Models/ConnectorDto.swift -supplementary-output-file-map /host/spi-builder-workspace/.build/out/Intermediates.noindex/mailslurp.build/Debug-linux-x86_64/mailslurp-t.build/Objects-normal/x86_64/supplementaryOutputs-6 -target x86_64-unknown-linux-gnu -disable-objc-interop -I /host/spi-builder-workspace/.build/out/Products/Debug-linux-x86_64 -module-cache-path /host/spi-builder-workspace/.build/out/ModuleCache.noindex -color-diagnostics -Xcc -fcolor-diagnostics -enable-testing -g -debug-info-format\=dwarf -dwarf-version\=4 -swift-version 6 -Onone -D SWIFT_PACKAGE -D DEBUG -D SWIFT_MODULE_RESOURCE_BUNDLE_UNAVAILABLE -D Xcode -serialize-debugging-options -enable-experimental-feature DebugDescriptionMacro -empty-abi-descriptor -external-plugin-path /usr/lib/swift/host/plugins/testing\#/usr/bin/swift-plugin-server -validate-clang-modules-once -clang-build-session-file /host/spi-builder-workspace/.build/out/ModuleCache.noindex/Session.modulevalidation -Xcc -working-directory -Xcc /host -enable-anonymous-context-mangled-names -file-compilation-dir /host -Xcc -fno-omit-frame-pointer -Xcc -D_LIBCPP_HARDENING_MODE\=_LIBCPP_HARDENING_MODE_DEBUG -Xcc -fmodules-prune-interval\=86400 -Xcc -fmodules-prune-after\=345600 -Xcc -I/host/spi-builder-workspace/.build/out/Products/Debug-linux-x86_64/include -Xcc -I/host/spi-builder-workspace/.build/out/Intermediates.noindex/mailslurp.build/Debug-linux-x86_64/mailslurp-t.build/DerivedSources-normal/x86_64 -Xcc -I/host/spi-builder-workspace/.build/out/Intermediates.noindex/mailslurp.build/Debug-linux-x86_64/mailslurp-t.build/DerivedSources/x86_64 -Xcc -I/host/spi-builder-workspace/.build/out/Intermediates.noindex/mailslurp.build/Debug-linux-x86_64/mailslurp-t.build/DerivedSources -Xcc -DSWIFT_PACKAGE -Xcc -DDEBUG\=1 -no-auto-bridging-header-chaining -module-name mailslurp -package-name spi_builder_workspace -const-gather-protocols-file /host/spi-builder-workspace/.build/out/Intermediates.noindex/mailslurp.build/Debug-linux-x86_64/mailslurp-t.build/Objects-normal/x86_64/mailslurp_const_extract_protocols.json -in-process-plugin-server-path /usr/lib/swift/host/libSwiftInProcPluginServer.so -plugin-path /usr/lib/swift/host/plugins -plugin-path /usr/local/lib/swift/host/plugins -parse-as-library -o /host/spi-builder-workspace/.build/out/Intermediates.noindex/mailslurp.build/Debug-linux-x86_64/mailslurp-t.build/Objects-normal/x86_64/BounceRecipientProjection.o -o /host/spi-builder-workspace/.build/out/Intermediates.noindex/mailslurp.build/Debug-linux-x86_64/mailslurp-t.build/Objects-normal/x86_64/BouncedEmailDto.o -o /host/spi-builder-workspace/.build/out/Intermediates.noindex/mailslurp.build/Debug-linux-x86_64/mailslurp-t.build/Objects-normal/x86_64/BouncedRecipientDto.o -o /host/spi-builder-workspace/.build/out/Intermediates.noindex/mailslurp.build/Debug-linux-x86_64/mailslurp-t.build/Objects-normal/x86_64/BulkSendEmailOptions.o -o /host/spi-builder-workspace/.build/out/Intermediates.noindex/mailslurp.build/Debug-linux-x86_64/mailslurp-t.build/Objects-normal/x86_64/CampaignProbeDto.o -o /host/spi-builder-workspace/.build/out/Intermediates.noindex/mailslurp.build/Debug-linux-x86_64/mailslurp-t.build/Objects-normal/x86_64/CampaignProbeInsightsDto.o -o /host/spi-builder-workspace/.build/out/Intermediates.noindex/mailslurp.build/Debug-linux-x86_64/mailslurp-t.build/Objects-normal/x86_64/CampaignProbeRunDto.o -o /host/spi-builder-workspace/.build/out/Intermediates.noindex/mailslurp.build/Debug-linux-x86_64/mailslurp-t.build/Objects-normal/x86_64/CampaignProbeRunDueResult.o -o /host/spi-builder-workspace/.build/out/Intermediates.noindex/mailslurp.build/Debug-linux-x86_64/mailslurp-t.build/Objects-normal/x86_64/CampaignProbeRunNowResult.o -o /host/spi-builder-workspace/.build/out/Intermediates.noindex/mailslurp.build/Debug-linux-x86_64/mailslurp-t.build/Objects-normal/x86_64/CampaignProbeSeriesDto.o -o /host/spi-builder-workspace/.build/out/Intermediates.noindex/mailslurp.build/Debug-linux-x86_64/mailslurp-t.build/Objects-normal/x86_64/CampaignProbeSeriesPointDto.o -o /host/spi-builder-workspace/.build/out/Intermediates.noindex/mailslurp.build/Debug-linux-x86_64/mailslurp-t.build/Objects-normal/x86_64/CanSendEmailResults.o -o /host/spi-builder-workspace/.build/out/Intermediates.noindex/mailslurp.build/Debug-linux-x86_64/mailslurp-t.build/Objects-normal/x86_64/CancelDevicePreviewRunOptions.o -o /host/spi-builder-workspace/.build/out/Intermediates.noindex/mailslurp.build/Debug-linux-x86_64/mailslurp-t.build/Objects-normal/x86_64/CancelDevicePreviewRunResult.o -o /host/spi-builder-workspace/.build/out/Intermediates.noindex/mailslurp.build/Debug-linux-x86_64/mailslurp-t.build/Objects-normal/x86_64/CheckEmailBodyFeatureSupportResults.o -o /host/spi-builder-workspace/.build/out/Intermediates.noindex/mailslurp.build/Debug-linux-x86_64/mailslurp-t.build/Objects-normal/x86_64/CheckEmailBodyResults.o -o /host/spi-builder-workspace/.build/out/Intermediates.noindex/mailslurp.build/Debug-linux-x86_64/mailslurp-t.build/Objects-normal/x86_64/CheckEmailClientSupportOptions.o -o /host/spi-builder-workspace/.build/out/Intermediates.noindex/mailslurp.build/Debug-linux-x86_64/mailslurp-t.build/Objects-normal/x86_64/CheckEmailClientSupportResults.o -o /host/spi-builder-workspace/.build/out/Intermediates.noindex/mailslurp.build/Debug-linux-x86_64/mailslurp-t.build/Objects-normal/x86_64/CheckEmailFeaturesClientSupportOptions.o -o /host/spi-builder-workspace/.build/out/Intermediates.noindex/mailslurp.build/Debug-linux-x86_64/mailslurp-t.build/Objects-normal/x86_64/CheckEmailFeaturesClientSupportResults.o -o /host/spi-builder-workspace/.build/out/Intermediates.noindex/mailslurp.build/Debug-linux-x86_64/mailslurp-t.build/Objects-normal/x86_64/CodeCandidate.o -o /host/spi-builder-workspace/.build/out/Intermediates.noindex/mailslurp.build/Debug-linux-x86_64/mailslurp-t.build/Objects-normal/x86_64/Complaint.o -o /host/spi-builder-workspace/.build/out/Intermediates.noindex/mailslurp.build/Debug-linux-x86_64/mailslurp-t.build/Objects-normal/x86_64/ConditionOption.o -o /host/spi-builder-workspace/.build/out/Intermediates.noindex/mailslurp.build/Debug-linux-x86_64/mailslurp-t.build/Objects-normal/x86_64/ConditionalStructuredContentResult.o -o /host/spi-builder-workspace/.build/out/Intermediates.noindex/mailslurp.build/Debug-linux-x86_64/mailslurp-t.build/Objects-normal/x86_64/ConnectorDto.o -index-unit-output-path /mailslurp.build/Debug-linux-x86_64/mailslurp-t.build/Objects-normal/x86_64/BounceRecipientProjection.o -index-unit-output-path /mailslurp.build/Debug-linux-x86_64/mailslurp-t.build/Objects-normal/x86_64/BouncedEmailDto.o -index-unit-output-path /mailslurp.build/Debug-linux-x86_64/mailslurp-t.build/Objects-normal/x86_64/BouncedRecipientDto.o -index-unit-output-path /mailslurp.build/Debug-linux-x86_64/mailslurp-t.build/Objects-normal/x86_64/BulkSendEmailOptions.o -index-unit-output-path /mailslurp.build/Debug-linux-x86_64/mailslurp-t.build/Objects-normal/x86_64/CampaignProbeDto.o -index-unit-output-path /mailslurp.build/Debug-linux-x86_64/mailslurp-t.build/Objects-normal/x86_64/CampaignProbeInsightsDto.o -index-unit-output-path /mailslurp.build/Debug-linux-x86_64/mailslurp-t.build/Objects-normal/x86_64/CampaignProbeRunDto.o -index-unit-output-path /mailslurp.build/Debug-linux-x86_64/mailslurp-t.build/Objects-normal/x86_64/CampaignProbeRunDueResult.o -index-unit-output-path /mailslurp.build/Debug-linux-x86_64/mailslurp-t.build/Objects-normal/x86_64/CampaignProbeRunNowResult.o -index-unit-output-path /mailslurp.build/Debug-linux-x86_64/mailslurp-t.build/Objects-normal/x86_64/CampaignProbeSeriesDto.o -index-unit-output-path /mailslurp.build/Debug-linux-x86_64/mailslurp-t.build/Objects-normal/x86_64/CampaignProbeSeriesPointDto.o -index-unit-output-path /mailslurp.build/Debug-linux-x86_64/mailslurp-t.build/Objects-normal/x86_64/CanSendEmailResults.o -index-unit-output-path /mailslurp.build/Debug-linux-x86_64/mailslurp-t.build/Objects-normal/x86_64/CancelDevicePreviewRunOptions.o -index-unit-output-path /mailslurp.build/Debug-linux-x86_64/mailslurp-t.build/Objects-normal/x86_64/CancelDevicePreviewRunResult.o -index-unit-output-path /mailslurp.build/Debug-linux-x86_64/mailslurp-t.build/Objects-normal/x86_64/CheckEmailBodyFeatureSupportResults.o -index-unit-output-path /mailslurp.build/Debug-linux-x86_64/mailslurp-t.build/Objects-normal/x86_64/CheckEmailBodyResults.o -index-unit-output-path /mailslurp.build/Debug-linux-x86_64/mailslurp-t.build/Objects-normal/x86_64/CheckEmailClientSupportOptions.o -index-unit-output-path /mailslurp.build/Debug-linux-x86_64/mailslurp-t.build/Objects-normal/x86_64/CheckEmailClientSupportResults.o -index-unit-output-path /mailslurp.build/Debug-linux-x86_64/mailslurp-t.build/Objects-normal/x86_64/CheckEmailFeaturesClientSupportOptions.o -index-unit-output-path /mailslurp.build/Debug-linux-x86_64/mailslurp-t.build/Objects-normal/x86_64/CheckEmailFeaturesClientSupportResults.o -index-unit-output-path /mailslurp.build/Debug-linux-x86_64/mailslurp-t.build/Objects-normal/x86_64/CodeCandidate.o -index-unit-output-path /mailslurp.build/Debug-linux-x86_64/mailslurp-t.build/Objects-normal/x86_64/Complaint.o -index-unit-output-path /mailslurp.build/Debug-linux-x86_64/mailslurp-t.build/Objects-normal/x86_64/ConditionOption.o -index-unit-output-path /mailslurp.build/Debug-linux-x86_64/mailslurp-t.build/Objects-normal/x86_64/ConditionalStructuredContentResult.o -index-unit-output-path /mailslurp.build/Debug-linux-x86_64/mailslurp-t.build/Objects-normal/x86_64/ConnectorDto.o -index-store-path /host/spi-builder-workspace/.build/out -index-system-modules
error: SwiftCompile normal x86_64 /host/spi-builder-workspace/mailslurp/Models/UnseenErrorCountDto.swift failed with a nonzero exit code. Command line:     cd /host
    builtin-SwiftPerFileCompile UnseenErrorCountDto.swift
error: SwiftCompile normal x86_64 /host/spi-builder-workspace/mailslurp/Models/UpdateAliasOptions.swift failed with a nonzero exit code. Command line:     cd /host
    builtin-SwiftPerFileCompile UpdateAliasOptions.swift
error: SwiftCompile normal x86_64 /host/spi-builder-workspace/mailslurp/Models/UpdateCampaignProbeOptions.swift failed with a nonzero exit code. Command line:     cd /host
    builtin-SwiftPerFileCompile UpdateCampaignProbeOptions.swift
error: SwiftCompile normal x86_64 /host/spi-builder-workspace/mailslurp/Models/UpdateDeliverabilityTestOptions.swift failed with a nonzero exit code. Command line:     cd /host
    builtin-SwiftPerFileCompile UpdateDeliverabilityTestOptions.swift
error: SwiftCompile normal x86_64 /host/spi-builder-workspace/mailslurp/Models/UpdateDevicePreviewFeedbackOptions.swift failed with a nonzero exit code. Command line:     cd /host
    builtin-SwiftPerFileCompile UpdateDevicePreviewFeedbackOptions.swift
error: SwiftCompile normal x86_64 /host/spi-builder-workspace/mailslurp/Models/UpdateDomainMonitorOptions.swift failed with a nonzero exit code. Command line:     cd /host
    builtin-SwiftPerFileCompile UpdateDomainMonitorOptions.swift
error: SwiftCompile normal x86_64 /host/spi-builder-workspace/mailslurp/Models/UpdateDomainOptions.swift failed with a nonzero exit code. Command line:     cd /host
    builtin-SwiftPerFileCompile UpdateDomainOptions.swift
error: SwiftCompile normal x86_64 /host/spi-builder-workspace/mailslurp/Models/UpdateGroupContacts.swift failed with a nonzero exit code. Command line:     cd /host
    builtin-SwiftPerFileCompile UpdateGroupContacts.swift
error: SwiftCompile normal x86_64 /host/spi-builder-workspace/mailslurp/Models/UpdateImapAccessOptions.swift failed with a nonzero exit code. Command line:     cd /host
    builtin-SwiftPerFileCompile UpdateImapAccessOptions.swift
error: SwiftCompile normal x86_64 /host/spi-builder-workspace/mailslurp/Models/UpdateInboxOptions.swift failed with a nonzero exit code. Command line:     cd /host
    builtin-SwiftPerFileCompile UpdateInboxOptions.swift
error: SwiftCompile normal x86_64 /host/spi-builder-workspace/mailslurp/Models/UpdateInboxReplierOptions.swift failed with a nonzero exit code. Command line:     cd /host
    builtin-SwiftPerFileCompile UpdateInboxReplierOptions.swift
error: SwiftCompile normal x86_64 /host/spi-builder-workspace/mailslurp/Models/UpdatePhoneNumberOptions.swift failed with a nonzero exit code. Command line:     cd /host
    builtin-SwiftPerFileCompile UpdatePhoneNumberOptions.swift
error: SwiftCompile normal x86_64 /host/spi-builder-workspace/mailslurp/Models/UpdateSmtpAccessOptions.swift failed with a nonzero exit code. Command line:     cd /host
    builtin-SwiftPerFileCompile UpdateSmtpAccessOptions.swift
error: SwiftCompile normal x86_64 /host/spi-builder-workspace/mailslurp/Models/UploadAttachmentOptions.swift failed with a nonzero exit code. Command line:     cd /host
    builtin-SwiftPerFileCompile UploadAttachmentOptions.swift
error: SwiftCompile normal x86_64 /host/spi-builder-workspace/mailslurp/Models/UploadMultipartFormRequest.swift failed with a nonzero exit code. Command line:     cd /host
    builtin-SwiftPerFileCompile UploadMultipartFormRequest.swift
error: SwiftCompile normal x86_64 /host/spi-builder-workspace/mailslurp/Models/UserInfoDto.swift failed with a nonzero exit code. Command line:     cd /host
    builtin-SwiftPerFileCompile UserInfoDto.swift
error: SwiftCompile normal x86_64 /host/spi-builder-workspace/mailslurp/Models/ValidateEmailAddressListOptions.swift failed with a nonzero exit code. Command line:     cd /host
    builtin-SwiftPerFileCompile ValidateEmailAddressListOptions.swift
error: SwiftCompile normal x86_64 /host/spi-builder-workspace/mailslurp/Models/ValidateEmailAddressListResult.swift failed with a nonzero exit code. Command line:     cd /host
    builtin-SwiftPerFileCompile ValidateEmailAddressListResult.swift
error: SwiftCompile normal x86_64 /host/spi-builder-workspace/mailslurp/Models/ValidatePhoneNumberOptions.swift failed with a nonzero exit code. Command line:     cd /host
    builtin-SwiftPerFileCompile ValidatePhoneNumberOptions.swift
error: SwiftCompile normal x86_64 /host/spi-builder-workspace/mailslurp/Models/ValidationDto.swift failed with a nonzero exit code. Command line:     cd /host
    builtin-SwiftPerFileCompile ValidationDto.swift
error: SwiftCompile normal x86_64 /host/spi-builder-workspace/mailslurp/Models/ValidationMessage.swift failed with a nonzero exit code. Command line:     cd /host
    builtin-SwiftPerFileCompile ValidationMessage.swift
error: SwiftCompile normal x86_64 /host/spi-builder-workspace/mailslurp/Models/VerifyEmailAddressOptions.swift failed with a nonzero exit code. Command line:     cd /host
    builtin-SwiftPerFileCompile VerifyEmailAddressOptions.swift
error: SwiftCompile normal x86_64 /host/spi-builder-workspace/mailslurp/Models/VerifyWebhookSignatureOptions.swift failed with a nonzero exit code. Command line:     cd /host
    builtin-SwiftPerFileCompile VerifyWebhookSignatureOptions.swift
error: SwiftCompile normal x86_64 /host/spi-builder-workspace/mailslurp/Models/VerifyWebhookSignatureResults.swift failed with a nonzero exit code. Command line:     cd /host
    builtin-SwiftPerFileCompile VerifyWebhookSignatureResults.swift
/host/spi-builder-workspace/mailslurp/Infrastructure/URLSessionImplementations.swift:9:8: error: no such module 'MobileCoreServices'
  7 | import Foundation
  8 | #if !os(macOS)
  9 | import MobileCoreServices
    |        `- error: no such module 'MobileCoreServices'
 10 | #endif
 11 | #if canImport(UniformTypeIdentifiers)
Failed frontend command:
/usr/bin/swift-frontend -frontend -c -filelist /host/spi-builder-workspace/.build/out/Intermediates.noindex/mailslurp.build/Debug-linux-x86_64/mailslurp-t.build/Objects-normal/x86_64/sources-1 -primary-file /host/spi-builder-workspace/mailslurp/Models/UnseenErrorCountDto.swift -primary-file /host/spi-builder-workspace/mailslurp/Models/UpdateAliasOptions.swift -primary-file /host/spi-builder-workspace/mailslurp/Models/UpdateCampaignProbeOptions.swift -primary-file /host/spi-builder-workspace/mailslurp/Models/UpdateDeliverabilityTestOptions.swift -primary-file /host/spi-builder-workspace/mailslurp/Models/UpdateDevicePreviewFeedbackOptions.swift -primary-file /host/spi-builder-workspace/mailslurp/Models/UpdateDomainMonitorOptions.swift -primary-file /host/spi-builder-workspace/mailslurp/Models/UpdateDomainOptions.swift -primary-file /host/spi-builder-workspace/mailslurp/Models/UpdateGroupContacts.swift -primary-file /host/spi-builder-workspace/mailslurp/Models/UpdateImapAccessOptions.swift -primary-file /host/spi-builder-workspace/mailslurp/Models/UpdateInboxOptions.swift -primary-file /host/spi-builder-workspace/mailslurp/Models/UpdateInboxReplierOptions.swift -primary-file /host/spi-builder-workspace/mailslurp/Models/UpdatePhoneNumberOptions.swift -primary-file /host/spi-builder-workspace/mailslurp/Models/UpdateSmtpAccessOptions.swift -primary-file /host/spi-builder-workspace/mailslurp/Models/UploadAttachmentOptions.swift -primary-file /host/spi-builder-workspace/mailslurp/Models/UploadMultipartFormRequest.swift -primary-file /host/spi-builder-workspace/mailslurp/Models/UserInfoDto.swift -primary-file /host/spi-builder-workspace/mailslurp/Models/ValidateEmailAddressListOptions.swift -primary-file /host/spi-builder-workspace/mailslurp/Models/ValidateEmailAddressListResult.swift -primary-file /host/spi-builder-workspace/mailslurp/Models/ValidatePhoneNumberOptions.swift -primary-file /host/spi-builder-workspace/mailslurp/Models/ValidationDto.swift -primary-file /host/spi-builder-workspace/mailslurp/Models/ValidationMessage.swift -primary-file /host/spi-builder-workspace/mailslurp/Models/VerifyEmailAddressOptions.swift -primary-file /host/spi-builder-workspace/mailslurp/Models/VerifyWebhookSignatureOptions.swift -primary-file /host/spi-builder-workspace/mailslurp/Models/VerifyWebhookSignatureResults.swift -supplementary-output-file-map /host/spi-builder-workspace/.build/out/Intermediates.noindex/mailslurp.build/Debug-linux-x86_64/mailslurp-t.build/Objects-normal/x86_64/supplementaryOutputs-23 -target x86_64-unknown-linux-gnu -disable-objc-interop -I /host/spi-builder-workspace/.build/out/Products/Debug-linux-x86_64 -module-cache-path /host/spi-builder-workspace/.build/out/ModuleCache.noindex -color-diagnostics -Xcc -fcolor-diagnostics -enable-testing -g -debug-info-format\=dwarf -dwarf-version\=4 -swift-version 6 -Onone -D SWIFT_PACKAGE -D DEBUG -D SWIFT_MODULE_RESOURCE_BUNDLE_UNAVAILABLE -D Xcode -serialize-debugging-options -enable-experimental-feature DebugDescriptionMacro -empty-abi-descriptor -external-plugin-path /usr/lib/swift/host/plugins/testing\#/usr/bin/swift-plugin-server -validate-clang-modules-once -clang-build-session-file /host/spi-builder-workspace/.build/out/ModuleCache.noindex/Session.modulevalidation -Xcc -working-directory -Xcc /host -enable-anonymous-context-mangled-names -file-compilation-dir /host -Xcc -fno-omit-frame-pointer -Xcc -D_LIBCPP_HARDENING_MODE\=_LIBCPP_HARDENING_MODE_DEBUG -Xcc -fmodules-prune-interval\=86400 -Xcc -fmodules-prune-after\=345600 -Xcc -I/host/spi-builder-workspace/.build/out/Products/Debug-linux-x86_64/include -Xcc -I/host/spi-builder-workspace/.build/out/Intermediates.noindex/mailslurp.build/Debug-linux-x86_64/mailslurp-t.build/DerivedSources-normal/x86_64 -Xcc -I/host/spi-builder-workspace/.build/out/Intermediates.noindex/mailslurp.build/Debug-linux-x86_64/mailslurp-t.build/DerivedSources/x86_64 -Xcc -I/host/spi-builder-workspace/.build/out/Intermediates.noindex/mailslurp.build/Debug-linux-x86_64/mailslurp-t.build/DerivedSources -Xcc -DSWIFT_PACKAGE -Xcc -DDEBUG\=1 -no-auto-bridging-header-chaining -module-name mailslurp -package-name spi_builder_workspace -const-gather-protocols-file /host/spi-builder-workspace/.build/out/Intermediates.noindex/mailslurp.build/Debug-linux-x86_64/mailslurp-t.build/Objects-normal/x86_64/mailslurp_const_extract_protocols.json -in-process-plugin-server-path /usr/lib/swift/host/libSwiftInProcPluginServer.so -plugin-path /usr/lib/swift/host/plugins -plugin-path /usr/local/lib/swift/host/plugins -parse-as-library -o /host/spi-builder-workspace/.build/out/Intermediates.noindex/mailslurp.build/Debug-linux-x86_64/mailslurp-t.build/Objects-normal/x86_64/UnseenErrorCountDto.o -o /host/spi-builder-workspace/.build/out/Intermediates.noindex/mailslurp.build/Debug-linux-x86_64/mailslurp-t.build/Objects-normal/x86_64/UpdateAliasOptions.o -o /host/spi-builder-workspace/.build/out/Intermediates.noindex/mailslurp.build/Debug-linux-x86_64/mailslurp-t.build/Objects-normal/x86_64/UpdateCampaignProbeOptions.o -o /host/spi-builder-workspace/.build/out/Intermediates.noindex/mailslurp.build/Debug-linux-x86_64/mailslurp-t.build/Objects-normal/x86_64/UpdateDeliverabilityTestOptions.o -o /host/spi-builder-workspace/.build/out/Intermediates.noindex/mailslurp.build/Debug-linux-x86_64/mailslurp-t.build/Objects-normal/x86_64/UpdateDevicePreviewFeedbackOptions.o -o /host/spi-builder-workspace/.build/out/Intermediates.noindex/mailslurp.build/Debug-linux-x86_64/mailslurp-t.build/Objects-normal/x86_64/UpdateDomainMonitorOptions.o -o /host/spi-builder-workspace/.build/out/Intermediates.noindex/mailslurp.build/Debug-linux-x86_64/mailslurp-t.build/Objects-normal/x86_64/UpdateDomainOptions.o -o /host/spi-builder-workspace/.build/out/Intermediates.noindex/mailslurp.build/Debug-linux-x86_64/mailslurp-t.build/Objects-normal/x86_64/UpdateGroupContacts.o -o /host/spi-builder-workspace/.build/out/Intermediates.noindex/mailslurp.build/Debug-linux-x86_64/mailslurp-t.build/Objects-normal/x86_64/UpdateImapAccessOptions.o -o /host/spi-builder-workspace/.build/out/Intermediates.noindex/mailslurp.build/Debug-linux-x86_64/mailslurp-t.build/Objects-normal/x86_64/UpdateInboxOptions.o -o /host/spi-builder-workspace/.build/out/Intermediates.noindex/mailslurp.build/Debug-linux-x86_64/mailslurp-t.build/Objects-normal/x86_64/UpdateInboxReplierOptions.o -o /host/spi-builder-workspace/.build/out/Intermediates.noindex/mailslurp.build/Debug-linux-x86_64/mailslurp-t.build/Objects-normal/x86_64/UpdatePhoneNumberOptions.o -o /host/spi-builder-workspace/.build/out/Intermediates.noindex/mailslurp.build/Debug-linux-x86_64/mailslurp-t.build/Objects-normal/x86_64/UpdateSmtpAccessOptions.o -o /host/spi-builder-workspace/.build/out/Intermediates.noindex/mailslurp.build/Debug-linux-x86_64/mailslurp-t.build/Objects-normal/x86_64/UploadAttachmentOptions.o -o /host/spi-builder-workspace/.build/out/Intermediates.noindex/mailslurp.build/Debug-linux-x86_64/mailslurp-t.build/Objects-normal/x86_64/UploadMultipartFormRequest.o -o /host/spi-builder-workspace/.build/out/Intermediates.noindex/mailslurp.build/Debug-linux-x86_64/mailslurp-t.build/Objects-normal/x86_64/UserInfoDto.o -o /host/spi-builder-workspace/.build/out/Intermediates.noindex/mailslurp.build/Debug-linux-x86_64/mailslurp-t.build/Objects-normal/x86_64/ValidateEmailAddressListOptions.o -o /host/spi-builder-workspace/.build/out/Intermediates.noindex/mailslurp.build/Debug-linux-x86_64/mailslurp-t.build/Objects-normal/x86_64/ValidateEmailAddressListResult.o -o /host/spi-builder-workspace/.build/out/Intermediates.noindex/mailslurp.build/Debug-linux-x86_64/mailslurp-t.build/Objects-normal/x86_64/ValidatePhoneNumberOptions.o -o /host/spi-builder-workspace/.build/out/Intermediates.noindex/mailslurp.build/Debug-linux-x86_64/mailslurp-t.build/Objects-normal/x86_64/ValidationDto.o -o /host/spi-builder-workspace/.build/out/Intermediates.noindex/mailslurp.build/Debug-linux-x86_64/mailslurp-t.build/Objects-normal/x86_64/ValidationMessage.o -o /host/spi-builder-workspace/.build/out/Intermediates.noindex/mailslurp.build/Debug-linux-x86_64/mailslurp-t.build/Objects-normal/x86_64/VerifyEmailAddressOptions.o -o /host/spi-builder-workspace/.build/out/Intermediates.noindex/mailslurp.build/Debug-linux-x86_64/mailslurp-t.build/Objects-normal/x86_64/VerifyWebhookSignatureOptions.o -o /host/spi-builder-workspace/.build/out/Intermediates.noindex/mailslurp.build/Debug-linux-x86_64/mailslurp-t.build/Objects-normal/x86_64/VerifyWebhookSignatureResults.o -index-unit-output-path /mailslurp.build/Debug-linux-x86_64/mailslurp-t.build/Objects-normal/x86_64/UnseenErrorCountDto.o -index-unit-output-path /mailslurp.build/Debug-linux-x86_64/mailslurp-t.build/Objects-normal/x86_64/UpdateAliasOptions.o -index-unit-output-path /mailslurp.build/Debug-linux-x86_64/mailslurp-t.build/Objects-normal/x86_64/UpdateCampaignProbeOptions.o -index-unit-output-path /mailslurp.build/Debug-linux-x86_64/mailslurp-t.build/Objects-normal/x86_64/UpdateDeliverabilityTestOptions.o -index-unit-output-path /mailslurp.build/Debug-linux-x86_64/mailslurp-t.build/Objects-normal/x86_64/UpdateDevicePreviewFeedbackOptions.o -index-unit-output-path /mailslurp.build/Debug-linux-x86_64/mailslurp-t.build/Objects-normal/x86_64/UpdateDomainMonitorOptions.o -index-unit-output-path /mailslurp.build/Debug-linux-x86_64/mailslurp-t.build/Objects-normal/x86_64/UpdateDomainOptions.o -index-unit-output-path /mailslurp.build/Debug-linux-x86_64/mailslurp-t.build/Objects-normal/x86_64/UpdateGroupContacts.o -index-unit-output-path /mailslurp.build/Debug-linux-x86_64/mailslurp-t.build/Objects-normal/x86_64/UpdateImapAccessOptions.o -index-unit-output-path /mailslurp.build/Debug-linux-x86_64/mailslurp-t.build/Objects-normal/x86_64/UpdateInboxOptions.o -index-unit-output-path /mailslurp.build/Debug-linux-x86_64/mailslurp-t.build/Objects-normal/x86_64/UpdateInboxReplierOptions.o -index-unit-output-path /mailslurp.build/Debug-linux-x86_64/mailslurp-t.build/Objects-normal/x86_64/UpdatePhoneNumberOptions.o -index-unit-output-path /mailslurp.build/Debug-linux-x86_64/mailslurp-t.build/Objects-normal/x86_64/UpdateSmtpAccessOptions.o -index-unit-output-path /mailslurp.build/Debug-linux-x86_64/mailslurp-t.build/Objects-normal/x86_64/UploadAttachmentOptions.o -index-unit-output-path /mailslurp.build/Debug-linux-x86_64/mailslurp-t.build/Objects-normal/x86_64/UploadMultipartFormRequest.o -index-unit-output-path /mailslurp.build/Debug-linux-x86_64/mailslurp-t.build/Objects-normal/x86_64/UserInfoDto.o -index-unit-output-path /mailslurp.build/Debug-linux-x86_64/mailslurp-t.build/Objects-normal/x86_64/ValidateEmailAddressListOptions.o -index-unit-output-path /mailslurp.build/Debug-linux-x86_64/mailslurp-t.build/Objects-normal/x86_64/ValidateEmailAddressListResult.o -index-unit-output-path /mailslurp.build/Debug-linux-x86_64/mailslurp-t.build/Objects-normal/x86_64/ValidatePhoneNumberOptions.o -index-unit-output-path /mailslurp.build/Debug-linux-x86_64/mailslurp-t.build/Objects-normal/x86_64/ValidationDto.o -index-unit-output-path /mailslurp.build/Debug-linux-x86_64/mailslurp-t.build/Objects-normal/x86_64/ValidationMessage.o -index-unit-output-path /mailslurp.build/Debug-linux-x86_64/mailslurp-t.build/Objects-normal/x86_64/VerifyEmailAddressOptions.o -index-unit-output-path /mailslurp.build/Debug-linux-x86_64/mailslurp-t.build/Objects-normal/x86_64/VerifyWebhookSignatureOptions.o -index-unit-output-path /mailslurp.build/Debug-linux-x86_64/mailslurp-t.build/Objects-normal/x86_64/VerifyWebhookSignatureResults.o -index-store-path /host/spi-builder-workspace/.build/out -index-system-modules
error: Build failed
BUILD FAILURE 6.4 linux