The Swift Package Index logo.Swift Package Index

Build Information

Failed to build Stripe, reference 26.13.0 (b65af3), with Swift 6.4 for Linux on 9 Oct 2026 06:16:37 UTC.

Build Command

bash -c docker run --pull=always --rm -v "checkouts-54344845-0":/host -w "$PWD" -e JAVA_HOME="/root/.sdkman/candidates/java/current" -e SPI_BUILD="1" -e SPI_PROCESSING="1" registry.gitlab.com/saguaro1/spi-images:basic-6.4-latest swift build --triple x86_64-unknown-linux-gnu 2>&1

Build Log

========================================
RunAll
========================================
Builder version: 5.1.1
Interrupt handler set up.
========================================
Checkout
========================================
Clone URL: https://github.com/stripe/stripe-ios.git
Reference: 26.13.0
Initialized empty Git repository in /host/spi-builder-workspace/.git/
hint: Using 'master' as the name for the initial branch. This default branch name
hint: is subject to change. To configure the initial branch name to use in all
hint: of your new repositories, which will suppress this warning, call:
hint:
hint: 	git config --global init.defaultBranch <name>
hint:
hint: Names commonly chosen instead of 'master' are 'main', 'trunk' and
hint: 'development'. The just-created branch can be renamed via this command:
hint:
hint: 	git branch -m <name>
From https://github.com/stripe/stripe-ios
 * tag               26.13.0    -> FETCH_HEAD
HEAD is now at b65af30 Update version to 26.13.0
Cloned https://github.com/stripe/stripe-ios.git
Revision (git rev-parse @):
b65af30ecc73007aa9164627253ecafdf0a84872
SUCCESS checkout https://github.com/stripe/stripe-ios.git at 26.13.0
========================================
Build
========================================
Selected platform:         linux
Swift version:             6.4
Building package at path:  $PWD
https://github.com/stripe/stripe-ios.git
Running build ...
bash -c docker run --pull=always --rm -v "checkouts-54344845-0":/host -w "$PWD" -e JAVA_HOME="/root/.sdkman/candidates/java/current" -e SPI_BUILD="1" -e SPI_PROCESSING="1" registry.gitlab.com/saguaro1/spi-images:basic-6.4-latest swift build --triple x86_64-unknown-linux-gnu 2>&1
basic-6.4-latest: Pulling from saguaro1/spi-images
Digest: sha256:cb09f0c0d537a8668f02529c380785d189fc75032d54572211355a09e050e122
Status: Image is up to date for registry.gitlab.com/saguaro1/spi-images:basic-6.4-latest
Building for debugging...
[Computing dependencies]
[Pre-planning 1 / 1198]
[Planning 881 / 1198]
[Planning deferred tasks]
[Constructing 2690 / 2918]
warning: no rule to process file '/host/spi-builder-workspace/StripeUICore/StripeUICore/Resources/StripeUICore.xcassets' of type 'folder.assetcatalog' for architecture 'x86_64'
warning: no rule to process file '/host/spi-builder-workspace/StripePaymentsUI/StripePaymentsUI/Resources/StripePaymentsUI.xcassets' of type 'folder.assetcatalog' for architecture 'x86_64'
warning: no rule to process file '/host/spi-builder-workspace/StripePaymentSheet/StripePaymentSheet/Resources/StripePaymentSheet.xcassets' of type 'folder.assetcatalog' for architecture 'x86_64'
[60 / 936] StripeIssuing
warning: no rule to process file '/host/spi-builder-workspace/StripeCryptoOnramp/StripeCryptoOnramp/Resources/StripeCryptoOnramp.xcassets' of type 'folder.assetcatalog' for architecture 'x86_64'
warning: no rule to process file '/host/spi-builder-workspace/Stripe3DS2/Stripe3DS2/Resources/Stripe3DS2.xcassets' of type 'folder.assetcatalog' for architecture 'x86_64'
warning: no rule to process file '/host/spi-builder-workspace/Stripe/StripeiOS/Resources/StripeiOS.xcassets' of type 'folder.assetcatalog' for architecture 'x86_64'
[418 / 936] Stripe_StripeIdentity
[732 / 936]
In file included from <built-in>:1:
/host/spi-builder-workspace/.build/out/Intermediates.noindex/Stripe.build/Debug-linux-x86_64/Stripe3DS2-t.build/DerivedSources/resource_bundle_accessor.h:1:9: fatal error: 'Foundation/Foundation.h' file not found
    1 | #import <Foundation/Foundation.h>
      |         ^~~~~~~~~~~~~~~~~~~~~~~~~
1 error generated.
error: CompileC /host/spi-builder-workspace/.build/out/Intermediates.noindex/Stripe.build/Debug-linux-x86_64/Stripe3DS2-t.build/Objects-normal/x86_64/STDSWarning.o /host/spi-builder-workspace/Stripe3DS2/Stripe3DS2/include/STDSWarning.m normal x86_64 objective-c com.apple.compilers.llvm.clang.1_0.compiler failed with a nonzero exit code. Command line:     cd /host

    Using response file: /host/spi-builder-workspace/.build/out/Intermediates.noindex/Stripe.build/Debug-linux-x86_64/Stripe3DS2-t.build/Objects-normal/x86_64/6f95552a3397ee1cec971b90cf334075d5f321c3a3b0689ad55c3d1e24702600-common-args.resp

    /usr/bin/clang -x objective-c -target x86_64-unknown-linux-gnu -fmessage-length\=0 -fdiagnostics-show-note-include-stack -fmacro-backtrace-limit\=0 -fcolor-diagnostics -Wno-trigraphs -Wno-missing-field-initializers -Wno-missing-prototypes -Wno-return-type -Wno-implicit-atomic-properties -Wno-objc-interface-ivars -Wno-arc-repeated-use-of-weak -Wno-missing-braces -Wparentheses -Wswitch -Wno-unused-function -Wno-unused-label -Wno-unused-parameter -Wno-unused-variable -Wunused-value -Wno-empty-body -Wno-uninitialized -Wno-unknown-pragmas -Wno-shadow -Wno-four-char-constants -Wno-conversion -Wno-constant-conversion -Wno-int-conversion -Wno-bool-conversion -Wno-enum-conversion -Wno-float-conversion -Wno-non-literal-null-conversion -Wno-objc-literal-conversion -Wno-shorten-64-to-32 -Wpointer-sign -Wno-newline-eof -Wno-selector -Wno-strict-selector-match -Wno-undeclared-selector -Wno-deprecated-implementations -Wno-implicit-fallthrough -fstrict-aliasing -Wprotocol -Wdeprecated-declarations -Wno-sign-conversion -Wno-infinite-recursion -Wno-comma -Wno-block-capture-autoreleasing -Wno-strict-prototypes -Wno-semicolon-before-method-body --sysroot / @/host/spi-builder-workspace/.build/out/Intermediates.noindex/Stripe.build/Debug-linux-x86_64/Stripe3DS2-t.build/Objects-normal/x86_64/6f95552a3397ee1cec971b90cf334075d5f321c3a3b0689ad55c3d1e24702600-common-args.resp -include /host/spi-builder-workspace/.build/out/Intermediates.noindex/Stripe.build/Debug-linux-x86_64/Stripe3DS2-t.build/DerivedSources/resource_bundle_accessor.h -MMD -MT dependencies -MF /host/spi-builder-workspace/.build/out/Intermediates.noindex/Stripe.build/Debug-linux-x86_64/Stripe3DS2-t.build/Objects-normal/x86_64/STDSWarning.d --serialize-diagnostics /host/spi-builder-workspace/.build/out/Intermediates.noindex/Stripe.build/Debug-linux-x86_64/Stripe3DS2-t.build/Objects-normal/x86_64/STDSWarning.dia -c /host/spi-builder-workspace/Stripe3DS2/Stripe3DS2/include/STDSWarning.m -o /host/spi-builder-workspace/.build/out/Intermediates.noindex/Stripe.build/Debug-linux-x86_64/Stripe3DS2-t.build/Objects-normal/x86_64/STDSWarning.o
In file included from <built-in>:1:
/host/spi-builder-workspace/.build/out/Intermediates.noindex/Stripe.build/Debug-linux-x86_64/Stripe3DS2-t.build/DerivedSources/resource_bundle_accessor.h:1:9: fatal error: 'Foundation/Foundation.h' file not found
    1 | #import <Foundation/Foundation.h>
      |         ^~~~~~~~~~~~~~~~~~~~~~~~~
1 error generated.
error: CompileC /host/spi-builder-workspace/.build/out/Intermediates.noindex/Stripe.build/Debug-linux-x86_64/Stripe3DS2-t.build/Objects-normal/x86_64/UIView+LayoutSupport.o /host/spi-builder-workspace/Stripe3DS2/Stripe3DS2/UIView+LayoutSupport.m normal x86_64 objective-c com.apple.compilers.llvm.clang.1_0.compiler failed with a nonzero exit code. Command line:     cd /host

    Using response file: /host/spi-builder-workspace/.build/out/Intermediates.noindex/Stripe.build/Debug-linux-x86_64/Stripe3DS2-t.build/Objects-normal/x86_64/6f95552a3397ee1cec971b90cf334075d5f321c3a3b0689ad55c3d1e24702600-common-args.resp

    /usr/bin/clang -x objective-c -target x86_64-unknown-linux-gnu -fmessage-length\=0 -fdiagnostics-show-note-include-stack -fmacro-backtrace-limit\=0 -fcolor-diagnostics -Wno-trigraphs -Wno-missing-field-initializers -Wno-missing-prototypes -Wno-return-type -Wno-implicit-atomic-properties -Wno-objc-interface-ivars -Wno-arc-repeated-use-of-weak -Wno-missing-braces -Wparentheses -Wswitch -Wno-unused-function -Wno-unused-label -Wno-unused-parameter -Wno-unused-variable -Wunused-value -Wno-empty-body -Wno-uninitialized -Wno-unknown-pragmas -Wno-shadow -Wno-four-char-constants -Wno-conversion -Wno-constant-conversion -Wno-int-conversion -Wno-bool-conversion -Wno-enum-conversion -Wno-float-conversion -Wno-non-literal-null-conversion -Wno-objc-literal-conversion -Wno-shorten-64-to-32 -Wpointer-sign -Wno-newline-eof -Wno-selector -Wno-strict-selector-match -Wno-undeclared-selector -Wno-deprecated-implementations -Wno-implicit-fallthrough -fstrict-aliasing -Wprotocol -Wdeprecated-declarations -Wno-sign-conversion -Wno-infinite-recursion -Wno-comma -Wno-block-capture-autoreleasing -Wno-strict-prototypes -Wno-semicolon-before-method-body --sysroot / @/host/spi-builder-workspace/.build/out/Intermediates.noindex/Stripe.build/Debug-linux-x86_64/Stripe3DS2-t.build/Objects-normal/x86_64/6f95552a3397ee1cec971b90cf334075d5f321c3a3b0689ad55c3d1e24702600-common-args.resp -include /host/spi-builder-workspace/.build/out/Intermediates.noindex/Stripe.build/Debug-linux-x86_64/Stripe3DS2-t.build/DerivedSources/resource_bundle_accessor.h -MMD -MT dependencies -MF /host/spi-builder-workspace/.build/out/Intermediates.noindex/Stripe.build/Debug-linux-x86_64/Stripe3DS2-t.build/Objects-normal/x86_64/UIView+LayoutSupport.d --serialize-diagnostics /host/spi-builder-workspace/.build/out/Intermediates.noindex/Stripe.build/Debug-linux-x86_64/Stripe3DS2-t.build/Objects-normal/x86_64/UIView+LayoutSupport.dia -c /host/spi-builder-workspace/Stripe3DS2/Stripe3DS2/UIView+LayoutSupport.m -o /host/spi-builder-workspace/.build/out/Intermediates.noindex/Stripe.build/Debug-linux-x86_64/Stripe3DS2-t.build/Objects-normal/x86_64/UIView+LayoutSupport.o
In file included from <built-in>:1:
/host/spi-builder-workspace/.build/out/Intermediates.noindex/Stripe.build/Debug-linux-x86_64/Stripe3DS2-t.build/DerivedSources/resource_bundle_accessor.h:1:9: fatal error: 'Foundation/Foundation.h' file not found
    1 | #import <Foundation/Foundation.h>
      |         ^~~~~~~~~~~~~~~~~~~~~~~~~
1 error generated.
error: CompileC /host/spi-builder-workspace/.build/out/Intermediates.noindex/Stripe.build/Debug-linux-x86_64/Stripe3DS2-t.build/Objects-normal/x86_64/resource_bundle_accessor.o /host/spi-builder-workspace/.build/out/Intermediates.noindex/Stripe.build/Debug-linux-x86_64/Stripe3DS2-t.build/DerivedSources/resource_bundle_accessor.m normal x86_64 objective-c com.apple.compilers.llvm.clang.1_0.compiler failed with a nonzero exit code. Command line:     cd /host

    Using response file: /host/spi-builder-workspace/.build/out/Intermediates.noindex/Stripe.build/Debug-linux-x86_64/Stripe3DS2-t.build/Objects-normal/x86_64/6f95552a3397ee1cec971b90cf334075d5f321c3a3b0689ad55c3d1e24702600-common-args.resp

    /usr/bin/clang -x objective-c -target x86_64-unknown-linux-gnu -fmessage-length\=0 -fdiagnostics-show-note-include-stack -fmacro-backtrace-limit\=0 -fcolor-diagnostics -Wno-trigraphs -Wno-missing-field-initializers -Wno-missing-prototypes -Wno-return-type -Wno-implicit-atomic-properties -Wno-objc-interface-ivars -Wno-arc-repeated-use-of-weak -Wno-missing-braces -Wparentheses -Wswitch -Wno-unused-function -Wno-unused-label -Wno-unused-parameter -Wno-unused-variable -Wunused-value -Wno-empty-body -Wno-uninitialized -Wno-unknown-pragmas -Wno-shadow -Wno-four-char-constants -Wno-conversion -Wno-constant-conversion -Wno-int-conversion -Wno-bool-conversion -Wno-enum-conversion -Wno-float-conversion -Wno-non-literal-null-conversion -Wno-objc-literal-conversion -Wno-shorten-64-to-32 -Wpointer-sign -Wno-newline-eof -Wno-selector -Wno-strict-selector-match -Wno-undeclared-selector -Wno-deprecated-implementations -Wno-implicit-fallthrough -fstrict-aliasing -Wprotocol -Wdeprecated-declarations -Wno-sign-conversion -Wno-infinite-recursion -Wno-comma -Wno-block-capture-autoreleasing -Wno-strict-prototypes -Wno-semicolon-before-method-body --sysroot / @/host/spi-builder-workspace/.build/out/Intermediates.noindex/Stripe.build/Debug-linux-x86_64/Stripe3DS2-t.build/Objects-normal/x86_64/6f95552a3397ee1cec971b90cf334075d5f321c3a3b0689ad55c3d1e24702600-common-args.resp -include /host/spi-builder-workspace/.build/out/Intermediates.noindex/Stripe.build/Debug-linux-x86_64/Stripe3DS2-t.build/DerivedSources/resource_bundle_accessor.h -MMD -MT dependencies -MF /host/spi-builder-workspace/.build/out/Intermediates.noindex/Stripe.build/Debug-linux-x86_64/Stripe3DS2-t.build/Objects-normal/x86_64/resource_bundle_accessor.d --serialize-diagnostics /host/spi-builder-workspace/.build/out/Intermediates.noindex/Stripe.build/Debug-linux-x86_64/Stripe3DS2-t.build/Objects-normal/x86_64/resource_bundle_accessor.dia -c /host/spi-builder-workspace/.build/out/Intermediates.noindex/Stripe.build/Debug-linux-x86_64/Stripe3DS2-t.build/DerivedSources/resource_bundle_accessor.m -o /host/spi-builder-workspace/.build/out/Intermediates.noindex/Stripe.build/Debug-linux-x86_64/Stripe3DS2-t.build/Objects-normal/x86_64/resource_bundle_accessor.o
In file included from <built-in>:1:
/host/spi-builder-workspace/.build/out/Intermediates.noindex/Stripe.build/Debug-linux-x86_64/Stripe3DS2-t.build/DerivedSources/resource_bundle_accessor.h:1:9: fatal error: 'Foundation/Foundation.h' file not found
    1 | #import <Foundation/Foundation.h>
      |         ^~~~~~~~~~~~~~~~~~~~~~~~~
1 error generated.
error: CompileC /host/spi-builder-workspace/.build/out/Intermediates.noindex/Stripe.build/Debug-linux-x86_64/Stripe3DS2-t.build/Objects-normal/x86_64/UIFont+DefaultFonts.o /host/spi-builder-workspace/Stripe3DS2/Stripe3DS2/UIFont+DefaultFonts.m normal x86_64 objective-c com.apple.compilers.llvm.clang.1_0.compiler failed with a nonzero exit code. Command line:     cd /host

    Using response file: /host/spi-builder-workspace/.build/out/Intermediates.noindex/Stripe.build/Debug-linux-x86_64/Stripe3DS2-t.build/Objects-normal/x86_64/6f95552a3397ee1cec971b90cf334075d5f321c3a3b0689ad55c3d1e24702600-common-args.resp

    /usr/bin/clang -x objective-c -target x86_64-unknown-linux-gnu -fmessage-length\=0 -fdiagnostics-show-note-include-stack -fmacro-backtrace-limit\=0 -fcolor-diagnostics -Wno-trigraphs -Wno-missing-field-initializers -Wno-missing-prototypes -Wno-return-type -Wno-implicit-atomic-properties -Wno-objc-interface-ivars -Wno-arc-repeated-use-of-weak -Wno-missing-braces -Wparentheses -Wswitch -Wno-unused-function -Wno-unused-label -Wno-unused-parameter -Wno-unused-variable -Wunused-value -Wno-empty-body -Wno-uninitialized -Wno-unknown-pragmas -Wno-shadow -Wno-four-char-constants -Wno-conversion -Wno-constant-conversion -Wno-int-conversion -Wno-bool-conversion -Wno-enum-conversion -Wno-float-conversion -Wno-non-literal-null-conversion -Wno-objc-literal-conversion -Wno-shorten-64-to-32 -Wpointer-sign -Wno-newline-eof -Wno-selector -Wno-strict-selector-match -Wno-undeclared-selector -Wno-deprecated-implementations -Wno-implicit-fallthrough -fstrict-aliasing -Wprotocol -Wdeprecated-declarations -Wno-sign-conversion -Wno-infinite-recursion -Wno-comma -Wno-block-capture-autoreleasing -Wno-strict-prototypes -Wno-semicolon-before-method-body --sysroot / @/host/spi-builder-workspace/.build/out/Intermediates.noindex/Stripe.build/Debug-linux-x86_64/Stripe3DS2-t.build/Objects-normal/x86_64/6f95552a3397ee1cec971b90cf334075d5f321c3a3b0689ad55c3d1e24702600-common-args.resp -include /host/spi-builder-workspace/.build/out/Intermediates.noindex/Stripe.build/Debug-linux-x86_64/Stripe3DS2-t.build/DerivedSources/resource_bundle_accessor.h -MMD -MT dependencies -MF /host/spi-builder-workspace/.build/out/Intermediates.noindex/Stripe.build/Debug-linux-x86_64/Stripe3DS2-t.build/Objects-normal/x86_64/UIFont+DefaultFonts.d --serialize-diagnostics /host/spi-builder-workspace/.build/out/Intermediates.noindex/Stripe.build/Debug-linux-x86_64/Stripe3DS2-t.build/Objects-normal/x86_64/UIFont+DefaultFonts.dia -c /host/spi-builder-workspace/Stripe3DS2/Stripe3DS2/UIFont+DefaultFonts.m -o /host/spi-builder-workspace/.build/out/Intermediates.noindex/Stripe.build/Debug-linux-x86_64/Stripe3DS2-t.build/Objects-normal/x86_64/UIFont+DefaultFonts.o
In file included from <built-in>:1:
/host/spi-builder-workspace/.build/out/Intermediates.noindex/Stripe.build/Debug-linux-x86_64/Stripe3DS2-t.build/DerivedSources/resource_bundle_accessor.h:1:9: fatal error: 'Foundation/Foundation.h' file not found
    1 | #import <Foundation/Foundation.h>
      |         ^~~~~~~~~~~~~~~~~~~~~~~~~
1 error generated.
error: CompileC /host/spi-builder-workspace/.build/out/Intermediates.noindex/Stripe.build/Debug-linux-x86_64/Stripe3DS2-t.build/Objects-normal/x86_64/UIColor+ThirteenSupport.o /host/spi-builder-workspace/Stripe3DS2/Stripe3DS2/UIColor+ThirteenSupport.m normal x86_64 objective-c com.apple.compilers.llvm.clang.1_0.compiler failed with a nonzero exit code. Command line:     cd /host

    Using response file: /host/spi-builder-workspace/.build/out/Intermediates.noindex/Stripe.build/Debug-linux-x86_64/Stripe3DS2-t.build/Objects-normal/x86_64/6f95552a3397ee1cec971b90cf334075d5f321c3a3b0689ad55c3d1e24702600-common-args.resp

    /usr/bin/clang -x objective-c -target x86_64-unknown-linux-gnu -fmessage-length\=0 -fdiagnostics-show-note-include-stack -fmacro-backtrace-limit\=0 -fcolor-diagnostics -Wno-trigraphs -Wno-missing-field-initializers -Wno-missing-prototypes -Wno-return-type -Wno-implicit-atomic-properties -Wno-objc-interface-ivars -Wno-arc-repeated-use-of-weak -Wno-missing-braces -Wparentheses -Wswitch -Wno-unused-function -Wno-unused-label -Wno-unused-parameter -Wno-unused-variable -Wunused-value -Wno-empty-body -Wno-uninitialized -Wno-unknown-pragmas -Wno-shadow -Wno-four-char-constants -Wno-conversion -Wno-constant-conversion -Wno-int-conversion -Wno-bool-conversion -Wno-enum-conversion -Wno-float-conversion -Wno-non-literal-null-conversion -Wno-objc-literal-conversion -Wno-shorten-64-to-32 -Wpointer-sign -Wno-newline-eof -Wno-selector -Wno-strict-selector-match -Wno-undeclared-selector -Wno-deprecated-implementations -Wno-implicit-fallthrough -fstrict-aliasing -Wprotocol -Wdeprecated-declarations -Wno-sign-conversion -Wno-infinite-recursion -Wno-comma -Wno-block-capture-autoreleasing -Wno-strict-prototypes -Wno-semicolon-before-method-body --sysroot / @/host/spi-builder-workspace/.build/out/Intermediates.noindex/Stripe.build/Debug-linux-x86_64/Stripe3DS2-t.build/Objects-normal/x86_64/6f95552a3397ee1cec971b90cf334075d5f321c3a3b0689ad55c3d1e24702600-common-args.resp -include /host/spi-builder-workspace/.build/out/Intermediates.noindex/Stripe.build/Debug-linux-x86_64/Stripe3DS2-t.build/DerivedSources/resource_bundle_accessor.h -MMD -MT dependencies -MF /host/spi-builder-workspace/.build/out/Intermediates.noindex/Stripe.build/Debug-linux-x86_64/Stripe3DS2-t.build/Objects-normal/x86_64/UIColor+ThirteenSupport.d --serialize-diagnostics /host/spi-builder-workspace/.build/out/Intermediates.noindex/Stripe.build/Debug-linux-x86_64/Stripe3DS2-t.build/Objects-normal/x86_64/UIColor+ThirteenSupport.dia -c /host/spi-builder-workspace/Stripe3DS2/Stripe3DS2/UIColor+ThirteenSupport.m -o /host/spi-builder-workspace/.build/out/Intermediates.noindex/Stripe.build/Debug-linux-x86_64/Stripe3DS2-t.build/Objects-normal/x86_64/UIColor+ThirteenSupport.o
In file included from <built-in>:1:
/host/spi-builder-workspace/.build/out/Intermediates.noindex/Stripe.build/Debug-linux-x86_64/Stripe3DS2-t.build/DerivedSources/resource_bundle_accessor.h:1:9: fatal error: 'Foundation/Foundation.h' file not found
    1 | #import <Foundation/Foundation.h>
      |         ^~~~~~~~~~~~~~~~~~~~~~~~~
1 error generated.
error: CompileC /host/spi-builder-workspace/.build/out/Intermediates.noindex/Stripe.build/Debug-linux-x86_64/Stripe3DS2-t.build/Objects-normal/x86_64/UIColor+DefaultColors.o /host/spi-builder-workspace/Stripe3DS2/Stripe3DS2/UIColor+DefaultColors.m normal x86_64 objective-c com.apple.compilers.llvm.clang.1_0.compiler failed with a nonzero exit code. Command line:     cd /host

    Using response file: /host/spi-builder-workspace/.build/out/Intermediates.noindex/Stripe.build/Debug-linux-x86_64/Stripe3DS2-t.build/Objects-normal/x86_64/6f95552a3397ee1cec971b90cf334075d5f321c3a3b0689ad55c3d1e24702600-common-args.resp

    /usr/bin/clang -x objective-c -target x86_64-unknown-linux-gnu -fmessage-length\=0 -fdiagnostics-show-note-include-stack -fmacro-backtrace-limit\=0 -fcolor-diagnostics -Wno-trigraphs -Wno-missing-field-initializers -Wno-missing-prototypes -Wno-return-type -Wno-implicit-atomic-properties -Wno-objc-interface-ivars -Wno-arc-repeated-use-of-weak -Wno-missing-braces -Wparentheses -Wswitch -Wno-unused-function -Wno-unused-label -Wno-unused-parameter -Wno-unused-variable -Wunused-value -Wno-empty-body -Wno-uninitialized -Wno-unknown-pragmas -Wno-shadow -Wno-four-char-constants -Wno-conversion -Wno-constant-conversion -Wno-int-conversion -Wno-bool-conversion -Wno-enum-conversion -Wno-float-conversion -Wno-non-literal-null-conversion -Wno-objc-literal-conversion -Wno-shorten-64-to-32 -Wpointer-sign -Wno-newline-eof -Wno-selector -Wno-strict-selector-match -Wno-undeclared-selector -Wno-deprecated-implementations -Wno-implicit-fallthrough -fstrict-aliasing -Wprotocol -Wdeprecated-declarations -Wno-sign-conversion -Wno-infinite-recursion -Wno-comma -Wno-block-capture-autoreleasing -Wno-strict-prototypes -Wno-semicolon-before-method-body --sysroot / @/host/spi-builder-workspace/.build/out/Intermediates.noindex/Stripe.build/Debug-linux-x86_64/Stripe3DS2-t.build/Objects-normal/x86_64/6f95552a3397ee1cec971b90cf334075d5f321c3a3b0689ad55c3d1e24702600-common-args.resp -include /host/spi-builder-workspace/.build/out/Intermediates.noindex/Stripe.build/Debug-linux-x86_64/Stripe3DS2-t.build/DerivedSources/resource_bundle_accessor.h -MMD -MT dependencies -MF /host/spi-builder-workspace/.build/out/Intermediates.noindex/Stripe.build/Debug-linux-x86_64/Stripe3DS2-t.build/Objects-normal/x86_64/UIColor+DefaultColors.d --serialize-diagnostics /host/spi-builder-workspace/.build/out/Intermediates.noindex/Stripe.build/Debug-linux-x86_64/Stripe3DS2-t.build/Objects-normal/x86_64/UIColor+DefaultColors.dia -c /host/spi-builder-workspace/Stripe3DS2/Stripe3DS2/UIColor+DefaultColors.m -o /host/spi-builder-workspace/.build/out/Intermediates.noindex/Stripe.build/Debug-linux-x86_64/Stripe3DS2-t.build/Objects-normal/x86_64/UIColor+DefaultColors.o
error: Build failed
BUILD FAILURE 6.4 linux