Build Information
Failed to build Sdift, reference 1.0.3 (687ff4), with Swift 6.4 for macOS (Xcode) using Xcode 27.0 on 15 Sep 2026 19:37:42 UTC.
Build Command
env DEVELOPER_DIR=/Applications/Xcode-27.0.0-Release.Candidate.app xcrun xcodebuild -IDEClonedSourcePackagesDirPathOverride=$PWD/.dependencies -skipMacroValidation -skipPackagePluginValidation -derivedDataPath $PWD/.derivedData build -scheme Sdift-iOS -destination platform=macOS,arch=arm64Build Log
========================================
RunAll
========================================
Builder version: 5.1.0
Interrupt handler set up.
========================================
Checkout
========================================
Clone URL: https://github.com/omochi/sdift.git
Reference: 1.0.3
Initialized empty Git repository in /Users/admin/builder/spi-builder-workspace/.git/
From https://github.com/omochi/sdift
* tag 1.0.3 -> FETCH_HEAD
HEAD is now at 687ff49 fix bug
Cloned https://github.com/omochi/sdift.git
Revision (git rev-parse @):
687ff49d9cbf637bd1b1aea613c09b102f4bff6b
SUCCESS checkout https://github.com/omochi/sdift.git at 1.0.3
========================================
Build
========================================
Selected platform: macosXcodebuild
Swift version: 6.4
Building package at path: $PWD
https://github.com/omochi/sdift.git
Command line invocation:
/Applications/Xcode-27.0.0-Release.Candidate.app/Contents/Developer/usr/bin/xcodebuild -IDEClonedSourcePackagesDirPathOverride=/Users/admin/builder/spi-builder-workspace/.dependencies -resolvePackageDependencies
resolved source packages:
{
"dependencies" : [
],
"manifest_display_name" : "Sdift",
"name" : "Sdift",
"path" : "/Users/admin/builder/spi-builder-workspace",
"platforms" : [
],
"products" : [
{
"name" : "Sdift",
"targets" : [
"Sdift"
],
"type" : {
"library" : [
"automatic"
]
}
}
],
"targets" : [
{
"c99name" : "SdiftTests",
"module_type" : "SwiftTarget",
"name" : "SdiftTests",
"path" : "Tests/SdiftTests",
"sources" : [
"SdiftTests.swift",
"XCTestManifests.swift"
],
"target_dependencies" : [
"Sdift"
],
"type" : "test"
},
{
"c99name" : "Sdift",
"module_type" : "SwiftTarget",
"name" : "Sdift",
"path" : "Sources/Sdift",
"product_memberships" : [
"Sdift"
],
"sources" : [
"Algorithm.swift",
"BackwardDirection.swift",
"Difference.swift",
"ForwardDirection.swift",
"ProgressTable.swift",
"Slice.swift"
],
"type" : "library"
}
],
"tools_version" : "4.0"
}
{
"project" : {
"configurations" : [
"Debug",
"Release"
],
"name" : "Sdift",
"schemes" : [
"Sdift-iOS"
],
"targets" : [
"Sdift-iOS",
"SdiftTests-iOS"
]
}
}
Running build ...
env DEVELOPER_DIR=/Applications/Xcode-27.0.0-Release.Candidate.app xcrun xcodebuild -IDEClonedSourcePackagesDirPathOverride=$PWD/.dependencies -skipMacroValidation -skipPackagePluginValidation -derivedDataPath $PWD/.derivedData build -scheme Sdift-iOS -destination platform=macOS,arch=arm64
Command line invocation:
/Applications/Xcode-27.0.0-Release.Candidate.app/Contents/Developer/usr/bin/xcodebuild -IDEClonedSourcePackagesDirPathOverride=/Users/admin/builder/spi-builder-workspace/.dependencies -skipMacroValidation -skipPackagePluginValidation -derivedDataPath /Users/admin/builder/spi-builder-workspace/.derivedData build -scheme Sdift-iOS -destination platform=macOS,arch=arm64
ComputePackagePrebuildTargetDependencyGraph
Prepare packages
CreateBuildRequest
SendProjectDescription
CreateBuildOperation
ComputeTargetDependencyGraph
note: Building targets in dependency order
note: Target dependency graph (1 target)
Target 'Sdift-iOS' in project 'Sdift' (no dependencies)
GatherProvisioningInputs
CreateBuildDescription
ExecuteExternalTool /Applications/Xcode-27.0.0-Release.Candidate.app/Contents/Developer/Toolchains/XcodeDefault.xctoolchain/usr/bin/clang -v -E -dM -isysroot /Applications/Xcode-27.0.0-Release.Candidate.app/Contents/Developer/Platforms/MacOSX.platform/Developer/SDKs/MacOSX27.0.sdk -x c -c /dev/null
ExecuteExternalTool /Applications/Xcode-27.0.0-Release.Candidate.app/Contents/Developer/Toolchains/XcodeDefault.xctoolchain/usr/bin/clang -v -E -dM -arch arm64 -isysroot /Applications/Xcode-27.0.0-Release.Candidate.app/Contents/Developer/Platforms/MacOSX.platform/Developer/SDKs/MacOSX27.0.sdk -x c -c /dev/null
ExecuteExternalTool /Applications/Xcode-27.0.0-Release.Candidate.app/Contents/Developer/Toolchains/XcodeDefault.xctoolchain/usr/bin/swiftc --version
ExecuteExternalTool /Applications/Xcode-27.0.0-Release.Candidate.app/Contents/Developer/Toolchains/XcodeDefault.xctoolchain/usr/bin/ld -version_details
Build description signature: 5a411de798f41ec865dcf47e7a61dadd
Build description path: /Users/admin/builder/spi-builder-workspace/.derivedData/Build/Intermediates.noindex/XCBuildData/5a411de798f41ec865dcf47e7a61dadd.xcbuilddata
/Users/admin/builder/spi-builder-workspace/Sdift.xcodeproj: error: The macOS deployment target 'MACOSX_DEPLOYMENT_TARGET' is set to 10.15, but the range of supported deployment target versions is 12.0 to 27.0.x. (in target 'Sdift-iOS' from project 'Sdift')
--- xcodebuild: WARNING: Using the first of multiple matching destinations:
{ platform:macOS, arch:arm64, variant:Mac Catalyst, id:f08299f74c2f1445963dd1977a2b75109f32db68, name:My Mac }
{ platform:macOS, arch:arm64, variant:Designed for [iPad,iPhone], id:f08299f74c2f1445963dd1977a2b75109f32db68, name:My Mac }
** BUILD FAILED **
The following build commands failed:
Building project Sdift with scheme Sdift-iOS
(1 failure)
Command line invocation:
/Applications/Xcode-27.0.0-Release.Candidate.app/Contents/Developer/usr/bin/xcodebuild -IDEClonedSourcePackagesDirPathOverride=/Users/admin/builder/spi-builder-workspace/.dependencies -resolvePackageDependencies
resolved source packages:
{
"dependencies" : [
],
"manifest_display_name" : "Sdift",
"name" : "Sdift",
"path" : "/Users/admin/builder/spi-builder-workspace",
"platforms" : [
],
"products" : [
{
"name" : "Sdift",
"targets" : [
"Sdift"
],
"type" : {
"library" : [
"automatic"
]
}
}
],
"targets" : [
{
"c99name" : "SdiftTests",
"module_type" : "SwiftTarget",
"name" : "SdiftTests",
"path" : "Tests/SdiftTests",
"sources" : [
"SdiftTests.swift",
"XCTestManifests.swift"
],
"target_dependencies" : [
"Sdift"
],
"type" : "test"
},
{
"c99name" : "Sdift",
"module_type" : "SwiftTarget",
"name" : "Sdift",
"path" : "Sources/Sdift",
"product_memberships" : [
"Sdift"
],
"sources" : [
"Algorithm.swift",
"BackwardDirection.swift",
"Difference.swift",
"ForwardDirection.swift",
"ProgressTable.swift",
"Slice.swift"
],
"type" : "library"
}
],
"tools_version" : "4.0"
}
{
"project" : {
"configurations" : [
"Debug",
"Release"
],
"name" : "Sdift",
"schemes" : [
"Sdift-iOS"
],
"targets" : [
"Sdift-iOS",
"SdiftTests-iOS"
]
}
}
Running build ...
env DEVELOPER_DIR=/Applications/Xcode-27.0.0-Release.Candidate.app xcrun xcodebuild -IDEClonedSourcePackagesDirPathOverride=$PWD/.dependencies -skipMacroValidation -skipPackagePluginValidation -derivedDataPath $PWD/.derivedData build -scheme Sdift-iOS -destination platform=macOS,arch=arm64
Command line invocation:
/Applications/Xcode-27.0.0-Release.Candidate.app/Contents/Developer/usr/bin/xcodebuild -IDEClonedSourcePackagesDirPathOverride=/Users/admin/builder/spi-builder-workspace/.dependencies -skipMacroValidation -skipPackagePluginValidation -derivedDataPath /Users/admin/builder/spi-builder-workspace/.derivedData build -scheme Sdift-iOS -destination platform=macOS,arch=arm64
ComputePackagePrebuildTargetDependencyGraph
Prepare packages
CreateBuildRequest
SendProjectDescription
CreateBuildOperation
ComputeTargetDependencyGraph
note: Building targets in dependency order
note: Target dependency graph (1 target)
Target 'Sdift-iOS' in project 'Sdift' (no dependencies)
GatherProvisioningInputs
CreateBuildDescription
/Users/admin/builder/spi-builder-workspace/Sdift.xcodeproj: error: The macOS deployment target 'MACOSX_DEPLOYMENT_TARGET' is set to 10.15, but the range of supported deployment target versions is 12.0 to 27.0.x. (in target 'Sdift-iOS' from project 'Sdift')
--- xcodebuild: WARNING: Using the first of multiple matching destinations:
{ platform:macOS, arch:arm64, variant:Mac Catalyst, id:f08299f74c2f1445963dd1977a2b75109f32db68, name:My Mac }
{ platform:macOS, arch:arm64, variant:Designed for [iPad,iPhone], id:f08299f74c2f1445963dd1977a2b75109f32db68, name:My Mac }
** BUILD FAILED **
The following build commands failed:
Building project Sdift with scheme Sdift-iOS
(1 failure)
BUILD FAILURE 6.4 macosXcodebuild