The Swift Package Index logo.Swift Package Index

Build Information

Failed to build FluentExtensions, reference 1.3.42 (e7e995), with Swift 6.4 for Wasm on 23 Sep 2026 02:30:28 UTC.

Build Command

bash -c docker run --pull=always --rm -v "checkouts-54344847-0":/host -w "$PWD" -e JAVA_HOME="/root/.sdkman/candidates/java/current" -e SPI_BUILD="1" -e SPI_PROCESSING="1" registry.gitlab.com/saguaro1/spi-images:wasm-6.4-latest swift build --swift-sdk swift-6.4.x-DEVELOPMENT-SNAPSHOT-2026-09-04-a_wasm 2>&1

Build Log

========================================
RunAll
========================================
Builder version: 5.1.0
Interrupt handler set up.
========================================
Checkout
========================================
Clone URL: https://github.com/Appsaurus/FluentExtensions.git
Reference: 1.3.42
Initialized empty Git repository in /host/spi-builder-workspace/.git/
hint: Using 'master' as the name for the initial branch. This default branch name
hint: is subject to change. To configure the initial branch name to use in all
hint: of your new repositories, which will suppress this warning, call:
hint:
hint: 	git config --global init.defaultBranch <name>
hint:
hint: Names commonly chosen instead of 'master' are 'main', 'trunk' and
hint: 'development'. The just-created branch can be renamed via this command:
hint:
hint: 	git branch -m <name>
From https://github.com/Appsaurus/FluentExtensions
 * tag               1.3.42     -> FETCH_HEAD
HEAD is now at e7e9959 Improved schema reflection for parents.
Cloned https://github.com/Appsaurus/FluentExtensions.git
Revision (git rev-parse @):
e7e995915201e7da2de2e40a2de4648c423ef767
SUCCESS checkout https://github.com/Appsaurus/FluentExtensions.git at 1.3.42
========================================
Build
========================================
Selected platform:         wasm
Swift version:             6.4
Building package at path:  $PWD
https://github.com/Appsaurus/FluentExtensions.git
Running build ...
bash -c docker run --pull=always --rm -v "checkouts-54344847-0":/host -w "$PWD" -e JAVA_HOME="/root/.sdkman/candidates/java/current" -e SPI_BUILD="1" -e SPI_PROCESSING="1" registry.gitlab.com/saguaro1/spi-images:wasm-6.4-latest swift build --swift-sdk swift-6.4.x-DEVELOPMENT-SNAPSHOT-2026-09-04-a_wasm 2>&1
wasm-6.4-latest: Pulling from saguaro1/spi-images
Digest: sha256:4328fdb43c680d205c1d6761b1e3267aa38277eefdda9ddfb17b6a0f1a77857a
Status: Image is up to date for registry.gitlab.com/saguaro1/spi-images:wasm-6.4-latest
Fetching https://github.com/apple/swift-docc-plugin
Fetching https://github.com/Appsaurus/RuntimeExtensions
Fetching https://github.com/Appsaurus/VaporExtensions.git
Fetching https://github.com/Appsaurus/CodableExtensions
Fetching https://github.com/Appsaurus/Swiftest.git
Fetching https://github.com/JohnSundell/CollectionConcurrencyKit
[1/2345] Fetching swift-docc-plugin
[72/2446] Fetching swift-docc-plugin, collectionconcurrencykit
[267/3804] Fetching swift-docc-plugin, collectionconcurrencykit, swiftest
Fetched https://github.com/JohnSundell/CollectionConcurrencyKit (0.42s)
Fetching https://github.com/vapor/fluent-sqlite-driver.git
[358/3703] Fetching swift-docc-plugin, swiftest
[440/4012] Fetching swift-docc-plugin, swiftest, codableextensions
[637/4309] Fetching swift-docc-plugin, swiftest, codableextensions, runtimeextensions
Fetched https://github.com/Appsaurus/Swiftest.git (0.47s)
Fetching https://github.com/vapor/sql-kit.git
[864/2951] Fetching swift-docc-plugin, codableextensions, runtimeextensions
[2952/4031] Fetching swift-docc-plugin, codableextensions, runtimeextensions, vaporextensions
Fetched https://github.com/apple/swift-docc-plugin (0.53s)
[628/1686] Fetching codableextensions, runtimeextensions, vaporextensions
Fetching https://github.com/vapor/fluent-kit.git
Fetched https://github.com/Appsaurus/CodableExtensions (0.66s)
Fetched https://github.com/Appsaurus/RuntimeExtensions (0.67s)
Fetching https://github.com/vapor/vapor.git
Fetching https://github.com/vapor/fluent.git
Fetched https://github.com/Appsaurus/VaporExtensions.git (0.67s)
[1/1373] Fetching fluent-sqlite-driver
Fetched https://github.com/vapor/fluent-sqlite-driver.git (0.46s)
[1/6358] Fetching sql-kit
[6359/20326] Fetching sql-kit, fluent-kit
Fetched https://github.com/vapor/sql-kit.git (0.55s)
[699/13968] Fetching fluent-kit
[13969/27485] Fetching fluent-kit, fluent
Fetched https://github.com/vapor/fluent-kit.git (0.64s)
[5407/13517] Fetching fluent
[13113/95837] Fetching fluent, vapor
Fetched https://github.com/vapor/fluent.git (0.67s)
[4940/82320] Fetching vapor
Fetched https://github.com/vapor/vapor.git (1.48s)
Computing version for https://github.com/JohnSundell/CollectionConcurrencyKit
Computed https://github.com/JohnSundell/CollectionConcurrencyKit at 0.2.0 (2.36s)
Computing version for https://github.com/Appsaurus/RuntimeExtensions
Computed https://github.com/Appsaurus/RuntimeExtensions at 1.0.2 (0.19s)
Fetching https://github.com/wickwirew/Runtime
[1/1982] Fetching runtime
Fetched https://github.com/wickwirew/Runtime (0.48s)
Computing version for https://github.com/Appsaurus/CodableExtensions
Computed https://github.com/Appsaurus/CodableExtensions at 1.1.0 (0.67s)
Fetching https://github.com/yonaskolb/Codability.git
[1/126] Fetching codability
Fetched https://github.com/yonaskolb/Codability.git (0.43s)
Computing version for https://github.com/wickwirew/Runtime
Computed https://github.com/wickwirew/Runtime at 2.2.7 (0.61s)
Computing version for https://github.com/Appsaurus/VaporExtensions.git
Computed https://github.com/Appsaurus/VaporExtensions.git at 1.2.2 (0.20s)
Fetching https://github.com/Appsaurus/RoutingKitExtensions
[1/150] Fetching routingkitextensions
Fetched https://github.com/Appsaurus/RoutingKitExtensions (0.46s)
Computing version for https://github.com/Appsaurus/RoutingKitExtensions
Computed https://github.com/Appsaurus/RoutingKitExtensions at 1.0.2 (0.66s)
Fetching https://github.com/vapor/routing-kit
[1/21555] Fetching routing-kit
Fetched https://github.com/vapor/routing-kit (0.71s)
Computing version for https://github.com/yonaskolb/Codability.git
Computed https://github.com/yonaskolb/Codability.git at 0.2.1 (1.78s)
Computing version for https://github.com/Appsaurus/Swiftest.git
Computed https://github.com/Appsaurus/Swiftest.git at 1.2.7 (0.19s)
Computing version for https://github.com/apple/swift-docc-plugin
Computed https://github.com/apple/swift-docc-plugin at 1.5.0 (0.20s)
Fetching https://github.com/swiftlang/swift-docc-symbolkit
[1/3829] Fetching swift-docc-symbolkit
Fetched https://github.com/swiftlang/swift-docc-symbolkit (0.59s)
Computing version for https://github.com/swiftlang/swift-docc-symbolkit
Computed https://github.com/swiftlang/swift-docc-symbolkit at 1.0.0 (0.82s)
Computing version for https://github.com/vapor/fluent.git
Computed https://github.com/vapor/fluent.git at 4.13.0 (0.18s)
Computing version for https://github.com/vapor/fluent-kit.git
Computed https://github.com/vapor/fluent-kit.git at 1.57.0 (0.17s)
Fetching https://github.com/apple/swift-nio.git
Fetching https://github.com/apple/swift-distributed-tracing.git
Fetching https://github.com/swift-server/swift-service-lifecycle.git
Fetching https://github.com/apple/swift-service-context.git
Fetching https://github.com/apple/swift-log.git
[1/1364] Fetching swift-service-context
[15/9512] Fetching swift-service-context, swift-log
[1418/15832] Fetching swift-service-context, swift-log, swift-distributed-tracing
[5049/18675] Fetching swift-service-context, swift-log, swift-distributed-tracing, swift-service-lifecycle
Fetched https://github.com/swift-server/swift-service-lifecycle.git (0.54s)
Fetched https://github.com/apple/swift-service-context.git (0.54s)
Fetched https://github.com/apple/swift-log.git (0.54s)
Fetched https://github.com/apple/swift-distributed-tracing.git (0.57s)
[1/86065] Fetching swift-nio
Fetched https://github.com/apple/swift-nio.git (2.80s)
Computing version for https://github.com/apple/swift-distributed-tracing.git
Computed https://github.com/apple/swift-distributed-tracing.git at 1.5.0 (3.00s)
Computing version for https://github.com/apple/swift-service-context.git
Computed https://github.com/apple/swift-service-context.git at 1.3.0 (0.19s)
Computing version for https://github.com/swift-server/swift-service-lifecycle.git
Computed https://github.com/swift-server/swift-service-lifecycle.git at 2.12.0 (0.18s)
Fetching https://github.com/apple/swift-async-algorithms.git
[1/6723] Fetching swift-async-algorithms
Fetched https://github.com/apple/swift-async-algorithms.git (0.59s)
Computing version for https://github.com/apple/swift-log.git
Computed https://github.com/apple/swift-log.git at 1.15.1 (0.83s)
Computing version for https://github.com/apple/swift-async-algorithms.git
Computed https://github.com/apple/swift-async-algorithms.git at 1.1.5 (0.22s)
Fetching https://github.com/apple/swift-collections.git
[1/27686] Fetching swift-collections
Fetched https://github.com/apple/swift-collections.git (1.23s)
Computing version for https://github.com/apple/swift-collections.git
Computed https://github.com/apple/swift-collections.git at 1.6.0 (1.52s)
Computing version for https://github.com/vapor/sql-kit.git
Computed https://github.com/vapor/sql-kit.git at 3.36.0 (0.16s)
Computing version for https://github.com/vapor/vapor.git
Computed https://github.com/vapor/vapor.git at 4.122.2 (0.19s)
Fetching https://github.com/apple/swift-atomics.git
Fetching https://github.com/vapor/multipart-kit.git
Fetching https://github.com/apple/swift-asn1.git
Fetching https://github.com/apple/swift-certificates.git
Fetching https://github.com/apple/swift-metrics.git
Fetching https://github.com/apple/swift-nio-http2.git
[1/1983] Fetching swift-asn1
[41/3858] Fetching swift-asn1, swift-atomics
[833/7374] Fetching swift-asn1, swift-atomics, swift-metrics
[4492/13652] Fetching swift-asn1, swift-atomics, swift-metrics, multipart-kit
[5663/21227] Fetching swift-asn1, swift-atomics, swift-metrics, multipart-kit, swift-certificates
[16583/33479] Fetching swift-asn1, swift-atomics, swift-metrics, multipart-kit, swift-certificates, swift-nio-http2
Fetched https://github.com/apple/swift-atomics.git (0.96s)
Fetched https://github.com/apple/swift-asn1.git (0.96s)
Fetched https://github.com/apple/swift-metrics.git (0.96s)
Fetched https://github.com/apple/swift-certificates.git (0.96s)
Fetching https://github.com/vapor/console-kit.git
Fetching https://github.com/apple/swift-crypto.git
Fetched https://github.com/apple/swift-nio-http2.git (0.96s)
Fetching https://github.com/apple/swift-algorithms.git
[1696/6278] Fetching multipart-kit
Fetched https://github.com/vapor/multipart-kit.git (1.12s)
Fetching https://github.com/swift-server/async-http-client.git
[1/18549] Fetching swift-crypto
[2/24694] Fetching swift-crypto, swift-algorithms
[927/31537] Fetching swift-crypto, swift-algorithms, console-kit
Fetching https://github.com/vapor/async-kit.git
Fetched https://github.com/apple/swift-algorithms.git (0.56s)
Fetching https://github.com/apple/swift-nio-ssl.git
[8884/25392] Fetching swift-crypto, console-kit
[10369/41589] Fetching swift-crypto, console-kit, async-http-client
[31203/44103] Fetching swift-crypto, console-kit, async-http-client, async-kit
[32703/60168] Fetching swift-crypto, console-kit, async-http-client, async-kit, swift-nio-ssl
Fetched https://github.com/vapor/async-kit.git (0.47s)
[36853/57654] Fetching swift-crypto, console-kit, async-http-client, swift-nio-ssl
Fetching https://github.com/vapor/websocket-kit.git
Fetched https://github.com/swift-server/async-http-client.git (0.95s)
[25590/41457] Fetching swift-crypto, console-kit, swift-nio-ssl
Fetching https://github.com/apple/swift-nio-extras.git
[39852/44127] Fetching swift-crypto, console-kit, swift-nio-ssl, websocket-kit
Fetched https://github.com/vapor/websocket-kit.git (0.57s)
[1/6690] Fetching swift-nio-extras
Fetched https://github.com/apple/swift-nio-ssl.git (1.36s)
Fetched https://github.com/vapor/console-kit.git (1.94s)
Fetched https://github.com/apple/swift-nio-extras.git (0.59s)
Fetched https://github.com/apple/swift-crypto.git (1.96s)
Computing version for https://github.com/vapor/routing-kit
Computed https://github.com/vapor/routing-kit at 4.9.3 (3.10s)
Computing version for https://github.com/apple/swift-atomics.git
Computed https://github.com/apple/swift-atomics.git at 1.3.1 (0.18s)
Computing version for https://github.com/apple/swift-algorithms.git
Computed https://github.com/apple/swift-algorithms.git at 1.2.1 (0.21s)
Fetching https://github.com/apple/swift-numerics.git
[1/6640] Fetching swift-numerics
Fetched https://github.com/apple/swift-numerics.git (0.54s)
Computing version for https://github.com/vapor/websocket-kit.git
Computed https://github.com/vapor/websocket-kit.git at 2.16.2 (0.75s)
Fetching https://github.com/apple/swift-nio-transport-services.git
[1/2863] Fetching swift-nio-transport-services
Fetched https://github.com/apple/swift-nio-transport-services.git (0.53s)
Computing version for https://github.com/apple/swift-numerics.git
Computed https://github.com/apple/swift-numerics.git at 1.1.1 (0.69s)
Computing version for https://github.com/vapor/console-kit.git
Computed https://github.com/vapor/console-kit.git at 4.16.1 (0.17s)
Computing version for https://github.com/vapor/async-kit.git
Computed https://github.com/vapor/async-kit.git at 1.22.0 (0.60s)
Computing version for https://github.com/apple/swift-nio.git
Computed https://github.com/apple/swift-nio.git at 2.103.0 (1.42s)
Fetching https://github.com/apple/swift-system.git
[1/6916] Fetching swift-system
Fetched https://github.com/apple/swift-system.git (1.25s)
Computing version for https://github.com/apple/swift-metrics.git
Computed https://github.com/apple/swift-metrics.git at 2.11.0 (1.88s)
Computing version for https://github.com/apple/swift-nio-ssl.git
Computed https://github.com/apple/swift-nio-ssl.git at 2.37.5 (0.27s)
Computing version for https://github.com/vapor/multipart-kit.git
Computed https://github.com/vapor/multipart-kit.git at 4.7.1 (0.18s)
Computing version for https://github.com/apple/swift-asn1.git
Computed https://github.com/apple/swift-asn1.git at 1.7.3 (1.09s)
Computing version for https://github.com/apple/swift-certificates.git
Computed https://github.com/apple/swift-certificates.git at 1.21.0 (0.25s)
Computing version for https://github.com/vapor/fluent-sqlite-driver.git
Computed https://github.com/vapor/fluent-sqlite-driver.git at 4.9.0 (0.16s)
Fetching https://github.com/vapor/sqlite-kit.git
[1/2197] Fetching sqlite-kit
Fetched https://github.com/vapor/sqlite-kit.git (0.69s)
Computing version for https://github.com/vapor/sqlite-kit.git
Computed https://github.com/vapor/sqlite-kit.git at 4.5.2 (0.89s)
Fetching https://github.com/vapor/sqlite-nio.git
[1/2014] Fetching sqlite-nio
Fetched https://github.com/vapor/sqlite-nio.git (2.10s)
Computing version for https://github.com/apple/swift-nio-transport-services.git
Computed https://github.com/apple/swift-nio-transport-services.git at 1.28.0 (2.31s)
Computing version for https://github.com/apple/swift-crypto.git
Computed https://github.com/apple/swift-crypto.git at 4.5.2 (0.33s)
Computing version for https://github.com/apple/swift-system.git
Computed https://github.com/apple/swift-system.git at 1.8.1 (0.25s)
Computing version for https://github.com/apple/swift-nio-extras.git
Computed https://github.com/apple/swift-nio-extras.git at 1.35.1 (0.39s)
Fetching https://github.com/apple/swift-http-structured-headers.git
Fetching https://github.com/apple/swift-http-types.git
[1/1253] Fetching swift-http-structured-headers
[77/3188] Fetching swift-http-structured-headers, swift-http-types
Fetched https://github.com/apple/swift-http-structured-headers.git (0.44s)
[1355/1935] Fetching swift-http-types
Fetched https://github.com/apple/swift-http-types.git (0.47s)
Computing version for https://github.com/apple/swift-http-structured-headers.git
Computed https://github.com/apple/swift-http-structured-headers.git at 1.7.0 (0.66s)
Computing version for https://github.com/apple/swift-http-types.git
Computed https://github.com/apple/swift-http-types.git at 1.8.0 (0.23s)
Computing version for https://github.com/apple/swift-nio-http2.git
Computed https://github.com/apple/swift-nio-http2.git at 1.46.0 (0.20s)
Computing version for https://github.com/swift-server/async-http-client.git
Computed https://github.com/swift-server/async-http-client.git at 1.36.1 (0.23s)
Fetching https://github.com/apple/swift-configuration.git
[1/3779] Fetching swift-configuration
Fetched https://github.com/apple/swift-configuration.git (0.52s)
Computing version for https://github.com/apple/swift-configuration.git
Computed https://github.com/apple/swift-configuration.git at 1.2.1 (0.80s)
Computing version for https://github.com/vapor/sqlite-nio.git
Computed https://github.com/vapor/sqlite-nio.git at 1.13.0 (0.19s)
Creating working copy for https://github.com/swiftlang/swift-docc-symbolkit
Working copy of https://github.com/swiftlang/swift-docc-symbolkit resolved at 1.0.0
Creating working copy for https://github.com/apple/swift-metrics.git
Working copy of https://github.com/apple/swift-metrics.git resolved at 2.11.0
Creating working copy for https://github.com/apple/swift-configuration.git
Working copy of https://github.com/apple/swift-configuration.git resolved at 1.2.1
Creating working copy for https://github.com/Appsaurus/RoutingKitExtensions
Working copy of https://github.com/Appsaurus/RoutingKitExtensions resolved at 1.0.2
Creating working copy for https://github.com/JohnSundell/CollectionConcurrencyKit
Working copy of https://github.com/JohnSundell/CollectionConcurrencyKit resolved at 0.2.0
Creating working copy for https://github.com/swift-server/swift-service-lifecycle.git
Working copy of https://github.com/swift-server/swift-service-lifecycle.git resolved at 2.12.0
Creating working copy for https://github.com/vapor/fluent-kit.git
Working copy of https://github.com/vapor/fluent-kit.git resolved at 1.57.0
Creating working copy for https://github.com/wickwirew/Runtime
Working copy of https://github.com/wickwirew/Runtime resolved at 2.2.7
Creating working copy for https://github.com/vapor/fluent.git
Working copy of https://github.com/vapor/fluent.git resolved at 4.13.0
Creating working copy for https://github.com/apple/swift-http-types.git
Working copy of https://github.com/apple/swift-http-types.git resolved at 1.8.0
Creating working copy for https://github.com/vapor/sqlite-kit.git
Working copy of https://github.com/vapor/sqlite-kit.git resolved at 4.5.2
Creating working copy for https://github.com/apple/swift-log.git
Working copy of https://github.com/apple/swift-log.git resolved at 1.15.1
Creating working copy for https://github.com/yonaskolb/Codability.git
Working copy of https://github.com/yonaskolb/Codability.git resolved at 0.2.1
Creating working copy for https://github.com/apple/swift-crypto.git
Working copy of https://github.com/apple/swift-crypto.git resolved at 4.5.2
Creating working copy for https://github.com/apple/swift-system.git
Working copy of https://github.com/apple/swift-system.git resolved at 1.8.1
Creating working copy for https://github.com/Appsaurus/VaporExtensions.git
Working copy of https://github.com/Appsaurus/VaporExtensions.git resolved at 1.2.2
Creating working copy for https://github.com/vapor/websocket-kit.git
Working copy of https://github.com/vapor/websocket-kit.git resolved at 2.16.2
Creating working copy for https://github.com/apple/swift-nio.git
Working copy of https://github.com/apple/swift-nio.git resolved at 2.103.0
Creating working copy for https://github.com/swift-server/async-http-client.git
Working copy of https://github.com/swift-server/async-http-client.git resolved at 1.36.1
Creating working copy for https://github.com/apple/swift-asn1.git
Working copy of https://github.com/apple/swift-asn1.git resolved at 1.7.3
Creating working copy for https://github.com/apple/swift-distributed-tracing.git
Working copy of https://github.com/apple/swift-distributed-tracing.git resolved at 1.5.0
Creating working copy for https://github.com/apple/swift-algorithms.git
Working copy of https://github.com/apple/swift-algorithms.git resolved at 1.2.1
Creating working copy for https://github.com/Appsaurus/Swiftest.git
Working copy of https://github.com/Appsaurus/Swiftest.git resolved at 1.2.7
Creating working copy for https://github.com/apple/swift-docc-plugin
Working copy of https://github.com/apple/swift-docc-plugin resolved at 1.5.0
Creating working copy for https://github.com/apple/swift-http-structured-headers.git
Working copy of https://github.com/apple/swift-http-structured-headers.git resolved at 1.7.0
Creating working copy for https://github.com/apple/swift-atomics.git
Working copy of https://github.com/apple/swift-atomics.git resolved at 1.3.1
Creating working copy for https://github.com/apple/swift-nio-extras.git
Working copy of https://github.com/apple/swift-nio-extras.git resolved at 1.35.1
Creating working copy for https://github.com/apple/swift-service-context.git
Working copy of https://github.com/apple/swift-service-context.git resolved at 1.3.0
Creating working copy for https://github.com/vapor/sql-kit.git
Working copy of https://github.com/vapor/sql-kit.git resolved at 3.36.0
Creating working copy for https://github.com/apple/swift-collections.git
Working copy of https://github.com/apple/swift-collections.git resolved at 1.6.0
Creating working copy for https://github.com/vapor/routing-kit
Working copy of https://github.com/vapor/routing-kit resolved at 4.9.3
Creating working copy for https://github.com/apple/swift-nio-ssl.git
Working copy of https://github.com/apple/swift-nio-ssl.git resolved at 2.37.5
Creating working copy for https://github.com/apple/swift-nio-transport-services.git
Working copy of https://github.com/apple/swift-nio-transport-services.git resolved at 1.28.0
Creating working copy for https://github.com/apple/swift-numerics.git
Working copy of https://github.com/apple/swift-numerics.git resolved at 1.1.1
Creating working copy for https://github.com/apple/swift-nio-http2.git
Working copy of https://github.com/apple/swift-nio-http2.git resolved at 1.46.0
Creating working copy for https://github.com/Appsaurus/RuntimeExtensions
Working copy of https://github.com/Appsaurus/RuntimeExtensions resolved at 1.0.2
Creating working copy for https://github.com/vapor/fluent-sqlite-driver.git
Working copy of https://github.com/vapor/fluent-sqlite-driver.git resolved at 4.9.0
Creating working copy for https://github.com/vapor/sqlite-nio.git
Working copy of https://github.com/vapor/sqlite-nio.git resolved at 1.13.0
Creating working copy for https://github.com/vapor/console-kit.git
Working copy of https://github.com/vapor/console-kit.git resolved at 4.16.1
Creating working copy for https://github.com/Appsaurus/CodableExtensions
Working copy of https://github.com/Appsaurus/CodableExtensions resolved at 1.1.0
Creating working copy for https://github.com/apple/swift-certificates.git
Working copy of https://github.com/apple/swift-certificates.git resolved at 1.21.0
Creating working copy for https://github.com/vapor/async-kit.git
Working copy of https://github.com/vapor/async-kit.git resolved at 1.22.0
Creating working copy for https://github.com/vapor/multipart-kit.git
Working copy of https://github.com/vapor/multipart-kit.git resolved at 4.7.1
Creating working copy for https://github.com/apple/swift-async-algorithms.git
Working copy of https://github.com/apple/swift-async-algorithms.git resolved at 1.1.5
Creating working copy for https://github.com/vapor/vapor.git
Working copy of https://github.com/vapor/vapor.git resolved at 4.122.2
Building for debugging...
[Computing dependencies]
[Provisioning 94 / 166]
[Constructing description]
[Pre-planning 1 / 3249]
[Planning 1 / 3249]
[Planning 1172 / 3249]
[Planning 1879 / 3249]
[Planning 2394 / 3249]
[Planning 2986 / 3249]
[Planning deferred tasks]
[Constructing 1 / 7785]
[Constructing 3007 / 7785]
[Starting]
[97 / 1867] Tracing
[476 / 1872] _CertificateInternals
[494 / 1894] ServiceContextModule
[496 / 1912] Swiftest
[497 / 1912] ServiceContextModule
[509 / 1912] _CertificateInternals
[519 / 1912] _NIOBase64
[521 / 1912] SystemPackage
error: SwiftCompile normal wasm32 failed with a nonzero exit code. Command line:     cd /host

/root/.swiftpm/swift-sdks/swift-6.4.x-DEVELOPMENT-SNAPSHOT-2026-09-04-a_wasm.artifactbundle/swift-6.4.x-DEVELOPMENT-SNAPSHOT-2026-09-04-a_wasm/wasm32-unknown-wasip1/swift.xctoolchain/usr/lib/swift_static/CoreFoundation/CoreFoundation.h:28:10: note: while building module 'wasi_emulated_signal' imported from /root/.swiftpm/swift-sdks/swift-6.4.x-DEVELOPMENT-SNAPSHOT-2026-09-04-a_wasm.artifactbundle/swift-6.4.x-DEVELOPMENT-SNAPSHOT-2026-09-04-a_wasm/wasm32-unknown-wasip1/swift.xctoolchain/usr/lib/swift_static/CoreFoundation/CoreFoundation.h:28:
 26 | #include <setjmp.h>
 27 | #endif
 28 | #include <signal.h>
    |          `- note: while building module 'wasi_emulated_signal' imported from /root/.swiftpm/swift-sdks/swift-6.4.x-DEVELOPMENT-SNAPSHOT-2026-09-04-a_wasm.artifactbundle/swift-6.4.x-DEVELOPMENT-SNAPSHOT-2026-09-04-a_wasm/wasm32-unknown-wasip1/swift.xctoolchain/usr/lib/swift_static/CoreFoundation/CoreFoundation.h:28:
 29 | #include <stddef.h>
 30 | #include <stdio.h>
<module-includes>:1:10: note: in file included from <module-includes>:1:
1 | #include "signal.h"
  |          `- note: in file included from <module-includes>:1:
2 |
/root/.swiftpm/swift-sdks/swift-6.4.x-DEVELOPMENT-SNAPSHOT-2026-09-04-a_wasm.artifactbundle/swift-6.4.x-DEVELOPMENT-SNAPSHOT-2026-09-04-a_wasm/wasm32-unknown-wasip1/WASI.sdk/include/wasm32-wasip1/signal.h:2:2: error: "wasm lacks signal support; to enable minimal signal emulation, compile with -D_WASI_EMULATED_SIGNAL and link with -lwasi-emulated-signal"
  1 | #ifndef _WASI_EMULATED_SIGNAL
  2 | #error "wasm lacks signal support; to enable minimal signal emulation, \
    |  `- error: "wasm lacks signal support; to enable minimal signal emulation, compile with -D_WASI_EMULATED_SIGNAL and link with -lwasi-emulated-signal"
  3 | compile with -D_WASI_EMULATED_SIGNAL and link with -lwasi-emulated-signal"
  4 | #else
<module-includes>:1:10: note: in file included from <module-includes>:1:
1 | #include "CoreFoundation.h"
  |          `- note: in file included from <module-includes>:1:
2 |
/root/.swiftpm/swift-sdks/swift-6.4.x-DEVELOPMENT-SNAPSHOT-2026-09-04-a_wasm.artifactbundle/swift-6.4.x-DEVELOPMENT-SNAPSHOT-2026-09-04-a_wasm/wasm32-unknown-wasip1/swift.xctoolchain/usr/lib/swift_static/CoreFoundation/CoreFoundation.h:28:10: error: could not build module 'wasi_emulated_signal'
 26 | #include <setjmp.h>
 27 | #endif
 28 | #include <signal.h>
    |          `- error: could not build module 'wasi_emulated_signal'
 29 | #include <stddef.h>
 30 | #include <stdio.h>
/root/.swiftpm/swift-sdks/swift-6.4.x-DEVELOPMENT-SNAPSHOT-2026-09-04-a_wasm.artifactbundle/swift-6.4.x-DEVELOPMENT-SNAPSHOT-2026-09-04-a_wasm/wasm32-unknown-wasip1/swift.xctoolchain/usr/lib/swift_static/CoreFoundation/ForSwiftFoundationOnly.h:86:10: note: while building module 'wasi_emulated_mman' imported from /root/.swiftpm/swift-sdks/swift-6.4.x-DEVELOPMENT-SNAPSHOT-2026-09-04-a_wasm.artifactbundle/swift-6.4.x-DEVELOPMENT-SNAPSHOT-2026-09-04-a_wasm/wasm32-unknown-wasip1/swift.xctoolchain/usr/lib/swift_static/CoreFoundation/ForSwiftFoundationOnly.h:86:
 84 | #undef _WASI_EMULATED_MMAN
 85 | #define _WASI_EMULATED_MMAN
 86 | #include <sys/mman.h>
    |          `- note: while building module 'wasi_emulated_mman' imported from /root/.swiftpm/swift-sdks/swift-6.4.x-DEVELOPMENT-SNAPSHOT-2026-09-04-a_wasm.artifactbundle/swift-6.4.x-DEVELOPMENT-SNAPSHOT-2026-09-04-a_wasm/wasm32-unknown-wasip1/swift.xctoolchain/usr/lib/swift_static/CoreFoundation/ForSwiftFoundationOnly.h:86:
 87 | #elif TARGET_OS_LINUX
 88 | #include <errno.h>
<module-includes>:1:10: note: in file included from <module-includes>:1:
1 | #include "sys/mman.h"
  |          `- note: in file included from <module-includes>:1:
2 |
/root/.swiftpm/swift-sdks/swift-6.4.x-DEVELOPMENT-SNAPSHOT-2026-09-04-a_wasm.artifactbundle/swift-6.4.x-DEVELOPMENT-SNAPSHOT-2026-09-04-a_wasm/wasm32-unknown-wasip1/WASI.sdk/include/wasm32-wasip1/sys/mman.h:2:2: error: "WASI lacks a true mmap; to enable minimal mmap emulation, compile with -D_WASI_EMULATED_MMAN and link with -lwasi-emulated-mman"
  1 | #ifndef _WASI_EMULATED_MMAN
  2 | #error "WASI lacks a true mmap; to enable minimal mmap emulation, \
    |  `- error: "WASI lacks a true mmap; to enable minimal mmap emulation, compile with -D_WASI_EMULATED_MMAN and link with -lwasi-emulated-mman"
  3 | compile with -D_WASI_EMULATED_MMAN and link with -lwasi-emulated-mman"
  4 | #else
/host/spi-builder-workspace/.build/checkouts/Swiftest/Sources/Swiftest/Foundation/Extensions/String/String+FullRange.swift:19:8: error: could not build C module 'CoreFoundation'
17 |
18 | #if canImport(CoreFoundation)
19 | import CoreFoundation
   |        `- error: could not build C module 'CoreFoundation'
20 |
21 | extension String {
Failed frontend command:
/usr/bin/swift-frontend -frontend -emit-module -experimental-skip-non-inlinable-function-bodies-without-types /host/spi-builder-workspace/.build/checkouts/Swiftest/Sources/Swiftest/Classes/Errors.swift /host/spi-builder-workspace/.build/checkouts/Swiftest/Sources/Swiftest/Classes/Event.swift /host/spi-builder-workspace/.build/checkouts/Swiftest/Sources/Swiftest/Classes/Paginator.swift /host/spi-builder-workspace/.build/checkouts/Swiftest/Sources/Swiftest/Classes/Poller.swift /host/spi-builder-workspace/.build/checkouts/Swiftest/Sources/Swiftest/Classes/WeakReference.swift /host/spi-builder-workspace/.build/checkouts/Swiftest/Sources/Swiftest/CoreGraphics/CGPoint+Arithmetic.swift /host/spi-builder-workspace/.build/checkouts/Swiftest/Sources/Swiftest/CoreGraphics/CGRect+Initializers.swift /host/spi-builder-workspace/.build/checkouts/Swiftest/Sources/Swiftest/CoreGraphics/CGSize+Arithmetic.swift /host/spi-builder-workspace/.build/checkouts/Swiftest/Sources/Swiftest/CoreGraphics/CGSize+Initializers.swift /host/spi-builder-workspace/.build/checkouts/Swiftest/Sources/Swiftest/CoreGraphics/Protocols/CGRect+Framed.swift /host/spi-builder-workspace/.build/checkouts/Swiftest/Sources/Swiftest/CoreGraphics/Protocols/CGSize+Framed.swift /host/spi-builder-workspace/.build/checkouts/Swiftest/Sources/Swiftest/CoreGraphics/Protocols/CGSize+Sized.swift /host/spi-builder-workspace/.build/checkouts/Swiftest/Sources/Swiftest/CoreGraphics/Protocols/Framed.swift /host/spi-builder-workspace/.build/checkouts/Swiftest/Sources/Swiftest/CoreGraphics/Protocols/Sized.swift /host/spi-builder-workspace/.build/checkouts/Swiftest/Sources/Swiftest/Foundation/ClassNameReflectable.swift /host/spi-builder-workspace/.build/checkouts/Swiftest/Sources/Swiftest/Foundation/Extensions/AttributedString/NSAttributedString+.swift /host/spi-builder-workspace/.build/checkouts/Swiftest/Sources/Swiftest/Foundation/Extensions/AttributedString/NSMutableAttributedString+.swift /host/spi-builder-workspace/.build/checkouts/Swiftest/Sources/Swiftest/Foundation/Extensions/Calendar+NumberOfDaysInMonth.swift /host/spi-builder-workspace/.build/checkouts/Swiftest/Sources/Swiftest/Foundation/Extensions/CharacterSet+.swift /host/spi-builder-workspace/.build/checkouts/Swiftest/Sources/Swiftest/Foundation/Extensions/Collection/BidirectionalCollection+MatrixIndexPathLookup.swift /host/spi-builder-workspace/.build/checkouts/Swiftest/Sources/Swiftest/Foundation/Extensions/Collection/Collection+ParallelIteration.swift /host/spi-builder-workspace/.build/checkouts/Swiftest/Sources/Swiftest/Foundation/Extensions/Data+.swift /host/spi-builder-workspace/.build/checkouts/Swiftest/Sources/Swiftest/Foundation/Extensions/Date+.swift /host/spi-builder-workspace/.build/checkouts/Swiftest/Sources/Swiftest/Foundation/Extensions/Dispatch/DispatchQueue+Safe.swift /host/spi-builder-workspace/.build/checkouts/Swiftest/Sources/Swiftest/Foundation/Extensions/Error+NetworkChecks.swift /host/spi-builder-workspace/.build/checkouts/Swiftest/Sources/Swiftest/Foundation/Extensions/FileManager+.swift /host/spi-builder-workspace/.build/checkouts/Swiftest/Sources/Swiftest/Foundation/Extensions/Int+LocalizedDecimals.swift /host/spi-builder-workspace/.build/checkouts/Swiftest/Sources/Swiftest/Foundation/Extensions/Locale+.swift /host/spi-builder-workspace/.build/checkouts/Swiftest/Sources/Swiftest/Foundation/Extensions/NSPredicate+.swift /host/spi-builder-workspace/.build/checkouts/Swiftest/Sources/Swiftest/Foundation/Extensions/NotificationCenter+.swift /host/spi-builder-workspace/.build/checkouts/Swiftest/Sources/Swiftest/Foundation/Extensions/String/String+Aggregate.swift /host/spi-builder-workspace/.build/checkouts/Swiftest/Sources/Swiftest/Foundation/Extensions/String/String+Base64.swift /host/spi-builder-workspace/.build/checkouts/Swiftest/Sources/Swiftest/Foundation/Extensions/String/String+CharacterSet.swift /host/spi-builder-workspace/.build/checkouts/Swiftest/Sources/Swiftest/Foundation/Extensions/String/String+Cleaning.swift /host/spi-builder-workspace/.build/checkouts/Swiftest/Sources/Swiftest/Foundation/Extensions/String/String+ContentParsing.swift /host/spi-builder-workspace/.build/checkouts/Swiftest/Sources/Swiftest/Foundation/Extensions/String/String+DataDetection.swift /host/spi-builder-workspace/.build/checkouts/Swiftest/Sources/Swiftest/Foundation/Extensions/String/String+Date.swift /host/spi-builder-workspace/.build/checkouts/Swiftest/Sources/Swiftest/Foundation/Extensions/String/String+DecodeEmoji.swift /host/spi-builder-workspace/.build/checkouts/Swiftest/Sources/Swiftest/Foundation/Extensions/String/String+Foundation+ContentAnalysis.swift /host/spi-builder-workspace/.build/checkouts/Swiftest/Sources/Swiftest/Foundation/Extensions/String/String+FullRange.swift /host/spi-builder-workspace/.build/checkouts/Swiftest/Sources/Swiftest/Foundation/Extensions/String/String+Localized.swift /host/spi-builder-workspace/.build/checkouts/Swiftest/Sources/Swiftest/Foundation/Extensions/String/String+PathComponents.swift /host/spi-builder-workspace/.build/checkouts/Swiftest/Sources/Swiftest/Foundation/Extensions/String/String+URL.swift /host/spi-builder-workspace/.build/checkouts/Swiftest/Sources/Swiftest/Foundation/Extensions/URL/URL+.swift /host/spi-builder-workspace/.build/checkouts/Swiftest/Sources/Swiftest/Foundation/Extensions/URL/URL+ExpressibleByStringLiteral.swift /host/spi-builder-workspace/.build/checkouts/Swiftest/Sources/Swiftest/Foundation/Extensions/URL/URLRequest+.swift /host/spi-builder-workspace/.build/checkouts/Swiftest/Sources/Swiftest/Foundation/Extensions/UserDefaults+.swift /host/spi-builder-workspace/.build/checkouts/Swiftest/Sources/Swiftest/Foundation/KeyValueReadable.swift /host/spi-builder-workspace/.build/checkouts/Swiftest/Sources/Swiftest/Foundation/PropertyReflectable.swift /host/spi-builder-workspace/.build/checkouts/Swiftest/Sources/Swiftest/Protocols/Conversions/BoolConvertible.swift /host/spi-builder-workspace/.build/checkouts/Swiftest/Sources/Swiftest/Protocols/Conversions/CGFloatConvertible.swift /host/spi-builder-workspace/.build/checkouts/Swiftest/Sources/Swiftest/Protocols/Conversions/DoubleConvertible.swift /host/spi-builder-workspace/.build/checkouts/Swiftest/Sources/Swiftest/Protocols/Conversions/FloatConvertible.swift /host/spi-builder-workspace/.build/checkouts/Swiftest/Sources/Swiftest/Protocols/Conversions/IntConvertible.swift /host/spi-builder-workspace/.build/checkouts/Swiftest/Sources/Swiftest/Protocols/Conversions/RangeConvertible.swift /host/spi-builder-workspace/.build/checkouts/Swiftest/Sources/Swiftest/Protocols/Conversions/StringConvertible.swift /host/spi-builder-workspace/.build/checkouts/Swiftest/Sources/Swiftest/Protocols/Identifiable.swift /host/spi-builder-workspace/.build/checkouts/Swiftest/Sources/Swiftest/Protocols/Initialization/DefaultMutable.swift /host/spi-builder-workspace/.build/checkouts/Swiftest/Sources/Swiftest/Protocols/Initialization/Defaultable.swift /host/spi-builder-workspace/.build/checkouts/Swiftest/Sources/Swiftest/Protocols/Initialization/EmptyInitializable.swift /host/spi-builder-workspace/.build/checkouts/Swiftest/Sources/Swiftest/Protocols/Mockable.swift /host/spi-builder-workspace/.build/checkouts/Swiftest/Sources/Swiftest/Protocols/ObjectDisplayable.swift /host/spi-builder-workspace/.build/checkouts/Swiftest/Sources/Swiftest/Protocols/OptionalProtocol.swift /host/spi-builder-workspace/.build/checkouts/Swiftest/Sources/Swiftest/Protocols/RangeRandomizable.swift /host/spi-builder-workspace/.build/checkouts/Swiftest/Sources/Swiftest/Protocols/Then.swift /host/spi-builder-workspace/.build/checkouts/Swiftest/Sources/Swiftest/QuartzCore/CALayer+.swift /host/spi-builder-workspace/.build/checkouts/Swiftest/Sources/Swiftest/SwiftStdlib/Extensions/BinaryFloatingPoint+Rounding.swift /host/spi-builder-workspace/.build/checkouts/Swiftest/Sources/Swiftest/SwiftStdlib/Extensions/Character+.swift /host/spi-builder-workspace/.build/checkouts/Swiftest/Sources/Swiftest/SwiftStdlib/Extensions/Collection/ClosedRange+Wrapping.swift /host/spi-builder-workspace/.build/checkouts/Swiftest/Sources/Swiftest/SwiftStdlib/Extensions/Collection/Collection+.swift /host/spi-builder-workspace/.build/checkouts/Swiftest/Sources/Swiftest/SwiftStdlib/Extensions/Collection/Collection+Filtering.swift /host/spi-builder-workspace/.build/checkouts/Swiftest/Sources/Swiftest/SwiftStdlib/Extensions/Collection/Collection+Indices.swift /host/spi-builder-workspace/.build/checkouts/Swiftest/Sources/Swiftest/SwiftStdlib/Extensions/Collection/Collection+Lookup.swift /host/spi-builder-workspace/.build/checkouts/Swiftest/Sources/Swiftest/SwiftStdlib/Extensions/Collection/Collection+Matrix.swift /host/spi-builder-workspace/.build/checkouts/Swiftest/Sources/Swiftest/SwiftStdlib/Extensions/Collection/Collection+Partitioning.swift /host/spi-builder-workspace/.build/checkouts/Swiftest/Sources/Swiftest/SwiftStdlib/Extensions/Collection/Collection+ReverseLookup.swift /host/spi-builder-workspace/.build/checkouts/Swiftest/Sources/Swiftest/SwiftStdlib/Extensions/Collection/RangeReplaceableCollection+Affix.swift /host/spi-builder-workspace/.build/checkouts/Swiftest/Sources/Swiftest/SwiftStdlib/Extensions/Collection/RangeReplaceableCollection+Deduplication.swift /host/spi-builder-workspace/.build/checkouts/Swiftest/Sources/Swiftest/SwiftStdlib/Extensions/Collection/RangeReplaceableCollection+Queue.swift /host/spi-builder-workspace/.build/checkouts/Swiftest/Sources/Swiftest/SwiftStdlib/Extensions/Collection/RangeReplaceableCollection+RemovingInstances.swift /host/spi-builder-workspace/.build/checkouts/Swiftest/Sources/Swiftest/SwiftStdlib/Extensions/Collection/RangeReplaceableCollection+Repeat.swift /host/spi-builder-workspace/.build/checkouts/Swiftest/Sources/Swiftest/SwiftStdlib/Extensions/Collection/RangeReplaceableCollection+Rotate.swift /host/spi-builder-workspace/.build/checkouts/Swiftest/Sources/Swiftest/SwiftStdlib/Extensions/Collection/RangeReplaceableCollection+Stack.swift /host/spi-builder-workspace/.build/checkouts/Swiftest/Sources/Swiftest/SwiftStdlib/Extensions/Comparable/Comparable+Clamped.swift /host/spi-builder-workspace/.build/checkouts/Swiftest/Sources/Swiftest/SwiftStdlib/Extensions/Comparable/Comparable+Optionals.swift /host/spi-builder-workspace/.build/checkouts/Swiftest/Sources/Swiftest/SwiftStdlib/Extensions/Comparable/Comparable+Range.swift /host/spi-builder-workspace/.build/checkouts/Swiftest/Sources/Swiftest/SwiftStdlib/Extensions/Dictionary/Dictionary+.swift /host/spi-builder-workspace/.build/checkouts/Swiftest/Sources/Swiftest/SwiftStdlib/Extensions/Dictionary/Dictionary+Arithmetic.swift /host/spi-builder-workspace/.build/checkouts/Swiftest/Sources/Swiftest/SwiftStdlib/Extensions/Dictionary/Dictionary+DynamicLookup.swift /host/spi-builder-workspace/.build/checkouts/Swiftest/Sources/Swiftest/SwiftStdlib/Extensions/Dictionary/Dictionary+EnumKeyLookup.swift /host/spi-builder-workspace/.build/checkouts/Swiftest/Sources/Swiftest/SwiftStdlib/Extensions/Dictionary/Dictionary+Merging.swift /host/spi-builder-workspace/.build/checkouts/Swiftest/Sources/Swiftest/SwiftStdlib/Extensions/Equatable+.swift /host/spi-builder-workspace/.build/checkouts/Swiftest/Sources/Swiftest/SwiftStdlib/Extensions/FloatingPoint+.swift /host/spi-builder-workspace/.build/checkouts/Swiftest/Sources/Swiftest/SwiftStdlib/Extensions/Int/Int+.swift /host/spi-builder-workspace/.build/checkouts/Swiftest/Sources/Swiftest/SwiftStdlib/Extensions/Int/Int+Loop.swift /host/spi-builder-workspace/.build/checkouts/Swiftest/Sources/Swiftest/SwiftStdlib/Extensions/Int/Int+WrappedToRange.swift /host/spi-builder-workspace/.build/checkouts/Swiftest/Sources/Swiftest/SwiftStdlib/Extensions/Optional/Optional+.swift /host/spi-builder-workspace/.build/checkouts/Swiftest/Sources/Swiftest/SwiftStdlib/Extensions/Optional/Optional+EmptyCollections.swift /host/spi-builder-workspace/.build/checkouts/Swiftest/Sources/Swiftest/SwiftStdlib/Extensions/Sequence/Sequence+Aggregate.swift /host/spi-builder-workspace/.build/checkouts/Swiftest/Sources/Swiftest/SwiftStdlib/Extensions/Sequence/Sequence+BooleanTests.swift /host/spi-builder-workspace/.build/checkouts/Swiftest/Sources/Swiftest/SwiftStdlib/Extensions/Sequence/Sequence+Grouping.swift /host/spi-builder-workspace/.build/checkouts/Swiftest/Sources/Swiftest/SwiftStdlib/Extensions/Sequence/Sequence+Indexing.swift /host/spi-builder-workspace/.build/checkouts/Swiftest/Sources/Swiftest/SwiftStdlib/Extensions/Sequence/Sequence+Iterating.swift /host/spi-builder-workspace/.build/checkouts/Swiftest/Sources/Swiftest/SwiftStdlib/Extensions/Sequence/Sequence+KeyPathSorting.swift /host/spi-builder-workspace/.build/checkouts/Swiftest/Sources/Swiftest/SwiftStdlib/Extensions/Sequence/Sequence+KeyPathValues.swift /host/spi-builder-workspace/.build/checkouts/Swiftest/Sources/Swiftest/SwiftStdlib/Extensions/Sequence/Sequence+Search.swift /host/spi-builder-workspace/.build/checkouts/Swiftest/Sources/Swiftest/SwiftStdlib/Extensions/Sequence/Sequence+Transformed.swift /host/spi-builder-workspace/.build/checkouts/Swiftest/Sources/Swiftest/SwiftStdlib/Extensions/Set+ContentAnalysis.swift /host/spi-builder-workspace/.build/checkouts/Swiftest/Sources/Swiftest/SwiftStdlib/Extensions/SignedInteger+.swift /host/spi-builder-workspace/.build/checkouts/Swiftest/Sources/Swiftest/SwiftStdlib/Extensions/SignedNumeric+.swift /host/spi-builder-workspace/.build/checkouts/Swiftest/Sources/Swiftest/SwiftStdlib/Extensions/String/String+.swift /host/spi-builder-workspace/.build/checkouts/Swiftest/Sources/Swiftest/SwiftStdlib/Extensions/String/String+Affix.swift /host/spi-builder-workspace/.build/checkouts/Swiftest/Sources/Swiftest/SwiftStdlib/Extensions/String/String+BooleanTests.swift /host/spi-builder-workspace/.build/checkouts/Swiftest/Sources/Swiftest/SwiftStdlib/Extensions/String/String+Case.swift /host/spi-builder-workspace/.build/checkouts/Swiftest/Sources/Swiftest/SwiftStdlib/Extensions/String/String+Characters.swift /host/spi-builder-workspace/.build/checkouts/Swiftest/Sources/Swiftest/SwiftStdlib/Extensions/String/String+Repeat.swift /host/spi-builder-workspace/.build/checkouts/Swiftest/Sources/Swiftest/SwiftStdlib/Extensions/String/String+SafeLookup.swift /host/spi-builder-workspace/.build/checkouts/Swiftest/Sources/Swiftest/SwiftStdlib/Extensions/String/String+Slicing.swift /host/spi-builder-workspace/.build/checkouts/Swiftest/Sources/Swiftest/SwiftStdlib/Extensions/String/String+Transformations.swift /host/spi-builder-workspace/.build/checkouts/Swiftest/Sources/Swiftest/SwiftStdlib/Extensions/String/String+Truncating.swift /host/spi-builder-workspace/.build/checkouts/Swiftest/Sources/Swiftest/SwiftStdlib/Extensions/StringProtocol+LongestCommonSuffix.swift /host/spi-builder-workspace/.build/checkouts/Swiftest/Sources/Swiftest/SwiftStdlib/KeyPaths/KeyPathFilter.swift /host/spi-builder-workspace/.build/checkouts/Swiftest/Sources/Swiftest/SwiftStdlib/KeyPaths/KeyPathValuePair/KeyPathBuildable.swift /host/spi-builder-workspace/.build/checkouts/Swiftest/Sources/Swiftest/SwiftStdlib/KeyPaths/KeyPathValuePair/KeyPathValueMapOperator.swift /host/spi-builder-workspace/.build/checkouts/Swiftest/Sources/Swiftest/SwiftStdlib/KeyPaths/KeyPathValuePair/KeyPathValuePair.swift /host/spi-builder-workspace/.build/checkouts/Swiftest/Sources/Swiftest/SwiftStdlib/KeyPaths/KeyPathValuePair/KeyPathValuePairAssignable.swift /host/spi-builder-workspace/.build/checkouts/Swiftest/Sources/Swiftest/SwiftStdlib/KeyPaths/KeyPathValuePair/KeyPathValuePairInitializable.swift /host/spi-builder-workspace/.build/checkouts/Swiftest/Sources/Swiftest/SwiftStdlib/Operators/ArithmeticOperators/ExponentiationOperator.swift /host/spi-builder-workspace/.build/checkouts/Swiftest/Sources/Swiftest/SwiftStdlib/Operators/ArithmeticOperators/PlusMinusOperator.swift /host/spi-builder-workspace/.build/checkouts/Swiftest/Sources/Swiftest/SwiftStdlib/Operators/ArithmeticOperators/SquareRootOperator.swift /host/spi-builder-workspace/.build/checkouts/Swiftest/Sources/Swiftest/SwiftStdlib/Operators/FunctionChainOperator.swift /host/spi-builder-workspace/.build/checkouts/Swiftest/Sources/Swiftest/SwiftStdlib/Operators/MapOperator/MapOperator.swift /host/spi-builder-workspace/.build/checkouts/Swiftest/Sources/Swiftest/SwiftStdlib/Operators/OptionalAssignmentOperators.swift /host/spi-builder-workspace/.build/checkouts/Swiftest/Sources/Swiftest/SwiftStdlib/Operators/TransformOperator/TransformErrorOperator.swift /host/spi-builder-workspace/.build/checkouts/Swiftest/Sources/Swiftest/SwiftStdlib/Operators/TransformOperator/TransformKeyPathToFunctionOperator.swift /host/spi-builder-workspace/.build/checkouts/Swiftest/Sources/Swiftest/Types/Pairs.swift /host/spi-builder-workspace/.build/checkouts/Swiftest/Sources/Swiftest/Types/Typealiases.swift /host/spi-builder-workspace/.build/checkouts/Swiftest/Sources/Swiftest/Utils/DebugUtils.swift /host/spi-builder-workspace/.build/checkouts/Swiftest/Sources/Swiftest/Utils/GlobalFunctions.swift /host/spi-builder-workspace/.build/checkouts/Swiftest/Sources/Swiftest/Utils/Logger.swift /host/spi-builder-workspace/.build/checkouts/Swiftest/Sources/Swiftest/Utils/ReadWriteLock.swift /host/spi-builder-workspace/.build/checkouts/Swiftest/Sources/Swiftest/Utils/StringUtils.swift /host/spi-builder-workspace/.build/checkouts/Swiftest/Sources/Swiftest/Utils/ThreadingUtils.swift -target wasm32-unknown-wasip1 -disable-objc-interop -sdk /root/.swiftpm/swift-sdks/swift-6.4.x-DEVELOPMENT-SNAPSHOT-2026-09-04-a_wasm.artifactbundle/swift-6.4.x-DEVELOPMENT-SNAPSHOT-2026-09-04-a_wasm/wasm32-unknown-wasip1/WASI.sdk -sysroot /root/.swiftpm/swift-sdks/swift-6.4.x-DEVELOPMENT-SNAPSHOT-2026-09-04-a_wasm.artifactbundle/swift-6.4.x-DEVELOPMENT-SNAPSHOT-2026-09-04-a_wasm/wasm32-unknown-wasip1/WASI.sdk -I /host/spi-builder-workspace/.build/out/Products/Debug-webassembly-wasm32 -module-cache-path /host/spi-builder-workspace/.build/out/ModuleCache.noindex -color-diagnostics -Xcc -fcolor-diagnostics -enable-testing -g -debug-info-format\=dwarf -dwarf-version\=4 -suppress-warnings -swift-version 5 -Onone -D SWIFT_PACKAGE -D DEBUG -D SWIFT_MODULE_RESOURCE_BUNDLE_UNAVAILABLE -D Xcode -serialize-debugging-options -enable-experimental-feature DebugDescriptionMacro -empty-abi-descriptor -external-plugin-path /usr/lib/swift/host/plugins/testing\#/usr/bin/swift-plugin-server -validate-clang-modules-once -clang-build-session-file /host/spi-builder-workspace/.build/out/ModuleCache.noindex/Session.modulevalidation -Xcc -working-directory -Xcc /host -resource-dir /root/.swiftpm/swift-sdks/swift-6.4.x-DEVELOPMENT-SNAPSHOT-2026-09-04-a_wasm.artifactbundle/swift-6.4.x-DEVELOPMENT-SNAPSHOT-2026-09-04-a_wasm/wasm32-unknown-wasip1/swift.xctoolchain/usr/lib/swift_static -use-static-resource-dir -enable-anonymous-context-mangled-names -file-compilation-dir /host -Xcc -resource-dir -Xcc /root/.swiftpm/swift-sdks/swift-6.4.x-DEVELOPMENT-SNAPSHOT-2026-09-04-a_wasm.artifactbundle/swift-6.4.x-DEVELOPMENT-SNAPSHOT-2026-09-04-a_wasm/wasm32-unknown-wasip1/swift.xctoolchain/usr/lib/swift_static/clang -Xcc -D_LIBCPP_HARDENING_MODE\=_LIBCPP_HARDENING_MODE_DEBUG -Xcc -fmodules-prune-interval\=86400 -Xcc -fmodules-prune-after\=345600 -Xcc -I/host/spi-builder-workspace/.build/out/Products/Debug-webassembly-wasm32/include -Xcc -I/host/spi-builder-workspace/.build/out/Intermediates.noindex/Swiftest.build/Debug-webassembly-wasm32/Swiftest-t.build/DerivedSources-normal/wasm32 -Xcc -I/host/spi-builder-workspace/.build/out/Intermediates.noindex/Swiftest.build/Debug-webassembly-wasm32/Swiftest-t.build/DerivedSources/wasm32 -Xcc -I/host/spi-builder-workspace/.build/out/Intermediates.noindex/Swiftest.build/Debug-webassembly-wasm32/Swiftest-t.build/DerivedSources -Xcc -DSWIFT_PACKAGE -Xcc -DDEBUG\=1 -no-auto-bridging-header-chaining -module-name Swiftest -const-gather-protocols-file /host/spi-builder-workspace/.build/out/Intermediates.noindex/Swiftest.build/Debug-webassembly-wasm32/Swiftest-t.build/Objects-normal/wasm32/Swiftest_const_extract_protocols.json -in-process-plugin-server-path /usr/lib/swift/host/libSwiftInProcPluginServer.so -plugin-path /usr/lib/swift/host/plugins -plugin-path /usr/local/lib/swift/host/plugins -emit-module-doc-path /host/spi-builder-workspace/.build/out/Intermediates.noindex/Swiftest.build/Debug-webassembly-wasm32/Swiftest-t.build/Objects-normal/wasm32/Modules/Swiftest.swiftdoc -emit-module-source-info-path /host/spi-builder-workspace/.build/out/Intermediates.noindex/Swiftest.build/Debug-webassembly-wasm32/Swiftest-t.build/Objects-normal/wasm32/Modules/Swiftest.swiftsourceinfo -emit-objc-header-path /host/spi-builder-workspace/.build/out/Intermediates.noindex/Swiftest.build/Debug-webassembly-wasm32/Swiftest-t.build/Objects-normal/wasm32/Swiftest-Swift.h -serialize-diagnostics-path /host/spi-builder-workspace/.build/out/Intermediates.noindex/Swiftest.build/Debug-webassembly-wasm32/Swiftest-t.build/Objects-normal/wasm32/Swiftest-primary-emit-module.dia -emit-dependencies-path /host/spi-builder-workspace/.build/out/Intermediates.noindex/Swiftest.build/Debug-webassembly-wasm32/Swiftest-t.build/Objects-normal/wasm32/Swiftest-primary-emit-module.d -parse-as-library -o /host/spi-builder-workspace/.build/out/Intermediates.noindex/Swiftest.build/Debug-webassembly-wasm32/Swiftest-t.build/Objects-normal/wasm32/Modules/Swiftest.swiftmodule
error: Build failed
BUILD FAILURE 6.4 wasm