The Swift Package Index logo.Swift Package Index

Build Information

Failed to build AppCoordinator, reference main (1d3c03), with Swift 6.4 for macOS (SPM) on 24 Sep 2026 21:18:44 UTC.

Build Command

env DEVELOPER_DIR=/Applications/Xcode-27.0.0-Release.Candidate.app xcrun swift build --arch arm64

Build Log

========================================
RunAll
========================================
Builder version: 5.1.0
Interrupt handler set up.
========================================
Checkout
========================================
Clone URL: https://github.com/prittejani/AppCoordinator.git
Reference: main
Initialized empty Git repository in /Users/admin/builder/spi-builder-workspace/.git/
From https://github.com/prittejani/AppCoordinator
 * branch            main       -> FETCH_HEAD
 * [new branch]      main       -> origin/main
HEAD is now at 1d3c03d - Add LICENCE file
Cloned https://github.com/prittejani/AppCoordinator.git
Revision (git rev-parse @):
1d3c03d9363fa031296fdc1ae3725d84e38eab86
SUCCESS checkout https://github.com/prittejani/AppCoordinator.git at main
========================================
Build
========================================
Selected platform:         macosSpm
Swift version:             6.4
Building package at path:  $PWD
https://github.com/prittejani/AppCoordinator.git
Running build ...
env DEVELOPER_DIR=/Applications/Xcode-27.0.0-Release.Candidate.app xcrun swift build --arch arm64
Building for debugging...
[Planning deferred tasks]
[19 / 28]
[20 / 29] AppCoordinator
[30 / 103]
[33 / 103]
[41 / 103]
[43 / 103]
[44 / 103]
[49 / 103]
[51 / 103]
[53 / 103]
[56 / 103]
[61 / 103]
[64 / 103]
[66 / 103]
[67 / 103]
[77 / 103]
[79 / 103]
[80 / 103]
[83 / 103]
[85 / 103]
[94 / 103] AppCoordinator
[100 / 103] AppCoordinator
error: SwiftCompile normal arm64 /Users/admin/builder/spi-builder-workspace/Sources/AppCoordinator/Sheet/SheetCoordinator.swift failed with a nonzero exit code. Command line:     cd /Users/admin/builder
    builtin-SwiftPerFileCompile SheetCoordinator.swift
/Users/admin/builder/spi-builder-workspace/Sources/AppCoordinator/Sheet/SheetCoordinator.swift:44:14: error: 'fullScreenCover(item:onDismiss:content:)' is unavailable in macOS
42 |                 sheetContent(sheet)
43 |             }
44 |             .fullScreenCover(item: $coordinator.activeFullScreen) { sheet in
   |              `- error: 'fullScreenCover(item:onDismiss:content:)' is unavailable in macOS
45 |                 sheetContent(sheet)
46 |             }
SwiftUI.View.fullScreenCover:2:25: note: 'fullScreenCover(item:onDismiss:content:)' has been explicitly marked unavailable here
1 | protocol View {
2 | nonisolated public func fullScreenCover<Item, Content>(item: Binding<Item?>, onDismiss: (() -> Void)? = nil, @ContentBuilder content: @escaping (Item) -> Content) -> some View where Item : Identifiable, Content : View
  |                         `- note: 'fullScreenCover(item:onDismiss:content:)' has been explicitly marked unavailable here
3 |   }
4 |
Failed frontend command:
/Applications/Xcode-27.0.0-Release.Candidate.app/Contents/Developer/Toolchains/XcodeDefault.xctoolchain/usr/bin/swift-frontend -frontend -c /Users/admin/builder/spi-builder-workspace/Sources/AppCoordinator/Alert/AlertCoordinator.swift /Users/admin/builder/spi-builder-workspace/Sources/AppCoordinator/AppCoordinator.swift /Users/admin/builder/spi-builder-workspace/Sources/AppCoordinator/Core/Coordinator.swift /Users/admin/builder/spi-builder-workspace/Sources/AppCoordinator/Core/CoordinatorView.swift /Users/admin/builder/spi-builder-workspace/Sources/AppCoordinator/Core/Router.swift /Users/admin/builder/spi-builder-workspace/Sources/AppCoordinator/DeepLink/DeepLinkHandler.swift -primary-file /Users/admin/builder/spi-builder-workspace/Sources/AppCoordinator/Sheet/SheetCoordinator.swift -emit-dependencies-path /Users/admin/builder/spi-builder-workspace/.build/out/Intermediates.noindex/AppCoordinator.build/Debug/AppCoordinator-t.build/Objects-normal/arm64/SheetCoordinator.d -emit-const-values-path /Users/admin/builder/spi-builder-workspace/.build/out/Intermediates.noindex/AppCoordinator.build/Debug/AppCoordinator-t.build/Objects-normal/arm64/SheetCoordinator.swiftconstvalues -emit-reference-dependencies-path /Users/admin/builder/spi-builder-workspace/.build/out/Intermediates.noindex/AppCoordinator.build/Debug/AppCoordinator-t.build/Objects-normal/arm64/SheetCoordinator.swiftdeps -serialize-diagnostics-path /Users/admin/builder/spi-builder-workspace/.build/out/Intermediates.noindex/AppCoordinator.build/Debug/AppCoordinator-t.build/Objects-normal/arm64/SheetCoordinator.dia -target arm64-apple-macos13.0 -disable-cross-import-overlay-search -load-resolved-plugin /Applications/Xcode-27.0.0-Release.Candidate.app/Contents/Developer/Platforms/MacOSX.platform/Developer/usr/lib/swift/host/plugins/libFoundationMacros.dylib\#/Applications/Xcode-27.0.0-Release.Candidate.app/Contents/Developer/Platforms/MacOSX.platform/Developer/usr/bin/swift-plugin-server\#FoundationMacros -load-resolved-plugin /Applications/Xcode-27.0.0-Release.Candidate.app/Contents/Developer/Platforms/MacOSX.platform/Developer/usr/lib/swift/host/plugins/libObservationMacros.dylib\#/Applications/Xcode-27.0.0-Release.Candidate.app/Contents/Developer/Platforms/MacOSX.platform/Developer/usr/bin/swift-plugin-server\#ObservationMacros -load-resolved-plugin /Applications/Xcode-27.0.0-Release.Candidate.app/Contents/Developer/Platforms/MacOSX.platform/Developer/usr/lib/swift/host/plugins/libPreviewsMacros.dylib\#/Applications/Xcode-27.0.0-Release.Candidate.app/Contents/Developer/Platforms/MacOSX.platform/Developer/usr/bin/swift-plugin-server\#PreviewsMacros -load-resolved-plugin /Applications/Xcode-27.0.0-Release.Candidate.app/Contents/Developer/Platforms/MacOSX.platform/Developer/usr/lib/swift/host/plugins/libSwiftMacros.dylib\#/Applications/Xcode-27.0.0-Release.Candidate.app/Contents/Developer/Platforms/MacOSX.platform/Developer/usr/bin/swift-plugin-server\#SwiftMacros -load-resolved-plugin /Applications/Xcode-27.0.0-Release.Candidate.app/Contents/Developer/Platforms/MacOSX.platform/Developer/usr/lib/swift/host/plugins/libSwiftUIMacros.dylib\#/Applications/Xcode-27.0.0-Release.Candidate.app/Contents/Developer/Platforms/MacOSX.platform/Developer/usr/bin/swift-plugin-server\#SwiftUIMacros -disable-implicit-swift-modules -Xcc -fno-implicit-modules -Xcc -fno-implicit-module-maps -explicit-swift-module-map-file /Users/admin/builder/spi-builder-workspace/.build/out/Intermediates.noindex/AppCoordinator.build/Debug/AppCoordinator-t.build/Objects-normal/arm64/AppCoordinator-dependencies-1.json -Xllvm -aarch64-use-tbi -enable-objc-interop -stack-check -sdk /Applications/Xcode-27.0.0-Release.Candidate.app/Contents/Developer/Platforms/MacOSX.platform/Developer/SDKs/MacOSX27.0.sdk -I /Users/admin/builder/spi-builder-workspace/.build/out/Products/Debug -Isystem /Applications/Xcode-27.0.0-Release.Candidate.app/Contents/Developer/Platforms/MacOSX.platform/Developer/usr/lib -F /Users/admin/builder/spi-builder-workspace/.build/out/Products/Debug -F /Applications/Xcode-27.0.0-Release.Candidate.app/Contents/Developer/Platforms/MacOSX.platform/Developer/Library/Frameworks -module-cache-path /Users/admin/builder/spi-builder-workspace/.build/out/Intermediates.noindex/SwiftExplicitPrecompiledModules -color-diagnostics -Xcc -fcolor-diagnostics -enable-testing -g -debug-info-format\=dwarf -dwarf-version\=4 -swift-version 6 -Onone -D SWIFT_PACKAGE -D DEBUG -D SWIFT_MODULE_RESOURCE_BUNDLE_UNAVAILABLE -D Xcode -serialize-debugging-options -enable-experimental-feature DebugDescriptionMacro -empty-abi-descriptor -validate-clang-modules-once -clang-build-session-file /Users/admin/builder/spi-builder-workspace/.build/out/ModuleCache.noindex/Session.modulevalidation -Xcc -working-directory -Xcc /Users/admin/builder -enable-anonymous-context-mangled-names -file-compilation-dir /Users/admin/builder -Xcc -D_LIBCPP_HARDENING_MODE\=_LIBCPP_HARDENING_MODE_DEBUG -Xcc -ivfsstatcache -Xcc /Users/admin/builder/spi-builder-workspace/.build/out/SDKStatCaches.noindex/macosx27.0-26A425-80c5bbf1d171475443272936d42f90a36a22442a12e9d48fe1a705f55a1adfc4.sdkstatcache -Xcc -fmodules-prune-interval\=86400 -Xcc -fmodules-prune-after\=345600 -Xcc -I/Users/admin/builder/spi-builder-workspace/.build/out/Products/Debug/include -Xcc -I/Users/admin/builder/spi-builder-workspace/.build/out/Intermediates.noindex/AppCoordinator.build/Debug/AppCoordinator-t.build/DerivedSources-normal/arm64 -Xcc -I/Users/admin/builder/spi-builder-workspace/.build/out/Intermediates.noindex/AppCoordinator.build/Debug/AppCoordinator-t.build/DerivedSources/arm64 -Xcc -I/Users/admin/builder/spi-builder-workspace/.build/out/Intermediates.noindex/AppCoordinator.build/Debug/AppCoordinator-t.build/DerivedSources -Xcc -DSWIFT_PACKAGE -Xcc -DDEBUG\=1 -no-auto-bridging-header-chaining -module-name AppCoordinator -package-name spi_builder_workspace -const-gather-protocols-file /Users/admin/builder/spi-builder-workspace/.build/out/Intermediates.noindex/AppCoordinator.build/Debug/AppCoordinator-t.build/Objects-normal/arm64/AppCoordinator_const_extract_protocols.json -disable-clang-spi -clang-target arm64-apple-macos27.0 -target-sdk-version 27.0 -target-sdk-name macosx27.0 -in-process-plugin-server-path /Applications/Xcode-27.0.0-Release.Candidate.app/Contents/Developer/Toolchains/XcodeDefault.xctoolchain/usr/lib/swift/host/libSwiftInProcPluginServer.dylib -parse-as-library -o /Users/admin/builder/spi-builder-workspace/.build/out/Intermediates.noindex/AppCoordinator.build/Debug/AppCoordinator-t.build/Objects-normal/arm64/SheetCoordinator.o -debug-module-path /Users/admin/builder/spi-builder-workspace/.build/out/Intermediates.noindex/AppCoordinator.build/Debug/AppCoordinator-t.build/Objects-normal/arm64/AppCoordinator.swiftmodule -index-unit-output-path /AppCoordinator.build/Debug/AppCoordinator-t.build/Objects-normal/arm64/SheetCoordinator.o -index-store-path /Users/admin/builder/spi-builder-workspace/.build/out -index-system-modules
error: SwiftCompile normal arm64 /Users/admin/builder/spi-builder-workspace/Sources/AppCoordinator/Core/CoordinatorView.swift failed with a nonzero exit code. Command line:     cd /Users/admin/builder
    builtin-SwiftPerFileCompile CoordinatorView.swift
/Users/admin/builder/spi-builder-workspace/Sources/AppCoordinator/Core/CoordinatorView.swift:40:18: error: 'fullScreenCover(item:onDismiss:content:)' is unavailable in macOS
38 |                 }
39 |                 // Full-screen overlay
40 |                 .fullScreenCover(item: Binding(
   |                  `- error: 'fullScreenCover(item:onDismiss:content:)' is unavailable in macOS
41 |                     get: { coordinator.router.presentedFullScreen },
42 |                     set: { coordinator.router.presentedFullScreen = $0 }
SwiftUI.View.fullScreenCover:2:25: note: 'fullScreenCover(item:onDismiss:content:)' has been explicitly marked unavailable here
1 | protocol View {
2 | nonisolated public func fullScreenCover<Item, Content>(item: Binding<Item?>, onDismiss: (() -> Void)? = nil, @ContentBuilder content: @escaping (Item) -> Content) -> some View where Item : Identifiable, Content : View
  |                         `- note: 'fullScreenCover(item:onDismiss:content:)' has been explicitly marked unavailable here
3 |   }
4 |
Failed frontend command:
/Applications/Xcode-27.0.0-Release.Candidate.app/Contents/Developer/Toolchains/XcodeDefault.xctoolchain/usr/bin/swift-frontend -frontend -c /Users/admin/builder/spi-builder-workspace/Sources/AppCoordinator/Alert/AlertCoordinator.swift /Users/admin/builder/spi-builder-workspace/Sources/AppCoordinator/AppCoordinator.swift /Users/admin/builder/spi-builder-workspace/Sources/AppCoordinator/Core/Coordinator.swift -primary-file /Users/admin/builder/spi-builder-workspace/Sources/AppCoordinator/Core/CoordinatorView.swift /Users/admin/builder/spi-builder-workspace/Sources/AppCoordinator/Core/Router.swift /Users/admin/builder/spi-builder-workspace/Sources/AppCoordinator/DeepLink/DeepLinkHandler.swift /Users/admin/builder/spi-builder-workspace/Sources/AppCoordinator/Sheet/SheetCoordinator.swift -emit-dependencies-path /Users/admin/builder/spi-builder-workspace/.build/out/Intermediates.noindex/AppCoordinator.build/Debug/AppCoordinator-t.build/Objects-normal/arm64/CoordinatorView.d -emit-const-values-path /Users/admin/builder/spi-builder-workspace/.build/out/Intermediates.noindex/AppCoordinator.build/Debug/AppCoordinator-t.build/Objects-normal/arm64/CoordinatorView.swiftconstvalues -emit-reference-dependencies-path /Users/admin/builder/spi-builder-workspace/.build/out/Intermediates.noindex/AppCoordinator.build/Debug/AppCoordinator-t.build/Objects-normal/arm64/CoordinatorView.swiftdeps -serialize-diagnostics-path /Users/admin/builder/spi-builder-workspace/.build/out/Intermediates.noindex/AppCoordinator.build/Debug/AppCoordinator-t.build/Objects-normal/arm64/CoordinatorView.dia -target arm64-apple-macos13.0 -disable-cross-import-overlay-search -load-resolved-plugin /Applications/Xcode-27.0.0-Release.Candidate.app/Contents/Developer/Platforms/MacOSX.platform/Developer/usr/lib/swift/host/plugins/libFoundationMacros.dylib\#/Applications/Xcode-27.0.0-Release.Candidate.app/Contents/Developer/Platforms/MacOSX.platform/Developer/usr/bin/swift-plugin-server\#FoundationMacros -load-resolved-plugin /Applications/Xcode-27.0.0-Release.Candidate.app/Contents/Developer/Platforms/MacOSX.platform/Developer/usr/lib/swift/host/plugins/libObservationMacros.dylib\#/Applications/Xcode-27.0.0-Release.Candidate.app/Contents/Developer/Platforms/MacOSX.platform/Developer/usr/bin/swift-plugin-server\#ObservationMacros -load-resolved-plugin /Applications/Xcode-27.0.0-Release.Candidate.app/Contents/Developer/Platforms/MacOSX.platform/Developer/usr/lib/swift/host/plugins/libPreviewsMacros.dylib\#/Applications/Xcode-27.0.0-Release.Candidate.app/Contents/Developer/Platforms/MacOSX.platform/Developer/usr/bin/swift-plugin-server\#PreviewsMacros -load-resolved-plugin /Applications/Xcode-27.0.0-Release.Candidate.app/Contents/Developer/Platforms/MacOSX.platform/Developer/usr/lib/swift/host/plugins/libSwiftMacros.dylib\#/Applications/Xcode-27.0.0-Release.Candidate.app/Contents/Developer/Platforms/MacOSX.platform/Developer/usr/bin/swift-plugin-server\#SwiftMacros -load-resolved-plugin /Applications/Xcode-27.0.0-Release.Candidate.app/Contents/Developer/Platforms/MacOSX.platform/Developer/usr/lib/swift/host/plugins/libSwiftUIMacros.dylib\#/Applications/Xcode-27.0.0-Release.Candidate.app/Contents/Developer/Platforms/MacOSX.platform/Developer/usr/bin/swift-plugin-server\#SwiftUIMacros -disable-implicit-swift-modules -Xcc -fno-implicit-modules -Xcc -fno-implicit-module-maps -explicit-swift-module-map-file /Users/admin/builder/spi-builder-workspace/.build/out/Intermediates.noindex/AppCoordinator.build/Debug/AppCoordinator-t.build/Objects-normal/arm64/AppCoordinator-dependencies-1.json -Xllvm -aarch64-use-tbi -enable-objc-interop -stack-check -sdk /Applications/Xcode-27.0.0-Release.Candidate.app/Contents/Developer/Platforms/MacOSX.platform/Developer/SDKs/MacOSX27.0.sdk -I /Users/admin/builder/spi-builder-workspace/.build/out/Products/Debug -Isystem /Applications/Xcode-27.0.0-Release.Candidate.app/Contents/Developer/Platforms/MacOSX.platform/Developer/usr/lib -F /Users/admin/builder/spi-builder-workspace/.build/out/Products/Debug -F /Applications/Xcode-27.0.0-Release.Candidate.app/Contents/Developer/Platforms/MacOSX.platform/Developer/Library/Frameworks -module-cache-path /Users/admin/builder/spi-builder-workspace/.build/out/Intermediates.noindex/SwiftExplicitPrecompiledModules -color-diagnostics -Xcc -fcolor-diagnostics -enable-testing -g -debug-info-format\=dwarf -dwarf-version\=4 -swift-version 6 -Onone -D SWIFT_PACKAGE -D DEBUG -D SWIFT_MODULE_RESOURCE_BUNDLE_UNAVAILABLE -D Xcode -serialize-debugging-options -enable-experimental-feature DebugDescriptionMacro -empty-abi-descriptor -validate-clang-modules-once -clang-build-session-file /Users/admin/builder/spi-builder-workspace/.build/out/ModuleCache.noindex/Session.modulevalidation -Xcc -working-directory -Xcc /Users/admin/builder -enable-anonymous-context-mangled-names -file-compilation-dir /Users/admin/builder -Xcc -D_LIBCPP_HARDENING_MODE\=_LIBCPP_HARDENING_MODE_DEBUG -Xcc -ivfsstatcache -Xcc /Users/admin/builder/spi-builder-workspace/.build/out/SDKStatCaches.noindex/macosx27.0-26A425-80c5bbf1d171475443272936d42f90a36a22442a12e9d48fe1a705f55a1adfc4.sdkstatcache -Xcc -fmodules-prune-interval\=86400 -Xcc -fmodules-prune-after\=345600 -Xcc -I/Users/admin/builder/spi-builder-workspace/.build/out/Products/Debug/include -Xcc -I/Users/admin/builder/spi-builder-workspace/.build/out/Intermediates.noindex/AppCoordinator.build/Debug/AppCoordinator-t.build/DerivedSources-normal/arm64 -Xcc -I/Users/admin/builder/spi-builder-workspace/.build/out/Intermediates.noindex/AppCoordinator.build/Debug/AppCoordinator-t.build/DerivedSources/arm64 -Xcc -I/Users/admin/builder/spi-builder-workspace/.build/out/Intermediates.noindex/AppCoordinator.build/Debug/AppCoordinator-t.build/DerivedSources -Xcc -DSWIFT_PACKAGE -Xcc -DDEBUG\=1 -no-auto-bridging-header-chaining -module-name AppCoordinator -package-name spi_builder_workspace -const-gather-protocols-file /Users/admin/builder/spi-builder-workspace/.build/out/Intermediates.noindex/AppCoordinator.build/Debug/AppCoordinator-t.build/Objects-normal/arm64/AppCoordinator_const_extract_protocols.json -disable-clang-spi -clang-target arm64-apple-macos27.0 -target-sdk-version 27.0 -target-sdk-name macosx27.0 -in-process-plugin-server-path /Applications/Xcode-27.0.0-Release.Candidate.app/Contents/Developer/Toolchains/XcodeDefault.xctoolchain/usr/lib/swift/host/libSwiftInProcPluginServer.dylib -parse-as-library -o /Users/admin/builder/spi-builder-workspace/.build/out/Intermediates.noindex/AppCoordinator.build/Debug/AppCoordinator-t.build/Objects-normal/arm64/CoordinatorView.o -debug-module-path /Users/admin/builder/spi-builder-workspace/.build/out/Intermediates.noindex/AppCoordinator.build/Debug/AppCoordinator-t.build/Objects-normal/arm64/AppCoordinator.swiftmodule -index-unit-output-path /AppCoordinator.build/Debug/AppCoordinator-t.build/Objects-normal/arm64/CoordinatorView.o -index-store-path /Users/admin/builder/spi-builder-workspace/.build/out -index-system-modules
error: Build failed
BUILD FAILURE 6.4 macosSpm