The Swift Package Index logo.Swift Package Index

Build Information

Failed to build NiceNotifications, reference main (dc2487), with Swift 6.4 for tvOS using Xcode 27.0 on 19 Sep 2026 00:41:05 UTC.

Build Command

env DEVELOPER_DIR=/Applications/Xcode-27.0.0-Release.Candidate.app xcrun xcodebuild -IDEClonedSourcePackagesDirPathOverride=$PWD/.dependencies -skipMacroValidation -skipPackagePluginValidation -derivedDataPath $PWD/.derivedData build -scheme NiceNotifications -destination generic/platform=tvOS

Build Log

========================================
RunAll
========================================
Builder version: 5.1.0
Interrupt handler set up.
========================================
Checkout
========================================
Clone URL: https://github.com/dreymonde/NiceNotifications.git
Reference: main
Initialized empty Git repository in /Users/admin/builder/spi-builder-workspace/.git/
From https://github.com/dreymonde/NiceNotifications
 * branch            main       -> FETCH_HEAD
 * [new branch]      main       -> origin/main
HEAD is now at dc24879 Update DateBuilder
Cloned https://github.com/dreymonde/NiceNotifications.git
Revision (git rev-parse @):
dc24879ac7979efdea18a2c1f7a8bb6c364d16e6
SUCCESS checkout https://github.com/dreymonde/NiceNotifications.git at main
========================================
Build
========================================
Selected platform:         tvOS
Swift version:             6.4
Building package at path:  $PWD
https://github.com/dreymonde/NiceNotifications.git
Command line invocation:
    /Applications/Xcode-27.0.0-Release.Candidate.app/Contents/Developer/usr/bin/xcodebuild -IDEClonedSourcePackagesDirPathOverride=/Users/admin/builder/spi-builder-workspace/.dependencies -resolvePackageDependencies
Resolve Package Graph
Fetching from https://github.com/dreymonde/DateBuilder
Creating working copy of package ‘DateBuilder’
Checking out 0.1.4 of package ‘DateBuilder’
Resolve Package Graph
Resolved source packages:
  DateBuilder: https://github.com/dreymonde/DateBuilder @ 0.1.4
  NiceNotifications: /Users/admin/builder/spi-builder-workspace
resolved source packages: DateBuilder, NiceNotifications
2026-09-18 20:40:12.141 xcodebuild[529:3032] [MT] IDERunDestination: Supported platforms for the buildables in the current scheme is empty.
{
  "dependencies" : [
    {
      "identity" : "datebuilder",
      "requirement" : {
        "range" : [
          {
            "lower_bound" : "0.1.3",
            "upper_bound" : "1.0.0"
          }
        ]
      },
      "type" : "sourceControl",
      "url" : "https://github.com/dreymonde/DateBuilder"
    }
  ],
  "manifest_display_name" : "NiceNotifications",
  "name" : "NiceNotifications",
  "path" : "/Users/admin/builder/spi-builder-workspace",
  "platforms" : [
    {
      "name" : "ios",
      "version" : "10.0"
    },
    {
      "name" : "watchos",
      "version" : "3.0"
    },
    {
      "name" : "macos",
      "version" : "10.14"
    }
  ],
  "products" : [
    {
      "name" : "NiceNotifications",
      "targets" : [
        "NiceNotifications"
      ],
      "type" : {
        "library" : [
          "automatic"
        ]
      }
    }
  ],
  "targets" : [
    {
      "c99name" : "NiceNotificationsTests",
      "module_type" : "SwiftTarget",
      "name" : "NiceNotificationsTests",
      "path" : "Tests/NiceNotificationsTests",
      "sources" : [
        "NiceNotificationsTests.swift",
        "XCTestManifests.swift"
      ],
      "target_dependencies" : [
        "NiceNotifications"
      ],
      "type" : "test"
    },
    {
      "c99name" : "NiceNotifications",
      "module_type" : "SwiftTarget",
      "name" : "NiceNotifications",
      "path" : "Sources/NiceNotifications",
      "product_dependencies" : [
        "DateBuilder"
      ],
      "product_memberships" : [
        "NiceNotifications"
      ],
      "sources" : [
        "NiceNotifications.swift",
        "NotificationPermissionView.swift"
      ],
      "type" : "library"
    }
  ],
  "tools_version" : "5.3"
}
{
  "workspace" : {
    "name" : "NiceNotifications",
    "schemes" : [
      "NiceNotifications"
    ]
  }
}
2026-09-18 20:40:53.555 xcodebuild[685:4320] [MT] IDERunDestination: Supported platforms for the buildables in the current scheme is empty.
Running build ...
env DEVELOPER_DIR=/Applications/Xcode-27.0.0-Release.Candidate.app xcrun xcodebuild -IDEClonedSourcePackagesDirPathOverride=$PWD/.dependencies -skipMacroValidation -skipPackagePluginValidation -derivedDataPath $PWD/.derivedData build -scheme NiceNotifications -destination generic/platform=tvOS
Command line invocation:
    /Applications/Xcode-27.0.0-Release.Candidate.app/Contents/Developer/usr/bin/xcodebuild -IDEClonedSourcePackagesDirPathOverride=/Users/admin/builder/spi-builder-workspace/.dependencies -skipMacroValidation -skipPackagePluginValidation -derivedDataPath /Users/admin/builder/spi-builder-workspace/.derivedData build -scheme NiceNotifications -destination generic/platform=tvOS
Resolve Package Graph
Resolve Package Graph
Resolved source packages:
  NiceNotifications: /Users/admin/builder/spi-builder-workspace
  DateBuilder: https://github.com/dreymonde/DateBuilder @ 0.1.4
ComputePackagePrebuildTargetDependencyGraph
Prepare packages
CreateBuildRequest
SendProjectDescription
CreateBuildOperation
ComputeTargetDependencyGraph
note: Building targets in dependency order
note: Target dependency graph (4 targets)
    Target 'NiceNotifications-product' in project 'NiceNotifications'
        ➜ Explicit dependency on target 'NiceNotifications' in project 'NiceNotifications'
        ➜ Explicit dependency on target 'DateBuilder-product' in project 'DateBuilder'
    Target 'NiceNotifications' in project 'NiceNotifications'
        ➜ Explicit dependency on target 'DateBuilder-product' in project 'DateBuilder'
    Target 'DateBuilder-product' in project 'DateBuilder'
        ➜ Explicit dependency on target 'DateBuilder' in project 'DateBuilder'
    Target 'DateBuilder' in project 'DateBuilder' (no dependencies)
GatherProvisioningInputs
CreateBuildDescription
ExecuteExternalTool /Applications/Xcode-27.0.0-Release.Candidate.app/Contents/Developer/Toolchains/XcodeDefault.xctoolchain/usr/bin/clang -v -E -dM -isysroot /Applications/Xcode-27.0.0-Release.Candidate.app/Contents/Developer/Platforms/AppleTVOS.platform/Developer/SDKs/AppleTVOS27.0.sdk -x c -c /dev/null
ExecuteExternalTool /Applications/Xcode-27.0.0-Release.Candidate.app/Contents/Developer/Toolchains/XcodeDefault.xctoolchain/usr/bin/swiftc --version
ExecuteExternalTool /Applications/Xcode-27.0.0-Release.Candidate.app/Contents/Developer/Toolchains/XcodeDefault.xctoolchain/usr/bin/ld -version_details
Build description signature: ee3d5bb226ae7b9cad166c2b0c18ae2c
Build description path: /Users/admin/builder/spi-builder-workspace/.derivedData/Build/Intermediates.noindex/XCBuildData/ee3d5bb226ae7b9cad166c2b0c18ae2c.xcbuilddata
CreateBuildDirectory /Users/admin/builder/spi-builder-workspace/.derivedData/SDKExplicitPrecompiledModules
    cd /Users/admin/builder/spi-builder-workspace/.swiftpm/xcode
    builtin-create-build-directory /Users/admin/builder/spi-builder-workspace/.derivedData/SDKExplicitPrecompiledModules
CreateBuildDirectory /Users/admin/builder/spi-builder-workspace/.derivedData/ModuleCache.noindex
    cd /Users/admin/builder/spi-builder-workspace/.swiftpm/xcode
    builtin-create-build-directory /Users/admin/builder/spi-builder-workspace/.derivedData/ModuleCache.noindex
CreateBuildDirectory /Users/admin/builder/spi-builder-workspace/.derivedData/CompilationCache.noindex
    cd /Users/admin/builder/spi-builder-workspace/.swiftpm/xcode
    builtin-create-build-directory /Users/admin/builder/spi-builder-workspace/.derivedData/CompilationCache.noindex
CreateBuildDirectory /Users/admin/builder/spi-builder-workspace/.derivedData/Build/Products
    cd /Users/admin/builder/spi-builder-workspace/.swiftpm/xcode
    builtin-create-build-directory /Users/admin/builder/spi-builder-workspace/.derivedData/Build/Products
CreateBuildDirectory /Users/admin/builder/spi-builder-workspace/.derivedData/Build/Intermediates.noindex
    cd /Users/admin/builder/spi-builder-workspace/.swiftpm/xcode
    builtin-create-build-directory /Users/admin/builder/spi-builder-workspace/.derivedData/Build/Intermediates.noindex
ClangStatCache /Applications/Xcode-27.0.0-Release.Candidate.app/Contents/Developer/Toolchains/XcodeDefault.xctoolchain/usr/bin/clang-stat-cache /Applications/Xcode-27.0.0-Release.Candidate.app/Contents/Developer/Platforms/AppleTVOS.platform/Developer/SDKs/AppleTVOS27.0.sdk /Users/admin/builder/spi-builder-workspace/.derivedData/SDKStatCaches.noindex/appletvos27.0-24J360-e829b21a6f8c9b70876ba0858053c044b32bfd8d43560033f8d89884cdb90028.sdkstatcache
    cd /Users/admin/builder/spi-builder-workspace/.swiftpm/xcode
    /Applications/Xcode-27.0.0-Release.Candidate.app/Contents/Developer/Toolchains/XcodeDefault.xctoolchain/usr/bin/clang-stat-cache /Applications/Xcode-27.0.0-Release.Candidate.app/Contents/Developer/Platforms/AppleTVOS.platform/Developer/SDKs/AppleTVOS27.0.sdk -o /Users/admin/builder/spi-builder-workspace/.derivedData/SDKStatCaches.noindex/appletvos27.0-24J360-e829b21a6f8c9b70876ba0858053c044b32bfd8d43560033f8d89884cdb90028.sdkstatcache
CreateBuildDirectory /Users/admin/builder/spi-builder-workspace/.derivedData/Build/Products/Debug-appletvos
    cd /Users/admin/builder/spi-builder-workspace/.swiftpm/xcode
    builtin-create-build-directory /Users/admin/builder/spi-builder-workspace/.derivedData/Build/Products/Debug-appletvos
CreateBuildDirectory /Users/admin/builder/spi-builder-workspace/.derivedData/Build/Intermediates.noindex/SwiftExplicitPrecompiledModules
    cd /Users/admin/builder/spi-builder-workspace/.swiftpm/xcode
    builtin-create-build-directory /Users/admin/builder/spi-builder-workspace/.derivedData/Build/Intermediates.noindex/SwiftExplicitPrecompiledModules
CreateBuildDirectory /Users/admin/builder/spi-builder-workspace/.derivedData/Build/Intermediates.noindex/ExplicitPrecompiledModules
    cd /Users/admin/builder/spi-builder-workspace/.swiftpm/xcode
    builtin-create-build-directory /Users/admin/builder/spi-builder-workspace/.derivedData/Build/Intermediates.noindex/ExplicitPrecompiledModules
CreateBuildDirectory /Users/admin/builder/spi-builder-workspace/.derivedData/Build/Intermediates.noindex/PrecompiledHeaders
    cd /Users/admin/builder/spi-builder-workspace/.swiftpm/xcode
    builtin-create-build-directory /Users/admin/builder/spi-builder-workspace/.derivedData/Build/Intermediates.noindex/PrecompiledHeaders
CreateBuildDirectory /Users/admin/builder/spi-builder-workspace/.derivedData/Build/Intermediates.noindex/EagerLinkingTBDs/Debug-appletvos
    cd /Users/admin/builder/spi-builder-workspace/.swiftpm/xcode
    builtin-create-build-directory /Users/admin/builder/spi-builder-workspace/.derivedData/Build/Intermediates.noindex/EagerLinkingTBDs/Debug-appletvos
CreateBuildDirectory /Users/admin/builder/spi-builder-workspace/.derivedData/Build/Products/Debug-appletvos/PackageFrameworks
    cd /Users/admin/builder/spi-builder-workspace/.swiftpm/xcode
    builtin-create-build-directory /Users/admin/builder/spi-builder-workspace/.derivedData/Build/Products/Debug-appletvos/PackageFrameworks
WriteAuxiliaryFile /Users/admin/builder/spi-builder-workspace/.derivedData/Build/Intermediates.noindex/NiceNotifications.build/Debug-appletvos/NiceNotifications-t.build/NiceNotifications.modulemap (in target 'NiceNotifications' from project 'NiceNotifications')
    cd /Users/admin/builder/spi-builder-workspace
    write-file /Users/admin/builder/spi-builder-workspace/.derivedData/Build/Intermediates.noindex/NiceNotifications.build/Debug-appletvos/NiceNotifications-t.build/NiceNotifications.modulemap
WriteAuxiliaryFile /Users/admin/builder/spi-builder-workspace/.derivedData/Build/Intermediates.noindex/NiceNotifications.build/Debug-appletvos/NiceNotifications-t.build/NiceNotifications.DependencyStaticMetadataFileList (in target 'NiceNotifications' from project 'NiceNotifications')
    cd /Users/admin/builder/spi-builder-workspace
    write-file /Users/admin/builder/spi-builder-workspace/.derivedData/Build/Intermediates.noindex/NiceNotifications.build/Debug-appletvos/NiceNotifications-t.build/NiceNotifications.DependencyStaticMetadataFileList
WriteAuxiliaryFile /Users/admin/builder/spi-builder-workspace/.derivedData/Build/Intermediates.noindex/NiceNotifications.build/Debug-appletvos/NiceNotifications-t.build/NiceNotifications.DependencyMetadataFileList (in target 'NiceNotifications' from project 'NiceNotifications')
    cd /Users/admin/builder/spi-builder-workspace
    write-file /Users/admin/builder/spi-builder-workspace/.derivedData/Build/Intermediates.noindex/NiceNotifications.build/Debug-appletvos/NiceNotifications-t.build/NiceNotifications.DependencyMetadataFileList
WriteAuxiliaryFile /Users/admin/builder/spi-builder-workspace/.derivedData/Build/Intermediates.noindex/NiceNotifications.build/Debug-appletvos/NiceNotifications-t.build/Objects-normal/arm64/NiceNotifications.SwiftFileList (in target 'NiceNotifications' from project 'NiceNotifications')
    cd /Users/admin/builder/spi-builder-workspace
    write-file /Users/admin/builder/spi-builder-workspace/.derivedData/Build/Intermediates.noindex/NiceNotifications.build/Debug-appletvos/NiceNotifications-t.build/Objects-normal/arm64/NiceNotifications.SwiftFileList
WriteAuxiliaryFile /Users/admin/builder/spi-builder-workspace/.derivedData/Build/Intermediates.noindex/NiceNotifications.build/Debug-appletvos/NiceNotifications-t.build/Objects-normal/arm64/NiceNotifications_const_extract_protocols.json (in target 'NiceNotifications' from project 'NiceNotifications')
    cd /Users/admin/builder/spi-builder-workspace
    write-file /Users/admin/builder/spi-builder-workspace/.derivedData/Build/Intermediates.noindex/NiceNotifications.build/Debug-appletvos/NiceNotifications-t.build/Objects-normal/arm64/NiceNotifications_const_extract_protocols.json
WriteAuxiliaryFile /Users/admin/builder/spi-builder-workspace/.derivedData/Build/Intermediates.noindex/NiceNotifications.build/Debug-appletvos/NiceNotifications-t.build/Objects-normal/arm64/NiceNotifications.LinkFileList (in target 'NiceNotifications' from project 'NiceNotifications')
    cd /Users/admin/builder/spi-builder-workspace
    write-file /Users/admin/builder/spi-builder-workspace/.derivedData/Build/Intermediates.noindex/NiceNotifications.build/Debug-appletvos/NiceNotifications-t.build/Objects-normal/arm64/NiceNotifications.LinkFileList
WriteAuxiliaryFile /Users/admin/builder/spi-builder-workspace/.derivedData/Build/Intermediates.noindex/NiceNotifications.build/Debug-appletvos/NiceNotifications-t.build/Objects-normal/arm64/NiceNotifications-OutputFileMap.json (in target 'NiceNotifications' from project 'NiceNotifications')
    cd /Users/admin/builder/spi-builder-workspace
    write-file /Users/admin/builder/spi-builder-workspace/.derivedData/Build/Intermediates.noindex/NiceNotifications.build/Debug-appletvos/NiceNotifications-t.build/Objects-normal/arm64/NiceNotifications-OutputFileMap.json
WriteAuxiliaryFile /Users/admin/builder/spi-builder-workspace/.derivedData/Build/Intermediates.noindex/NiceNotifications.build/Debug-appletvos/NiceNotifications-t.build/Objects-normal/arm64/NiceNotifications.SwiftConstValuesFileList (in target 'NiceNotifications' from project 'NiceNotifications')
    cd /Users/admin/builder/spi-builder-workspace
    write-file /Users/admin/builder/spi-builder-workspace/.derivedData/Build/Intermediates.noindex/NiceNotifications.build/Debug-appletvos/NiceNotifications-t.build/Objects-normal/arm64/NiceNotifications.SwiftConstValuesFileList
WriteAuxiliaryFile /Users/admin/builder/spi-builder-workspace/.derivedData/Build/Intermediates.noindex/DateBuilder.build/Debug-appletvos/DateBuilder-t.build/Objects-normal/arm64/DateBuilder_const_extract_protocols.json (in target 'DateBuilder' from project 'DateBuilder')
    cd /Users/admin/builder/spi-builder-workspace/.dependencies/checkouts/DateBuilder
    write-file /Users/admin/builder/spi-builder-workspace/.derivedData/Build/Intermediates.noindex/DateBuilder.build/Debug-appletvos/DateBuilder-t.build/Objects-normal/arm64/DateBuilder_const_extract_protocols.json
WriteAuxiliaryFile /Users/admin/builder/spi-builder-workspace/.derivedData/Build/Intermediates.noindex/DateBuilder.build/Debug-appletvos/DateBuilder-t.build/Objects-normal/arm64/DateBuilder.SwiftFileList (in target 'DateBuilder' from project 'DateBuilder')
    cd /Users/admin/builder/spi-builder-workspace/.dependencies/checkouts/DateBuilder
    write-file /Users/admin/builder/spi-builder-workspace/.derivedData/Build/Intermediates.noindex/DateBuilder.build/Debug-appletvos/DateBuilder-t.build/Objects-normal/arm64/DateBuilder.SwiftFileList
WriteAuxiliaryFile /Users/admin/builder/spi-builder-workspace/.derivedData/Build/Intermediates.noindex/DateBuilder.build/Debug-appletvos/DateBuilder-t.build/Objects-normal/arm64/DateBuilder.SwiftConstValuesFileList (in target 'DateBuilder' from project 'DateBuilder')
    cd /Users/admin/builder/spi-builder-workspace/.dependencies/checkouts/DateBuilder
    write-file /Users/admin/builder/spi-builder-workspace/.derivedData/Build/Intermediates.noindex/DateBuilder.build/Debug-appletvos/DateBuilder-t.build/Objects-normal/arm64/DateBuilder.SwiftConstValuesFileList
WriteAuxiliaryFile /Users/admin/builder/spi-builder-workspace/.derivedData/Build/Intermediates.noindex/DateBuilder.build/Debug-appletvos/DateBuilder-t.build/Objects-normal/arm64/DateBuilder.LinkFileList (in target 'DateBuilder' from project 'DateBuilder')
    cd /Users/admin/builder/spi-builder-workspace/.dependencies/checkouts/DateBuilder
    write-file /Users/admin/builder/spi-builder-workspace/.derivedData/Build/Intermediates.noindex/DateBuilder.build/Debug-appletvos/DateBuilder-t.build/Objects-normal/arm64/DateBuilder.LinkFileList
WriteAuxiliaryFile /Users/admin/builder/spi-builder-workspace/.derivedData/Build/Intermediates.noindex/DateBuilder.build/Debug-appletvos/DateBuilder-t.build/Objects-normal/arm64/DateBuilder-OutputFileMap.json (in target 'DateBuilder' from project 'DateBuilder')
    cd /Users/admin/builder/spi-builder-workspace/.dependencies/checkouts/DateBuilder
    write-file /Users/admin/builder/spi-builder-workspace/.derivedData/Build/Intermediates.noindex/DateBuilder.build/Debug-appletvos/DateBuilder-t.build/Objects-normal/arm64/DateBuilder-OutputFileMap.json
WriteAuxiliaryFile /Users/admin/builder/spi-builder-workspace/.derivedData/Build/Intermediates.noindex/DateBuilder.build/Debug-appletvos/DateBuilder-t.build/DateBuilder.modulemap (in target 'DateBuilder' from project 'DateBuilder')
    cd /Users/admin/builder/spi-builder-workspace/.dependencies/checkouts/DateBuilder
    write-file /Users/admin/builder/spi-builder-workspace/.derivedData/Build/Intermediates.noindex/DateBuilder.build/Debug-appletvos/DateBuilder-t.build/DateBuilder.modulemap
WriteAuxiliaryFile /Users/admin/builder/spi-builder-workspace/.derivedData/Build/Intermediates.noindex/DateBuilder.build/Debug-appletvos/DateBuilder-t.build/DateBuilder.DependencyStaticMetadataFileList (in target 'DateBuilder' from project 'DateBuilder')
    cd /Users/admin/builder/spi-builder-workspace/.dependencies/checkouts/DateBuilder
    write-file /Users/admin/builder/spi-builder-workspace/.derivedData/Build/Intermediates.noindex/DateBuilder.build/Debug-appletvos/DateBuilder-t.build/DateBuilder.DependencyStaticMetadataFileList
WriteAuxiliaryFile /Users/admin/builder/spi-builder-workspace/.derivedData/Build/Intermediates.noindex/DateBuilder.build/Debug-appletvos/DateBuilder-t.build/DateBuilder.DependencyMetadataFileList (in target 'DateBuilder' from project 'DateBuilder')
    cd /Users/admin/builder/spi-builder-workspace/.dependencies/checkouts/DateBuilder
    write-file /Users/admin/builder/spi-builder-workspace/.derivedData/Build/Intermediates.noindex/DateBuilder.build/Debug-appletvos/DateBuilder-t.build/DateBuilder.DependencyMetadataFileList
Copy /Users/admin/builder/spi-builder-workspace/.derivedData/Build/Intermediates.noindex/GeneratedModuleMaps-appletvos/NiceNotifications.modulemap /Users/admin/builder/spi-builder-workspace/.derivedData/Build/Intermediates.noindex/NiceNotifications.build/Debug-appletvos/NiceNotifications-t.build/NiceNotifications.modulemap (in target 'NiceNotifications' from project 'NiceNotifications')
    cd /Users/admin/builder/spi-builder-workspace
    builtin-copy -exclude .DS_Store -exclude CVS -exclude .svn -exclude .git -exclude .hg -resolve-src-symlinks /Users/admin/builder/spi-builder-workspace/.derivedData/Build/Intermediates.noindex/NiceNotifications.build/Debug-appletvos/NiceNotifications-t.build/NiceNotifications.modulemap /Users/admin/builder/spi-builder-workspace/.derivedData/Build/Intermediates.noindex/GeneratedModuleMaps-appletvos
Copy /Users/admin/builder/spi-builder-workspace/.derivedData/Build/Intermediates.noindex/GeneratedModuleMaps-appletvos/DateBuilder.modulemap /Users/admin/builder/spi-builder-workspace/.derivedData/Build/Intermediates.noindex/DateBuilder.build/Debug-appletvos/DateBuilder-t.build/DateBuilder.modulemap (in target 'DateBuilder' from project 'DateBuilder')
    cd /Users/admin/builder/spi-builder-workspace/.dependencies/checkouts/DateBuilder
    builtin-copy -exclude .DS_Store -exclude CVS -exclude .svn -exclude .git -exclude .hg -resolve-src-symlinks /Users/admin/builder/spi-builder-workspace/.derivedData/Build/Intermediates.noindex/DateBuilder.build/Debug-appletvos/DateBuilder-t.build/DateBuilder.modulemap /Users/admin/builder/spi-builder-workspace/.derivedData/Build/Intermediates.noindex/GeneratedModuleMaps-appletvos
SwiftDriver DateBuilder normal arm64 com.apple.xcode.tools.swift.compiler (in target 'DateBuilder' from project 'DateBuilder')
    cd /Users/admin/builder/spi-builder-workspace/.swiftpm/xcode
    builtin-SwiftDriver -- /Applications/Xcode-27.0.0-Release.Candidate.app/Contents/Developer/Toolchains/XcodeDefault.xctoolchain/usr/bin/swiftc -parse-as-library -module-name DateBuilder -Onone @/Users/admin/builder/spi-builder-workspace/.derivedData/Build/Intermediates.noindex/DateBuilder.build/Debug-appletvos/DateBuilder-t.build/Objects-normal/arm64/DateBuilder.SwiftFileList -DSWIFT_PACKAGE -DDEBUG -DSWIFT_MODULE_RESOURCE_BUNDLE_UNAVAILABLE -DXcode -plugin-path /Applications/Xcode-27.0.0-Release.Candidate.app/Contents/Developer/Toolchains/XcodeDefault.xctoolchain/usr/lib/swift/host/plugins/testing -enable-experimental-feature DebugDescriptionMacro -sdk /Applications/Xcode-27.0.0-Release.Candidate.app/Contents/Developer/Platforms/AppleTVOS.platform/Developer/SDKs/AppleTVOS27.0.sdk -target arm64-apple-tvos15.0 -g -module-cache-path /Users/admin/builder/spi-builder-workspace/.derivedData/ModuleCache.noindex -Xfrontend -serialize-debugging-options -profile-coverage-mapping -profile-generate -enable-testing -suppress-warnings -index-store-path /Users/admin/builder/spi-builder-workspace/.derivedData/Index.noindex/DataStore -Xcc -D_LIBCPP_HARDENING_MODE\=_LIBCPP_HARDENING_MODE_DEBUG -swift-version 5 -I /Users/admin/builder/spi-builder-workspace/.derivedData/Build/Products/Debug-appletvos -Isystem /Applications/Xcode-27.0.0-Release.Candidate.app/Contents/Developer/Platforms/AppleTVOS.platform/Developer/usr/lib -F /Users/admin/builder/spi-builder-workspace/.derivedData/Build/Products/Debug-appletvos -F /Applications/Xcode-27.0.0-Release.Candidate.app/Contents/Developer/Platforms/AppleTVOS.platform/Developer/Library/Frameworks -F /Applications/Xcode-27.0.0-Release.Candidate.app/Contents/Developer/Platforms/AppleTVOS.platform/Developer/SDKs/AppleTVOS27.0.sdk/Developer/Library/Frameworks -c -j10 -enable-batch-mode -incremental -Xcc -ivfsstatcache -Xcc /Users/admin/builder/spi-builder-workspace/.derivedData/SDKStatCaches.noindex/appletvos27.0-24J360-e829b21a6f8c9b70876ba0858053c044b32bfd8d43560033f8d89884cdb90028.sdkstatcache -output-file-map /Users/admin/builder/spi-builder-workspace/.derivedData/Build/Intermediates.noindex/DateBuilder.build/Debug-appletvos/DateBuilder-t.build/Objects-normal/arm64/DateBuilder-OutputFileMap.json -save-temps -no-color-diagnostics -explicit-module-build -module-cache-path /Users/admin/builder/spi-builder-workspace/.derivedData/Build/Intermediates.noindex/SwiftExplicitPrecompiledModules -clang-scanner-module-cache-path /Users/admin/builder/spi-builder-workspace/.derivedData/ModuleCache.noindex -sdk-module-cache-path /Users/admin/builder/spi-builder-workspace/.derivedData/SDKExplicitPrecompiledModules -emit-dependencies -emit-module -emit-module-path /Users/admin/builder/spi-builder-workspace/.derivedData/Build/Intermediates.noindex/DateBuilder.build/Debug-appletvos/DateBuilder-t.build/Objects-normal/arm64/DateBuilder.swiftmodule -serialize-diagnostics -dependency-scan-serialize-diagnostics-path /Users/admin/builder/spi-builder-workspace/.derivedData/Build/Intermediates.noindex/DateBuilder.build/Debug-appletvos/DateBuilder-t.build/Objects-normal/arm64/DateBuilder-dependency-scan.dia -validate-clang-modules-once -clang-build-session-file /Users/admin/builder/spi-builder-workspace/.derivedData/ModuleCache.noindex/Session.modulevalidation -Xcc -fmodules-prune-interval\=86400 -Xcc -fmodules-prune-after\=345600 -emit-const-values -const-gather-protocols-list /Users/admin/builder/spi-builder-workspace/.derivedData/Build/Intermediates.noindex/DateBuilder.build/Debug-appletvos/DateBuilder-t.build/Objects-normal/arm64/DateBuilder_const_extract_protocols.json -Xcc -I/Users/admin/builder/spi-builder-workspace/.derivedData/Build/Products/Debug-appletvos/include -Xcc -I/Users/admin/builder/spi-builder-workspace/.derivedData/Build/Intermediates.noindex/DateBuilder.build/Debug-appletvos/DateBuilder-t.build/DerivedSources-normal/arm64 -Xcc -I/Users/admin/builder/spi-builder-workspace/.derivedData/Build/Intermediates.noindex/DateBuilder.build/Debug-appletvos/DateBuilder-t.build/DerivedSources/arm64 -Xcc -I/Users/admin/builder/spi-builder-workspace/.derivedData/Build/Intermediates.noindex/DateBuilder.build/Debug-appletvos/DateBuilder-t.build/DerivedSources -Xcc -DSWIFT_PACKAGE -Xcc -DDEBUG\=1 -emit-objc-header -emit-objc-header-path /Users/admin/builder/spi-builder-workspace/.derivedData/Build/Intermediates.noindex/DateBuilder.build/Debug-appletvos/DateBuilder-t.build/Objects-normal/arm64/DateBuilder-Swift.h -working-directory /Users/admin/builder/spi-builder-workspace/.swiftpm/xcode -experimental-emit-module-separately -disable-cmo
SwiftExplicitDependencyGeneratePcm arm64 /Users/admin/builder/spi-builder-workspace/.derivedData/SDKExplicitPrecompiledModules/_AvailabilityInternal-BV2EDDP0MI5QJDDPEEV4D9D3V.pcm
SwiftExplicitDependencyGeneratePcm arm64 /Users/admin/builder/spi-builder-workspace/.derivedData/SDKExplicitPrecompiledModules/_Builtin_stdarg-BO2OCAUYVAXDRVQWQ8ISKGNUQ.pcm
SwiftExplicitDependencyGeneratePcm arm64 /Users/admin/builder/spi-builder-workspace/.derivedData/SDKExplicitPrecompiledModules/_Builtin_float-8ZJAYZ85YBOAOP52Y9H6IUNP3.pcm
SwiftExplicitDependencyGeneratePcm arm64 /Users/admin/builder/spi-builder-workspace/.derivedData/SDKExplicitPrecompiledModules/_Builtin_stdbool-AHRDH5EKLY6D04C5E42F3VCQI.pcm
SwiftExplicitDependencyGeneratePcm arm64 /Users/admin/builder/spi-builder-workspace/.derivedData/SDKExplicitPrecompiledModules/SwiftShims-8N4EXJ4RUJTR8K9OO3CMOH1EP.pcm
SwiftExplicitDependencyGeneratePcm arm64 /Users/admin/builder/spi-builder-workspace/.derivedData/SDKExplicitPrecompiledModules/ptrauth-8X2KEPL7CTRPS40TUB9APHPK6.pcm
SwiftExplicitDependencyGeneratePcm arm64 /Users/admin/builder/spi-builder-workspace/.derivedData/SDKExplicitPrecompiledModules/_Builtin_stddef-9ZJZ6FDEZNKTZU8YLPMFT9RAQ.pcm
SwiftExplicitDependencyGeneratePcm arm64 /Users/admin/builder/spi-builder-workspace/.derivedData/SDKExplicitPrecompiledModules/ptrcheck-2AZ6B5IBYD3RRRTFWN2ONASY3.pcm
SwiftExplicitDependencyGeneratePcm arm64 /Users/admin/builder/spi-builder-workspace/.derivedData/SDKExplicitPrecompiledModules/_SwiftConcurrencyShims-BY5PD8KF1L5KF6F4Q69HE3TJ4.pcm
SwiftExplicitDependencyGeneratePcm arm64 /Users/admin/builder/spi-builder-workspace/.derivedData/SDKExplicitPrecompiledModules/_DarwinFoundation1-JOTYMOA1YZCIJ2NON6FQ848O.pcm
SwiftExplicitDependencyGeneratePcm arm64 /Users/admin/builder/spi-builder-workspace/.derivedData/SDKExplicitPrecompiledModules/_DarwinFoundation2-AOGAN1O02NKXRJN5V73AV3V3M.pcm
SwiftExplicitDependencyGeneratePcm arm64 /Users/admin/builder/spi-builder-workspace/.derivedData/SDKExplicitPrecompiledModules/_Builtin_limits-7JU2HP127LIT1X9E2V3D8WZ1.pcm
SwiftExplicitDependencyGeneratePcm arm64 /Users/admin/builder/spi-builder-workspace/.derivedData/SDKExplicitPrecompiledModules/_Builtin_stdint-6NFTB6IBKS143IVPGT1EKB7HO.pcm
SwiftExplicitDependencyGeneratePcm arm64 /Users/admin/builder/spi-builder-workspace/.derivedData/SDKExplicitPrecompiledModules/sys_types-8GCAV1YMG5UUGHUID3CA20TCH.pcm
SwiftExplicitDependencyGeneratePcm arm64 /Users/admin/builder/spi-builder-workspace/.derivedData/SDKExplicitPrecompiledModules/string_h-6EVHP7A717OUS5DMC78F79HWO.pcm
SwiftExplicitDependencyGeneratePcm arm64 /Users/admin/builder/spi-builder-workspace/.derivedData/SDKExplicitPrecompiledModules/_DarwinFoundation3-8SR3855WDFHQPR6G9GHOI2C07.pcm
SwiftExplicitDependencyGeneratePcm arm64 /Users/admin/builder/spi-builder-workspace/.derivedData/SDKExplicitPrecompiledModules/_Builtin_inttypes-6X1IQ3QK9KEVKXOK9Y79EW7J3.pcm
SwiftExplicitDependencyGeneratePcm arm64 /Users/admin/builder/spi-builder-workspace/.derivedData/SDKExplicitPrecompiledModules/Darwin-DBSQAVBBPC3D2OMU5ZI2RXMST.pcm
SwiftExplicitDependencyGeneratePcm arm64 /Users/admin/builder/spi-builder-workspace/.derivedData/SDKExplicitPrecompiledModules/ObjectiveC-5250FDCE56N8508OR6XUYDKZM.pcm
SwiftExplicitDependencyGeneratePcm arm64 /Users/admin/builder/spi-builder-workspace/.derivedData/SDKExplicitPrecompiledModules/os_object-E2DGZ0SX0TULQHULZRPO6OKNW.pcm
SwiftExplicitDependencyGeneratePcm arm64 /Users/admin/builder/spi-builder-workspace/.derivedData/SDKExplicitPrecompiledModules/os_workgroup-DBUFF7811DKMX7VPBOJPGGF1U.pcm
SwiftExplicitDependencyGeneratePcm arm64 /Users/admin/builder/spi-builder-workspace/.derivedData/SDKExplicitPrecompiledModules/Dispatch-1QL58A0V50C39KVAIC6C38SHL.pcm
SwiftExplicitDependencyGeneratePcm arm64 /Users/admin/builder/spi-builder-workspace/.derivedData/SDKExplicitPrecompiledModules/XPC-6O2DJFT3QUJ7QKTD3SNUB6PCR.pcm
SwiftExplicitDependencyGeneratePcm arm64 /Users/admin/builder/spi-builder-workspace/.derivedData/SDKExplicitPrecompiledModules/CoreFoundation-7TPJ7ENDC4L1A1ESHYI9TXS0D.pcm
SwiftExplicitDependencyGeneratePcm arm64 /Users/admin/builder/spi-builder-workspace/.derivedData/SDKExplicitPrecompiledModules/CFNetwork-2CUR2VK9S3S3WPFXPNXNUWYGN.pcm
SwiftExplicitDependencyGeneratePcm arm64 /Users/admin/builder/spi-builder-workspace/.derivedData/SDKExplicitPrecompiledModules/Security-8VMXEKVDA3MHUH9AOTP905DID.pcm
SwiftExplicitDependencyGeneratePcm arm64 /Users/admin/builder/spi-builder-workspace/.derivedData/SDKExplicitPrecompiledModules/Foundation-BSSIP64DIGUKMAYJOG1WPQ78X.pcm
SwiftEmitModule normal arm64 Emitting\ module\ for\ DateBuilder (in target 'DateBuilder' from project 'DateBuilder')
SwiftCompile normal arm64 (in target 'DateBuilder' from project 'DateBuilder')
    cd /Users/admin/builder/spi-builder-workspace/.swiftpm/xcode

SwiftCompile normal arm64 Compiling\ DateBuilder.swift /Users/admin/builder/spi-builder-workspace/.dependencies/checkouts/DateBuilder/Sources/DateBuilder/DateBuilder.swift (in target 'DateBuilder' from project 'DateBuilder')
SwiftCompile normal arm64 /Users/admin/builder/spi-builder-workspace/.dependencies/checkouts/DateBuilder/Sources/DateBuilder/DateBuilder.swift (in target 'DateBuilder' from project 'DateBuilder')
    cd /Users/admin/builder/spi-builder-workspace/.swiftpm/xcode
    builtin-SwiftPerFileCompile DateBuilder.swift
SwiftDriverJobDiscovery normal arm64 Emitting module for DateBuilder (in target 'DateBuilder' from project 'DateBuilder')
SwiftDriver\ Compilation\ Requirements DateBuilder normal arm64 com.apple.xcode.tools.swift.compiler (in target 'DateBuilder' from project 'DateBuilder')
    cd /Users/admin/builder/spi-builder-workspace/.swiftpm/xcode
    builtin-Swift-Compilation-Requirements -- /Applications/Xcode-27.0.0-Release.Candidate.app/Contents/Developer/Toolchains/XcodeDefault.xctoolchain/usr/bin/swiftc -parse-as-library -module-name DateBuilder -Onone @/Users/admin/builder/spi-builder-workspace/.derivedData/Build/Intermediates.noindex/DateBuilder.build/Debug-appletvos/DateBuilder-t.build/Objects-normal/arm64/DateBuilder.SwiftFileList -DSWIFT_PACKAGE -DDEBUG -DSWIFT_MODULE_RESOURCE_BUNDLE_UNAVAILABLE -DXcode -plugin-path /Applications/Xcode-27.0.0-Release.Candidate.app/Contents/Developer/Toolchains/XcodeDefault.xctoolchain/usr/lib/swift/host/plugins/testing -enable-experimental-feature DebugDescriptionMacro -sdk /Applications/Xcode-27.0.0-Release.Candidate.app/Contents/Developer/Platforms/AppleTVOS.platform/Developer/SDKs/AppleTVOS27.0.sdk -target arm64-apple-tvos15.0 -g -module-cache-path /Users/admin/builder/spi-builder-workspace/.derivedData/ModuleCache.noindex -Xfrontend -serialize-debugging-options -profile-coverage-mapping -profile-generate -enable-testing -suppress-warnings -index-store-path /Users/admin/builder/spi-builder-workspace/.derivedData/Index.noindex/DataStore -Xcc -D_LIBCPP_HARDENING_MODE\=_LIBCPP_HARDENING_MODE_DEBUG -swift-version 5 -I /Users/admin/builder/spi-builder-workspace/.derivedData/Build/Products/Debug-appletvos -Isystem /Applications/Xcode-27.0.0-Release.Candidate.app/Contents/Developer/Platforms/AppleTVOS.platform/Developer/usr/lib -F /Users/admin/builder/spi-builder-workspace/.derivedData/Build/Products/Debug-appletvos -F /Applications/Xcode-27.0.0-Release.Candidate.app/Contents/Developer/Platforms/AppleTVOS.platform/Developer/Library/Frameworks -F /Applications/Xcode-27.0.0-Release.Candidate.app/Contents/Developer/Platforms/AppleTVOS.platform/Developer/SDKs/AppleTVOS27.0.sdk/Developer/Library/Frameworks -c -j10 -enable-batch-mode -incremental -Xcc -ivfsstatcache -Xcc /Users/admin/builder/spi-builder-workspace/.derivedData/SDKStatCaches.noindex/appletvos27.0-24J360-e829b21a6f8c9b70876ba0858053c044b32bfd8d43560033f8d89884cdb90028.sdkstatcache -output-file-map /Users/admin/builder/spi-builder-workspace/.derivedData/Build/Intermediates.noindex/DateBuilder.build/Debug-appletvos/DateBuilder-t.build/Objects-normal/arm64/DateBuilder-OutputFileMap.json -save-temps -no-color-diagnostics -explicit-module-build -module-cache-path /Users/admin/builder/spi-builder-workspace/.derivedData/Build/Intermediates.noindex/SwiftExplicitPrecompiledModules -clang-scanner-module-cache-path /Users/admin/builder/spi-builder-workspace/.derivedData/ModuleCache.noindex -sdk-module-cache-path /Users/admin/builder/spi-builder-workspace/.derivedData/SDKExplicitPrecompiledModules -emit-dependencies -emit-module -emit-module-path /Users/admin/builder/spi-builder-workspace/.derivedData/Build/Intermediates.noindex/DateBuilder.build/Debug-appletvos/DateBuilder-t.build/Objects-normal/arm64/DateBuilder.swiftmodule -serialize-diagnostics -dependency-scan-serialize-diagnostics-path /Users/admin/builder/spi-builder-workspace/.derivedData/Build/Intermediates.noindex/DateBuilder.build/Debug-appletvos/DateBuilder-t.build/Objects-normal/arm64/DateBuilder-dependency-scan.dia -validate-clang-modules-once -clang-build-session-file /Users/admin/builder/spi-builder-workspace/.derivedData/ModuleCache.noindex/Session.modulevalidation -Xcc -fmodules-prune-interval\=86400 -Xcc -fmodules-prune-after\=345600 -emit-const-values -const-gather-protocols-list /Users/admin/builder/spi-builder-workspace/.derivedData/Build/Intermediates.noindex/DateBuilder.build/Debug-appletvos/DateBuilder-t.build/Objects-normal/arm64/DateBuilder_const_extract_protocols.json -Xcc -I/Users/admin/builder/spi-builder-workspace/.derivedData/Build/Products/Debug-appletvos/include -Xcc -I/Users/admin/builder/spi-builder-workspace/.derivedData/Build/Intermediates.noindex/DateBuilder.build/Debug-appletvos/DateBuilder-t.build/DerivedSources-normal/arm64 -Xcc -I/Users/admin/builder/spi-builder-workspace/.derivedData/Build/Intermediates.noindex/DateBuilder.build/Debug-appletvos/DateBuilder-t.build/DerivedSources/arm64 -Xcc -I/Users/admin/builder/spi-builder-workspace/.derivedData/Build/Intermediates.noindex/DateBuilder.build/Debug-appletvos/DateBuilder-t.build/DerivedSources -Xcc -DSWIFT_PACKAGE -Xcc -DDEBUG\=1 -emit-objc-header -emit-objc-header-path /Users/admin/builder/spi-builder-workspace/.derivedData/Build/Intermediates.noindex/DateBuilder.build/Debug-appletvos/DateBuilder-t.build/Objects-normal/arm64/DateBuilder-Swift.h -working-directory /Users/admin/builder/spi-builder-workspace/.swiftpm/xcode -experimental-emit-module-separately -disable-cmo
SwiftMergeGeneratedHeaders /Users/admin/builder/spi-builder-workspace/.derivedData/Build/Intermediates.noindex/GeneratedModuleMaps-appletvos/DateBuilder-Swift.h /Users/admin/builder/spi-builder-workspace/.derivedData/Build/Intermediates.noindex/DateBuilder.build/Debug-appletvos/DateBuilder-t.build/Objects-normal/arm64/DateBuilder-Swift.h (in target 'DateBuilder' from project 'DateBuilder')
    cd /Users/admin/builder/spi-builder-workspace/.dependencies/checkouts/DateBuilder
    builtin-swiftHeaderTool -arch arm64 /Users/admin/builder/spi-builder-workspace/.derivedData/Build/Intermediates.noindex/DateBuilder.build/Debug-appletvos/DateBuilder-t.build/Objects-normal/arm64/DateBuilder-Swift.h -o /Users/admin/builder/spi-builder-workspace/.derivedData/Build/Intermediates.noindex/GeneratedModuleMaps-appletvos/DateBuilder-Swift.h
Copy /Users/admin/builder/spi-builder-workspace/.derivedData/Build/Products/Debug-appletvos/DateBuilder.swiftmodule/arm64-apple-tvos.swiftmodule /Users/admin/builder/spi-builder-workspace/.derivedData/Build/Intermediates.noindex/DateBuilder.build/Debug-appletvos/DateBuilder-t.build/Objects-normal/arm64/DateBuilder.swiftmodule (in target 'DateBuilder' from project 'DateBuilder')
    cd /Users/admin/builder/spi-builder-workspace/.dependencies/checkouts/DateBuilder
    builtin-copy -exclude .DS_Store -exclude CVS -exclude .svn -exclude .git -exclude .hg -resolve-src-symlinks -rename /Users/admin/builder/spi-builder-workspace/.derivedData/Build/Intermediates.noindex/DateBuilder.build/Debug-appletvos/DateBuilder-t.build/Objects-normal/arm64/DateBuilder.swiftmodule /Users/admin/builder/spi-builder-workspace/.derivedData/Build/Products/Debug-appletvos/DateBuilder.swiftmodule/arm64-apple-tvos.swiftmodule
Copy /Users/admin/builder/spi-builder-workspace/.derivedData/Build/Products/Debug-appletvos/DateBuilder.swiftmodule/arm64-apple-tvos.swiftdoc /Users/admin/builder/spi-builder-workspace/.derivedData/Build/Intermediates.noindex/DateBuilder.build/Debug-appletvos/DateBuilder-t.build/Objects-normal/arm64/DateBuilder.swiftdoc (in target 'DateBuilder' from project 'DateBuilder')
    cd /Users/admin/builder/spi-builder-workspace/.dependencies/checkouts/DateBuilder
    builtin-copy -exclude .DS_Store -exclude CVS -exclude .svn -exclude .git -exclude .hg -resolve-src-symlinks -rename /Users/admin/builder/spi-builder-workspace/.derivedData/Build/Intermediates.noindex/DateBuilder.build/Debug-appletvos/DateBuilder-t.build/Objects-normal/arm64/DateBuilder.swiftdoc /Users/admin/builder/spi-builder-workspace/.derivedData/Build/Products/Debug-appletvos/DateBuilder.swiftmodule/arm64-apple-tvos.swiftdoc
Copy /Users/admin/builder/spi-builder-workspace/.derivedData/Build/Products/Debug-appletvos/DateBuilder.swiftmodule/arm64-apple-tvos.abi.json /Users/admin/builder/spi-builder-workspace/.derivedData/Build/Intermediates.noindex/DateBuilder.build/Debug-appletvos/DateBuilder-t.build/Objects-normal/arm64/DateBuilder.abi.json (in target 'DateBuilder' from project 'DateBuilder')
    cd /Users/admin/builder/spi-builder-workspace/.dependencies/checkouts/DateBuilder
    builtin-copy -exclude .DS_Store -exclude CVS -exclude .svn -exclude .git -exclude .hg -resolve-src-symlinks -rename /Users/admin/builder/spi-builder-workspace/.derivedData/Build/Intermediates.noindex/DateBuilder.build/Debug-appletvos/DateBuilder-t.build/Objects-normal/arm64/DateBuilder.abi.json /Users/admin/builder/spi-builder-workspace/.derivedData/Build/Products/Debug-appletvos/DateBuilder.swiftmodule/arm64-apple-tvos.abi.json
Copy /Users/admin/builder/spi-builder-workspace/.derivedData/Build/Products/Debug-appletvos/DateBuilder.swiftmodule/Project/arm64-apple-tvos.swiftsourceinfo /Users/admin/builder/spi-builder-workspace/.derivedData/Build/Intermediates.noindex/DateBuilder.build/Debug-appletvos/DateBuilder-t.build/Objects-normal/arm64/DateBuilder.swiftsourceinfo (in target 'DateBuilder' from project 'DateBuilder')
    cd /Users/admin/builder/spi-builder-workspace/.dependencies/checkouts/DateBuilder
    builtin-copy -exclude .DS_Store -exclude CVS -exclude .svn -exclude .git -exclude .hg -resolve-src-symlinks -rename /Users/admin/builder/spi-builder-workspace/.derivedData/Build/Intermediates.noindex/DateBuilder.build/Debug-appletvos/DateBuilder-t.build/Objects-normal/arm64/DateBuilder.swiftsourceinfo /Users/admin/builder/spi-builder-workspace/.derivedData/Build/Products/Debug-appletvos/DateBuilder.swiftmodule/Project/arm64-apple-tvos.swiftsourceinfo
SwiftDriver NiceNotifications normal arm64 com.apple.xcode.tools.swift.compiler (in target 'NiceNotifications' from project 'NiceNotifications')
    cd /Users/admin/builder/spi-builder-workspace/.swiftpm/xcode
    builtin-SwiftDriver -- /Applications/Xcode-27.0.0-Release.Candidate.app/Contents/Developer/Toolchains/XcodeDefault.xctoolchain/usr/bin/swiftc -parse-as-library -module-name NiceNotifications -Onone @/Users/admin/builder/spi-builder-workspace/.derivedData/Build/Intermediates.noindex/NiceNotifications.build/Debug-appletvos/NiceNotifications-t.build/Objects-normal/arm64/NiceNotifications.SwiftFileList -DSWIFT_PACKAGE -DDEBUG -DSWIFT_MODULE_RESOURCE_BUNDLE_UNAVAILABLE -DXcode -plugin-path /Applications/Xcode-27.0.0-Release.Candidate.app/Contents/Developer/Toolchains/XcodeDefault.xctoolchain/usr/lib/swift/host/plugins/testing -enable-experimental-feature DebugDescriptionMacro -sdk /Applications/Xcode-27.0.0-Release.Candidate.app/Contents/Developer/Platforms/AppleTVOS.platform/Developer/SDKs/AppleTVOS27.0.sdk -target arm64-apple-tvos15.0 -g -module-cache-path /Users/admin/builder/spi-builder-workspace/.derivedData/ModuleCache.noindex -Xfrontend -serialize-debugging-options -profile-coverage-mapping -profile-generate -enable-testing -index-store-path /Users/admin/builder/spi-builder-workspace/.derivedData/Index.noindex/DataStore -Xcc -D_LIBCPP_HARDENING_MODE\=_LIBCPP_HARDENING_MODE_DEBUG -swift-version 5 -I /Users/admin/builder/spi-builder-workspace/.derivedData/Build/Products/Debug-appletvos -Isystem /Applications/Xcode-27.0.0-Release.Candidate.app/Contents/Developer/Platforms/AppleTVOS.platform/Developer/usr/lib -F /Users/admin/builder/spi-builder-workspace/.derivedData/Build/Products/Debug-appletvos/PackageFrameworks -F /Users/admin/builder/spi-builder-workspace/.derivedData/Build/Products/Debug-appletvos -F /Applications/Xcode-27.0.0-Release.Candidate.app/Contents/Developer/Platforms/AppleTVOS.platform/Developer/Library/Frameworks -F /Applications/Xcode-27.0.0-Release.Candidate.app/Contents/Developer/Platforms/AppleTVOS.platform/Developer/SDKs/AppleTVOS27.0.sdk/Developer/Library/Frameworks -c -j10 -enable-batch-mode -incremental -Xcc -ivfsstatcache -Xcc /Users/admin/builder/spi-builder-workspace/.derivedData/SDKStatCaches.noindex/appletvos27.0-24J360-e829b21a6f8c9b70876ba0858053c044b32bfd8d43560033f8d89884cdb90028.sdkstatcache -output-file-map /Users/admin/builder/spi-builder-workspace/.derivedData/Build/Intermediates.noindex/NiceNotifications.build/Debug-appletvos/NiceNotifications-t.build/Objects-normal/arm64/NiceNotifications-OutputFileMap.json -save-temps -no-color-diagnostics -explicit-module-build -module-cache-path /Users/admin/builder/spi-builder-workspace/.derivedData/Build/Intermediates.noindex/SwiftExplicitPrecompiledModules -clang-scanner-module-cache-path /Users/admin/builder/spi-builder-workspace/.derivedData/ModuleCache.noindex -sdk-module-cache-path /Users/admin/builder/spi-builder-workspace/.derivedData/SDKExplicitPrecompiledModules -emit-dependencies -emit-module -emit-module-path /Users/admin/builder/spi-builder-workspace/.derivedData/Build/Intermediates.noindex/NiceNotifications.build/Debug-appletvos/NiceNotifications-t.build/Objects-normal/arm64/NiceNotifications.swiftmodule -serialize-diagnostics -dependency-scan-serialize-diagnostics-path /Users/admin/builder/spi-builder-workspace/.derivedData/Build/Intermediates.noindex/NiceNotifications.build/Debug-appletvos/NiceNotifications-t.build/Objects-normal/arm64/NiceNotifications-dependency-scan.dia -validate-clang-modules-once -clang-build-session-file /Users/admin/builder/spi-builder-workspace/.derivedData/ModuleCache.noindex/Session.modulevalidation -Xcc -fmodules-prune-interval\=86400 -Xcc -fmodules-prune-after\=345600 -emit-const-values -const-gather-protocols-list /Users/admin/builder/spi-builder-workspace/.derivedData/Build/Intermediates.noindex/NiceNotifications.build/Debug-appletvos/NiceNotifications-t.build/Objects-normal/arm64/NiceNotifications_const_extract_protocols.json -Xcc -I/Users/admin/builder/spi-builder-workspace/.derivedData/Build/Products/Debug-appletvos/include -Xcc -I/Users/admin/builder/spi-builder-workspace/.derivedData/Build/Intermediates.noindex/NiceNotifications.build/Debug-appletvos/NiceNotifications-t.build/DerivedSources-normal/arm64 -Xcc -I/Users/admin/builder/spi-builder-workspace/.derivedData/Build/Intermediates.noindex/NiceNotifications.build/Debug-appletvos/NiceNotifications-t.build/DerivedSources/arm64 -Xcc -I/Users/admin/builder/spi-builder-workspace/.derivedData/Build/Intermediates.noindex/NiceNotifications.build/Debug-appletvos/NiceNotifications-t.build/DerivedSources -Xcc -DSWIFT_PACKAGE -Xcc -DDEBUG\=1 -emit-objc-header -emit-objc-header-path /Users/admin/builder/spi-builder-workspace/.derivedData/Build/Intermediates.noindex/NiceNotifications.build/Debug-appletvos/NiceNotifications-t.build/Objects-normal/arm64/NiceNotifications-Swift.h -working-directory /Users/admin/builder/spi-builder-workspace/.swiftpm/xcode -experimental-emit-module-separately -disable-cmo
/Users/admin/builder/spi-builder-workspace/Sources/NiceNotifications/NiceNotifications.swift:805:2: warning: '@_functionBuilder' has been renamed to '@resultBuilder' (in target 'NiceNotifications' from project 'NiceNotifications')
SwiftExplicitDependencyGeneratePcm arm64 /Users/admin/builder/spi-builder-workspace/.derivedData/SDKExplicitPrecompiledModules/_Builtin_tgmath-7ULT1EUHDHW4OZPSTT33H6QGE.pcm
SwiftExplicitDependencyGeneratePcm arm64 /Users/admin/builder/spi-builder-workspace/.derivedData/SDKExplicitPrecompiledModules/IOSurface-38FJ1CKX9FV2RD97O64Z7QB17.pcm
SwiftExplicitDependencyGeneratePcm arm64 /Users/admin/builder/spi-builder-workspace/.derivedData/SDKExplicitPrecompiledModules/Symbols-B5AU9VM9Y7NU79RLMH13Z4IFM.pcm
SwiftExplicitDependencyGeneratePcm arm64 /Users/admin/builder/spi-builder-workspace/.derivedData/SDKExplicitPrecompiledModules/_Builtin_stdatomic-3YXHN678NGYM3NL9POJ2HVEIF.pcm
SwiftExplicitDependencyGeneratePcm arm64 /Users/admin/builder/spi-builder-workspace/.derivedData/SDKExplicitPrecompiledModules/UIUtilities-6ZFJ1AK4H8IBGEBMYQBWGBYLK.pcm
SwiftExplicitDependencyGeneratePcm arm64 /Users/admin/builder/spi-builder-workspace/.derivedData/SDKExplicitPrecompiledModules/UserNotifications-E9ZW5TH066WIJWH9080RC5NG4.pcm
SwiftExplicitDependencyGeneratePcm arm64 /Users/admin/builder/spi-builder-workspace/.derivedData/SDKExplicitPrecompiledModules/_Builtin_intrinsics-437O2R2NID4WAQVENR63GR82C.pcm
SwiftExplicitDependencyGeneratePcm arm64 /Users/admin/builder/spi-builder-workspace/.derivedData/SDKExplicitPrecompiledModules/UniformTypeIdentifiers-95CC8U42ZA9STP5K6GP9ZVJS5.pcm
SwiftExplicitDependencyGeneratePcm arm64 /Users/admin/builder/spi-builder-workspace/.derivedData/SDKExplicitPrecompiledModules/CoreGraphics-CWSP3J98S2658BYCVL6RP99T3.pcm
SwiftExplicitDependencyGeneratePcm arm64 /Users/admin/builder/spi-builder-workspace/.derivedData/SDKExplicitPrecompiledModules/DeveloperToolsSupport-B1X8RI63V48AJRTH2RK6JAARV.pcm
SwiftExplicitDependencyGeneratePcm arm64 /Users/admin/builder/spi-builder-workspace/.derivedData/SDKExplicitPrecompiledModules/CoreTransferable-7V4O8DATEQ9F7SDNTCW8YWLG3.pcm
SwiftExplicitDependencyGeneratePcm arm64 /Users/admin/builder/spi-builder-workspace/.derivedData/SDKExplicitPrecompiledModules/MachO-EH3F5PJCIZG05NO51CEFSZYPW.pcm
SwiftExplicitDependencyGeneratePcm arm64 /Users/admin/builder/spi-builder-workspace/.derivedData/SDKExplicitPrecompiledModules/_LocationEssentials-ETSJ65FELPWR8WH8G49R1DF2E.pcm
SwiftExplicitDependencyGeneratePcm arm64 /Users/admin/builder/spi-builder-workspace/.derivedData/SDKExplicitPrecompiledModules/DataDetection-37JIYZ2GWDA1L166PP1D9JKAF.pcm
SwiftExplicitDependencyGeneratePcm arm64 /Users/admin/builder/spi-builder-workspace/.derivedData/SDKExplicitPrecompiledModules/Metal-2KYBS7IML1SD788M91YV7Q0CC.pcm
SwiftExplicitDependencyGeneratePcm arm64 /Users/admin/builder/spi-builder-workspace/.derivedData/SDKExplicitPrecompiledModules/OpenGLES-4NY99CNDU9WUNUYEIXSS1QFGE.pcm
SwiftExplicitDependencyGeneratePcm arm64 /Users/admin/builder/spi-builder-workspace/.derivedData/SDKExplicitPrecompiledModules/ImageIO-88D4CLEBD4CLWQKT78PZ6H1O8.pcm
SwiftExplicitDependencyGeneratePcm arm64 /Users/admin/builder/spi-builder-workspace/.derivedData/SDKExplicitPrecompiledModules/CoreText-59NY7PABM0I4V978161FOC04A.pcm
SwiftExplicitDependencyGeneratePcm arm64 /Users/admin/builder/spi-builder-workspace/.derivedData/SDKExplicitPrecompiledModules/Accessibility-B6BODGZ4MQQTY0PBC4SHRP009.pcm
SwiftExplicitDependencyGeneratePcm arm64 /Users/admin/builder/spi-builder-workspace/.derivedData/SDKExplicitPrecompiledModules/CoreLocation-YVXXAOMVX0JH2KO1XTTKTY51.pcm
SwiftExplicitDependencyGeneratePcm arm64 /Users/admin/builder/spi-builder-workspace/.derivedData/SDKExplicitPrecompiledModules/os-3GJI8H0BNAEZPQPQ1V0VVY3FY.pcm
SwiftExplicitDependencyGeneratePcm arm64 /Users/admin/builder/spi-builder-workspace/.derivedData/SDKExplicitPrecompiledModules/simd-117QUXEUT3Z7UQCUYWV2UA228.pcm
SwiftExplicitDependencyGeneratePcm arm64 /Users/admin/builder/spi-builder-workspace/.derivedData/SDKExplicitPrecompiledModules/OSLog-7OT6HHTMY0ZFEQJ095LJZ6NLC.pcm
SwiftExplicitDependencyGeneratePcm arm64 /Users/admin/builder/spi-builder-workspace/.derivedData/SDKExplicitPrecompiledModules/CoreVideo-DPU0PB5X0XLSVA2ETRGI6FJBM.pcm
SwiftExplicitDependencyGeneratePcm arm64 /Users/admin/builder/spi-builder-workspace/.derivedData/SDKExplicitPrecompiledModules/QuartzCore-DJSYAWKXFGVSAK5CQMOB3JSR.pcm
SwiftExplicitDependencyGeneratePcm arm64 /Users/admin/builder/spi-builder-workspace/.derivedData/SDKExplicitPrecompiledModules/CoreImage-7S2AFJ8EIY3DUFYLEAX1JR1QV.pcm
SwiftExplicitDependencyGeneratePcm arm64 /Users/admin/builder/spi-builder-workspace/.derivedData/SDKExplicitPrecompiledModules/SwiftUICore-543QU5V2NHKUFCYFJDKUJ7NYG.pcm
SwiftExplicitDependencyGeneratePcm arm64 /Users/admin/builder/spi-builder-workspace/.derivedData/SDKExplicitPrecompiledModules/UIKit-1TKWN7VC2X6N3ITMRVA2G0EB2.pcm
SwiftExplicitDependencyGeneratePcm arm64 /Users/admin/builder/spi-builder-workspace/.derivedData/SDKExplicitPrecompiledModules/Spatial-7U8NLEFXSB8BR7PJQGVMF5A4Q.pcm
SwiftDriverJobDiscovery normal arm64 Compiling DateBuilder.swift (in target 'DateBuilder' from project 'DateBuilder')
SwiftDriver\ Compilation DateBuilder normal arm64 com.apple.xcode.tools.swift.compiler (in target 'DateBuilder' from project 'DateBuilder')
    cd /Users/admin/builder/spi-builder-workspace/.swiftpm/xcode
    builtin-Swift-Compilation -- /Applications/Xcode-27.0.0-Release.Candidate.app/Contents/Developer/Toolchains/XcodeDefault.xctoolchain/usr/bin/swiftc -parse-as-library -module-name DateBuilder -Onone @/Users/admin/builder/spi-builder-workspace/.derivedData/Build/Intermediates.noindex/DateBuilder.build/Debug-appletvos/DateBuilder-t.build/Objects-normal/arm64/DateBuilder.SwiftFileList -DSWIFT_PACKAGE -DDEBUG -DSWIFT_MODULE_RESOURCE_BUNDLE_UNAVAILABLE -DXcode -plugin-path /Applications/Xcode-27.0.0-Release.Candidate.app/Contents/Developer/Toolchains/XcodeDefault.xctoolchain/usr/lib/swift/host/plugins/testing -enable-experimental-feature DebugDescriptionMacro -sdk /Applications/Xcode-27.0.0-Release.Candidate.app/Contents/Developer/Platforms/AppleTVOS.platform/Developer/SDKs/AppleTVOS27.0.sdk -target arm64-apple-tvos15.0 -g -module-cache-path /Users/admin/builder/spi-builder-workspace/.derivedData/ModuleCache.noindex -Xfrontend -serialize-debugging-options -profile-coverage-mapping -profile-generate -enable-testing -suppress-warnings -index-store-path /Users/admin/builder/spi-builder-workspace/.derivedData/Index.noindex/DataStore -Xcc -D_LIBCPP_HARDENING_MODE\=_LIBCPP_HARDENING_MODE_DEBUG -swift-version 5 -I /Users/admin/builder/spi-builder-workspace/.derivedData/Build/Products/Debug-appletvos -Isystem /Applications/Xcode-27.0.0-Release.Candidate.app/Contents/Developer/Platforms/AppleTVOS.platform/Developer/usr/lib -F /Users/admin/builder/spi-builder-workspace/.derivedData/Build/Products/Debug-appletvos -F /Applications/Xcode-27.0.0-Release.Candidate.app/Contents/Developer/Platforms/AppleTVOS.platform/Developer/Library/Frameworks -F /Applications/Xcode-27.0.0-Release.Candidate.app/Contents/Developer/Platforms/AppleTVOS.platform/Developer/SDKs/AppleTVOS27.0.sdk/Developer/Library/Frameworks -c -j10 -enable-batch-mode -incremental -Xcc -ivfsstatcache -Xcc /Users/admin/builder/spi-builder-workspace/.derivedData/SDKStatCaches.noindex/appletvos27.0-24J360-e829b21a6f8c9b70876ba0858053c044b32bfd8d43560033f8d89884cdb90028.sdkstatcache -output-file-map /Users/admin/builder/spi-builder-workspace/.derivedData/Build/Intermediates.noindex/DateBuilder.build/Debug-appletvos/DateBuilder-t.build/Objects-normal/arm64/DateBuilder-OutputFileMap.json -save-temps -no-color-diagnostics -explicit-module-build -module-cache-path /Users/admin/builder/spi-builder-workspace/.derivedData/Build/Intermediates.noindex/SwiftExplicitPrecompiledModules -clang-scanner-module-cache-path /Users/admin/builder/spi-builder-workspace/.derivedData/ModuleCache.noindex -sdk-module-cache-path /Users/admin/builder/spi-builder-workspace/.derivedData/SDKExplicitPrecompiledModules -emit-dependencies -emit-module -emit-module-path /Users/admin/builder/spi-builder-workspace/.derivedData/Build/Intermediates.noindex/DateBuilder.build/Debug-appletvos/DateBuilder-t.build/Objects-normal/arm64/DateBuilder.swiftmodule -serialize-diagnostics -dependency-scan-serialize-diagnostics-path /Users/admin/builder/spi-builder-workspace/.derivedData/Build/Intermediates.noindex/DateBuilder.build/Debug-appletvos/DateBuilder-t.build/Objects-normal/arm64/DateBuilder-dependency-scan.dia -validate-clang-modules-once -clang-build-session-file /Users/admin/builder/spi-builder-workspace/.derivedData/ModuleCache.noindex/Session.modulevalidation -Xcc -fmodules-prune-interval\=86400 -Xcc -fmodules-prune-after\=345600 -emit-const-values -const-gather-protocols-list /Users/admin/builder/spi-builder-workspace/.derivedData/Build/Intermediates.noindex/DateBuilder.build/Debug-appletvos/DateBuilder-t.build/Objects-normal/arm64/DateBuilder_const_extract_protocols.json -Xcc -I/Users/admin/builder/spi-builder-workspace/.derivedData/Build/Products/Debug-appletvos/include -Xcc -I/Users/admin/builder/spi-builder-workspace/.derivedData/Build/Intermediates.noindex/DateBuilder.build/Debug-appletvos/DateBuilder-t.build/DerivedSources-normal/arm64 -Xcc -I/Users/admin/builder/spi-builder-workspace/.derivedData/Build/Intermediates.noindex/DateBuilder.build/Debug-appletvos/DateBuilder-t.build/DerivedSources/arm64 -Xcc -I/Users/admin/builder/spi-builder-workspace/.derivedData/Build/Intermediates.noindex/DateBuilder.build/Debug-appletvos/DateBuilder-t.build/DerivedSources -Xcc -DSWIFT_PACKAGE -Xcc -DDEBUG\=1 -emit-objc-header -emit-objc-header-path /Users/admin/builder/spi-builder-workspace/.derivedData/Build/Intermediates.noindex/DateBuilder.build/Debug-appletvos/DateBuilder-t.build/Objects-normal/arm64/DateBuilder-Swift.h -working-directory /Users/admin/builder/spi-builder-workspace/.swiftpm/xcode -experimental-emit-module-separately -disable-cmo
Ld /Users/admin/builder/spi-builder-workspace/.derivedData/Build/Products/Debug-appletvos/DateBuilder.o normal (in target 'DateBuilder' from project 'DateBuilder')
    cd /Users/admin/builder/spi-builder-workspace/.dependencies/checkouts/DateBuilder
    /Applications/Xcode-27.0.0-Release.Candidate.app/Contents/Developer/Toolchains/XcodeDefault.xctoolchain/usr/bin/clang -Xlinker -reproducible -target arm64-apple-tvos15.0 -r -isysroot /Applications/Xcode-27.0.0-Release.Candidate.app/Contents/Developer/Platforms/AppleTVOS.platform/Developer/SDKs/AppleTVOS27.0.sdk -O0 -w -Xlinker -no_warn_duplicate_libraries -F/Users/admin/builder/spi-builder-workspace/.derivedData/Build/Intermediates.noindex/EagerLinkingTBDs/Debug-appletvos -F/Users/admin/builder/spi-builder-workspace/.derivedData/Build/Products/Debug-appletvos -iframework /Applications/Xcode-27.0.0-Release.Candidate.app/Contents/Developer/Platforms/AppleTVOS.platform/Developer/Library/Frameworks -iframework /Applications/Xcode-27.0.0-Release.Candidate.app/Contents/Developer/Platforms/AppleTVOS.platform/Developer/SDKs/AppleTVOS27.0.sdk/Developer/Library/Frameworks -filelist /Users/admin/builder/spi-builder-workspace/.derivedData/Build/Intermediates.noindex/DateBuilder.build/Debug-appletvos/DateBuilder-t.build/Objects-normal/arm64/DateBuilder.LinkFileList -nostdlib -Xlinker -object_path_lto -Xlinker /Users/admin/builder/spi-builder-workspace/.derivedData/Build/Intermediates.noindex/DateBuilder.build/Debug-appletvos/DateBuilder-t.build/Objects-normal/arm64/DateBuilder_lto.o -Xlinker -no_deduplicate -Xlinker -debug_variant -Xlinker -dependency_info -Xlinker /Users/admin/builder/spi-builder-workspace/.derivedData/Build/Intermediates.noindex/DateBuilder.build/Debug-appletvos/DateBuilder-t.build/Objects-normal/arm64/DateBuilder_dependency_info.dat -fobjc-link-runtime -L/Applications/Xcode-27.0.0-Release.Candidate.app/Contents/Developer/Toolchains/XcodeDefault.xctoolchain/usr/lib/swift/appletvos -L/usr/lib/swift -Xlinker -add_ast_path -Xlinker /Users/admin/builder/spi-builder-workspace/.derivedData/Build/Intermediates.noindex/DateBuilder.build/Debug-appletvos/DateBuilder-t.build/Objects-normal/arm64/DateBuilder.swiftmodule -o /Users/admin/builder/spi-builder-workspace/.derivedData/Build/Products/Debug-appletvos/DateBuilder.o
ExtractAppIntentsMetadata (in target 'DateBuilder' from project 'DateBuilder')
    cd /Users/admin/builder/spi-builder-workspace/.dependencies/checkouts/DateBuilder
    /Applications/Xcode-27.0.0-Release.Candidate.app/Contents/Developer/Toolchains/XcodeDefault.xctoolchain/usr/bin/appintentsmetadataprocessor --toolchain-dir /var/run/com.apple.security.cryptexd/mnt/com.apple.MobileAsset.MetalToolchain-v27.1.266.1.4COruM/Metal.xctoolchain --module-name DateBuilder --sdk-root /Applications/Xcode-27.0.0-Release.Candidate.app/Contents/Developer/Platforms/AppleTVOS.platform/Developer/SDKs/AppleTVOS27.0.sdk --xcode-version 27A266a --platform-family tvOS --deployment-target 15.0 --bundle-identifier datebuilder.DateBuilder --output /Users/admin/builder/spi-builder-workspace/.derivedData/Build/Products/Debug-appletvos/DateBuilder.appintents --target-triple arm64-apple-tvos15.0 --binary-file /Users/admin/builder/spi-builder-workspace/.derivedData/Build/Products/Debug-appletvos/DateBuilder.o --dependency-file /Users/admin/builder/spi-builder-workspace/.derivedData/Build/Intermediates.noindex/DateBuilder.build/Debug-appletvos/DateBuilder-t.build/Objects-normal/arm64/DateBuilder_dependency_info.dat --stringsdata-file /Users/admin/builder/spi-builder-workspace/.derivedData/Build/Intermediates.noindex/DateBuilder.build/Debug-appletvos/DateBuilder-t.build/Objects-normal/arm64/ExtractedAppShortcutsMetadata.stringsdata --source-file-list /Users/admin/builder/spi-builder-workspace/.derivedData/Build/Intermediates.noindex/DateBuilder.build/Debug-appletvos/DateBuilder-t.build/Objects-normal/arm64/DateBuilder.SwiftFileList --metadata-file-list /Users/admin/builder/spi-builder-workspace/.derivedData/Build/Intermediates.noindex/DateBuilder.build/Debug-appletvos/DateBuilder-t.build/DateBuilder.DependencyMetadataFileList --static-metadata-file-list /Users/admin/builder/spi-builder-workspace/.derivedData/Build/Intermediates.noindex/DateBuilder.build/Debug-appletvos/DateBuilder-t.build/DateBuilder.DependencyStaticMetadataFileList --swift-const-vals-list /Users/admin/builder/spi-builder-workspace/.derivedData/Build/Intermediates.noindex/DateBuilder.build/Debug-appletvos/DateBuilder-t.build/Objects-normal/arm64/DateBuilder.SwiftConstValuesFileList --force --compile-time-extraction --deployment-aware-processing --no-app-shortcuts-localization
2026-09-18 20:41:00.464 appintentsmetadataprocessor[769:4761] Starting appintentsmetadataprocessor export
2026-09-18 20:41:00.566 appintentsmetadataprocessor[769:4761] Extracted no relevant App Intents symbols, skipping writing output
SwiftCompile normal arm64 Compiling\ NotificationPermissionView.swift /Users/admin/builder/spi-builder-workspace/Sources/NiceNotifications/NotificationPermissionView.swift (in target 'NiceNotifications' from project 'NiceNotifications')
SwiftCompile normal arm64 /Users/admin/builder/spi-builder-workspace/Sources/NiceNotifications/NotificationPermissionView.swift (in target 'NiceNotifications' from project 'NiceNotifications')
    cd /Users/admin/builder/spi-builder-workspace/.swiftpm/xcode
    builtin-SwiftPerFileCompile NotificationPermissionView.swift
SwiftCompile normal arm64 Compiling\ NiceNotifications.swift /Users/admin/builder/spi-builder-workspace/Sources/NiceNotifications/NiceNotifications.swift (in target 'NiceNotifications' from project 'NiceNotifications')
SwiftCompile normal arm64 /Users/admin/builder/spi-builder-workspace/Sources/NiceNotifications/NiceNotifications.swift (in target 'NiceNotifications' from project 'NiceNotifications')
    cd /Users/admin/builder/spi-builder-workspace/.swiftpm/xcode
    builtin-SwiftPerFileCompile NiceNotifications.swift
/Users/admin/builder/spi-builder-workspace/Sources/NiceNotifications/NiceNotifications.swift:805:2: warning: '@_functionBuilder' has been renamed to '@resultBuilder'
803 | }
804 |
805 | @_functionBuilder
    |  `- warning: '@_functionBuilder' has been renamed to '@resultBuilder'
806 | public enum TimelineBuilder {
807 |     public typealias Expression = LocalNotifications.NotificationRequest
/Users/admin/builder/spi-builder-workspace/Sources/NiceNotifications/NiceNotifications.swift:87:93: error: 'removeDeliveredNotifications(withIdentifiers:)' is unavailable in tvOS
 85 |     public enum Env {
 86 |         public static var addNotificationRequest = UNUserNotificationCenter.current().add
 87 |         public static var removeDeliveredNotifications = UNUserNotificationCenter.current().removeDeliveredNotifications
    |                                                                                             `- error: 'removeDeliveredNotifications(withIdentifiers:)' is unavailable in tvOS
 88 |         public static var removePendingNotificationRequests = UNUserNotificationCenter.current().removePendingNotificationRequests
 89 |         public static var getPendingNotificationRequests = UNUserNotificationCenter.current().getPendingNotificationRequests
/Applications/Xcode-27.0.0-Release.Candidate.app/Contents/Developer/Platforms/AppleTVOS.platform/Developer/SDKs/AppleTVOS27.0.sdk/System/Library/Frameworks/UserNotifications.framework/Headers/UNUserNotificationCenter.h:74:1: note: 'removeDeliveredNotifications(withIdentifiers:)' has been explicitly marked unavailable here
 72 | // Notifications that have been delivered and remain in Notification Center. Notifications triggered by location cannot be retrieved, but can be removed.
 73 | - (void)getDeliveredNotificationsWithCompletionHandler:(void(^)(NSArray<UNNotification *> *notifications))completionHandler API_UNAVAILABLE(tvos);
 74 | - (void)removeDeliveredNotificationsWithIdentifiers:(NSArray<NSString *> *)identifiers API_UNAVAILABLE(tvos);
    | `- note: 'removeDeliveredNotifications(withIdentifiers:)' has been explicitly marked unavailable here
 75 | - (void)removeAllDeliveredNotifications API_UNAVAILABLE(tvos);
 76 |
/Users/admin/builder/spi-builder-workspace/Sources/NiceNotifications/NiceNotifications.swift:90:90: error: 'getDeliveredNotifications(completionHandler:)' is unavailable in tvOS
 88 |         public static var removePendingNotificationRequests = UNUserNotificationCenter.current().removePendingNotificationRequests
 89 |         public static var getPendingNotificationRequests = UNUserNotificationCenter.current().getPendingNotificationRequests
 90 |         public static var getDeliveredNotifications = UNUserNotificationCenter.current().getDeliveredNotifications
    |                                                                                          `- error: 'getDeliveredNotifications(completionHandler:)' is unavailable in tvOS
 91 |     }
 92 |
/Applications/Xcode-27.0.0-Release.Candidate.app/Contents/Developer/Platforms/AppleTVOS.platform/Developer/SDKs/AppleTVOS27.0.sdk/System/Library/Frameworks/UserNotifications.framework/Headers/UNUserNotificationCenter.h:73:1: note: 'getDeliveredNotifications(completionHandler:)' has been explicitly marked unavailable here
 71 |
 72 | // Notifications that have been delivered and remain in Notification Center. Notifications triggered by location cannot be retrieved, but can be removed.
 73 | - (void)getDeliveredNotificationsWithCompletionHandler:(void(^)(NSArray<UNNotification *> *notifications))completionHandler API_UNAVAILABLE(tvos);
    | `- note: 'getDeliveredNotifications(completionHandler:)' has been explicitly marked unavailable here
 74 | - (void)removeDeliveredNotificationsWithIdentifiers:(NSArray<NSString *> *)identifiers API_UNAVAILABLE(tvos);
 75 | - (void)removeAllDeliveredNotifications API_UNAVAILABLE(tvos);
/Users/admin/builder/spi-builder-workspace/Sources/NiceNotifications/NiceNotifications.swift:677:94: error: 'UNNotificationSound' is unavailable in tvOS
675 |
676 | public extension NotificationsScheduling {
677 |     func schedule(title: String? = nil, subtitle: String? = nil, body: String? = nil, sound: UNNotificationSound? = .default) -> LocalNotifications.NotificationRequest {
    |                                                                                              `- error: 'UNNotificationSound' is unavailable in tvOS
678 |         let content = NotificationContent(title: title, subtitle: subtitle, body: body, sound: sound)
679 |         return self.schedule(with: content)
/Applications/Xcode-27.0.0-Release.Candidate.app/Contents/Developer/Platforms/AppleTVOS.platform/Developer/SDKs/AppleTVOS27.0.sdk/System/Library/Frameworks/UserNotifications.framework/Headers/UNNotificationSound.h:15:12: note: 'UNNotificationSound' has been explicitly marked unavailable here
13 |
14 | API_AVAILABLE(macos(10.14), ios(10.0), watchos(3.0)) API_UNAVAILABLE(tvos)
15 | @interface UNNotificationSound : NSObject <NSCopying, NSSecureCoding>
   |            `- note: 'UNNotificationSound' has been explicitly marked unavailable here
16 |
17 | // The default sound used for notifications.
/Users/admin/builder/spi-builder-workspace/Sources/NiceNotifications/NiceNotifications.swift:730:92: error: 'UNNotificationSound' is unavailable in tvOS
728 |
729 | public final class NotificationContent: UNMutableNotificationContent {
730 |     public init(title: String? = nil, subtitle: String? = nil, body: String? = nil, sound: UNNotificationSound? = .default) {
    |                                                                                            `- error: 'UNNotificationSound' is unavailable in tvOS
731 |         super.init()
732 |         self.title = title ?? ""
/Applications/Xcode-27.0.0-Release.Candidate.app/Contents/Developer/Platforms/AppleTVOS.platform/Developer/SDKs/AppleTVOS27.0.sdk/System/Library/Frameworks/UserNotifications.framework/Headers/UNNotificationSound.h:15:12: note: 'UNNotificationSound' has been explicitly marked unavailable here
13 |
14 | API_AVAILABLE(macos(10.14), ios(10.0), watchos(3.0)) API_UNAVAILABLE(tvos)
15 | @interface UNNotificationSound : NSObject <NSCopying, NSSecureCoding>
   |            `- note: 'UNNotificationSound' has been explicitly marked unavailable here
16 |
17 | // The default sound used for notifications.
/Users/admin/builder/spi-builder-workspace/Sources/NiceNotifications/NiceNotifications.swift:872:105: error: 'UNNotificationAttachment' is unavailable in tvOS
870 | extension UNNotificationAttachment {
871 |     @available(*, deprecated, message: "not available yet")
872 |     private static func create(identifier: String, image: UIImage, options: [NSObject : AnyObject]?) -> UNNotificationAttachment? {
    |                                                                                                         `- error: 'UNNotificationAttachment' is unavailable in tvOS
873 |         let fileManager = FileManager.default
874 |         let tmpSubFolderName = ProcessInfo.processInfo.globallyUniqueString
/Applications/Xcode-27.0.0-Release.Candidate.app/Contents/Developer/Platforms/AppleTVOS.platform/Developer/SDKs/AppleTVOS27.0.sdk/System/Library/Frameworks/UserNotifications.framework/Headers/UNNotificationAttachment.h:13:12: note: 'UNNotificationAttachment' has been explicitly marked unavailable here
11 |
12 | API_AVAILABLE(macos(10.14), ios(10.0), watchos(3.0)) API_UNAVAILABLE(tvos)
13 | @interface UNNotificationAttachment : NSObject <NSCopying, NSSecureCoding>
   |            `- note: 'UNNotificationAttachment' has been explicitly marked unavailable here
14 |
15 | // The identifier of this attachment
SwiftEmitModule normal arm64 Emitting\ module\ for\ NiceNotifications (in target 'NiceNotifications' from project 'NiceNotifications')
/Users/admin/builder/spi-builder-workspace/Sources/NiceNotifications/NiceNotifications.swift:805:2: warning: '@_functionBuilder' has been renamed to '@resultBuilder'
803 | }
804 |
805 | @_functionBuilder
    |  `- warning: '@_functionBuilder' has been renamed to '@resultBuilder'
806 | public enum TimelineBuilder {
807 |     public typealias Expression = LocalNotifications.NotificationRequest
/Users/admin/builder/spi-builder-workspace/Sources/NiceNotifications/NiceNotifications.swift:87:93: error: 'removeDeliveredNotifications(withIdentifiers:)' is unavailable in tvOS
 85 |     public enum Env {
 86 |         public static var addNotificationRequest = UNUserNotificationCenter.current().add
 87 |         public static var removeDeliveredNotifications = UNUserNotificationCenter.current().removeDeliveredNotifications
    |                                                                                             `- error: 'removeDeliveredNotifications(withIdentifiers:)' is unavailable in tvOS
 88 |         public static var removePendingNotificationRequests = UNUserNotificationCenter.current().removePendingNotificationRequests
 89 |         public static var getPendingNotificationRequests = UNUserNotificationCenter.current().getPendingNotificationRequests
/Applications/Xcode-27.0.0-Release.Candidate.app/Contents/Developer/Platforms/AppleTVOS.platform/Developer/SDKs/AppleTVOS27.0.sdk/System/Library/Frameworks/UserNotifications.framework/Headers/UNUserNotificationCenter.h:74:1: note: 'removeDeliveredNotifications(withIdentifiers:)' has been explicitly marked unavailable here
 72 | // Notifications that have been delivered and remain in Notification Center. Notifications triggered by location cannot be retrieved, but can be removed.
 73 | - (void)getDeliveredNotificationsWithCompletionHandler:(void(^)(NSArray<UNNotification *> *notifications))completionHandler API_UNAVAILABLE(tvos);
 74 | - (void)removeDeliveredNotificationsWithIdentifiers:(NSArray<NSString *> *)identifiers API_UNAVAILABLE(tvos);
    | `- note: 'removeDeliveredNotifications(withIdentifiers:)' has been explicitly marked unavailable here
 75 | - (void)removeAllDeliveredNotifications API_UNAVAILABLE(tvos);
 76 |
/Users/admin/builder/spi-builder-workspace/Sources/NiceNotifications/NiceNotifications.swift:90:90: error: 'getDeliveredNotifications(completionHandler:)' is unavailable in tvOS
 88 |         public static var removePendingNotificationRequests = UNUserNotificationCenter.current().removePendingNotificationRequests
 89 |         public static var getPendingNotificationRequests = UNUserNotificationCenter.current().getPendingNotificationRequests
 90 |         public static var getDeliveredNotifications = UNUserNotificationCenter.current().getDeliveredNotifications
    |                                                                                          `- error: 'getDeliveredNotifications(completionHandler:)' is unavailable in tvOS
 91 |     }
 92 |
/Applications/Xcode-27.0.0-Release.Candidate.app/Contents/Developer/Platforms/AppleTVOS.platform/Developer/SDKs/AppleTVOS27.0.sdk/System/Library/Frameworks/UserNotifications.framework/Headers/UNUserNotificationCenter.h:73:1: note: 'getDeliveredNotifications(completionHandler:)' has been explicitly marked unavailable here
 71 |
 72 | // Notifications that have been delivered and remain in Notification Center. Notifications triggered by location cannot be retrieved, but can be removed.
 73 | - (void)getDeliveredNotificationsWithCompletionHandler:(void(^)(NSArray<UNNotification *> *notifications))completionHandler API_UNAVAILABLE(tvos);
    | `- note: 'getDeliveredNotifications(completionHandler:)' has been explicitly marked unavailable here
 74 | - (void)removeDeliveredNotificationsWithIdentifiers:(NSArray<NSString *> *)identifiers API_UNAVAILABLE(tvos);
 75 | - (void)removeAllDeliveredNotifications API_UNAVAILABLE(tvos);
/Users/admin/builder/spi-builder-workspace/Sources/NiceNotifications/NiceNotifications.swift:677:94: error: 'UNNotificationSound' is unavailable in tvOS
675 |
676 | public extension NotificationsScheduling {
677 |     func schedule(title: String? = nil, subtitle: String? = nil, body: String? = nil, sound: UNNotificationSound? = .default) -> LocalNotifications.NotificationRequest {
    |                                                                                              `- error: 'UNNotificationSound' is unavailable in tvOS
678 |         let content = NotificationContent(title: title, subtitle: subtitle, body: body, sound: sound)
679 |         return self.schedule(with: content)
/Applications/Xcode-27.0.0-Release.Candidate.app/Contents/Developer/Platforms/AppleTVOS.platform/Developer/SDKs/AppleTVOS27.0.sdk/System/Library/Frameworks/UserNotifications.framework/Headers/UNNotificationSound.h:15:12: note: 'UNNotificationSound' has been explicitly marked unavailable here
13 |
14 | API_AVAILABLE(macos(10.14), ios(10.0), watchos(3.0)) API_UNAVAILABLE(tvos)
15 | @interface UNNotificationSound : NSObject <NSCopying, NSSecureCoding>
   |            `- note: 'UNNotificationSound' has been explicitly marked unavailable here
16 |
17 | // The default sound used for notifications.
/Users/admin/builder/spi-builder-workspace/Sources/NiceNotifications/NiceNotifications.swift:730:92: error: 'UNNotificationSound' is unavailable in tvOS
728 |
729 | public final class NotificationContent: UNMutableNotificationContent {
730 |     public init(title: String? = nil, subtitle: String? = nil, body: String? = nil, sound: UNNotificationSound? = .default) {
    |                                                                                            `- error: 'UNNotificationSound' is unavailable in tvOS
731 |         super.init()
732 |         self.title = title ?? ""
/Applications/Xcode-27.0.0-Release.Candidate.app/Contents/Developer/Platforms/AppleTVOS.platform/Developer/SDKs/AppleTVOS27.0.sdk/System/Library/Frameworks/UserNotifications.framework/Headers/UNNotificationSound.h:15:12: note: 'UNNotificationSound' has been explicitly marked unavailable here
13 |
14 | API_AVAILABLE(macos(10.14), ios(10.0), watchos(3.0)) API_UNAVAILABLE(tvos)
15 | @interface UNNotificationSound : NSObject <NSCopying, NSSecureCoding>
   |            `- note: 'UNNotificationSound' has been explicitly marked unavailable here
16 |
17 | // The default sound used for notifications.
/Users/admin/builder/spi-builder-workspace/Sources/NiceNotifications/NiceNotifications.swift:872:105: error: 'UNNotificationAttachment' is unavailable in tvOS
870 | extension UNNotificationAttachment {
871 |     @available(*, deprecated, message: "not available yet")
872 |     private static func create(identifier: String, image: UIImage, options: [NSObject : AnyObject]?) -> UNNotificationAttachment? {
    |                                                                                                         `- error: 'UNNotificationAttachment' is unavailable in tvOS
873 |         let fileManager = FileManager.default
874 |         let tmpSubFolderName = ProcessInfo.processInfo.globallyUniqueString
/Applications/Xcode-27.0.0-Release.Candidate.app/Contents/Developer/Platforms/AppleTVOS.platform/Developer/SDKs/AppleTVOS27.0.sdk/System/Library/Frameworks/UserNotifications.framework/Headers/UNNotificationAttachment.h:13:12: note: 'UNNotificationAttachment' has been explicitly marked unavailable here
11 |
12 | API_AVAILABLE(macos(10.14), ios(10.0), watchos(3.0)) API_UNAVAILABLE(tvos)
13 | @interface UNNotificationAttachment : NSObject <NSCopying, NSSecureCoding>
   |            `- note: 'UNNotificationAttachment' has been explicitly marked unavailable here
14 |
15 | // The identifier of this attachment
/Users/admin/builder/spi-builder-workspace/Sources/NiceNotifications/NiceNotifications.swift:870:11: error: 'UNNotificationAttachment' is unavailable in tvOS
868 | #endif
869 |
870 | extension UNNotificationAttachment {
    |           `- error: 'UNNotificationAttachment' is unavailable in tvOS
871 |     @available(*, deprecated, message: "not available yet")
872 |     private static func create(identifier: String, image: UIImage, options: [NSObject : AnyObject]?) -> UNNotificationAttachment? {
/Applications/Xcode-27.0.0-Release.Candidate.app/Contents/Developer/Platforms/AppleTVOS.platform/Developer/SDKs/AppleTVOS27.0.sdk/System/Library/Frameworks/UserNotifications.framework/Headers/UNNotificationAttachment.h:13:12: note: 'UNNotificationAttachment' has been explicitly marked unavailable here
11 |
12 | API_AVAILABLE(macos(10.14), ios(10.0), watchos(3.0)) API_UNAVAILABLE(tvos)
13 | @interface UNNotificationAttachment : NSObject <NSCopying, NSSecureCoding>
   |            `- note: 'UNNotificationAttachment' has been explicitly marked unavailable here
14 |
15 | // The identifier of this attachment
Failed frontend command:
/Applications/Xcode-27.0.0-Release.Candidate.app/Contents/Developer/Toolchains/XcodeDefault.xctoolchain/usr/bin/swift-frontend -frontend -emit-module -experimental-skip-non-inlinable-function-bodies-without-types /Users/admin/builder/spi-builder-workspace/Sources/NiceNotifications/NiceNotifications.swift /Users/admin/builder/spi-builder-workspace/Sources/NiceNotifications/NotificationPermissionView.swift -target arm64-apple-tvos15.0 -module-can-import-version UIKit 9127.0.84.1 9127.0.84 -module-can-import-version UserNotifications 1.0.0 1.0.0 -disable-cross-import-overlay-search -swift-module-cross-import UserNotifications /Applications/Xcode-27.0.0-Release.Candidate.app/Contents/Developer/Platforms/AppleTVOS.platform/Developer/SDKs/AppleTVOS.sdk/System/Library/Frameworks/UserNotifications.framework/Modules/UserNotifications.swiftcrossimport/AppIntents.swiftoverlay -load-resolved-plugin /Applications/Xcode-27.0.0-Release.Candidate.app/Contents/Developer/Platforms/AppleTVOS.platform/Developer/usr/lib/swift/host/plugins/libFoundationMacros.dylib\#/Applications/Xcode-27.0.0-Release.Candidate.app/Contents/Developer/Platforms/AppleTVOS.platform/Developer/usr/bin/swift-plugin-server\#FoundationMacros -load-resolved-plugin /Applications/Xcode-27.0.0-Release.Candidate.app/Contents/Developer/Platforms/AppleTVOS.platform/Developer/usr/lib/swift/host/plugins/libObservationMacros.dylib\#/Applications/Xcode-27.0.0-Release.Candidate.app/Contents/Developer/Platforms/AppleTVOS.platform/Developer/usr/bin/swift-plugin-server\#ObservationMacros -load-resolved-plugin /Applications/Xcode-27.0.0-Release.Candidate.app/Contents/Developer/Platforms/AppleTVOS.platform/Developer/usr/lib/swift/host/plugins/libPreviewsMacros.dylib\#/Applications/Xcode-27.0.0-Release.Candidate.app/Contents/Developer/Platforms/AppleTVOS.platform/Developer/usr/bin/swift-plugin-server\#PreviewsMacros -load-resolved-plugin /Applications/Xcode-27.0.0-Release.Candidate.app/Contents/Developer/Platforms/AppleTVOS.platform/Developer/usr/lib/swift/host/plugins/libSwiftMacros.dylib\#/Applications/Xcode-27.0.0-Release.Candidate.app/Contents/Developer/Platforms/AppleTVOS.platform/Developer/usr/bin/swift-plugin-server\#SwiftMacros -load-resolved-plugin /Applications/Xcode-27.0.0-Release.Candidate.app/Contents/Developer/Platforms/AppleTVOS.platform/Developer/usr/lib/swift/host/plugins/libSwiftUIMacros.dylib\#/Applications/Xcode-27.0.0-Release.Candidate.app/Contents/Developer/Platforms/AppleTVOS.platform/Developer/usr/bin/swift-plugin-server\#SwiftUIMacros -disable-implicit-swift-modules -Xcc -fno-implicit-modules -Xcc -fno-implicit-module-maps -explicit-swift-module-map-file /Users/admin/builder/spi-builder-workspace/.derivedData/Build/Intermediates.noindex/NiceNotifications.build/Debug-appletvos/NiceNotifications-t.build/Objects-normal/arm64/NiceNotifications-dependencies-1.json -Xllvm -aarch64-use-tbi -enable-objc-interop -stack-check -sdk /Applications/Xcode-27.0.0-Release.Candidate.app/Contents/Developer/Platforms/AppleTVOS.platform/Developer/SDKs/AppleTVOS27.0.sdk -I /Users/admin/builder/spi-builder-workspace/.derivedData/Build/Products/Debug-appletvos -Isystem /Applications/Xcode-27.0.0-Release.Candidate.app/Contents/Developer/Platforms/AppleTVOS.platform/Developer/usr/lib -F /Users/admin/builder/spi-builder-workspace/.derivedData/Build/Products/Debug-appletvos/PackageFrameworks -F /Users/admin/builder/spi-builder-workspace/.derivedData/Build/Products/Debug-appletvos -F /Applications/Xcode-27.0.0-Release.Candidate.app/Contents/Developer/Platforms/AppleTVOS.platform/Developer/Library/Frameworks -F /Applications/Xcode-27.0.0-Release.Candidate.app/Contents/Developer/Platforms/AppleTVOS.platform/Developer/SDKs/AppleTVOS27.0.sdk/Developer/Library/Frameworks -module-cache-path /Users/admin/builder/spi-builder-workspace/.derivedData/Build/Intermediates.noindex/SwiftExplicitPrecompiledModules -no-color-diagnostics -Xcc -fno-color-diagnostics -enable-testing -g -debug-info-format\=dwarf -dwarf-version\=4 -profile-generate -profile-coverage-mapping -swift-version 5 -Onone -D SWIFT_PACKAGE -D DEBUG -D SWIFT_MODULE_RESOURCE_BUNDLE_UNAVAILABLE -D Xcode -serialize-debugging-options -enable-experimental-feature DebugDescriptionMacro -empty-abi-descriptor -validate-clang-modules-once -clang-build-session-file /Users/admin/builder/spi-builder-workspace/.derivedData/ModuleCache.noindex/Session.modulevalidation -Xcc -working-directory -Xcc /Users/admin/builder/spi-builder-workspace/.swiftpm/xcode -enable-anonymous-context-mangled-names -file-compilation-dir /Users/admin/builder/spi-builder-workspace/.swiftpm/xcode -Xcc -D_LIBCPP_HARDENING_MODE\=_LIBCPP_HARDENING_MODE_DEBUG -Xcc -ivfsstatcache -Xcc /Users/admin/builder/spi-builder-workspace/.derivedData/SDKStatCaches.noindex/appletvos27.0-24J360-e829b21a6f8c9b70876ba0858053c044b32bfd8d43560033f8d89884cdb90028.sdkstatcache -Xcc -fmodules-prune-interval\=86400 -Xcc -fmodules-prune-after\=345600 -Xcc -I/Users/admin/builder/spi-builder-workspace/.derivedData/Build/Products/Debug-appletvos/include -Xcc -I/Users/admin/builder/spi-builder-workspace/.derivedData/Build/Intermediates.noindex/NiceNotifications.build/Debug-appletvos/NiceNotifications-t.build/DerivedSources-normal/arm64 -Xcc -I/Users/admin/builder/spi-builder-workspace/.derivedData/Build/Intermediates.noindex/NiceNotifications.build/Debug-appletvos/NiceNotifications-t.build/DerivedSources/arm64 -Xcc -I/Users/admin/builder/spi-builder-workspace/.derivedData/Build/Intermediates.noindex/NiceNotifications.build/Debug-appletvos/NiceNotifications-t.build/DerivedSources -Xcc -DSWIFT_PACKAGE -Xcc -DDEBUG\=1 -no-auto-bridging-header-chaining -module-name NiceNotifications -const-gather-protocols-file /Users/admin/builder/spi-builder-workspace/.derivedData/Build/Intermediates.noindex/NiceNotifications.build/Debug-appletvos/NiceNotifications-t.build/Objects-normal/arm64/NiceNotifications_const_extract_protocols.json -disable-clang-spi -clang-target arm64-apple-tvos27.0 -target-sdk-version 27.0 -target-sdk-name appletvos27.0 -in-process-plugin-server-path /Applications/Xcode-27.0.0-Release.Candidate.app/Contents/Developer/Toolchains/XcodeDefault.xctoolchain/usr/lib/swift/host/libSwiftInProcPluginServer.dylib -emit-module-doc-path /Users/admin/builder/spi-builder-workspace/.derivedData/Build/Intermediates.noindex/NiceNotifications.build/Debug-appletvos/NiceNotifications-t.build/Objects-normal/arm64/NiceNotifications.swiftdoc -emit-module-source-info-path /Users/admin/builder/spi-builder-workspace/.derivedData/Build/Intermediates.noindex/NiceNotifications.build/Debug-appletvos/NiceNotifications-t.build/Objects-normal/arm64/NiceNotifications.swiftsourceinfo -emit-objc-header-path /Users/admin/builder/spi-builder-workspace/.derivedData/Build/Intermediates.noindex/NiceNotifications.build/Debug-appletvos/NiceNotifications-t.build/Objects-normal/arm64/NiceNotifications-Swift.h -serialize-diagnostics-path /Users/admin/builder/spi-builder-workspace/.derivedData/Build/Intermediates.noindex/NiceNotifications.build/Debug-appletvos/NiceNotifications-t.build/Objects-normal/arm64/NiceNotifications-primary-emit-module.dia -emit-dependencies-path /Users/admin/builder/spi-builder-workspace/.derivedData/Build/Intermediates.noindex/NiceNotifications.build/Debug-appletvos/NiceNotifications-t.build/Objects-normal/arm64/NiceNotifications-primary-emit-module.d -parse-as-library -o /Users/admin/builder/spi-builder-workspace/.derivedData/Build/Intermediates.noindex/NiceNotifications.build/Debug-appletvos/NiceNotifications-t.build/Objects-normal/arm64/NiceNotifications.swiftmodule -emit-abi-descriptor-path /Users/admin/builder/spi-builder-workspace/.derivedData/Build/Intermediates.noindex/NiceNotifications.build/Debug-appletvos/NiceNotifications-t.build/Objects-normal/arm64/NiceNotifications.abi.json
SwiftCompile normal arm64 (in target 'NiceNotifications' from project 'NiceNotifications')
    cd /Users/admin/builder/spi-builder-workspace/.swiftpm/xcode

SwiftDriverJobDiscovery normal arm64 Compiling NotificationPermissionView.swift (in target 'NiceNotifications' from project 'NiceNotifications')
PruneExplicitPrecompiledModules /Users/admin/builder/spi-builder-workspace/.derivedData/Build/Intermediates.noindex/ExplicitPrecompiledModules
PruneExplicitPrecompiledModules /Users/admin/builder/spi-builder-workspace/.derivedData/Build/Intermediates.noindex/SwiftExplicitPrecompiledModules
PruneExplicitPrecompiledModules /Users/admin/builder/spi-builder-workspace/.derivedData/SDKExplicitPrecompiledModules
2026-09-18 20:40:55.756 xcodebuild[686:4373] [MT] IDERunDestination: Supported platforms for the buildables in the current scheme is empty.
** BUILD FAILED **
The following build commands failed:
	SwiftEmitModule normal arm64 Emitting\ module\ for\ NiceNotifications (in target 'NiceNotifications' from project 'NiceNotifications')
	SwiftCompile normal arm64 (in target 'NiceNotifications' from project 'NiceNotifications')
	Building workspace NiceNotifications with scheme NiceNotifications
(3 failures)
Command line invocation:
    /Applications/Xcode-27.0.0-Release.Candidate.app/Contents/Developer/usr/bin/xcodebuild -IDEClonedSourcePackagesDirPathOverride=/Users/admin/builder/spi-builder-workspace/.dependencies -resolvePackageDependencies
Resolve Package Graph
Resolved source packages:
  DateBuilder: https://github.com/dreymonde/DateBuilder @ 0.1.4
  NiceNotifications: /Users/admin/builder/spi-builder-workspace
resolved source packages: DateBuilder, NiceNotifications
2026-09-18 20:41:01.961 xcodebuild[773:4788] [MT] IDERunDestination: Supported platforms for the buildables in the current scheme is empty.
{
  "dependencies" : [
    {
      "identity" : "datebuilder",
      "requirement" : {
        "range" : [
          {
            "lower_bound" : "0.1.3",
            "upper_bound" : "1.0.0"
          }
        ]
      },
      "type" : "sourceControl",
      "url" : "https://github.com/dreymonde/DateBuilder"
    }
  ],
  "manifest_display_name" : "NiceNotifications",
  "name" : "NiceNotifications",
  "path" : "/Users/admin/builder/spi-builder-workspace",
  "platforms" : [
    {
      "name" : "ios",
      "version" : "10.0"
    },
    {
      "name" : "watchos",
      "version" : "3.0"
    },
    {
      "name" : "macos",
      "version" : "10.14"
    }
  ],
  "products" : [
    {
      "name" : "NiceNotifications",
      "targets" : [
        "NiceNotifications"
      ],
      "type" : {
        "library" : [
          "automatic"
        ]
      }
    }
  ],
  "targets" : [
    {
      "c99name" : "NiceNotificationsTests",
      "module_type" : "SwiftTarget",
      "name" : "NiceNotificationsTests",
      "path" : "Tests/NiceNotificationsTests",
      "sources" : [
        "NiceNotificationsTests.swift",
        "XCTestManifests.swift"
      ],
      "target_dependencies" : [
        "NiceNotifications"
      ],
      "type" : "test"
    },
    {
      "c99name" : "NiceNotifications",
      "module_type" : "SwiftTarget",
      "name" : "NiceNotifications",
      "path" : "Sources/NiceNotifications",
      "product_dependencies" : [
        "DateBuilder"
      ],
      "product_memberships" : [
        "NiceNotifications"
      ],
      "sources" : [
        "NiceNotifications.swift",
        "NotificationPermissionView.swift"
      ],
      "type" : "library"
    }
  ],
  "tools_version" : "5.3"
}
{
  "workspace" : {
    "name" : "NiceNotifications",
    "schemes" : [
      "NiceNotifications"
    ]
  }
}
2026-09-18 20:41:03.177 xcodebuild[781:4855] [MT] IDERunDestination: Supported platforms for the buildables in the current scheme is empty.
Running build ...
env DEVELOPER_DIR=/Applications/Xcode-27.0.0-Release.Candidate.app xcrun xcodebuild -IDEClonedSourcePackagesDirPathOverride=$PWD/.dependencies -skipMacroValidation -skipPackagePluginValidation -derivedDataPath $PWD/.derivedData build -scheme NiceNotifications -destination generic/platform=tvOS
Command line invocation:
    /Applications/Xcode-27.0.0-Release.Candidate.app/Contents/Developer/usr/bin/xcodebuild -IDEClonedSourcePackagesDirPathOverride=/Users/admin/builder/spi-builder-workspace/.dependencies -skipMacroValidation -skipPackagePluginValidation -derivedDataPath /Users/admin/builder/spi-builder-workspace/.derivedData build -scheme NiceNotifications -destination generic/platform=tvOS
Resolve Package Graph
Resolved source packages:
  NiceNotifications: /Users/admin/builder/spi-builder-workspace
  DateBuilder: https://github.com/dreymonde/DateBuilder @ 0.1.4
ComputePackagePrebuildTargetDependencyGraph
Prepare packages
CreateBuildRequest
SendProjectDescription
CreateBuildOperation
ComputeTargetDependencyGraph
note: Building targets in dependency order
note: Target dependency graph (4 targets)
    Target 'NiceNotifications-product' in project 'NiceNotifications'
        ➜ Explicit dependency on target 'NiceNotifications' in project 'NiceNotifications'
        ➜ Explicit dependency on target 'DateBuilder-product' in project 'DateBuilder'
    Target 'NiceNotifications' in project 'NiceNotifications'
        ➜ Explicit dependency on target 'DateBuilder-product' in project 'DateBuilder'
    Target 'DateBuilder-product' in project 'DateBuilder'
        ➜ Explicit dependency on target 'DateBuilder' in project 'DateBuilder'
    Target 'DateBuilder' in project 'DateBuilder' (no dependencies)
GatherProvisioningInputs
CreateBuildDescription
ClangStatCache /Applications/Xcode-27.0.0-Release.Candidate.app/Contents/Developer/Toolchains/XcodeDefault.xctoolchain/usr/bin/clang-stat-cache /Applications/Xcode-27.0.0-Release.Candidate.app/Contents/Developer/Platforms/AppleTVOS.platform/Developer/SDKs/AppleTVOS27.0.sdk /Users/admin/builder/spi-builder-workspace/.derivedData/SDKStatCaches.noindex/appletvos27.0-24J360-e829b21a6f8c9b70876ba0858053c044b32bfd8d43560033f8d89884cdb90028.sdkstatcache
    cd /Users/admin/builder/spi-builder-workspace/.swiftpm/xcode
    /Applications/Xcode-27.0.0-Release.Candidate.app/Contents/Developer/Toolchains/XcodeDefault.xctoolchain/usr/bin/clang-stat-cache /Applications/Xcode-27.0.0-Release.Candidate.app/Contents/Developer/Platforms/AppleTVOS.platform/Developer/SDKs/AppleTVOS27.0.sdk -o /Users/admin/builder/spi-builder-workspace/.derivedData/SDKStatCaches.noindex/appletvos27.0-24J360-e829b21a6f8c9b70876ba0858053c044b32bfd8d43560033f8d89884cdb90028.sdkstatcache
SwiftDriver NiceNotifications normal arm64 com.apple.xcode.tools.swift.compiler (in target 'NiceNotifications' from project 'NiceNotifications')
    cd /Users/admin/builder/spi-builder-workspace/.swiftpm/xcode
    builtin-SwiftDriver -- /Applications/Xcode-27.0.0-Release.Candidate.app/Contents/Developer/Toolchains/XcodeDefault.xctoolchain/usr/bin/swiftc -parse-as-library -module-name NiceNotifications -Onone @/Users/admin/builder/spi-builder-workspace/.derivedData/Build/Intermediates.noindex/NiceNotifications.build/Debug-appletvos/NiceNotifications-t.build/Objects-normal/arm64/NiceNotifications.SwiftFileList -DSWIFT_PACKAGE -DDEBUG -DSWIFT_MODULE_RESOURCE_BUNDLE_UNAVAILABLE -DXcode -plugin-path /Applications/Xcode-27.0.0-Release.Candidate.app/Contents/Developer/Toolchains/XcodeDefault.xctoolchain/usr/lib/swift/host/plugins/testing -enable-experimental-feature DebugDescriptionMacro -sdk /Applications/Xcode-27.0.0-Release.Candidate.app/Contents/Developer/Platforms/AppleTVOS.platform/Developer/SDKs/AppleTVOS27.0.sdk -target arm64-apple-tvos15.0 -g -module-cache-path /Users/admin/builder/spi-builder-workspace/.derivedData/ModuleCache.noindex -Xfrontend -serialize-debugging-options -profile-coverage-mapping -profile-generate -enable-testing -index-store-path /Users/admin/builder/spi-builder-workspace/.derivedData/Index.noindex/DataStore -Xcc -D_LIBCPP_HARDENING_MODE\=_LIBCPP_HARDENING_MODE_DEBUG -swift-version 5 -I /Users/admin/builder/spi-builder-workspace/.derivedData/Build/Products/Debug-appletvos -Isystem /Applications/Xcode-27.0.0-Release.Candidate.app/Contents/Developer/Platforms/AppleTVOS.platform/Developer/usr/lib -F /Users/admin/builder/spi-builder-workspace/.derivedData/Build/Products/Debug-appletvos/PackageFrameworks -F /Users/admin/builder/spi-builder-workspace/.derivedData/Build/Products/Debug-appletvos -F /Applications/Xcode-27.0.0-Release.Candidate.app/Contents/Developer/Platforms/AppleTVOS.platform/Developer/Library/Frameworks -F /Applications/Xcode-27.0.0-Release.Candidate.app/Contents/Developer/Platforms/AppleTVOS.platform/Developer/SDKs/AppleTVOS27.0.sdk/Developer/Library/Frameworks -c -j10 -enable-batch-mode -incremental -Xcc -ivfsstatcache -Xcc /Users/admin/builder/spi-builder-workspace/.derivedData/SDKStatCaches.noindex/appletvos27.0-24J360-e829b21a6f8c9b70876ba0858053c044b32bfd8d43560033f8d89884cdb90028.sdkstatcache -output-file-map /Users/admin/builder/spi-builder-workspace/.derivedData/Build/Intermediates.noindex/NiceNotifications.build/Debug-appletvos/NiceNotifications-t.build/Objects-normal/arm64/NiceNotifications-OutputFileMap.json -save-temps -no-color-diagnostics -explicit-module-build -module-cache-path /Users/admin/builder/spi-builder-workspace/.derivedData/Build/Intermediates.noindex/SwiftExplicitPrecompiledModules -clang-scanner-module-cache-path /Users/admin/builder/spi-builder-workspace/.derivedData/ModuleCache.noindex -sdk-module-cache-path /Users/admin/builder/spi-builder-workspace/.derivedData/SDKExplicitPrecompiledModules -emit-dependencies -emit-module -emit-module-path /Users/admin/builder/spi-builder-workspace/.derivedData/Build/Intermediates.noindex/NiceNotifications.build/Debug-appletvos/NiceNotifications-t.build/Objects-normal/arm64/NiceNotifications.swiftmodule -serialize-diagnostics -dependency-scan-serialize-diagnostics-path /Users/admin/builder/spi-builder-workspace/.derivedData/Build/Intermediates.noindex/NiceNotifications.build/Debug-appletvos/NiceNotifications-t.build/Objects-normal/arm64/NiceNotifications-dependency-scan.dia -validate-clang-modules-once -clang-build-session-file /Users/admin/builder/spi-builder-workspace/.derivedData/ModuleCache.noindex/Session.modulevalidation -Xcc -fmodules-prune-interval\=86400 -Xcc -fmodules-prune-after\=345600 -emit-const-values -const-gather-protocols-list /Users/admin/builder/spi-builder-workspace/.derivedData/Build/Intermediates.noindex/NiceNotifications.build/Debug-appletvos/NiceNotifications-t.build/Objects-normal/arm64/NiceNotifications_const_extract_protocols.json -Xcc -I/Users/admin/builder/spi-builder-workspace/.derivedData/Build/Products/Debug-appletvos/include -Xcc -I/Users/admin/builder/spi-builder-workspace/.derivedData/Build/Intermediates.noindex/NiceNotifications.build/Debug-appletvos/NiceNotifications-t.build/DerivedSources-normal/arm64 -Xcc -I/Users/admin/builder/spi-builder-workspace/.derivedData/Build/Intermediates.noindex/NiceNotifications.build/Debug-appletvos/NiceNotifications-t.build/DerivedSources/arm64 -Xcc -I/Users/admin/builder/spi-builder-workspace/.derivedData/Build/Intermediates.noindex/NiceNotifications.build/Debug-appletvos/NiceNotifications-t.build/DerivedSources -Xcc -DSWIFT_PACKAGE -Xcc -DDEBUG\=1 -emit-objc-header -emit-objc-header-path /Users/admin/builder/spi-builder-workspace/.derivedData/Build/Intermediates.noindex/NiceNotifications.build/Debug-appletvos/NiceNotifications-t.build/Objects-normal/arm64/NiceNotifications-Swift.h -working-directory /Users/admin/builder/spi-builder-workspace/.swiftpm/xcode -experimental-emit-module-separately -disable-cmo
/Users/admin/builder/spi-builder-workspace/Sources/NiceNotifications/NiceNotifications.swift:805:2: warning: '@_functionBuilder' has been renamed to '@resultBuilder' (in target 'NiceNotifications' from project 'NiceNotifications')
SwiftCompile normal arm64 Compiling\ NiceNotifications.swift /Users/admin/builder/spi-builder-workspace/Sources/NiceNotifications/NiceNotifications.swift (in target 'NiceNotifications' from project 'NiceNotifications')
SwiftCompile normal arm64 /Users/admin/builder/spi-builder-workspace/Sources/NiceNotifications/NiceNotifications.swift (in target 'NiceNotifications' from project 'NiceNotifications')
    cd /Users/admin/builder/spi-builder-workspace/.swiftpm/xcode
    builtin-SwiftPerFileCompile NiceNotifications.swift
/Users/admin/builder/spi-builder-workspace/Sources/NiceNotifications/NiceNotifications.swift:805:2: warning: '@_functionBuilder' has been renamed to '@resultBuilder'
803 | }
804 |
805 | @_functionBuilder
    |  `- warning: '@_functionBuilder' has been renamed to '@resultBuilder'
806 | public enum TimelineBuilder {
807 |     public typealias Expression = LocalNotifications.NotificationRequest
/Users/admin/builder/spi-builder-workspace/Sources/NiceNotifications/NiceNotifications.swift:87:93: error: 'removeDeliveredNotifications(withIdentifiers:)' is unavailable in tvOS
 85 |     public enum Env {
 86 |         public static var addNotificationRequest = UNUserNotificationCenter.current().add
 87 |         public static var removeDeliveredNotifications = UNUserNotificationCenter.current().removeDeliveredNotifications
    |                                                                                             `- error: 'removeDeliveredNotifications(withIdentifiers:)' is unavailable in tvOS
 88 |         public static var removePendingNotificationRequests = UNUserNotificationCenter.current().removePendingNotificationRequests
 89 |         public static var getPendingNotificationRequests = UNUserNotificationCenter.current().getPendingNotificationRequests
/Applications/Xcode-27.0.0-Release.Candidate.app/Contents/Developer/Platforms/AppleTVOS.platform/Developer/SDKs/AppleTVOS27.0.sdk/System/Library/Frameworks/UserNotifications.framework/Headers/UNUserNotificationCenter.h:74:1: note: 'removeDeliveredNotifications(withIdentifiers:)' has been explicitly marked unavailable here
 72 | // Notifications that have been delivered and remain in Notification Center. Notifications triggered by location cannot be retrieved, but can be removed.
 73 | - (void)getDeliveredNotificationsWithCompletionHandler:(void(^)(NSArray<UNNotification *> *notifications))completionHandler API_UNAVAILABLE(tvos);
 74 | - (void)removeDeliveredNotificationsWithIdentifiers:(NSArray<NSString *> *)identifiers API_UNAVAILABLE(tvos);
    | `- note: 'removeDeliveredNotifications(withIdentifiers:)' has been explicitly marked unavailable here
 75 | - (void)removeAllDeliveredNotifications API_UNAVAILABLE(tvos);
 76 |
/Users/admin/builder/spi-builder-workspace/Sources/NiceNotifications/NiceNotifications.swift:90:90: error: 'getDeliveredNotifications(completionHandler:)' is unavailable in tvOS
 88 |         public static var removePendingNotificationRequests = UNUserNotificationCenter.current().removePendingNotificationRequests
 89 |         public static var getPendingNotificationRequests = UNUserNotificationCenter.current().getPendingNotificationRequests
 90 |         public static var getDeliveredNotifications = UNUserNotificationCenter.current().getDeliveredNotifications
    |                                                                                          `- error: 'getDeliveredNotifications(completionHandler:)' is unavailable in tvOS
 91 |     }
 92 |
/Applications/Xcode-27.0.0-Release.Candidate.app/Contents/Developer/Platforms/AppleTVOS.platform/Developer/SDKs/AppleTVOS27.0.sdk/System/Library/Frameworks/UserNotifications.framework/Headers/UNUserNotificationCenter.h:73:1: note: 'getDeliveredNotifications(completionHandler:)' has been explicitly marked unavailable here
 71 |
 72 | // Notifications that have been delivered and remain in Notification Center. Notifications triggered by location cannot be retrieved, but can be removed.
 73 | - (void)getDeliveredNotificationsWithCompletionHandler:(void(^)(NSArray<UNNotification *> *notifications))completionHandler API_UNAVAILABLE(tvos);
    | `- note: 'getDeliveredNotifications(completionHandler:)' has been explicitly marked unavailable here
 74 | - (void)removeDeliveredNotificationsWithIdentifiers:(NSArray<NSString *> *)identifiers API_UNAVAILABLE(tvos);
 75 | - (void)removeAllDeliveredNotifications API_UNAVAILABLE(tvos);
/Users/admin/builder/spi-builder-workspace/Sources/NiceNotifications/NiceNotifications.swift:677:94: error: 'UNNotificationSound' is unavailable in tvOS
675 |
676 | public extension NotificationsScheduling {
677 |     func schedule(title: String? = nil, subtitle: String? = nil, body: String? = nil, sound: UNNotificationSound? = .default) -> LocalNotifications.NotificationRequest {
    |                                                                                              `- error: 'UNNotificationSound' is unavailable in tvOS
678 |         let content = NotificationContent(title: title, subtitle: subtitle, body: body, sound: sound)
679 |         return self.schedule(with: content)
/Applications/Xcode-27.0.0-Release.Candidate.app/Contents/Developer/Platforms/AppleTVOS.platform/Developer/SDKs/AppleTVOS27.0.sdk/System/Library/Frameworks/UserNotifications.framework/Headers/UNNotificationSound.h:15:12: note: 'UNNotificationSound' has been explicitly marked unavailable here
13 |
14 | API_AVAILABLE(macos(10.14), ios(10.0), watchos(3.0)) API_UNAVAILABLE(tvos)
15 | @interface UNNotificationSound : NSObject <NSCopying, NSSecureCoding>
   |            `- note: 'UNNotificationSound' has been explicitly marked unavailable here
16 |
17 | // The default sound used for notifications.
/Users/admin/builder/spi-builder-workspace/Sources/NiceNotifications/NiceNotifications.swift:730:92: error: 'UNNotificationSound' is unavailable in tvOS
728 |
729 | public final class NotificationContent: UNMutableNotificationContent {
730 |     public init(title: String? = nil, subtitle: String? = nil, body: String? = nil, sound: UNNotificationSound? = .default) {
    |                                                                                            `- error: 'UNNotificationSound' is unavailable in tvOS
731 |         super.init()
732 |         self.title = title ?? ""
/Applications/Xcode-27.0.0-Release.Candidate.app/Contents/Developer/Platforms/AppleTVOS.platform/Developer/SDKs/AppleTVOS27.0.sdk/System/Library/Frameworks/UserNotifications.framework/Headers/UNNotificationSound.h:15:12: note: 'UNNotificationSound' has been explicitly marked unavailable here
13 |
14 | API_AVAILABLE(macos(10.14), ios(10.0), watchos(3.0)) API_UNAVAILABLE(tvos)
15 | @interface UNNotificationSound : NSObject <NSCopying, NSSecureCoding>
   |            `- note: 'UNNotificationSound' has been explicitly marked unavailable here
16 |
17 | // The default sound used for notifications.
/Users/admin/builder/spi-builder-workspace/Sources/NiceNotifications/NiceNotifications.swift:872:105: error: 'UNNotificationAttachment' is unavailable in tvOS
870 | extension UNNotificationAttachment {
871 |     @available(*, deprecated, message: "not available yet")
872 |     private static func create(identifier: String, image: UIImage, options: [NSObject : AnyObject]?) -> UNNotificationAttachment? {
    |                                                                                                         `- error: 'UNNotificationAttachment' is unavailable in tvOS
873 |         let fileManager = FileManager.default
874 |         let tmpSubFolderName = ProcessInfo.processInfo.globallyUniqueString
/Applications/Xcode-27.0.0-Release.Candidate.app/Contents/Developer/Platforms/AppleTVOS.platform/Developer/SDKs/AppleTVOS27.0.sdk/System/Library/Frameworks/UserNotifications.framework/Headers/UNNotificationAttachment.h:13:12: note: 'UNNotificationAttachment' has been explicitly marked unavailable here
11 |
12 | API_AVAILABLE(macos(10.14), ios(10.0), watchos(3.0)) API_UNAVAILABLE(tvos)
13 | @interface UNNotificationAttachment : NSObject <NSCopying, NSSecureCoding>
   |            `- note: 'UNNotificationAttachment' has been explicitly marked unavailable here
14 |
15 | // The identifier of this attachment
SwiftEmitModule normal arm64 Emitting\ module\ for\ NiceNotifications (in target 'NiceNotifications' from project 'NiceNotifications')
/Users/admin/builder/spi-builder-workspace/Sources/NiceNotifications/NiceNotifications.swift:805:2: warning: '@_functionBuilder' has been renamed to '@resultBuilder'
803 | }
804 |
805 | @_functionBuilder
    |  `- warning: '@_functionBuilder' has been renamed to '@resultBuilder'
806 | public enum TimelineBuilder {
807 |     public typealias Expression = LocalNotifications.NotificationRequest
/Users/admin/builder/spi-builder-workspace/Sources/NiceNotifications/NiceNotifications.swift:87:93: error: 'removeDeliveredNotifications(withIdentifiers:)' is unavailable in tvOS
 85 |     public enum Env {
 86 |         public static var addNotificationRequest = UNUserNotificationCenter.current().add
 87 |         public static var removeDeliveredNotifications = UNUserNotificationCenter.current().removeDeliveredNotifications
    |                                                                                             `- error: 'removeDeliveredNotifications(withIdentifiers:)' is unavailable in tvOS
 88 |         public static var removePendingNotificationRequests = UNUserNotificationCenter.current().removePendingNotificationRequests
 89 |         public static var getPendingNotificationRequests = UNUserNotificationCenter.current().getPendingNotificationRequests
/Applications/Xcode-27.0.0-Release.Candidate.app/Contents/Developer/Platforms/AppleTVOS.platform/Developer/SDKs/AppleTVOS27.0.sdk/System/Library/Frameworks/UserNotifications.framework/Headers/UNUserNotificationCenter.h:74:1: note: 'removeDeliveredNotifications(withIdentifiers:)' has been explicitly marked unavailable here
 72 | // Notifications that have been delivered and remain in Notification Center. Notifications triggered by location cannot be retrieved, but can be removed.
 73 | - (void)getDeliveredNotificationsWithCompletionHandler:(void(^)(NSArray<UNNotification *> *notifications))completionHandler API_UNAVAILABLE(tvos);
 74 | - (void)removeDeliveredNotificationsWithIdentifiers:(NSArray<NSString *> *)identifiers API_UNAVAILABLE(tvos);
    | `- note: 'removeDeliveredNotifications(withIdentifiers:)' has been explicitly marked unavailable here
 75 | - (void)removeAllDeliveredNotifications API_UNAVAILABLE(tvos);
 76 |
/Users/admin/builder/spi-builder-workspace/Sources/NiceNotifications/NiceNotifications.swift:90:90: error: 'getDeliveredNotifications(completionHandler:)' is unavailable in tvOS
 88 |         public static var removePendingNotificationRequests = UNUserNotificationCenter.current().removePendingNotificationRequests
 89 |         public static var getPendingNotificationRequests = UNUserNotificationCenter.current().getPendingNotificationRequests
 90 |         public static var getDeliveredNotifications = UNUserNotificationCenter.current().getDeliveredNotifications
    |                                                                                          `- error: 'getDeliveredNotifications(completionHandler:)' is unavailable in tvOS
 91 |     }
 92 |
/Applications/Xcode-27.0.0-Release.Candidate.app/Contents/Developer/Platforms/AppleTVOS.platform/Developer/SDKs/AppleTVOS27.0.sdk/System/Library/Frameworks/UserNotifications.framework/Headers/UNUserNotificationCenter.h:73:1: note: 'getDeliveredNotifications(completionHandler:)' has been explicitly marked unavailable here
 71 |
 72 | // Notifications that have been delivered and remain in Notification Center. Notifications triggered by location cannot be retrieved, but can be removed.
 73 | - (void)getDeliveredNotificationsWithCompletionHandler:(void(^)(NSArray<UNNotification *> *notifications))completionHandler API_UNAVAILABLE(tvos);
    | `- note: 'getDeliveredNotifications(completionHandler:)' has been explicitly marked unavailable here
 74 | - (void)removeDeliveredNotificationsWithIdentifiers:(NSArray<NSString *> *)identifiers API_UNAVAILABLE(tvos);
 75 | - (void)removeAllDeliveredNotifications API_UNAVAILABLE(tvos);
/Users/admin/builder/spi-builder-workspace/Sources/NiceNotifications/NiceNotifications.swift:677:94: error: 'UNNotificationSound' is unavailable in tvOS
675 |
676 | public extension NotificationsScheduling {
677 |     func schedule(title: String? = nil, subtitle: String? = nil, body: String? = nil, sound: UNNotificationSound? = .default) -> LocalNotifications.NotificationRequest {
    |                                                                                              `- error: 'UNNotificationSound' is unavailable in tvOS
678 |         let content = NotificationContent(title: title, subtitle: subtitle, body: body, sound: sound)
679 |         return self.schedule(with: content)
/Applications/Xcode-27.0.0-Release.Candidate.app/Contents/Developer/Platforms/AppleTVOS.platform/Developer/SDKs/AppleTVOS27.0.sdk/System/Library/Frameworks/UserNotifications.framework/Headers/UNNotificationSound.h:15:12: note: 'UNNotificationSound' has been explicitly marked unavailable here
13 |
14 | API_AVAILABLE(macos(10.14), ios(10.0), watchos(3.0)) API_UNAVAILABLE(tvos)
15 | @interface UNNotificationSound : NSObject <NSCopying, NSSecureCoding>
   |            `- note: 'UNNotificationSound' has been explicitly marked unavailable here
16 |
17 | // The default sound used for notifications.
/Users/admin/builder/spi-builder-workspace/Sources/NiceNotifications/NiceNotifications.swift:730:92: error: 'UNNotificationSound' is unavailable in tvOS
728 |
729 | public final class NotificationContent: UNMutableNotificationContent {
730 |     public init(title: String? = nil, subtitle: String? = nil, body: String? = nil, sound: UNNotificationSound? = .default) {
    |                                                                                            `- error: 'UNNotificationSound' is unavailable in tvOS
731 |         super.init()
732 |         self.title = title ?? ""
/Applications/Xcode-27.0.0-Release.Candidate.app/Contents/Developer/Platforms/AppleTVOS.platform/Developer/SDKs/AppleTVOS27.0.sdk/System/Library/Frameworks/UserNotifications.framework/Headers/UNNotificationSound.h:15:12: note: 'UNNotificationSound' has been explicitly marked unavailable here
13 |
14 | API_AVAILABLE(macos(10.14), ios(10.0), watchos(3.0)) API_UNAVAILABLE(tvos)
15 | @interface UNNotificationSound : NSObject <NSCopying, NSSecureCoding>
   |            `- note: 'UNNotificationSound' has been explicitly marked unavailable here
16 |
17 | // The default sound used for notifications.
/Users/admin/builder/spi-builder-workspace/Sources/NiceNotifications/NiceNotifications.swift:872:105: error: 'UNNotificationAttachment' is unavailable in tvOS
870 | extension UNNotificationAttachment {
871 |     @available(*, deprecated, message: "not available yet")
872 |     private static func create(identifier: String, image: UIImage, options: [NSObject : AnyObject]?) -> UNNotificationAttachment? {
    |                                                                                                         `- error: 'UNNotificationAttachment' is unavailable in tvOS
873 |         let fileManager = FileManager.default
874 |         let tmpSubFolderName = ProcessInfo.processInfo.globallyUniqueString
/Applications/Xcode-27.0.0-Release.Candidate.app/Contents/Developer/Platforms/AppleTVOS.platform/Developer/SDKs/AppleTVOS27.0.sdk/System/Library/Frameworks/UserNotifications.framework/Headers/UNNotificationAttachment.h:13:12: note: 'UNNotificationAttachment' has been explicitly marked unavailable here
11 |
12 | API_AVAILABLE(macos(10.14), ios(10.0), watchos(3.0)) API_UNAVAILABLE(tvos)
13 | @interface UNNotificationAttachment : NSObject <NSCopying, NSSecureCoding>
   |            `- note: 'UNNotificationAttachment' has been explicitly marked unavailable here
14 |
15 | // The identifier of this attachment
/Users/admin/builder/spi-builder-workspace/Sources/NiceNotifications/NiceNotifications.swift:870:11: error: 'UNNotificationAttachment' is unavailable in tvOS
868 | #endif
869 |
870 | extension UNNotificationAttachment {
    |           `- error: 'UNNotificationAttachment' is unavailable in tvOS
871 |     @available(*, deprecated, message: "not available yet")
872 |     private static func create(identifier: String, image: UIImage, options: [NSObject : AnyObject]?) -> UNNotificationAttachment? {
/Applications/Xcode-27.0.0-Release.Candidate.app/Contents/Developer/Platforms/AppleTVOS.platform/Developer/SDKs/AppleTVOS27.0.sdk/System/Library/Frameworks/UserNotifications.framework/Headers/UNNotificationAttachment.h:13:12: note: 'UNNotificationAttachment' has been explicitly marked unavailable here
11 |
12 | API_AVAILABLE(macos(10.14), ios(10.0), watchos(3.0)) API_UNAVAILABLE(tvos)
13 | @interface UNNotificationAttachment : NSObject <NSCopying, NSSecureCoding>
   |            `- note: 'UNNotificationAttachment' has been explicitly marked unavailable here
14 |
15 | // The identifier of this attachment
Failed frontend command:
/Applications/Xcode-27.0.0-Release.Candidate.app/Contents/Developer/Toolchains/XcodeDefault.xctoolchain/usr/bin/swift-frontend -frontend -emit-module -experimental-skip-non-inlinable-function-bodies-without-types /Users/admin/builder/spi-builder-workspace/Sources/NiceNotifications/NiceNotifications.swift /Users/admin/builder/spi-builder-workspace/Sources/NiceNotifications/NotificationPermissionView.swift -target arm64-apple-tvos15.0 -module-can-import-version UIKit 9127.0.84.1 9127.0.84 -module-can-import-version UserNotifications 1.0.0 1.0.0 -disable-cross-import-overlay-search -swift-module-cross-import UserNotifications /Applications/Xcode-27.0.0-Release.Candidate.app/Contents/Developer/Platforms/AppleTVOS.platform/Developer/SDKs/AppleTVOS.sdk/System/Library/Frameworks/UserNotifications.framework/Modules/UserNotifications.swiftcrossimport/AppIntents.swiftoverlay -load-resolved-plugin /Applications/Xcode-27.0.0-Release.Candidate.app/Contents/Developer/Platforms/AppleTVOS.platform/Developer/usr/lib/swift/host/plugins/libFoundationMacros.dylib\#/Applications/Xcode-27.0.0-Release.Candidate.app/Contents/Developer/Platforms/AppleTVOS.platform/Developer/usr/bin/swift-plugin-server\#FoundationMacros -load-resolved-plugin /Applications/Xcode-27.0.0-Release.Candidate.app/Contents/Developer/Platforms/AppleTVOS.platform/Developer/usr/lib/swift/host/plugins/libObservationMacros.dylib\#/Applications/Xcode-27.0.0-Release.Candidate.app/Contents/Developer/Platforms/AppleTVOS.platform/Developer/usr/bin/swift-plugin-server\#ObservationMacros -load-resolved-plugin /Applications/Xcode-27.0.0-Release.Candidate.app/Contents/Developer/Platforms/AppleTVOS.platform/Developer/usr/lib/swift/host/plugins/libPreviewsMacros.dylib\#/Applications/Xcode-27.0.0-Release.Candidate.app/Contents/Developer/Platforms/AppleTVOS.platform/Developer/usr/bin/swift-plugin-server\#PreviewsMacros -load-resolved-plugin /Applications/Xcode-27.0.0-Release.Candidate.app/Contents/Developer/Platforms/AppleTVOS.platform/Developer/usr/lib/swift/host/plugins/libSwiftMacros.dylib\#/Applications/Xcode-27.0.0-Release.Candidate.app/Contents/Developer/Platforms/AppleTVOS.platform/Developer/usr/bin/swift-plugin-server\#SwiftMacros -load-resolved-plugin /Applications/Xcode-27.0.0-Release.Candidate.app/Contents/Developer/Platforms/AppleTVOS.platform/Developer/usr/lib/swift/host/plugins/libSwiftUIMacros.dylib\#/Applications/Xcode-27.0.0-Release.Candidate.app/Contents/Developer/Platforms/AppleTVOS.platform/Developer/usr/bin/swift-plugin-server\#SwiftUIMacros -disable-implicit-swift-modules -Xcc -fno-implicit-modules -Xcc -fno-implicit-module-maps -explicit-swift-module-map-file /Users/admin/builder/spi-builder-workspace/.derivedData/Build/Intermediates.noindex/NiceNotifications.build/Debug-appletvos/NiceNotifications-t.build/Objects-normal/arm64/NiceNotifications-dependencies-1.json -Xllvm -aarch64-use-tbi -enable-objc-interop -stack-check -sdk /Applications/Xcode-27.0.0-Release.Candidate.app/Contents/Developer/Platforms/AppleTVOS.platform/Developer/SDKs/AppleTVOS27.0.sdk -I /Users/admin/builder/spi-builder-workspace/.derivedData/Build/Products/Debug-appletvos -Isystem /Applications/Xcode-27.0.0-Release.Candidate.app/Contents/Developer/Platforms/AppleTVOS.platform/Developer/usr/lib -F /Users/admin/builder/spi-builder-workspace/.derivedData/Build/Products/Debug-appletvos/PackageFrameworks -F /Users/admin/builder/spi-builder-workspace/.derivedData/Build/Products/Debug-appletvos -F /Applications/Xcode-27.0.0-Release.Candidate.app/Contents/Developer/Platforms/AppleTVOS.platform/Developer/Library/Frameworks -F /Applications/Xcode-27.0.0-Release.Candidate.app/Contents/Developer/Platforms/AppleTVOS.platform/Developer/SDKs/AppleTVOS27.0.sdk/Developer/Library/Frameworks -module-cache-path /Users/admin/builder/spi-builder-workspace/.derivedData/Build/Intermediates.noindex/SwiftExplicitPrecompiledModules -no-color-diagnostics -Xcc -fno-color-diagnostics -enable-testing -g -debug-info-format\=dwarf -dwarf-version\=4 -profile-generate -profile-coverage-mapping -swift-version 5 -Onone -D SWIFT_PACKAGE -D DEBUG -D SWIFT_MODULE_RESOURCE_BUNDLE_UNAVAILABLE -D Xcode -serialize-debugging-options -enable-experimental-feature DebugDescriptionMacro -empty-abi-descriptor -validate-clang-modules-once -clang-build-session-file /Users/admin/builder/spi-builder-workspace/.derivedData/ModuleCache.noindex/Session.modulevalidation -Xcc -working-directory -Xcc /Users/admin/builder/spi-builder-workspace/.swiftpm/xcode -enable-anonymous-context-mangled-names -file-compilation-dir /Users/admin/builder/spi-builder-workspace/.swiftpm/xcode -Xcc -D_LIBCPP_HARDENING_MODE\=_LIBCPP_HARDENING_MODE_DEBUG -Xcc -ivfsstatcache -Xcc /Users/admin/builder/spi-builder-workspace/.derivedData/SDKStatCaches.noindex/appletvos27.0-24J360-e829b21a6f8c9b70876ba0858053c044b32bfd8d43560033f8d89884cdb90028.sdkstatcache -Xcc -fmodules-prune-interval\=86400 -Xcc -fmodules-prune-after\=345600 -Xcc -I/Users/admin/builder/spi-builder-workspace/.derivedData/Build/Products/Debug-appletvos/include -Xcc -I/Users/admin/builder/spi-builder-workspace/.derivedData/Build/Intermediates.noindex/NiceNotifications.build/Debug-appletvos/NiceNotifications-t.build/DerivedSources-normal/arm64 -Xcc -I/Users/admin/builder/spi-builder-workspace/.derivedData/Build/Intermediates.noindex/NiceNotifications.build/Debug-appletvos/NiceNotifications-t.build/DerivedSources/arm64 -Xcc -I/Users/admin/builder/spi-builder-workspace/.derivedData/Build/Intermediates.noindex/NiceNotifications.build/Debug-appletvos/NiceNotifications-t.build/DerivedSources -Xcc -DSWIFT_PACKAGE -Xcc -DDEBUG\=1 -no-auto-bridging-header-chaining -module-name NiceNotifications -const-gather-protocols-file /Users/admin/builder/spi-builder-workspace/.derivedData/Build/Intermediates.noindex/NiceNotifications.build/Debug-appletvos/NiceNotifications-t.build/Objects-normal/arm64/NiceNotifications_const_extract_protocols.json -disable-clang-spi -clang-target arm64-apple-tvos27.0 -target-sdk-version 27.0 -target-sdk-name appletvos27.0 -in-process-plugin-server-path /Applications/Xcode-27.0.0-Release.Candidate.app/Contents/Developer/Toolchains/XcodeDefault.xctoolchain/usr/lib/swift/host/libSwiftInProcPluginServer.dylib -emit-module-doc-path /Users/admin/builder/spi-builder-workspace/.derivedData/Build/Intermediates.noindex/NiceNotifications.build/Debug-appletvos/NiceNotifications-t.build/Objects-normal/arm64/NiceNotifications.swiftdoc -emit-module-source-info-path /Users/admin/builder/spi-builder-workspace/.derivedData/Build/Intermediates.noindex/NiceNotifications.build/Debug-appletvos/NiceNotifications-t.build/Objects-normal/arm64/NiceNotifications.swiftsourceinfo -emit-objc-header-path /Users/admin/builder/spi-builder-workspace/.derivedData/Build/Intermediates.noindex/NiceNotifications.build/Debug-appletvos/NiceNotifications-t.build/Objects-normal/arm64/NiceNotifications-Swift.h -serialize-diagnostics-path /Users/admin/builder/spi-builder-workspace/.derivedData/Build/Intermediates.noindex/NiceNotifications.build/Debug-appletvos/NiceNotifications-t.build/Objects-normal/arm64/NiceNotifications-primary-emit-module.dia -emit-dependencies-path /Users/admin/builder/spi-builder-workspace/.derivedData/Build/Intermediates.noindex/NiceNotifications.build/Debug-appletvos/NiceNotifications-t.build/Objects-normal/arm64/NiceNotifications-primary-emit-module.d -parse-as-library -o /Users/admin/builder/spi-builder-workspace/.derivedData/Build/Intermediates.noindex/NiceNotifications.build/Debug-appletvos/NiceNotifications-t.build/Objects-normal/arm64/NiceNotifications.swiftmodule -emit-abi-descriptor-path /Users/admin/builder/spi-builder-workspace/.derivedData/Build/Intermediates.noindex/NiceNotifications.build/Debug-appletvos/NiceNotifications-t.build/Objects-normal/arm64/NiceNotifications.abi.json
SwiftCompile normal arm64 (in target 'NiceNotifications' from project 'NiceNotifications')
    cd /Users/admin/builder/spi-builder-workspace/.swiftpm/xcode

PruneExplicitPrecompiledModules /Users/admin/builder/spi-builder-workspace/.derivedData/Build/Intermediates.noindex/SwiftExplicitPrecompiledModules
PruneExplicitPrecompiledModules /Users/admin/builder/spi-builder-workspace/.derivedData/Build/Intermediates.noindex/ExplicitPrecompiledModules
PruneExplicitPrecompiledModules /Users/admin/builder/spi-builder-workspace/.derivedData/SDKExplicitPrecompiledModules
2026-09-18 20:41:04.145 xcodebuild[782:4880] [MT] IDERunDestination: Supported platforms for the buildables in the current scheme is empty.
** BUILD FAILED **
The following build commands failed:
	SwiftEmitModule normal arm64 Emitting\ module\ for\ NiceNotifications (in target 'NiceNotifications' from project 'NiceNotifications')
	SwiftCompile normal arm64 (in target 'NiceNotifications' from project 'NiceNotifications')
	Building workspace NiceNotifications with scheme NiceNotifications
(3 failures)
BUILD FAILURE 6.4 tvOS