Build Information
Failed to build SpeziMockWebService, reference 1.0.0 (b18067), with Swift 6.4 for tvOS using Xcode 27.0 on 20 Sep 2026 04:51:11 UTC.
Build Command
env DEVELOPER_DIR=/Applications/Xcode-27.0.0-Release.Candidate.app xcrun xcodebuild -IDEClonedSourcePackagesDirPathOverride=$PWD/.dependencies -skipMacroValidation -skipPackagePluginValidation -derivedDataPath $PWD/.derivedData build -scheme SpeziMockWebService -destination generic/platform=tvOSBuild Log
cd /Users/admin/builder/spi-builder-workspace/.swiftpm/xcode
builtin-SwiftPerFileCompile StandardPropertyWrapper.swift
SwiftDriverJobDiscovery normal arm64 Emitting module for SpeziLocalization (in target 'SpeziLocalization' from project 'SpeziFoundation')
SwiftDriver\ Compilation\ Requirements SpeziLocalization normal arm64 com.apple.xcode.tools.swift.compiler (in target 'SpeziLocalization' from project 'SpeziFoundation')
cd /Users/admin/builder/spi-builder-workspace/.swiftpm/xcode
builtin-Swift-Compilation-Requirements -- /Applications/Xcode-27.0.0-Release.Candidate.app/Contents/Developer/Toolchains/XcodeDefault.xctoolchain/usr/bin/swiftc -parse-as-library -module-name SpeziLocalization -Onone @/Users/admin/builder/spi-builder-workspace/.derivedData/Build/Intermediates.noindex/SpeziFoundation.build/Debug-appletvos/SpeziLocalization-t.build/Objects-normal/arm64/SpeziLocalization.SwiftFileList -DSWIFT_PACKAGE -DDEBUG -DSWIFT_MODULE_RESOURCE_BUNDLE_UNAVAILABLE -Xcc -fmodule-map-file\=/Users/admin/builder/spi-builder-workspace/.dependencies/checkouts/zstd/lib/module.modulemap -Xcc -fmodule-map-file\=/Users/admin/builder/spi-builder-workspace/.dependencies/checkouts/swift-atomics/Sources/_AtomicsShims/include/module.modulemap -Xcc -fmodule-map-file\=/Users/admin/builder/spi-builder-workspace/.dependencies/checkouts/swift-numerics/Sources/_NumericsShims/include/module.modulemap -Xcc -fmodule-map-file\=/Users/admin/builder/spi-builder-workspace/.derivedData/Build/Intermediates.noindex/GeneratedModuleMaps-appletvos/SpeziFoundationObjC.modulemap -DXcode -enable-upcoming-feature ExistentialAny -enable-upcoming-feature InternalImportsByDefault -plugin-path /Applications/Xcode-27.0.0-Release.Candidate.app/Contents/Developer/Toolchains/XcodeDefault.xctoolchain/usr/lib/swift/host/plugins/testing -enable-experimental-feature DebugDescriptionMacro -sdk /Applications/Xcode-27.0.0-Release.Candidate.app/Contents/Developer/Platforms/AppleTVOS.platform/Developer/SDKs/AppleTVOS27.0.sdk -target arm64-apple-tvos17.0 -g -module-cache-path /Users/admin/builder/spi-builder-workspace/.derivedData/ModuleCache.noindex -Xfrontend -serialize-debugging-options -profile-coverage-mapping -profile-generate -enable-testing -suppress-warnings -index-store-path /Users/admin/builder/spi-builder-workspace/.derivedData/Index.noindex/DataStore -Xcc -D_LIBCPP_HARDENING_MODE\=_LIBCPP_HARDENING_MODE_DEBUG -swift-version 6 -I /Users/admin/builder/spi-builder-workspace/.derivedData/Build/Products/Debug-appletvos -Isystem /Applications/Xcode-27.0.0-Release.Candidate.app/Contents/Developer/Platforms/AppleTVOS.platform/Developer/usr/lib -F /Users/admin/builder/spi-builder-workspace/.derivedData/Build/Products/Debug-appletvos/PackageFrameworks -F /Users/admin/builder/spi-builder-workspace/.derivedData/Build/Products/Debug-appletvos -F /Applications/Xcode-27.0.0-Release.Candidate.app/Contents/Developer/Platforms/AppleTVOS.platform/Developer/Library/Frameworks -F /Applications/Xcode-27.0.0-Release.Candidate.app/Contents/Developer/Platforms/AppleTVOS.platform/Developer/SDKs/AppleTVOS27.0.sdk/Developer/Library/Frameworks -Xfrontend -load-plugin-executable -Xfrontend /Users/admin/builder/spi-builder-workspace/.derivedData/Build/Products/Debug/ThreadLocalMacros\#ThreadLocalMacros -emit-localized-strings -emit-localized-strings-path /Users/admin/builder/spi-builder-workspace/.derivedData/Build/Intermediates.noindex/SpeziFoundation.build/Debug-appletvos/SpeziLocalization-t.build/Objects-normal/arm64 -c -j10 -enable-batch-mode -incremental -Xcc -ivfsstatcache -Xcc /Users/admin/builder/spi-builder-workspace/.derivedData/SDKStatCaches.noindex/appletvos27.0-24J360-e829b21a6f8c9b70876ba0858053c044b32bfd8d43560033f8d89884cdb90028.sdkstatcache -output-file-map /Users/admin/builder/spi-builder-workspace/.derivedData/Build/Intermediates.noindex/SpeziFoundation.build/Debug-appletvos/SpeziLocalization-t.build/Objects-normal/arm64/SpeziLocalization-OutputFileMap.json -save-temps -no-color-diagnostics -explicit-module-build -module-cache-path /Users/admin/builder/spi-builder-workspace/.derivedData/Build/Intermediates.noindex/SwiftExplicitPrecompiledModules -clang-scanner-module-cache-path /Users/admin/builder/spi-builder-workspace/.derivedData/ModuleCache.noindex -sdk-module-cache-path /Users/admin/builder/spi-builder-workspace/.derivedData/SDKExplicitPrecompiledModules -emit-dependencies -emit-module -emit-module-path /Users/admin/builder/spi-builder-workspace/.derivedData/Build/Intermediates.noindex/SpeziFoundation.build/Debug-appletvos/SpeziLocalization-t.build/Objects-normal/arm64/SpeziLocalization.swiftmodule -serialize-diagnostics -dependency-scan-serialize-diagnostics-path /Users/admin/builder/spi-builder-workspace/.derivedData/Build/Intermediates.noindex/SpeziFoundation.build/Debug-appletvos/SpeziLocalization-t.build/Objects-normal/arm64/SpeziLocalization-dependency-scan.dia -user-module-version 2.7.7 -validate-clang-modules-once -clang-build-session-file /Users/admin/builder/spi-builder-workspace/.derivedData/ModuleCache.noindex/Session.modulevalidation -Xcc -fmodules-prune-interval\=86400 -Xcc -fmodules-prune-after\=345600 -package-name spezifoundation -emit-const-values -const-gather-protocols-list /Users/admin/builder/spi-builder-workspace/.derivedData/Build/Intermediates.noindex/SpeziFoundation.build/Debug-appletvos/SpeziLocalization-t.build/Objects-normal/arm64/SpeziLocalization_const_extract_protocols.json -Xcc -I/Users/admin/builder/spi-builder-workspace/.dependencies/checkouts/zstd/lib -Xcc -I/Users/admin/builder/spi-builder-workspace/.dependencies/checkouts/swift-atomics/Sources/_AtomicsShims/include -Xcc -I/Users/admin/builder/spi-builder-workspace/.dependencies/checkouts/swift-numerics/Sources/_NumericsShims/include -Xcc -I/Users/admin/builder/spi-builder-workspace/.dependencies/checkouts/SpeziFoundation/Sources/SpeziFoundationObjC/include -Xcc -I/Users/admin/builder/spi-builder-workspace/.derivedData/Build/Products/Debug-appletvos/include -Xcc -I/Users/admin/builder/spi-builder-workspace/.derivedData/Build/Intermediates.noindex/SpeziFoundation.build/Debug-appletvos/SpeziLocalization-t.build/DerivedSources-normal/arm64 -Xcc -I/Users/admin/builder/spi-builder-workspace/.derivedData/Build/Intermediates.noindex/SpeziFoundation.build/Debug-appletvos/SpeziLocalization-t.build/DerivedSources/arm64 -Xcc -I/Users/admin/builder/spi-builder-workspace/.derivedData/Build/Intermediates.noindex/SpeziFoundation.build/Debug-appletvos/SpeziLocalization-t.build/DerivedSources -Xcc -DSWIFT_PACKAGE -Xcc -DDEBUG\=1 -emit-objc-header -emit-objc-header-path /Users/admin/builder/spi-builder-workspace/.derivedData/Build/Intermediates.noindex/SpeziFoundation.build/Debug-appletvos/SpeziLocalization-t.build/Objects-normal/arm64/SpeziLocalization-Swift.h -working-directory /Users/admin/builder/spi-builder-workspace/.swiftpm/xcode -experimental-emit-module-separately -disable-cmo
SwiftDriverJobDiscovery normal arm64 Compiling LocalizedFileResources.swift (in target 'SpeziLocalization' from project 'SpeziFoundation')
SwiftCompile normal arm64 Compiling\ RemoteNotificationRegistrationSupport.swift,\ Spezi+RegisterRemoteNotificationsAction.swift,\ Spezi+UnregisterRemoteNotifications.swift,\ SpeziNotificationCenterDelegate.swift,\ ImplicitlyCreatedModulesKey.swift,\ LaunchOptionsKey.swift /Users/admin/builder/spi-builder-workspace/.dependencies/checkouts/Spezi/Sources/Spezi/Notifications/RemoteNotificationRegistrationSupport.swift /Users/admin/builder/spi-builder-workspace/.dependencies/checkouts/Spezi/Sources/Spezi/Notifications/Spezi+RegisterRemoteNotificationsAction.swift /Users/admin/builder/spi-builder-workspace/.dependencies/checkouts/Spezi/Sources/Spezi/Notifications/Spezi+UnregisterRemoteNotifications.swift /Users/admin/builder/spi-builder-workspace/.dependencies/checkouts/Spezi/Sources/Spezi/Notifications/SpeziNotificationCenterDelegate.swift /Users/admin/builder/spi-builder-workspace/.dependencies/checkouts/Spezi/Sources/Spezi/Spezi/KnowledgeSources/ImplicitlyCreatedModulesKey.swift /Users/admin/builder/spi-builder-workspace/.dependencies/checkouts/Spezi/Sources/Spezi/Spezi/KnowledgeSources/LaunchOptionsKey.swift (in target 'Spezi' from project 'Spezi')
SwiftCompile normal arm64 /Users/admin/builder/spi-builder-workspace/.dependencies/checkouts/Spezi/Sources/Spezi/Notifications/RemoteNotificationRegistrationSupport.swift (in target 'Spezi' from project 'Spezi')
cd /Users/admin/builder/spi-builder-workspace/.swiftpm/xcode
builtin-SwiftPerFileCompile RemoteNotificationRegistrationSupport.swift
SwiftCompile normal arm64 /Users/admin/builder/spi-builder-workspace/.dependencies/checkouts/Spezi/Sources/Spezi/Notifications/Spezi+RegisterRemoteNotificationsAction.swift (in target 'Spezi' from project 'Spezi')
cd /Users/admin/builder/spi-builder-workspace/.swiftpm/xcode
builtin-SwiftPerFileCompile Spezi+RegisterRemoteNotificationsAction.swift
SwiftCompile normal arm64 /Users/admin/builder/spi-builder-workspace/.dependencies/checkouts/Spezi/Sources/Spezi/Notifications/Spezi+UnregisterRemoteNotifications.swift (in target 'Spezi' from project 'Spezi')
cd /Users/admin/builder/spi-builder-workspace/.swiftpm/xcode
builtin-SwiftPerFileCompile Spezi+UnregisterRemoteNotifications.swift
SwiftCompile normal arm64 /Users/admin/builder/spi-builder-workspace/.dependencies/checkouts/Spezi/Sources/Spezi/Notifications/SpeziNotificationCenterDelegate.swift (in target 'Spezi' from project 'Spezi')
cd /Users/admin/builder/spi-builder-workspace/.swiftpm/xcode
builtin-SwiftPerFileCompile SpeziNotificationCenterDelegate.swift
SwiftCompile normal arm64 /Users/admin/builder/spi-builder-workspace/.dependencies/checkouts/Spezi/Sources/Spezi/Spezi/KnowledgeSources/ImplicitlyCreatedModulesKey.swift (in target 'Spezi' from project 'Spezi')
cd /Users/admin/builder/spi-builder-workspace/.swiftpm/xcode
builtin-SwiftPerFileCompile ImplicitlyCreatedModulesKey.swift
SwiftCompile normal arm64 /Users/admin/builder/spi-builder-workspace/.dependencies/checkouts/Spezi/Sources/Spezi/Spezi/KnowledgeSources/LaunchOptionsKey.swift (in target 'Spezi' from project 'Spezi')
cd /Users/admin/builder/spi-builder-workspace/.swiftpm/xcode
builtin-SwiftPerFileCompile LaunchOptionsKey.swift
SwiftCompile normal arm64 Compiling\ ServiceModule.swift,\ EnvironmentAccessible.swift,\ ModelModifier.swift,\ ModelPropertyWrapper.swift,\ ModifierPropertyWrapper.swift,\ ViewModifierProvider.swift,\ Configuration.swift /Users/admin/builder/spi-builder-workspace/.dependencies/checkouts/Spezi/Sources/Spezi/Capabilities/Lifecycle/ServiceModule.swift /Users/admin/builder/spi-builder-workspace/.dependencies/checkouts/Spezi/Sources/Spezi/Capabilities/Observable/EnvironmentAccessible.swift /Users/admin/builder/spi-builder-workspace/.dependencies/checkouts/Spezi/Sources/Spezi/Capabilities/Observable/ModelModifier.swift /Users/admin/builder/spi-builder-workspace/.dependencies/checkouts/Spezi/Sources/Spezi/Capabilities/Observable/ModelPropertyWrapper.swift /Users/admin/builder/spi-builder-workspace/.dependencies/checkouts/Spezi/Sources/Spezi/Capabilities/ViewModifier/ModifierPropertyWrapper.swift /Users/admin/builder/spi-builder-workspace/.dependencies/checkouts/Spezi/Sources/Spezi/Capabilities/ViewModifier/ViewModifierProvider.swift /Users/admin/builder/spi-builder-workspace/.dependencies/checkouts/Spezi/Sources/Spezi/Configuration/Configuration.swift (in target 'Spezi' from project 'Spezi')
SwiftCompile normal arm64 /Users/admin/builder/spi-builder-workspace/.dependencies/checkouts/Spezi/Sources/Spezi/Capabilities/Lifecycle/ServiceModule.swift (in target 'Spezi' from project 'Spezi')
cd /Users/admin/builder/spi-builder-workspace/.swiftpm/xcode
builtin-SwiftPerFileCompile ServiceModule.swift
SwiftCompile normal arm64 /Users/admin/builder/spi-builder-workspace/.dependencies/checkouts/Spezi/Sources/Spezi/Capabilities/Observable/EnvironmentAccessible.swift (in target 'Spezi' from project 'Spezi')
cd /Users/admin/builder/spi-builder-workspace/.swiftpm/xcode
builtin-SwiftPerFileCompile EnvironmentAccessible.swift
SwiftCompile normal arm64 /Users/admin/builder/spi-builder-workspace/.dependencies/checkouts/Spezi/Sources/Spezi/Capabilities/Observable/ModelModifier.swift (in target 'Spezi' from project 'Spezi')
cd /Users/admin/builder/spi-builder-workspace/.swiftpm/xcode
builtin-SwiftPerFileCompile ModelModifier.swift
SwiftCompile normal arm64 /Users/admin/builder/spi-builder-workspace/.dependencies/checkouts/Spezi/Sources/Spezi/Capabilities/Observable/ModelPropertyWrapper.swift (in target 'Spezi' from project 'Spezi')
cd /Users/admin/builder/spi-builder-workspace/.swiftpm/xcode
builtin-SwiftPerFileCompile ModelPropertyWrapper.swift
SwiftCompile normal arm64 /Users/admin/builder/spi-builder-workspace/.dependencies/checkouts/Spezi/Sources/Spezi/Capabilities/ViewModifier/ModifierPropertyWrapper.swift (in target 'Spezi' from project 'Spezi')
cd /Users/admin/builder/spi-builder-workspace/.swiftpm/xcode
builtin-SwiftPerFileCompile ModifierPropertyWrapper.swift
SwiftCompile normal arm64 /Users/admin/builder/spi-builder-workspace/.dependencies/checkouts/Spezi/Sources/Spezi/Capabilities/ViewModifier/ViewModifierProvider.swift (in target 'Spezi' from project 'Spezi')
cd /Users/admin/builder/spi-builder-workspace/.swiftpm/xcode
builtin-SwiftPerFileCompile ViewModifierProvider.swift
SwiftCompile normal arm64 /Users/admin/builder/spi-builder-workspace/.dependencies/checkouts/Spezi/Sources/Spezi/Configuration/Configuration.swift (in target 'Spezi' from project 'Spezi')
cd /Users/admin/builder/spi-builder-workspace/.swiftpm/xcode
builtin-SwiftPerFileCompile Configuration.swift
SwiftDriverJobDiscovery normal arm64 Compiling LocalizationKey.swift (in target 'SpeziLocalization' from project 'SpeziFoundation')
SwiftCompile normal arm64 Compiling\ DependencyContext.swift,\ DependencyDeclaration.swift,\ DependencyPropertyWrapper.swift,\ Module+Dependencies.swift,\ DependencyReference.swift,\ ModuleReference.swift,\ Module.swift /Users/admin/builder/spi-builder-workspace/.dependencies/checkouts/Spezi/Sources/Spezi/Dependencies/Property/DependencyContext.swift /Users/admin/builder/spi-builder-workspace/.dependencies/checkouts/Spezi/Sources/Spezi/Dependencies/Property/DependencyDeclaration.swift /Users/admin/builder/spi-builder-workspace/.dependencies/checkouts/Spezi/Sources/Spezi/Dependencies/Property/DependencyPropertyWrapper.swift /Users/admin/builder/spi-builder-workspace/.dependencies/checkouts/Spezi/Sources/Spezi/Dependencies/Property/Module+Dependencies.swift /Users/admin/builder/spi-builder-workspace/.dependencies/checkouts/Spezi/Sources/Spezi/Dependencies/Wrapper/DependencyReference.swift /Users/admin/builder/spi-builder-workspace/.dependencies/checkouts/Spezi/Sources/Spezi/Dependencies/Wrapper/ModuleReference.swift /Users/admin/builder/spi-builder-workspace/.dependencies/checkouts/Spezi/Sources/Spezi/Module/Module.swift (in target 'Spezi' from project 'Spezi')
SwiftCompile normal arm64 /Users/admin/builder/spi-builder-workspace/.dependencies/checkouts/Spezi/Sources/Spezi/Dependencies/Property/DependencyContext.swift (in target 'Spezi' from project 'Spezi')
cd /Users/admin/builder/spi-builder-workspace/.swiftpm/xcode
builtin-SwiftPerFileCompile DependencyContext.swift
SwiftCompile normal arm64 /Users/admin/builder/spi-builder-workspace/.dependencies/checkouts/Spezi/Sources/Spezi/Dependencies/Property/DependencyDeclaration.swift (in target 'Spezi' from project 'Spezi')
cd /Users/admin/builder/spi-builder-workspace/.swiftpm/xcode
builtin-SwiftPerFileCompile DependencyDeclaration.swift
SwiftCompile normal arm64 /Users/admin/builder/spi-builder-workspace/.dependencies/checkouts/Spezi/Sources/Spezi/Dependencies/Property/DependencyPropertyWrapper.swift (in target 'Spezi' from project 'Spezi')
cd /Users/admin/builder/spi-builder-workspace/.swiftpm/xcode
builtin-SwiftPerFileCompile DependencyPropertyWrapper.swift
SwiftCompile normal arm64 /Users/admin/builder/spi-builder-workspace/.dependencies/checkouts/Spezi/Sources/Spezi/Dependencies/Property/Module+Dependencies.swift (in target 'Spezi' from project 'Spezi')
cd /Users/admin/builder/spi-builder-workspace/.swiftpm/xcode
builtin-SwiftPerFileCompile Module+Dependencies.swift
SwiftCompile normal arm64 /Users/admin/builder/spi-builder-workspace/.dependencies/checkouts/Spezi/Sources/Spezi/Dependencies/Wrapper/DependencyReference.swift (in target 'Spezi' from project 'Spezi')
cd /Users/admin/builder/spi-builder-workspace/.swiftpm/xcode
builtin-SwiftPerFileCompile DependencyReference.swift
SwiftCompile normal arm64 /Users/admin/builder/spi-builder-workspace/.dependencies/checkouts/Spezi/Sources/Spezi/Dependencies/Wrapper/ModuleReference.swift (in target 'Spezi' from project 'Spezi')
cd /Users/admin/builder/spi-builder-workspace/.swiftpm/xcode
builtin-SwiftPerFileCompile ModuleReference.swift
SwiftCompile normal arm64 /Users/admin/builder/spi-builder-workspace/.dependencies/checkouts/Spezi/Sources/Spezi/Module/Module.swift (in target 'Spezi' from project 'Spezi')
cd /Users/admin/builder/spi-builder-workspace/.swiftpm/xcode
builtin-SwiftPerFileCompile Module.swift
SwiftDriverJobDiscovery normal arm64 Compiling LocalizationsDictionary.swift (in target 'SpeziLocalization' from project 'SpeziFoundation')
SwiftMergeGeneratedHeaders /Users/admin/builder/spi-builder-workspace/.derivedData/Build/Intermediates.noindex/GeneratedModuleMaps-appletvos/SpeziLocalization-Swift.h /Users/admin/builder/spi-builder-workspace/.derivedData/Build/Intermediates.noindex/SpeziFoundation.build/Debug-appletvos/SpeziLocalization-t.build/Objects-normal/arm64/SpeziLocalization-Swift.h (in target 'SpeziLocalization' from project 'SpeziFoundation')
cd /Users/admin/builder/spi-builder-workspace/.dependencies/checkouts/SpeziFoundation
builtin-swiftHeaderTool -arch arm64 /Users/admin/builder/spi-builder-workspace/.derivedData/Build/Intermediates.noindex/SpeziFoundation.build/Debug-appletvos/SpeziLocalization-t.build/Objects-normal/arm64/SpeziLocalization-Swift.h -o /Users/admin/builder/spi-builder-workspace/.derivedData/Build/Intermediates.noindex/GeneratedModuleMaps-appletvos/SpeziLocalization-Swift.h
SwiftDriverJobDiscovery normal arm64 Compiling Bundle+LocalizableString.swift (in target 'SpeziLocalization' from project 'SpeziFoundation')
Copy /Users/admin/builder/spi-builder-workspace/.derivedData/Build/Products/Debug-appletvos/SpeziLocalization.swiftmodule/arm64-apple-tvos.swiftmodule /Users/admin/builder/spi-builder-workspace/.derivedData/Build/Intermediates.noindex/SpeziFoundation.build/Debug-appletvos/SpeziLocalization-t.build/Objects-normal/arm64/SpeziLocalization.swiftmodule (in target 'SpeziLocalization' from project 'SpeziFoundation')
cd /Users/admin/builder/spi-builder-workspace/.dependencies/checkouts/SpeziFoundation
builtin-copy -exclude .DS_Store -exclude CVS -exclude .svn -exclude .git -exclude .hg -resolve-src-symlinks -rename /Users/admin/builder/spi-builder-workspace/.derivedData/Build/Intermediates.noindex/SpeziFoundation.build/Debug-appletvos/SpeziLocalization-t.build/Objects-normal/arm64/SpeziLocalization.swiftmodule /Users/admin/builder/spi-builder-workspace/.derivedData/Build/Products/Debug-appletvos/SpeziLocalization.swiftmodule/arm64-apple-tvos.swiftmodule
Copy /Users/admin/builder/spi-builder-workspace/.derivedData/Build/Products/Debug-appletvos/SpeziLocalization.swiftmodule/arm64-apple-tvos.swiftdoc /Users/admin/builder/spi-builder-workspace/.derivedData/Build/Intermediates.noindex/SpeziFoundation.build/Debug-appletvos/SpeziLocalization-t.build/Objects-normal/arm64/SpeziLocalization.swiftdoc (in target 'SpeziLocalization' from project 'SpeziFoundation')
cd /Users/admin/builder/spi-builder-workspace/.dependencies/checkouts/SpeziFoundation
builtin-copy -exclude .DS_Store -exclude CVS -exclude .svn -exclude .git -exclude .hg -resolve-src-symlinks -rename /Users/admin/builder/spi-builder-workspace/.derivedData/Build/Intermediates.noindex/SpeziFoundation.build/Debug-appletvos/SpeziLocalization-t.build/Objects-normal/arm64/SpeziLocalization.swiftdoc /Users/admin/builder/spi-builder-workspace/.derivedData/Build/Products/Debug-appletvos/SpeziLocalization.swiftmodule/arm64-apple-tvos.swiftdoc
Copy /Users/admin/builder/spi-builder-workspace/.derivedData/Build/Products/Debug-appletvos/SpeziLocalization.swiftmodule/arm64-apple-tvos.abi.json /Users/admin/builder/spi-builder-workspace/.derivedData/Build/Intermediates.noindex/SpeziFoundation.build/Debug-appletvos/SpeziLocalization-t.build/Objects-normal/arm64/SpeziLocalization.abi.json (in target 'SpeziLocalization' from project 'SpeziFoundation')
cd /Users/admin/builder/spi-builder-workspace/.dependencies/checkouts/SpeziFoundation
builtin-copy -exclude .DS_Store -exclude CVS -exclude .svn -exclude .git -exclude .hg -resolve-src-symlinks -rename /Users/admin/builder/spi-builder-workspace/.derivedData/Build/Intermediates.noindex/SpeziFoundation.build/Debug-appletvos/SpeziLocalization-t.build/Objects-normal/arm64/SpeziLocalization.abi.json /Users/admin/builder/spi-builder-workspace/.derivedData/Build/Products/Debug-appletvos/SpeziLocalization.swiftmodule/arm64-apple-tvos.abi.json
Copy /Users/admin/builder/spi-builder-workspace/.derivedData/Build/Products/Debug-appletvos/SpeziLocalization.swiftmodule/Project/arm64-apple-tvos.swiftsourceinfo /Users/admin/builder/spi-builder-workspace/.derivedData/Build/Intermediates.noindex/SpeziFoundation.build/Debug-appletvos/SpeziLocalization-t.build/Objects-normal/arm64/SpeziLocalization.swiftsourceinfo (in target 'SpeziLocalization' from project 'SpeziFoundation')
cd /Users/admin/builder/spi-builder-workspace/.dependencies/checkouts/SpeziFoundation
builtin-copy -exclude .DS_Store -exclude CVS -exclude .svn -exclude .git -exclude .hg -resolve-src-symlinks -rename /Users/admin/builder/spi-builder-workspace/.derivedData/Build/Intermediates.noindex/SpeziFoundation.build/Debug-appletvos/SpeziLocalization-t.build/Objects-normal/arm64/SpeziLocalization.swiftsourceinfo /Users/admin/builder/spi-builder-workspace/.derivedData/Build/Products/Debug-appletvos/SpeziLocalization.swiftmodule/Project/arm64-apple-tvos.swiftsourceinfo
SwiftCompile normal arm64 Compiling\ ModuleBuilder.swift,\ ModuleCollection.swift,\ ModuleOwnership.swift,\ BackgroundFetchResult.swift,\ NotificationHandler.swift,\ NotificationTokenHandler.swift /Users/admin/builder/spi-builder-workspace/.dependencies/checkouts/Spezi/Sources/Spezi/Module/ModuleBuilder.swift /Users/admin/builder/spi-builder-workspace/.dependencies/checkouts/Spezi/Sources/Spezi/Module/ModuleCollection.swift /Users/admin/builder/spi-builder-workspace/.dependencies/checkouts/Spezi/Sources/Spezi/Module/ModuleOwnership.swift /Users/admin/builder/spi-builder-workspace/.dependencies/checkouts/Spezi/Sources/Spezi/Notifications/BackgroundFetchResult.swift /Users/admin/builder/spi-builder-workspace/.dependencies/checkouts/Spezi/Sources/Spezi/Notifications/NotificationHandler.swift /Users/admin/builder/spi-builder-workspace/.dependencies/checkouts/Spezi/Sources/Spezi/Notifications/NotificationTokenHandler.swift (in target 'Spezi' from project 'Spezi')
SwiftCompile normal arm64 /Users/admin/builder/spi-builder-workspace/.dependencies/checkouts/Spezi/Sources/Spezi/Module/ModuleBuilder.swift (in target 'Spezi' from project 'Spezi')
cd /Users/admin/builder/spi-builder-workspace/.swiftpm/xcode
builtin-SwiftPerFileCompile ModuleBuilder.swift
SwiftCompile normal arm64 /Users/admin/builder/spi-builder-workspace/.dependencies/checkouts/Spezi/Sources/Spezi/Module/ModuleCollection.swift (in target 'Spezi' from project 'Spezi')
cd /Users/admin/builder/spi-builder-workspace/.swiftpm/xcode
builtin-SwiftPerFileCompile ModuleCollection.swift
SwiftCompile normal arm64 /Users/admin/builder/spi-builder-workspace/.dependencies/checkouts/Spezi/Sources/Spezi/Module/ModuleOwnership.swift (in target 'Spezi' from project 'Spezi')
cd /Users/admin/builder/spi-builder-workspace/.swiftpm/xcode
builtin-SwiftPerFileCompile ModuleOwnership.swift
SwiftCompile normal arm64 /Users/admin/builder/spi-builder-workspace/.dependencies/checkouts/Spezi/Sources/Spezi/Notifications/BackgroundFetchResult.swift (in target 'Spezi' from project 'Spezi')
cd /Users/admin/builder/spi-builder-workspace/.swiftpm/xcode
builtin-SwiftPerFileCompile BackgroundFetchResult.swift
SwiftCompile normal arm64 /Users/admin/builder/spi-builder-workspace/.dependencies/checkouts/Spezi/Sources/Spezi/Notifications/NotificationHandler.swift (in target 'Spezi' from project 'Spezi')
cd /Users/admin/builder/spi-builder-workspace/.swiftpm/xcode
builtin-SwiftPerFileCompile NotificationHandler.swift
SwiftCompile normal arm64 /Users/admin/builder/spi-builder-workspace/.dependencies/checkouts/Spezi/Sources/Spezi/Notifications/NotificationTokenHandler.swift (in target 'Spezi' from project 'Spezi')
cd /Users/admin/builder/spi-builder-workspace/.swiftpm/xcode
builtin-SwiftPerFileCompile NotificationTokenHandler.swift
SwiftDriverJobDiscovery normal arm64 Compiling LocalizedFileResolution.swift (in target 'SpeziLocalization' from project 'SpeziFoundation')
SwiftCompile normal arm64 Compiling\ Application+TypeAlias.swift,\ ApplicationDelegate.swift,\ ApplicationDelegateAdaptor.swift,\ DynamicReference.swift,\ Module+Properties.swift,\ ProcessInfo+PreviewSimulator.swift /Users/admin/builder/spi-builder-workspace/.dependencies/checkouts/Spezi/Sources/Spezi/Utilities/Application+TypeAlias.swift /Users/admin/builder/spi-builder-workspace/.dependencies/checkouts/Spezi/Sources/Spezi/Utilities/ApplicationDelegate.swift /Users/admin/builder/spi-builder-workspace/.dependencies/checkouts/Spezi/Sources/Spezi/Utilities/ApplicationDelegateAdaptor.swift /Users/admin/builder/spi-builder-workspace/.dependencies/checkouts/Spezi/Sources/Spezi/Utilities/DynamicReference.swift /Users/admin/builder/spi-builder-workspace/.dependencies/checkouts/Spezi/Sources/Spezi/Utilities/Module+Properties.swift /Users/admin/builder/spi-builder-workspace/.dependencies/checkouts/Spezi/Sources/Spezi/Utilities/ProcessInfo+PreviewSimulator.swift (in target 'Spezi' from project 'Spezi')
SwiftCompile normal arm64 /Users/admin/builder/spi-builder-workspace/.dependencies/checkouts/Spezi/Sources/Spezi/Utilities/Application+TypeAlias.swift (in target 'Spezi' from project 'Spezi')
cd /Users/admin/builder/spi-builder-workspace/.swiftpm/xcode
builtin-SwiftPerFileCompile Application+TypeAlias.swift
SwiftCompile normal arm64 /Users/admin/builder/spi-builder-workspace/.dependencies/checkouts/Spezi/Sources/Spezi/Utilities/ApplicationDelegate.swift (in target 'Spezi' from project 'Spezi')
cd /Users/admin/builder/spi-builder-workspace/.swiftpm/xcode
builtin-SwiftPerFileCompile ApplicationDelegate.swift
SwiftCompile normal arm64 /Users/admin/builder/spi-builder-workspace/.dependencies/checkouts/Spezi/Sources/Spezi/Utilities/ApplicationDelegateAdaptor.swift (in target 'Spezi' from project 'Spezi')
cd /Users/admin/builder/spi-builder-workspace/.swiftpm/xcode
builtin-SwiftPerFileCompile ApplicationDelegateAdaptor.swift
SwiftCompile normal arm64 /Users/admin/builder/spi-builder-workspace/.dependencies/checkouts/Spezi/Sources/Spezi/Utilities/DynamicReference.swift (in target 'Spezi' from project 'Spezi')
cd /Users/admin/builder/spi-builder-workspace/.swiftpm/xcode
builtin-SwiftPerFileCompile DynamicReference.swift
SwiftCompile normal arm64 /Users/admin/builder/spi-builder-workspace/.dependencies/checkouts/Spezi/Sources/Spezi/Utilities/Module+Properties.swift (in target 'Spezi' from project 'Spezi')
cd /Users/admin/builder/spi-builder-workspace/.swiftpm/xcode
builtin-SwiftPerFileCompile Module+Properties.swift
SwiftCompile normal arm64 /Users/admin/builder/spi-builder-workspace/.dependencies/checkouts/Spezi/Sources/Spezi/Utilities/ProcessInfo+PreviewSimulator.swift (in target 'Spezi' from project 'Spezi')
cd /Users/admin/builder/spi-builder-workspace/.swiftpm/xcode
builtin-SwiftPerFileCompile ProcessInfo+PreviewSimulator.swift
SwiftDriverJobDiscovery normal arm64 Compiling ModuleBuilder.swift, ModuleCollection.swift, ModuleOwnership.swift, BackgroundFetchResult.swift, NotificationHandler.swift, NotificationTokenHandler.swift (in target 'Spezi' from project 'Spezi')
SwiftDriver\ Compilation SpeziLocalization normal arm64 com.apple.xcode.tools.swift.compiler (in target 'SpeziLocalization' from project 'SpeziFoundation')
cd /Users/admin/builder/spi-builder-workspace/.swiftpm/xcode
builtin-Swift-Compilation -- /Applications/Xcode-27.0.0-Release.Candidate.app/Contents/Developer/Toolchains/XcodeDefault.xctoolchain/usr/bin/swiftc -parse-as-library -module-name SpeziLocalization -Onone @/Users/admin/builder/spi-builder-workspace/.derivedData/Build/Intermediates.noindex/SpeziFoundation.build/Debug-appletvos/SpeziLocalization-t.build/Objects-normal/arm64/SpeziLocalization.SwiftFileList -DSWIFT_PACKAGE -DDEBUG -DSWIFT_MODULE_RESOURCE_BUNDLE_UNAVAILABLE -Xcc -fmodule-map-file\=/Users/admin/builder/spi-builder-workspace/.dependencies/checkouts/zstd/lib/module.modulemap -Xcc -fmodule-map-file\=/Users/admin/builder/spi-builder-workspace/.dependencies/checkouts/swift-atomics/Sources/_AtomicsShims/include/module.modulemap -Xcc -fmodule-map-file\=/Users/admin/builder/spi-builder-workspace/.dependencies/checkouts/swift-numerics/Sources/_NumericsShims/include/module.modulemap -Xcc -fmodule-map-file\=/Users/admin/builder/spi-builder-workspace/.derivedData/Build/Intermediates.noindex/GeneratedModuleMaps-appletvos/SpeziFoundationObjC.modulemap -DXcode -enable-upcoming-feature ExistentialAny -enable-upcoming-feature InternalImportsByDefault -plugin-path /Applications/Xcode-27.0.0-Release.Candidate.app/Contents/Developer/Toolchains/XcodeDefault.xctoolchain/usr/lib/swift/host/plugins/testing -enable-experimental-feature DebugDescriptionMacro -sdk /Applications/Xcode-27.0.0-Release.Candidate.app/Contents/Developer/Platforms/AppleTVOS.platform/Developer/SDKs/AppleTVOS27.0.sdk -target arm64-apple-tvos17.0 -g -module-cache-path /Users/admin/builder/spi-builder-workspace/.derivedData/ModuleCache.noindex -Xfrontend -serialize-debugging-options -profile-coverage-mapping -profile-generate -enable-testing -suppress-warnings -index-store-path /Users/admin/builder/spi-builder-workspace/.derivedData/Index.noindex/DataStore -Xcc -D_LIBCPP_HARDENING_MODE\=_LIBCPP_HARDENING_MODE_DEBUG -swift-version 6 -I /Users/admin/builder/spi-builder-workspace/.derivedData/Build/Products/Debug-appletvos -Isystem /Applications/Xcode-27.0.0-Release.Candidate.app/Contents/Developer/Platforms/AppleTVOS.platform/Developer/usr/lib -F /Users/admin/builder/spi-builder-workspace/.derivedData/Build/Products/Debug-appletvos/PackageFrameworks -F /Users/admin/builder/spi-builder-workspace/.derivedData/Build/Products/Debug-appletvos -F /Applications/Xcode-27.0.0-Release.Candidate.app/Contents/Developer/Platforms/AppleTVOS.platform/Developer/Library/Frameworks -F /Applications/Xcode-27.0.0-Release.Candidate.app/Contents/Developer/Platforms/AppleTVOS.platform/Developer/SDKs/AppleTVOS27.0.sdk/Developer/Library/Frameworks -Xfrontend -load-plugin-executable -Xfrontend /Users/admin/builder/spi-builder-workspace/.derivedData/Build/Products/Debug/ThreadLocalMacros\#ThreadLocalMacros -emit-localized-strings -emit-localized-strings-path /Users/admin/builder/spi-builder-workspace/.derivedData/Build/Intermediates.noindex/SpeziFoundation.build/Debug-appletvos/SpeziLocalization-t.build/Objects-normal/arm64 -c -j10 -enable-batch-mode -incremental -Xcc -ivfsstatcache -Xcc /Users/admin/builder/spi-builder-workspace/.derivedData/SDKStatCaches.noindex/appletvos27.0-24J360-e829b21a6f8c9b70876ba0858053c044b32bfd8d43560033f8d89884cdb90028.sdkstatcache -output-file-map /Users/admin/builder/spi-builder-workspace/.derivedData/Build/Intermediates.noindex/SpeziFoundation.build/Debug-appletvos/SpeziLocalization-t.build/Objects-normal/arm64/SpeziLocalization-OutputFileMap.json -save-temps -no-color-diagnostics -explicit-module-build -module-cache-path /Users/admin/builder/spi-builder-workspace/.derivedData/Build/Intermediates.noindex/SwiftExplicitPrecompiledModules -clang-scanner-module-cache-path /Users/admin/builder/spi-builder-workspace/.derivedData/ModuleCache.noindex -sdk-module-cache-path /Users/admin/builder/spi-builder-workspace/.derivedData/SDKExplicitPrecompiledModules -emit-dependencies -emit-module -emit-module-path /Users/admin/builder/spi-builder-workspace/.derivedData/Build/Intermediates.noindex/SpeziFoundation.build/Debug-appletvos/SpeziLocalization-t.build/Objects-normal/arm64/SpeziLocalization.swiftmodule -serialize-diagnostics -dependency-scan-serialize-diagnostics-path /Users/admin/builder/spi-builder-workspace/.derivedData/Build/Intermediates.noindex/SpeziFoundation.build/Debug-appletvos/SpeziLocalization-t.build/Objects-normal/arm64/SpeziLocalization-dependency-scan.dia -user-module-version 2.7.7 -validate-clang-modules-once -clang-build-session-file /Users/admin/builder/spi-builder-workspace/.derivedData/ModuleCache.noindex/Session.modulevalidation -Xcc -fmodules-prune-interval\=86400 -Xcc -fmodules-prune-after\=345600 -package-name spezifoundation -emit-const-values -const-gather-protocols-list /Users/admin/builder/spi-builder-workspace/.derivedData/Build/Intermediates.noindex/SpeziFoundation.build/Debug-appletvos/SpeziLocalization-t.build/Objects-normal/arm64/SpeziLocalization_const_extract_protocols.json -Xcc -I/Users/admin/builder/spi-builder-workspace/.dependencies/checkouts/zstd/lib -Xcc -I/Users/admin/builder/spi-builder-workspace/.dependencies/checkouts/swift-atomics/Sources/_AtomicsShims/include -Xcc -I/Users/admin/builder/spi-builder-workspace/.dependencies/checkouts/swift-numerics/Sources/_NumericsShims/include -Xcc -I/Users/admin/builder/spi-builder-workspace/.dependencies/checkouts/SpeziFoundation/Sources/SpeziFoundationObjC/include -Xcc -I/Users/admin/builder/spi-builder-workspace/.derivedData/Build/Products/Debug-appletvos/include -Xcc -I/Users/admin/builder/spi-builder-workspace/.derivedData/Build/Intermediates.noindex/SpeziFoundation.build/Debug-appletvos/SpeziLocalization-t.build/DerivedSources-normal/arm64 -Xcc -I/Users/admin/builder/spi-builder-workspace/.derivedData/Build/Intermediates.noindex/SpeziFoundation.build/Debug-appletvos/SpeziLocalization-t.build/DerivedSources/arm64 -Xcc -I/Users/admin/builder/spi-builder-workspace/.derivedData/Build/Intermediates.noindex/SpeziFoundation.build/Debug-appletvos/SpeziLocalization-t.build/DerivedSources -Xcc -DSWIFT_PACKAGE -Xcc -DDEBUG\=1 -emit-objc-header -emit-objc-header-path /Users/admin/builder/spi-builder-workspace/.derivedData/Build/Intermediates.noindex/SpeziFoundation.build/Debug-appletvos/SpeziLocalization-t.build/Objects-normal/arm64/SpeziLocalization-Swift.h -working-directory /Users/admin/builder/spi-builder-workspace/.swiftpm/xcode -experimental-emit-module-separately -disable-cmo
SwiftCompile normal arm64 Compiling\ ApplicationPropertyWrapper.swift,\ CollectPropertyWrapper.swift,\ CollectedModuleValues.swift,\ ProvidePropertyWrapper.swift,\ StorageValueCollector.swift,\ StorageValueProvider.swift,\ LifecycleHandler.swift /Users/admin/builder/spi-builder-workspace/.dependencies/checkouts/Spezi/Sources/Spezi/Capabilities/ApplicationPropertyWrapper.swift /Users/admin/builder/spi-builder-workspace/.dependencies/checkouts/Spezi/Sources/Spezi/Capabilities/Communication/CollectPropertyWrapper.swift /Users/admin/builder/spi-builder-workspace/.dependencies/checkouts/Spezi/Sources/Spezi/Capabilities/Communication/CollectedModuleValues.swift /Users/admin/builder/spi-builder-workspace/.dependencies/checkouts/Spezi/Sources/Spezi/Capabilities/Communication/ProvidePropertyWrapper.swift /Users/admin/builder/spi-builder-workspace/.dependencies/checkouts/Spezi/Sources/Spezi/Capabilities/Communication/StorageValueCollector.swift /Users/admin/builder/spi-builder-workspace/.dependencies/checkouts/Spezi/Sources/Spezi/Capabilities/Communication/StorageValueProvider.swift /Users/admin/builder/spi-builder-workspace/.dependencies/checkouts/Spezi/Sources/Spezi/Capabilities/Lifecycle/LifecycleHandler.swift (in target 'Spezi' from project 'Spezi')
SwiftCompile normal arm64 /Users/admin/builder/spi-builder-workspace/.dependencies/checkouts/Spezi/Sources/Spezi/Capabilities/ApplicationPropertyWrapper.swift (in target 'Spezi' from project 'Spezi')
cd /Users/admin/builder/spi-builder-workspace/.swiftpm/xcode
builtin-SwiftPerFileCompile ApplicationPropertyWrapper.swift
SwiftCompile normal arm64 /Users/admin/builder/spi-builder-workspace/.dependencies/checkouts/Spezi/Sources/Spezi/Capabilities/Communication/CollectPropertyWrapper.swift (in target 'Spezi' from project 'Spezi')
cd /Users/admin/builder/spi-builder-workspace/.swiftpm/xcode
builtin-SwiftPerFileCompile CollectPropertyWrapper.swift
SwiftCompile normal arm64 /Users/admin/builder/spi-builder-workspace/.dependencies/checkouts/Spezi/Sources/Spezi/Capabilities/Communication/CollectedModuleValues.swift (in target 'Spezi' from project 'Spezi')
cd /Users/admin/builder/spi-builder-workspace/.swiftpm/xcode
builtin-SwiftPerFileCompile CollectedModuleValues.swift
SwiftCompile normal arm64 /Users/admin/builder/spi-builder-workspace/.dependencies/checkouts/Spezi/Sources/Spezi/Capabilities/Communication/ProvidePropertyWrapper.swift (in target 'Spezi' from project 'Spezi')
cd /Users/admin/builder/spi-builder-workspace/.swiftpm/xcode
builtin-SwiftPerFileCompile ProvidePropertyWrapper.swift
SwiftCompile normal arm64 /Users/admin/builder/spi-builder-workspace/.dependencies/checkouts/Spezi/Sources/Spezi/Capabilities/Communication/StorageValueCollector.swift (in target 'Spezi' from project 'Spezi')
cd /Users/admin/builder/spi-builder-workspace/.swiftpm/xcode
builtin-SwiftPerFileCompile StorageValueCollector.swift
SwiftCompile normal arm64 /Users/admin/builder/spi-builder-workspace/.dependencies/checkouts/Spezi/Sources/Spezi/Capabilities/Communication/StorageValueProvider.swift (in target 'Spezi' from project 'Spezi')
cd /Users/admin/builder/spi-builder-workspace/.swiftpm/xcode
builtin-SwiftPerFileCompile StorageValueProvider.swift
SwiftCompile normal arm64 /Users/admin/builder/spi-builder-workspace/.dependencies/checkouts/Spezi/Sources/Spezi/Capabilities/Lifecycle/LifecycleHandler.swift (in target 'Spezi' from project 'Spezi')
cd /Users/admin/builder/spi-builder-workspace/.swiftpm/xcode
builtin-SwiftPerFileCompile LifecycleHandler.swift
SwiftDriverJobDiscovery normal arm64 Compiling SpeziAnchor.swift, SpeziStorage.swift, StoredModulesKey.swift, ModuleDescription.swift, ServiceModuleGroup.swift, Spezi+Logger.swift (in target 'Spezi' from project 'Spezi')
Ld /Users/admin/builder/spi-builder-workspace/.derivedData/Build/Products/Debug-appletvos/SpeziLocalization.o normal (in target 'SpeziLocalization' from project 'SpeziFoundation')
cd /Users/admin/builder/spi-builder-workspace/.dependencies/checkouts/SpeziFoundation
/Applications/Xcode-27.0.0-Release.Candidate.app/Contents/Developer/Toolchains/XcodeDefault.xctoolchain/usr/bin/clang -Xlinker -reproducible -target arm64-apple-tvos17.0 -r -isysroot /Applications/Xcode-27.0.0-Release.Candidate.app/Contents/Developer/Platforms/AppleTVOS.platform/Developer/SDKs/AppleTVOS27.0.sdk -O0 -w -Xlinker -no_warn_duplicate_libraries -F/Users/admin/builder/spi-builder-workspace/.derivedData/Build/Intermediates.noindex/EagerLinkingTBDs/Debug-appletvos -F/Users/admin/builder/spi-builder-workspace/.derivedData/Build/Products/Debug-appletvos/PackageFrameworks -F/Users/admin/builder/spi-builder-workspace/.derivedData/Build/Products/Debug-appletvos -iframework /Applications/Xcode-27.0.0-Release.Candidate.app/Contents/Developer/Platforms/AppleTVOS.platform/Developer/Library/Frameworks -iframework /Applications/Xcode-27.0.0-Release.Candidate.app/Contents/Developer/Platforms/AppleTVOS.platform/Developer/SDKs/AppleTVOS27.0.sdk/Developer/Library/Frameworks -filelist /Users/admin/builder/spi-builder-workspace/.derivedData/Build/Intermediates.noindex/SpeziFoundation.build/Debug-appletvos/SpeziLocalization-t.build/Objects-normal/arm64/SpeziLocalization.LinkFileList -nostdlib -Xlinker -object_path_lto -Xlinker /Users/admin/builder/spi-builder-workspace/.derivedData/Build/Intermediates.noindex/SpeziFoundation.build/Debug-appletvos/SpeziLocalization-t.build/Objects-normal/arm64/SpeziLocalization_lto.o -Xlinker -no_deduplicate -Xlinker -debug_variant -Xlinker -dependency_info -Xlinker /Users/admin/builder/spi-builder-workspace/.derivedData/Build/Intermediates.noindex/SpeziFoundation.build/Debug-appletvos/SpeziLocalization-t.build/Objects-normal/arm64/SpeziLocalization_dependency_info.dat -fobjc-link-runtime -L/Applications/Xcode-27.0.0-Release.Candidate.app/Contents/Developer/Toolchains/XcodeDefault.xctoolchain/usr/lib/swift/appletvos -L/usr/lib/swift -Xlinker -add_ast_path -Xlinker /Users/admin/builder/spi-builder-workspace/.derivedData/Build/Intermediates.noindex/SpeziFoundation.build/Debug-appletvos/SpeziLocalization-t.build/Objects-normal/arm64/SpeziLocalization.swiftmodule -o /Users/admin/builder/spi-builder-workspace/.derivedData/Build/Products/Debug-appletvos/SpeziLocalization.o
SwiftDriverJobDiscovery normal arm64 Emitting module for Spezi (in target 'Spezi' from project 'Spezi')
SwiftDriver\ Compilation\ Requirements Spezi normal arm64 com.apple.xcode.tools.swift.compiler (in target 'Spezi' from project 'Spezi')
cd /Users/admin/builder/spi-builder-workspace/.swiftpm/xcode
builtin-Swift-Compilation-Requirements -- /Applications/Xcode-27.0.0-Release.Candidate.app/Contents/Developer/Toolchains/XcodeDefault.xctoolchain/usr/bin/swiftc -parse-as-library -module-name Spezi -Onone @/Users/admin/builder/spi-builder-workspace/.derivedData/Build/Intermediates.noindex/Spezi.build/Debug-appletvos/Spezi-t.build/Objects-normal/arm64/Spezi.SwiftFileList -DSWIFT_PACKAGE -DDEBUG -DSWIFT_MODULE_RESOURCE_BUNDLE_UNAVAILABLE -Xcc -fmodule-map-file\=/Users/admin/builder/spi-builder-workspace/.dependencies/checkouts/zstd/lib/module.modulemap -Xcc -fmodule-map-file\=/Users/admin/builder/spi-builder-workspace/.dependencies/checkouts/swift-atomics/Sources/_AtomicsShims/include/module.modulemap -Xcc -fmodule-map-file\=/Users/admin/builder/spi-builder-workspace/.dependencies/checkouts/swift-numerics/Sources/_NumericsShims/include/module.modulemap -Xcc -fmodule-map-file\=/Users/admin/builder/spi-builder-workspace/.derivedData/Build/Intermediates.noindex/GeneratedModuleMaps-appletvos/SpeziFoundationObjC.modulemap -DXcode -enable-upcoming-feature ExistentialAny -plugin-path /Applications/Xcode-27.0.0-Release.Candidate.app/Contents/Developer/Toolchains/XcodeDefault.xctoolchain/usr/lib/swift/host/plugins/testing -enable-experimental-feature DebugDescriptionMacro -sdk /Applications/Xcode-27.0.0-Release.Candidate.app/Contents/Developer/Platforms/AppleTVOS.platform/Developer/SDKs/AppleTVOS27.0.sdk -target arm64-apple-tvos17.0 -g -module-cache-path /Users/admin/builder/spi-builder-workspace/.derivedData/ModuleCache.noindex -Xfrontend -serialize-debugging-options -profile-coverage-mapping -profile-generate -enable-testing -suppress-warnings -index-store-path /Users/admin/builder/spi-builder-workspace/.derivedData/Index.noindex/DataStore -Xcc -D_LIBCPP_HARDENING_MODE\=_LIBCPP_HARDENING_MODE_DEBUG -swift-version 6 -I /Users/admin/builder/spi-builder-workspace/.derivedData/Build/Products/Debug-appletvos -Isystem /Applications/Xcode-27.0.0-Release.Candidate.app/Contents/Developer/Platforms/AppleTVOS.platform/Developer/usr/lib -F /Users/admin/builder/spi-builder-workspace/.derivedData/Build/Products/Debug-appletvos/PackageFrameworks -F /Users/admin/builder/spi-builder-workspace/.derivedData/Build/Products/Debug-appletvos -F /Applications/Xcode-27.0.0-Release.Candidate.app/Contents/Developer/Platforms/AppleTVOS.platform/Developer/Library/Frameworks -F /Applications/Xcode-27.0.0-Release.Candidate.app/Contents/Developer/Platforms/AppleTVOS.platform/Developer/SDKs/AppleTVOS27.0.sdk/Developer/Library/Frameworks -Xfrontend -load-plugin-executable -Xfrontend /Users/admin/builder/spi-builder-workspace/.derivedData/Build/Products/Debug/ThreadLocalMacros\#ThreadLocalMacros -emit-localized-strings -emit-localized-strings-path /Users/admin/builder/spi-builder-workspace/.derivedData/Build/Intermediates.noindex/Spezi.build/Debug-appletvos/Spezi-t.build/Objects-normal/arm64 -c -j10 -enable-batch-mode -incremental -Xcc -ivfsstatcache -Xcc /Users/admin/builder/spi-builder-workspace/.derivedData/SDKStatCaches.noindex/appletvos27.0-24J360-e829b21a6f8c9b70876ba0858053c044b32bfd8d43560033f8d89884cdb90028.sdkstatcache -output-file-map /Users/admin/builder/spi-builder-workspace/.derivedData/Build/Intermediates.noindex/Spezi.build/Debug-appletvos/Spezi-t.build/Objects-normal/arm64/Spezi-OutputFileMap.json -save-temps -no-color-diagnostics -explicit-module-build -module-cache-path /Users/admin/builder/spi-builder-workspace/.derivedData/Build/Intermediates.noindex/SwiftExplicitPrecompiledModules -clang-scanner-module-cache-path /Users/admin/builder/spi-builder-workspace/.derivedData/ModuleCache.noindex -sdk-module-cache-path /Users/admin/builder/spi-builder-workspace/.derivedData/SDKExplicitPrecompiledModules -emit-dependencies -emit-module -emit-module-path /Users/admin/builder/spi-builder-workspace/.derivedData/Build/Intermediates.noindex/Spezi.build/Debug-appletvos/Spezi-t.build/Objects-normal/arm64/Spezi.swiftmodule -serialize-diagnostics -dependency-scan-serialize-diagnostics-path /Users/admin/builder/spi-builder-workspace/.derivedData/Build/Intermediates.noindex/Spezi.build/Debug-appletvos/Spezi-t.build/Objects-normal/arm64/Spezi-dependency-scan.dia -user-module-version 1.10.2 -validate-clang-modules-once -clang-build-session-file /Users/admin/builder/spi-builder-workspace/.derivedData/ModuleCache.noindex/Session.modulevalidation -Xcc -fmodules-prune-interval\=86400 -Xcc -fmodules-prune-after\=345600 -package-name spezi -emit-const-values -const-gather-protocols-list /Users/admin/builder/spi-builder-workspace/.derivedData/Build/Intermediates.noindex/Spezi.build/Debug-appletvos/Spezi-t.build/Objects-normal/arm64/Spezi_const_extract_protocols.json -Xcc -I/Users/admin/builder/spi-builder-workspace/.dependencies/checkouts/zstd/lib -Xcc -I/Users/admin/builder/spi-builder-workspace/.dependencies/checkouts/swift-atomics/Sources/_AtomicsShims/include -Xcc -I/Users/admin/builder/spi-builder-workspace/.dependencies/checkouts/swift-numerics/Sources/_NumericsShims/include -Xcc -I/Users/admin/builder/spi-builder-workspace/.dependencies/checkouts/SpeziFoundation/Sources/SpeziFoundationObjC/include -Xcc -I/Users/admin/builder/spi-builder-workspace/.derivedData/Build/Products/Debug-appletvos/include -Xcc -I/Users/admin/builder/spi-builder-workspace/.derivedData/Build/Intermediates.noindex/Spezi.build/Debug-appletvos/Spezi-t.build/DerivedSources-normal/arm64 -Xcc -I/Users/admin/builder/spi-builder-workspace/.derivedData/Build/Intermediates.noindex/Spezi.build/Debug-appletvos/Spezi-t.build/DerivedSources/arm64 -Xcc -I/Users/admin/builder/spi-builder-workspace/.derivedData/Build/Intermediates.noindex/Spezi.build/Debug-appletvos/Spezi-t.build/DerivedSources -Xcc -DSWIFT_PACKAGE -Xcc -DDEBUG\=1 -emit-objc-header -emit-objc-header-path /Users/admin/builder/spi-builder-workspace/.derivedData/Build/Intermediates.noindex/Spezi.build/Debug-appletvos/Spezi-t.build/Objects-normal/arm64/Spezi-Swift.h -working-directory /Users/admin/builder/spi-builder-workspace/.swiftpm/xcode -experimental-emit-module-separately -disable-cmo
SwiftMergeGeneratedHeaders /Users/admin/builder/spi-builder-workspace/.derivedData/Build/Intermediates.noindex/GeneratedModuleMaps-appletvos/Spezi-Swift.h /Users/admin/builder/spi-builder-workspace/.derivedData/Build/Intermediates.noindex/Spezi.build/Debug-appletvos/Spezi-t.build/Objects-normal/arm64/Spezi-Swift.h (in target 'Spezi' from project 'Spezi')
cd /Users/admin/builder/spi-builder-workspace/.dependencies/checkouts/Spezi
builtin-swiftHeaderTool -arch arm64 /Users/admin/builder/spi-builder-workspace/.derivedData/Build/Intermediates.noindex/Spezi.build/Debug-appletvos/Spezi-t.build/Objects-normal/arm64/Spezi-Swift.h -o /Users/admin/builder/spi-builder-workspace/.derivedData/Build/Intermediates.noindex/GeneratedModuleMaps-appletvos/Spezi-Swift.h
Copy /Users/admin/builder/spi-builder-workspace/.derivedData/Build/Products/Debug-appletvos/Spezi.swiftmodule/arm64-apple-tvos.swiftmodule /Users/admin/builder/spi-builder-workspace/.derivedData/Build/Intermediates.noindex/Spezi.build/Debug-appletvos/Spezi-t.build/Objects-normal/arm64/Spezi.swiftmodule (in target 'Spezi' from project 'Spezi')
cd /Users/admin/builder/spi-builder-workspace/.dependencies/checkouts/Spezi
builtin-copy -exclude .DS_Store -exclude CVS -exclude .svn -exclude .git -exclude .hg -resolve-src-symlinks -rename /Users/admin/builder/spi-builder-workspace/.derivedData/Build/Intermediates.noindex/Spezi.build/Debug-appletvos/Spezi-t.build/Objects-normal/arm64/Spezi.swiftmodule /Users/admin/builder/spi-builder-workspace/.derivedData/Build/Products/Debug-appletvos/Spezi.swiftmodule/arm64-apple-tvos.swiftmodule
Copy /Users/admin/builder/spi-builder-workspace/.derivedData/Build/Products/Debug-appletvos/Spezi.swiftmodule/arm64-apple-tvos.swiftdoc /Users/admin/builder/spi-builder-workspace/.derivedData/Build/Intermediates.noindex/Spezi.build/Debug-appletvos/Spezi-t.build/Objects-normal/arm64/Spezi.swiftdoc (in target 'Spezi' from project 'Spezi')
cd /Users/admin/builder/spi-builder-workspace/.dependencies/checkouts/Spezi
builtin-copy -exclude .DS_Store -exclude CVS -exclude .svn -exclude .git -exclude .hg -resolve-src-symlinks -rename /Users/admin/builder/spi-builder-workspace/.derivedData/Build/Intermediates.noindex/Spezi.build/Debug-appletvos/Spezi-t.build/Objects-normal/arm64/Spezi.swiftdoc /Users/admin/builder/spi-builder-workspace/.derivedData/Build/Products/Debug-appletvos/Spezi.swiftmodule/arm64-apple-tvos.swiftdoc
Copy /Users/admin/builder/spi-builder-workspace/.derivedData/Build/Products/Debug-appletvos/Spezi.swiftmodule/arm64-apple-tvos.abi.json /Users/admin/builder/spi-builder-workspace/.derivedData/Build/Intermediates.noindex/Spezi.build/Debug-appletvos/Spezi-t.build/Objects-normal/arm64/Spezi.abi.json (in target 'Spezi' from project 'Spezi')
cd /Users/admin/builder/spi-builder-workspace/.dependencies/checkouts/Spezi
builtin-copy -exclude .DS_Store -exclude CVS -exclude .svn -exclude .git -exclude .hg -resolve-src-symlinks -rename /Users/admin/builder/spi-builder-workspace/.derivedData/Build/Intermediates.noindex/Spezi.build/Debug-appletvos/Spezi-t.build/Objects-normal/arm64/Spezi.abi.json /Users/admin/builder/spi-builder-workspace/.derivedData/Build/Products/Debug-appletvos/Spezi.swiftmodule/arm64-apple-tvos.abi.json
Copy /Users/admin/builder/spi-builder-workspace/.derivedData/Build/Products/Debug-appletvos/Spezi.swiftmodule/Project/arm64-apple-tvos.swiftsourceinfo /Users/admin/builder/spi-builder-workspace/.derivedData/Build/Intermediates.noindex/Spezi.build/Debug-appletvos/Spezi-t.build/Objects-normal/arm64/Spezi.swiftsourceinfo (in target 'Spezi' from project 'Spezi')
cd /Users/admin/builder/spi-builder-workspace/.dependencies/checkouts/Spezi
builtin-copy -exclude .DS_Store -exclude CVS -exclude .svn -exclude .git -exclude .hg -resolve-src-symlinks -rename /Users/admin/builder/spi-builder-workspace/.derivedData/Build/Intermediates.noindex/Spezi.build/Debug-appletvos/Spezi-t.build/Objects-normal/arm64/Spezi.swiftsourceinfo /Users/admin/builder/spi-builder-workspace/.derivedData/Build/Products/Debug-appletvos/Spezi.swiftmodule/Project/arm64-apple-tvos.swiftsourceinfo
ExtractAppIntentsMetadata (in target 'SpeziLocalization' from project 'SpeziFoundation')
cd /Users/admin/builder/spi-builder-workspace/.dependencies/checkouts/SpeziFoundation
/Applications/Xcode-27.0.0-Release.Candidate.app/Contents/Developer/Toolchains/XcodeDefault.xctoolchain/usr/bin/appintentsmetadataprocessor --toolchain-dir /var/run/com.apple.security.cryptexd/mnt/com.apple.MobileAsset.MetalToolchain-v27.1.266.1.y5vRhH/Metal.xctoolchain --module-name SpeziLocalization --sdk-root /Applications/Xcode-27.0.0-Release.Candidate.app/Contents/Developer/Platforms/AppleTVOS.platform/Developer/SDKs/AppleTVOS27.0.sdk --xcode-version 27A266a --platform-family tvOS --deployment-target 17.0 --bundle-identifier spezifoundation.SpeziLocalization --output /Users/admin/builder/spi-builder-workspace/.derivedData/Build/Products/Debug-appletvos/SpeziLocalization.appintents --target-triple arm64-apple-tvos17.0 --binary-file /Users/admin/builder/spi-builder-workspace/.derivedData/Build/Products/Debug-appletvos/SpeziLocalization.o --dependency-file /Users/admin/builder/spi-builder-workspace/.derivedData/Build/Intermediates.noindex/SpeziFoundation.build/Debug-appletvos/SpeziLocalization-t.build/Objects-normal/arm64/SpeziLocalization_dependency_info.dat --stringsdata-file /Users/admin/builder/spi-builder-workspace/.derivedData/Build/Intermediates.noindex/SpeziFoundation.build/Debug-appletvos/SpeziLocalization-t.build/Objects-normal/arm64/ExtractedAppShortcutsMetadata.stringsdata --source-file-list /Users/admin/builder/spi-builder-workspace/.derivedData/Build/Intermediates.noindex/SpeziFoundation.build/Debug-appletvos/SpeziLocalization-t.build/Objects-normal/arm64/SpeziLocalization.SwiftFileList --metadata-file-list /Users/admin/builder/spi-builder-workspace/.derivedData/Build/Intermediates.noindex/SpeziFoundation.build/Debug-appletvos/SpeziLocalization-t.build/SpeziLocalization.DependencyMetadataFileList --static-metadata-file-list /Users/admin/builder/spi-builder-workspace/.derivedData/Build/Intermediates.noindex/SpeziFoundation.build/Debug-appletvos/SpeziLocalization-t.build/SpeziLocalization.DependencyStaticMetadataFileList --swift-const-vals-list /Users/admin/builder/spi-builder-workspace/.derivedData/Build/Intermediates.noindex/SpeziFoundation.build/Debug-appletvos/SpeziLocalization-t.build/Objects-normal/arm64/SpeziLocalization.SwiftConstValuesFileList --force --compile-time-extraction --deployment-aware-processing --no-app-shortcuts-localization
2026-09-20 00:50:56.192 appintentsmetadataprocessor[1933:9732] Starting appintentsmetadataprocessor export
2026-09-20 00:50:56.280 appintentsmetadataprocessor[1933:9732] Extracted no relevant App Intents symbols, skipping writing output
GenerateStringSymbols /Users/admin/builder/spi-builder-workspace/.derivedData/Build/Intermediates.noindex/SpeziViews.build/Debug-appletvos/SpeziViews-t.build/DerivedSources/GeneratedStringSymbols_Localizable.swift /Users/admin/builder/spi-builder-workspace/.dependencies/checkouts/SpeziViews/Sources/SpeziViews/Resources/Localizable.xcstrings (in target 'SpeziViews' from project 'SpeziViews')
cd /Users/admin/builder/spi-builder-workspace/.dependencies/checkouts/SpeziViews
/Applications/Xcode-27.0.0-Release.Candidate.app/Contents/Developer/usr/bin/xcstringstool generate-symbols --language swift --output-directory /Users/admin/builder/spi-builder-workspace/.derivedData/Build/Intermediates.noindex/SpeziViews.build/Debug-appletvos/SpeziViews-t.build/DerivedSources /Users/admin/builder/spi-builder-workspace/.dependencies/checkouts/SpeziViews/Sources/SpeziViews/Resources/Localizable.xcstrings
SwiftDriver SpeziViews normal arm64 com.apple.xcode.tools.swift.compiler (in target 'SpeziViews' from project 'SpeziViews')
cd /Users/admin/builder/spi-builder-workspace/.swiftpm/xcode
builtin-SwiftDriver -- /Applications/Xcode-27.0.0-Release.Candidate.app/Contents/Developer/Toolchains/XcodeDefault.xctoolchain/usr/bin/swiftc -parse-as-library -module-name SpeziViews -Onone @/Users/admin/builder/spi-builder-workspace/.derivedData/Build/Intermediates.noindex/SpeziViews.build/Debug-appletvos/SpeziViews-t.build/Objects-normal/arm64/SpeziViews.SwiftFileList -DSWIFT_PACKAGE -DDEBUG -DSWIFT_MODULE_RESOURCE_BUNDLE_AVAILABLE -Xcc -fmodule-map-file\=/Users/admin/builder/spi-builder-workspace/.dependencies/checkouts/zstd/lib/module.modulemap -Xcc -fmodule-map-file\=/Users/admin/builder/spi-builder-workspace/.dependencies/checkouts/swift-atomics/Sources/_AtomicsShims/include/module.modulemap -Xcc -fmodule-map-file\=/Users/admin/builder/spi-builder-workspace/.dependencies/checkouts/swift-numerics/Sources/_NumericsShims/include/module.modulemap -Xcc -fmodule-map-file\=/Users/admin/builder/spi-builder-workspace/.derivedData/Build/Intermediates.noindex/GeneratedModuleMaps-appletvos/SpeziFoundationObjC.modulemap -Xcc -fmodule-map-file\=/Users/admin/builder/spi-builder-workspace/.dependencies/checkouts/swift-cmark/src/include/module.modulemap -Xcc -fmodule-map-file\=/Users/admin/builder/spi-builder-workspace/.dependencies/checkouts/swift-cmark/extensions/include/module.modulemap -DXcode -plugin-path /Applications/Xcode-27.0.0-Release.Candidate.app/Contents/Developer/Toolchains/XcodeDefault.xctoolchain/usr/lib/swift/host/plugins/testing -enable-experimental-feature DebugDescriptionMacro -sdk /Applications/Xcode-27.0.0-Release.Candidate.app/Contents/Developer/Platforms/AppleTVOS.platform/Developer/SDKs/AppleTVOS27.0.sdk -target arm64-apple-tvos17.0 -g -module-cache-path /Users/admin/builder/spi-builder-workspace/.derivedData/ModuleCache.noindex -Xfrontend -serialize-debugging-options -profile-coverage-mapping -profile-generate -enable-testing -suppress-warnings -index-store-path /Users/admin/builder/spi-builder-workspace/.derivedData/Index.noindex/DataStore -Xcc -D_LIBCPP_HARDENING_MODE\=_LIBCPP_HARDENING_MODE_DEBUG -swift-version 6 -I /Users/admin/builder/spi-builder-workspace/.derivedData/Build/Products/Debug-appletvos -Isystem /Applications/Xcode-27.0.0-Release.Candidate.app/Contents/Developer/Platforms/AppleTVOS.platform/Developer/usr/lib -F /Users/admin/builder/spi-builder-workspace/.derivedData/Build/Products/Debug-appletvos/PackageFrameworks -F /Users/admin/builder/spi-builder-workspace/.derivedData/Build/Products/Debug-appletvos -F /Applications/Xcode-27.0.0-Release.Candidate.app/Contents/Developer/Platforms/AppleTVOS.platform/Developer/Library/Frameworks -F /Applications/Xcode-27.0.0-Release.Candidate.app/Contents/Developer/Platforms/AppleTVOS.platform/Developer/SDKs/AppleTVOS27.0.sdk/Developer/Library/Frameworks -Xfrontend -load-plugin-executable -Xfrontend /Users/admin/builder/spi-builder-workspace/.derivedData/Build/Products/Debug/ThreadLocalMacros\#ThreadLocalMacros -emit-localized-strings -emit-localized-strings-path /Users/admin/builder/spi-builder-workspace/.derivedData/Build/Intermediates.noindex/SpeziViews.build/Debug-appletvos/SpeziViews-t.build/Objects-normal/arm64 -c -j10 -enable-batch-mode -incremental -Xcc -ivfsstatcache -Xcc /Users/admin/builder/spi-builder-workspace/.derivedData/SDKStatCaches.noindex/appletvos27.0-24J360-e829b21a6f8c9b70876ba0858053c044b32bfd8d43560033f8d89884cdb90028.sdkstatcache -output-file-map /Users/admin/builder/spi-builder-workspace/.derivedData/Build/Intermediates.noindex/SpeziViews.build/Debug-appletvos/SpeziViews-t.build/Objects-normal/arm64/SpeziViews-OutputFileMap.json -save-temps -no-color-diagnostics -explicit-module-build -module-cache-path /Users/admin/builder/spi-builder-workspace/.derivedData/Build/Intermediates.noindex/SwiftExplicitPrecompiledModules -clang-scanner-module-cache-path /Users/admin/builder/spi-builder-workspace/.derivedData/ModuleCache.noindex -sdk-module-cache-path /Users/admin/builder/spi-builder-workspace/.derivedData/SDKExplicitPrecompiledModules -emit-dependencies -emit-module -emit-module-path /Users/admin/builder/spi-builder-workspace/.derivedData/Build/Intermediates.noindex/SpeziViews.build/Debug-appletvos/SpeziViews-t.build/Objects-normal/arm64/SpeziViews.swiftmodule -serialize-diagnostics -dependency-scan-serialize-diagnostics-path /Users/admin/builder/spi-builder-workspace/.derivedData/Build/Intermediates.noindex/SpeziViews.build/Debug-appletvos/SpeziViews-t.build/Objects-normal/arm64/SpeziViews-dependency-scan.dia -user-module-version 1.12.14 -validate-clang-modules-once -clang-build-session-file /Users/admin/builder/spi-builder-workspace/.derivedData/ModuleCache.noindex/Session.modulevalidation -Xcc -fmodules-prune-interval\=86400 -Xcc -fmodules-prune-after\=345600 -package-name speziviews -emit-const-values -const-gather-protocols-list /Users/admin/builder/spi-builder-workspace/.derivedData/Build/Intermediates.noindex/SpeziViews.build/Debug-appletvos/SpeziViews-t.build/Objects-normal/arm64/SpeziViews_const_extract_protocols.json -Xcc -I/Users/admin/builder/spi-builder-workspace/.dependencies/checkouts/zstd/lib -Xcc -I/Users/admin/builder/spi-builder-workspace/.dependencies/checkouts/swift-atomics/Sources/_AtomicsShims/include -Xcc -I/Users/admin/builder/spi-builder-workspace/.dependencies/checkouts/swift-numerics/Sources/_NumericsShims/include -Xcc -I/Users/admin/builder/spi-builder-workspace/.dependencies/checkouts/SpeziFoundation/Sources/SpeziFoundationObjC/include -Xcc -I/Users/admin/builder/spi-builder-workspace/.dependencies/checkouts/swift-cmark/src/include -Xcc -I/Users/admin/builder/spi-builder-workspace/.dependencies/checkouts/swift-cmark/extensions/include -Xcc -I/Users/admin/builder/spi-builder-workspace/.derivedData/Build/Products/Debug-appletvos/include -Xcc -I/Users/admin/builder/spi-builder-workspace/.derivedData/Build/Intermediates.noindex/SpeziViews.build/Debug-appletvos/SpeziViews-t.build/DerivedSources-normal/arm64 -Xcc -I/Users/admin/builder/spi-builder-workspace/.derivedData/Build/Intermediates.noindex/SpeziViews.build/Debug-appletvos/SpeziViews-t.build/DerivedSources/arm64 -Xcc -I/Users/admin/builder/spi-builder-workspace/.derivedData/Build/Intermediates.noindex/SpeziViews.build/Debug-appletvos/SpeziViews-t.build/DerivedSources -Xcc -DSWIFT_PACKAGE -Xcc -DDEBUG\=1 -emit-objc-header -emit-objc-header-path /Users/admin/builder/spi-builder-workspace/.derivedData/Build/Intermediates.noindex/SpeziViews.build/Debug-appletvos/SpeziViews-t.build/Objects-normal/arm64/SpeziViews-Swift.h -working-directory /Users/admin/builder/spi-builder-workspace/.swiftpm/xcode -experimental-emit-module-separately -disable-cmo
SwiftDriverJobDiscovery normal arm64 Compiling DefaultInitializable.swift, DependencyManager.swift, DependencyManagerError.swift, Module+DependencyRelation.swift, DependencyBuilder.swift, DependencyCollection.swift, DependencyCollectionBuilder.swift (in target 'Spezi' from project 'Spezi')
SwiftDriverJobDiscovery normal arm64 Compiling Application+TypeAlias.swift, ApplicationDelegate.swift, ApplicationDelegateAdaptor.swift, DynamicReference.swift, Module+Properties.swift, ProcessInfo+PreviewSimulator.swift (in target 'Spezi' from project 'Spezi')
SwiftDriverJobDiscovery normal arm64 Compiling SpeziSceneDelegate.swift, View+Spezi.swift, DefaultStandard.swift, Module+Standard.swift, Standard.swift, StandardPropertyWrapper.swift (in target 'Spezi' from project 'Spezi')
SwiftDriverJobDiscovery normal arm64 Compiling DependencyContext.swift, DependencyDeclaration.swift, DependencyPropertyWrapper.swift, Module+Dependencies.swift, DependencyReference.swift, ModuleReference.swift, Module.swift (in target 'Spezi' from project 'Spezi')
SwiftDriverJobDiscovery normal arm64 Compiling ServiceModule.swift, EnvironmentAccessible.swift, ModelModifier.swift, ModelPropertyWrapper.swift, ModifierPropertyWrapper.swift, ViewModifierProvider.swift, Configuration.swift (in target 'Spezi' from project 'Spezi')
SwiftDriverJobDiscovery normal arm64 Compiling RemoteNotificationRegistrationSupport.swift, Spezi+RegisterRemoteNotificationsAction.swift, Spezi+UnregisterRemoteNotifications.swift, SpeziNotificationCenterDelegate.swift, ImplicitlyCreatedModulesKey.swift, LaunchOptionsKey.swift (in target 'Spezi' from project 'Spezi')
SwiftDriverJobDiscovery normal arm64 Compiling ApplicationPropertyWrapper.swift, CollectPropertyWrapper.swift, CollectedModuleValues.swift, ProvidePropertyWrapper.swift, StorageValueCollector.swift, StorageValueProvider.swift, LifecycleHandler.swift (in target 'Spezi' from project 'Spezi')
SwiftDriverJobDiscovery normal arm64 Compiling Spezi+Preview.swift, Spezi+Spezi.swift, Spezi.swift, SpeziAppDelegate.swift, SpeziModuleError.swift, SpeziPropertyWrapper.swift (in target 'Spezi' from project 'Spezi')
SwiftDriver\ Compilation Spezi normal arm64 com.apple.xcode.tools.swift.compiler (in target 'Spezi' from project 'Spezi')
cd /Users/admin/builder/spi-builder-workspace/.swiftpm/xcode
builtin-Swift-Compilation -- /Applications/Xcode-27.0.0-Release.Candidate.app/Contents/Developer/Toolchains/XcodeDefault.xctoolchain/usr/bin/swiftc -parse-as-library -module-name Spezi -Onone @/Users/admin/builder/spi-builder-workspace/.derivedData/Build/Intermediates.noindex/Spezi.build/Debug-appletvos/Spezi-t.build/Objects-normal/arm64/Spezi.SwiftFileList -DSWIFT_PACKAGE -DDEBUG -DSWIFT_MODULE_RESOURCE_BUNDLE_UNAVAILABLE -Xcc -fmodule-map-file\=/Users/admin/builder/spi-builder-workspace/.dependencies/checkouts/zstd/lib/module.modulemap -Xcc -fmodule-map-file\=/Users/admin/builder/spi-builder-workspace/.dependencies/checkouts/swift-atomics/Sources/_AtomicsShims/include/module.modulemap -Xcc -fmodule-map-file\=/Users/admin/builder/spi-builder-workspace/.dependencies/checkouts/swift-numerics/Sources/_NumericsShims/include/module.modulemap -Xcc -fmodule-map-file\=/Users/admin/builder/spi-builder-workspace/.derivedData/Build/Intermediates.noindex/GeneratedModuleMaps-appletvos/SpeziFoundationObjC.modulemap -DXcode -enable-upcoming-feature ExistentialAny -plugin-path /Applications/Xcode-27.0.0-Release.Candidate.app/Contents/Developer/Toolchains/XcodeDefault.xctoolchain/usr/lib/swift/host/plugins/testing -enable-experimental-feature DebugDescriptionMacro -sdk /Applications/Xcode-27.0.0-Release.Candidate.app/Contents/Developer/Platforms/AppleTVOS.platform/Developer/SDKs/AppleTVOS27.0.sdk -target arm64-apple-tvos17.0 -g -module-cache-path /Users/admin/builder/spi-builder-workspace/.derivedData/ModuleCache.noindex -Xfrontend -serialize-debugging-options -profile-coverage-mapping -profile-generate -enable-testing -suppress-warnings -index-store-path /Users/admin/builder/spi-builder-workspace/.derivedData/Index.noindex/DataStore -Xcc -D_LIBCPP_HARDENING_MODE\=_LIBCPP_HARDENING_MODE_DEBUG -swift-version 6 -I /Users/admin/builder/spi-builder-workspace/.derivedData/Build/Products/Debug-appletvos -Isystem /Applications/Xcode-27.0.0-Release.Candidate.app/Contents/Developer/Platforms/AppleTVOS.platform/Developer/usr/lib -F /Users/admin/builder/spi-builder-workspace/.derivedData/Build/Products/Debug-appletvos/PackageFrameworks -F /Users/admin/builder/spi-builder-workspace/.derivedData/Build/Products/Debug-appletvos -F /Applications/Xcode-27.0.0-Release.Candidate.app/Contents/Developer/Platforms/AppleTVOS.platform/Developer/Library/Frameworks -F /Applications/Xcode-27.0.0-Release.Candidate.app/Contents/Developer/Platforms/AppleTVOS.platform/Developer/SDKs/AppleTVOS27.0.sdk/Developer/Library/Frameworks -Xfrontend -load-plugin-executable -Xfrontend /Users/admin/builder/spi-builder-workspace/.derivedData/Build/Products/Debug/ThreadLocalMacros\#ThreadLocalMacros -emit-localized-strings -emit-localized-strings-path /Users/admin/builder/spi-builder-workspace/.derivedData/Build/Intermediates.noindex/Spezi.build/Debug-appletvos/Spezi-t.build/Objects-normal/arm64 -c -j10 -enable-batch-mode -incremental -Xcc -ivfsstatcache -Xcc /Users/admin/builder/spi-builder-workspace/.derivedData/SDKStatCaches.noindex/appletvos27.0-24J360-e829b21a6f8c9b70876ba0858053c044b32bfd8d43560033f8d89884cdb90028.sdkstatcache -output-file-map /Users/admin/builder/spi-builder-workspace/.derivedData/Build/Intermediates.noindex/Spezi.build/Debug-appletvos/Spezi-t.build/Objects-normal/arm64/Spezi-OutputFileMap.json -save-temps -no-color-diagnostics -explicit-module-build -module-cache-path /Users/admin/builder/spi-builder-workspace/.derivedData/Build/Intermediates.noindex/SwiftExplicitPrecompiledModules -clang-scanner-module-cache-path /Users/admin/builder/spi-builder-workspace/.derivedData/ModuleCache.noindex -sdk-module-cache-path /Users/admin/builder/spi-builder-workspace/.derivedData/SDKExplicitPrecompiledModules -emit-dependencies -emit-module -emit-module-path /Users/admin/builder/spi-builder-workspace/.derivedData/Build/Intermediates.noindex/Spezi.build/Debug-appletvos/Spezi-t.build/Objects-normal/arm64/Spezi.swiftmodule -serialize-diagnostics -dependency-scan-serialize-diagnostics-path /Users/admin/builder/spi-builder-workspace/.derivedData/Build/Intermediates.noindex/Spezi.build/Debug-appletvos/Spezi-t.build/Objects-normal/arm64/Spezi-dependency-scan.dia -user-module-version 1.10.2 -validate-clang-modules-once -clang-build-session-file /Users/admin/builder/spi-builder-workspace/.derivedData/ModuleCache.noindex/Session.modulevalidation -Xcc -fmodules-prune-interval\=86400 -Xcc -fmodules-prune-after\=345600 -package-name spezi -emit-const-values -const-gather-protocols-list /Users/admin/builder/spi-builder-workspace/.derivedData/Build/Intermediates.noindex/Spezi.build/Debug-appletvos/Spezi-t.build/Objects-normal/arm64/Spezi_const_extract_protocols.json -Xcc -I/Users/admin/builder/spi-builder-workspace/.dependencies/checkouts/zstd/lib -Xcc -I/Users/admin/builder/spi-builder-workspace/.dependencies/checkouts/swift-atomics/Sources/_AtomicsShims/include -Xcc -I/Users/admin/builder/spi-builder-workspace/.dependencies/checkouts/swift-numerics/Sources/_NumericsShims/include -Xcc -I/Users/admin/builder/spi-builder-workspace/.dependencies/checkouts/SpeziFoundation/Sources/SpeziFoundationObjC/include -Xcc -I/Users/admin/builder/spi-builder-workspace/.derivedData/Build/Products/Debug-appletvos/include -Xcc -I/Users/admin/builder/spi-builder-workspace/.derivedData/Build/Intermediates.noindex/Spezi.build/Debug-appletvos/Spezi-t.build/DerivedSources-normal/arm64 -Xcc -I/Users/admin/builder/spi-builder-workspace/.derivedData/Build/Intermediates.noindex/Spezi.build/Debug-appletvos/Spezi-t.build/DerivedSources/arm64 -Xcc -I/Users/admin/builder/spi-builder-workspace/.derivedData/Build/Intermediates.noindex/Spezi.build/Debug-appletvos/Spezi-t.build/DerivedSources -Xcc -DSWIFT_PACKAGE -Xcc -DDEBUG\=1 -emit-objc-header -emit-objc-header-path /Users/admin/builder/spi-builder-workspace/.derivedData/Build/Intermediates.noindex/Spezi.build/Debug-appletvos/Spezi-t.build/Objects-normal/arm64/Spezi-Swift.h -working-directory /Users/admin/builder/spi-builder-workspace/.swiftpm/xcode -experimental-emit-module-separately -disable-cmo
Ld /Users/admin/builder/spi-builder-workspace/.derivedData/Build/Products/Debug-appletvos/Spezi.o normal (in target 'Spezi' from project 'Spezi')
cd /Users/admin/builder/spi-builder-workspace/.dependencies/checkouts/Spezi
/Applications/Xcode-27.0.0-Release.Candidate.app/Contents/Developer/Toolchains/XcodeDefault.xctoolchain/usr/bin/clang -Xlinker -reproducible -target arm64-apple-tvos17.0 -r -isysroot /Applications/Xcode-27.0.0-Release.Candidate.app/Contents/Developer/Platforms/AppleTVOS.platform/Developer/SDKs/AppleTVOS27.0.sdk -O0 -w -Xlinker -no_warn_duplicate_libraries -F/Users/admin/builder/spi-builder-workspace/.derivedData/Build/Intermediates.noindex/EagerLinkingTBDs/Debug-appletvos -F/Users/admin/builder/spi-builder-workspace/.derivedData/Build/Products/Debug-appletvos/PackageFrameworks -F/Users/admin/builder/spi-builder-workspace/.derivedData/Build/Products/Debug-appletvos -iframework /Applications/Xcode-27.0.0-Release.Candidate.app/Contents/Developer/Platforms/AppleTVOS.platform/Developer/Library/Frameworks -iframework /Applications/Xcode-27.0.0-Release.Candidate.app/Contents/Developer/Platforms/AppleTVOS.platform/Developer/SDKs/AppleTVOS27.0.sdk/Developer/Library/Frameworks -filelist /Users/admin/builder/spi-builder-workspace/.derivedData/Build/Intermediates.noindex/Spezi.build/Debug-appletvos/Spezi-t.build/Objects-normal/arm64/Spezi.LinkFileList -nostdlib -Xlinker -object_path_lto -Xlinker /Users/admin/builder/spi-builder-workspace/.derivedData/Build/Intermediates.noindex/Spezi.build/Debug-appletvos/Spezi-t.build/Objects-normal/arm64/Spezi_lto.o -Xlinker -no_deduplicate -Xlinker -debug_variant -Xlinker -dependency_info -Xlinker /Users/admin/builder/spi-builder-workspace/.derivedData/Build/Intermediates.noindex/Spezi.build/Debug-appletvos/Spezi-t.build/Objects-normal/arm64/Spezi_dependency_info.dat -fobjc-link-runtime -L/Applications/Xcode-27.0.0-Release.Candidate.app/Contents/Developer/Toolchains/XcodeDefault.xctoolchain/usr/lib/swift/appletvos -L/usr/lib/swift -Xlinker -add_ast_path -Xlinker /Users/admin/builder/spi-builder-workspace/.derivedData/Build/Intermediates.noindex/Spezi.build/Debug-appletvos/Spezi-t.build/Objects-normal/arm64/Spezi.swiftmodule -o /Users/admin/builder/spi-builder-workspace/.derivedData/Build/Products/Debug-appletvos/Spezi.o
SwiftExplicitDependencyGeneratePcm arm64 /Users/admin/builder/spi-builder-workspace/.derivedData/SDKExplicitPrecompiledModules/PDFKit-13R8PF410G99FUXWHTP72YOQL.pcm
ExtractAppIntentsMetadata (in target 'Spezi' from project 'Spezi')
cd /Users/admin/builder/spi-builder-workspace/.dependencies/checkouts/Spezi
/Applications/Xcode-27.0.0-Release.Candidate.app/Contents/Developer/Toolchains/XcodeDefault.xctoolchain/usr/bin/appintentsmetadataprocessor --toolchain-dir /var/run/com.apple.security.cryptexd/mnt/com.apple.MobileAsset.MetalToolchain-v27.1.266.1.y5vRhH/Metal.xctoolchain --module-name Spezi --sdk-root /Applications/Xcode-27.0.0-Release.Candidate.app/Contents/Developer/Platforms/AppleTVOS.platform/Developer/SDKs/AppleTVOS27.0.sdk --xcode-version 27A266a --platform-family tvOS --deployment-target 17.0 --bundle-identifier spezi.Spezi --output /Users/admin/builder/spi-builder-workspace/.derivedData/Build/Products/Debug-appletvos/Spezi.appintents --target-triple arm64-apple-tvos17.0 --binary-file /Users/admin/builder/spi-builder-workspace/.derivedData/Build/Products/Debug-appletvos/Spezi.o --dependency-file /Users/admin/builder/spi-builder-workspace/.derivedData/Build/Intermediates.noindex/Spezi.build/Debug-appletvos/Spezi-t.build/Objects-normal/arm64/Spezi_dependency_info.dat --stringsdata-file /Users/admin/builder/spi-builder-workspace/.derivedData/Build/Intermediates.noindex/Spezi.build/Debug-appletvos/Spezi-t.build/Objects-normal/arm64/ExtractedAppShortcutsMetadata.stringsdata --source-file-list /Users/admin/builder/spi-builder-workspace/.derivedData/Build/Intermediates.noindex/Spezi.build/Debug-appletvos/Spezi-t.build/Objects-normal/arm64/Spezi.SwiftFileList --metadata-file-list /Users/admin/builder/spi-builder-workspace/.derivedData/Build/Intermediates.noindex/Spezi.build/Debug-appletvos/Spezi-t.build/Spezi.DependencyMetadataFileList --static-metadata-file-list /Users/admin/builder/spi-builder-workspace/.derivedData/Build/Intermediates.noindex/Spezi.build/Debug-appletvos/Spezi-t.build/Spezi.DependencyStaticMetadataFileList --swift-const-vals-list /Users/admin/builder/spi-builder-workspace/.derivedData/Build/Intermediates.noindex/Spezi.build/Debug-appletvos/Spezi-t.build/Objects-normal/arm64/Spezi.SwiftConstValuesFileList --force --compile-time-extraction --deployment-aware-processing --no-app-shortcuts-localization
2026-09-20 00:50:56.691 appintentsmetadataprocessor[1939:9869] Starting appintentsmetadataprocessor export
2026-09-20 00:50:56.754 appintentsmetadataprocessor[1939:9869] Extracted no relevant App Intents symbols, skipping writing output
SwiftEmitModule normal arm64 Emitting\ module\ for\ SpeziViews (in target 'SpeziViews' from project 'SpeziViews')
SwiftCompile normal arm64 (in target 'SpeziViews' from project 'SpeziViews')
cd /Users/admin/builder/spi-builder-workspace/.swiftpm/xcode
SwiftCompile normal arm64 Compiling\ CanvasView.swift,\ PencilKit+Utils.swift,\ DescriptionGridRow.swift,\ DynamicHStack.swift,\ HorizontalGeometryReader.swift,\ ResizeToFit.swift /Users/admin/builder/spi-builder-workspace/.dependencies/checkouts/SpeziViews/Sources/SpeziViews/Views/Drawing/CanvasView.swift /Users/admin/builder/spi-builder-workspace/.dependencies/checkouts/SpeziViews/Sources/SpeziViews/Views/Drawing/PencilKit+Utils.swift /Users/admin/builder/spi-builder-workspace/.dependencies/checkouts/SpeziViews/Sources/SpeziViews/Views/Layout/DescriptionGridRow.swift /Users/admin/builder/spi-builder-workspace/.dependencies/checkouts/SpeziViews/Sources/SpeziViews/Views/Layout/DynamicHStack.swift /Users/admin/builder/spi-builder-workspace/.dependencies/checkouts/SpeziViews/Sources/SpeziViews/Views/Layout/HorizontalGeometryReader.swift /Users/admin/builder/spi-builder-workspace/.dependencies/checkouts/SpeziViews/Sources/SpeziViews/Views/Layout/ResizeToFit.swift (in target 'SpeziViews' from project 'SpeziViews')
SwiftCompile normal arm64 /Users/admin/builder/spi-builder-workspace/.dependencies/checkouts/SpeziViews/Sources/SpeziViews/Views/Drawing/CanvasView.swift (in target 'SpeziViews' from project 'SpeziViews')
cd /Users/admin/builder/spi-builder-workspace/.swiftpm/xcode
builtin-SwiftPerFileCompile CanvasView.swift
SwiftCompile normal arm64 /Users/admin/builder/spi-builder-workspace/.dependencies/checkouts/SpeziViews/Sources/SpeziViews/Views/Drawing/PencilKit+Utils.swift (in target 'SpeziViews' from project 'SpeziViews')
cd /Users/admin/builder/spi-builder-workspace/.swiftpm/xcode
builtin-SwiftPerFileCompile PencilKit+Utils.swift
SwiftCompile normal arm64 /Users/admin/builder/spi-builder-workspace/.dependencies/checkouts/SpeziViews/Sources/SpeziViews/Views/Layout/DescriptionGridRow.swift (in target 'SpeziViews' from project 'SpeziViews')
cd /Users/admin/builder/spi-builder-workspace/.swiftpm/xcode
builtin-SwiftPerFileCompile DescriptionGridRow.swift
SwiftCompile normal arm64 /Users/admin/builder/spi-builder-workspace/.dependencies/checkouts/SpeziViews/Sources/SpeziViews/Views/Layout/DynamicHStack.swift (in target 'SpeziViews' from project 'SpeziViews')
cd /Users/admin/builder/spi-builder-workspace/.swiftpm/xcode
builtin-SwiftPerFileCompile DynamicHStack.swift
SwiftCompile normal arm64 /Users/admin/builder/spi-builder-workspace/.dependencies/checkouts/SpeziViews/Sources/SpeziViews/Views/Layout/HorizontalGeometryReader.swift (in target 'SpeziViews' from project 'SpeziViews')
cd /Users/admin/builder/spi-builder-workspace/.swiftpm/xcode
builtin-SwiftPerFileCompile HorizontalGeometryReader.swift
SwiftCompile normal arm64 /Users/admin/builder/spi-builder-workspace/.dependencies/checkouts/SpeziViews/Sources/SpeziViews/Views/Layout/ResizeToFit.swift (in target 'SpeziViews' from project 'SpeziViews')
cd /Users/admin/builder/spi-builder-workspace/.swiftpm/xcode
builtin-SwiftPerFileCompile ResizeToFit.swift
SwiftCompile normal arm64 Compiling\ NavigationStepIdentifier.swift,\ NavigationStepIdentifying.swift,\ NavigationStepsBuilder.swift,\ NavigationStepsCollection.swift,\ ShareSheet.swift,\ ShareSheetInput.swift /Users/admin/builder/spi-builder-workspace/.dependencies/checkouts/SpeziViews/Sources/SpeziViews/Views/ManagedNavigationStack/NavigationStepIdentifier.swift /Users/admin/builder/spi-builder-workspace/.dependencies/checkouts/SpeziViews/Sources/SpeziViews/Views/ManagedNavigationStack/NavigationStepIdentifying.swift /Users/admin/builder/spi-builder-workspace/.dependencies/checkouts/SpeziViews/Sources/SpeziViews/Views/ManagedNavigationStack/NavigationStepsBuilder.swift /Users/admin/builder/spi-builder-workspace/.dependencies/checkouts/SpeziViews/Sources/SpeziViews/Views/ManagedNavigationStack/NavigationStepsCollection.swift /Users/admin/builder/spi-builder-workspace/.dependencies/checkouts/SpeziViews/Sources/SpeziViews/Views/Sharing/ShareSheet.swift /Users/admin/builder/spi-builder-workspace/.dependencies/checkouts/SpeziViews/Sources/SpeziViews/Views/Sharing/ShareSheetInput.swift (in target 'SpeziViews' from project 'SpeziViews')
SwiftCompile normal arm64 /Users/admin/builder/spi-builder-workspace/.dependencies/checkouts/SpeziViews/Sources/SpeziViews/Views/ManagedNavigationStack/NavigationStepIdentifier.swift (in target 'SpeziViews' from project 'SpeziViews')
cd /Users/admin/builder/spi-builder-workspace/.swiftpm/xcode
builtin-SwiftPerFileCompile NavigationStepIdentifier.swift
SwiftCompile normal arm64 /Users/admin/builder/spi-builder-workspace/.dependencies/checkouts/SpeziViews/Sources/SpeziViews/Views/ManagedNavigationStack/NavigationStepIdentifying.swift (in target 'SpeziViews' from project 'SpeziViews')
cd /Users/admin/builder/spi-builder-workspace/.swiftpm/xcode
builtin-SwiftPerFileCompile NavigationStepIdentifying.swift
SwiftCompile normal arm64 /Users/admin/builder/spi-builder-workspace/.dependencies/checkouts/SpeziViews/Sources/SpeziViews/Views/ManagedNavigationStack/NavigationStepsBuilder.swift (in target 'SpeziViews' from project 'SpeziViews')
cd /Users/admin/builder/spi-builder-workspace/.swiftpm/xcode
builtin-SwiftPerFileCompile NavigationStepsBuilder.swift
SwiftCompile normal arm64 /Users/admin/builder/spi-builder-workspace/.dependencies/checkouts/SpeziViews/Sources/SpeziViews/Views/ManagedNavigationStack/NavigationStepsCollection.swift (in target 'SpeziViews' from project 'SpeziViews')
cd /Users/admin/builder/spi-builder-workspace/.swiftpm/xcode
builtin-SwiftPerFileCompile NavigationStepsCollection.swift
SwiftCompile normal arm64 /Users/admin/builder/spi-builder-workspace/.dependencies/checkouts/SpeziViews/Sources/SpeziViews/Views/Sharing/ShareSheet.swift (in target 'SpeziViews' from project 'SpeziViews')
cd /Users/admin/builder/spi-builder-workspace/.swiftpm/xcode
builtin-SwiftPerFileCompile ShareSheet.swift
SwiftCompile normal arm64 /Users/admin/builder/spi-builder-workspace/.dependencies/checkouts/SpeziViews/Sources/SpeziViews/Views/Sharing/ShareSheetInput.swift (in target 'SpeziViews' from project 'SpeziViews')
cd /Users/admin/builder/spi-builder-workspace/.swiftpm/xcode
builtin-SwiftPerFileCompile ShareSheetInput.swift
SwiftCompile normal arm64 Compiling\ TextContent.swift,\ CompletedTileHeader.swift,\ SimpleTile.swift,\ TileHeader.swift,\ GeneratedStringSymbols_Localizable.swift /Users/admin/builder/spi-builder-workspace/.dependencies/checkouts/SpeziViews/Sources/SpeziViews/Views/Text/TextContent.swift /Users/admin/builder/spi-builder-workspace/.dependencies/checkouts/SpeziViews/Sources/SpeziViews/Views/Tiles/CompletedTileHeader.swift /Users/admin/builder/spi-builder-workspace/.dependencies/checkouts/SpeziViews/Sources/SpeziViews/Views/Tiles/SimpleTile.swift /Users/admin/builder/spi-builder-workspace/.dependencies/checkouts/SpeziViews/Sources/SpeziViews/Views/Tiles/TileHeader.swift /Users/admin/builder/spi-builder-workspace/.derivedData/Build/Intermediates.noindex/SpeziViews.build/Debug-appletvos/SpeziViews-t.build/DerivedSources/GeneratedStringSymbols_Localizable.swift (in target 'SpeziViews' from project 'SpeziViews')
SwiftCompile normal arm64 /Users/admin/builder/spi-builder-workspace/.dependencies/checkouts/SpeziViews/Sources/SpeziViews/Views/Text/TextContent.swift (in target 'SpeziViews' from project 'SpeziViews')
cd /Users/admin/builder/spi-builder-workspace/.swiftpm/xcode
builtin-SwiftPerFileCompile TextContent.swift
SwiftCompile normal arm64 /Users/admin/builder/spi-builder-workspace/.dependencies/checkouts/SpeziViews/Sources/SpeziViews/Views/Tiles/CompletedTileHeader.swift (in target 'SpeziViews' from project 'SpeziViews')
cd /Users/admin/builder/spi-builder-workspace/.swiftpm/xcode
builtin-SwiftPerFileCompile CompletedTileHeader.swift
SwiftCompile normal arm64 /Users/admin/builder/spi-builder-workspace/.dependencies/checkouts/SpeziViews/Sources/SpeziViews/Views/Tiles/SimpleTile.swift (in target 'SpeziViews' from project 'SpeziViews')
cd /Users/admin/builder/spi-builder-workspace/.swiftpm/xcode
builtin-SwiftPerFileCompile SimpleTile.swift
SwiftCompile normal arm64 /Users/admin/builder/spi-builder-workspace/.dependencies/checkouts/SpeziViews/Sources/SpeziViews/Views/Tiles/TileHeader.swift (in target 'SpeziViews' from project 'SpeziViews')
cd /Users/admin/builder/spi-builder-workspace/.swiftpm/xcode
builtin-SwiftPerFileCompile TileHeader.swift
SwiftCompile normal arm64 /Users/admin/builder/spi-builder-workspace/.derivedData/Build/Intermediates.noindex/SpeziViews.build/Debug-appletvos/SpeziViews-t.build/DerivedSources/GeneratedStringSymbols_Localizable.swift (in target 'SpeziViews' from project 'SpeziViews')
cd /Users/admin/builder/spi-builder-workspace/.swiftpm/xcode
builtin-SwiftPerFileCompile GeneratedStringSymbols_Localizable.swift
SwiftCompile normal arm64 Compiling\ ShareableRepresentation.swift,\ Label.swift,\ LazyText.swift,\ MarkdownView+ImageProviders.swift,\ MarkdownView.swift /Users/admin/builder/spi-builder-workspace/.dependencies/checkouts/SpeziViews/Sources/SpeziViews/Views/Sharing/ShareableRepresentation.swift /Users/admin/builder/spi-builder-workspace/.dependencies/checkouts/SpeziViews/Sources/SpeziViews/Views/Text/Label.swift /Users/admin/builder/spi-builder-workspace/.dependencies/checkouts/SpeziViews/Sources/SpeziViews/Views/Text/LazyText.swift /Users/admin/builder/spi-builder-workspace/.dependencies/checkouts/SpeziViews/Sources/SpeziViews/Views/Text/MarkdownView+ImageProviders.swift /Users/admin/builder/spi-builder-workspace/.dependencies/checkouts/SpeziViews/Sources/SpeziViews/Views/Text/MarkdownView.swift (in target 'SpeziViews' from project 'SpeziViews')
SwiftCompile normal arm64 /Users/admin/builder/spi-builder-workspace/.dependencies/checkouts/SpeziViews/Sources/SpeziViews/Views/Sharing/ShareableRepresentation.swift (in target 'SpeziViews' from project 'SpeziViews')
cd /Users/admin/builder/spi-builder-workspace/.swiftpm/xcode
builtin-SwiftPerFileCompile ShareableRepresentation.swift
SwiftCompile normal arm64 /Users/admin/builder/spi-builder-workspace/.dependencies/checkouts/SpeziViews/Sources/SpeziViews/Views/Text/Label.swift (in target 'SpeziViews' from project 'SpeziViews')
cd /Users/admin/builder/spi-builder-workspace/.swiftpm/xcode
builtin-SwiftPerFileCompile Label.swift
SwiftCompile normal arm64 /Users/admin/builder/spi-builder-workspace/.dependencies/checkouts/SpeziViews/Sources/SpeziViews/Views/Text/LazyText.swift (in target 'SpeziViews' from project 'SpeziViews')
cd /Users/admin/builder/spi-builder-workspace/.swiftpm/xcode
builtin-SwiftPerFileCompile LazyText.swift
SwiftCompile normal arm64 /Users/admin/builder/spi-builder-workspace/.dependencies/checkouts/SpeziViews/Sources/SpeziViews/Views/Text/MarkdownView+ImageProviders.swift (in target 'SpeziViews' from project 'SpeziViews')
cd /Users/admin/builder/spi-builder-workspace/.swiftpm/xcode
builtin-SwiftPerFileCompile MarkdownView+ImageProviders.swift
SwiftCompile normal arm64 /Users/admin/builder/spi-builder-workspace/.dependencies/checkouts/SpeziViews/Sources/SpeziViews/Views/Text/MarkdownView.swift (in target 'SpeziViews' from project 'SpeziViews')
cd /Users/admin/builder/spi-builder-workspace/.swiftpm/xcode
builtin-SwiftPerFileCompile MarkdownView.swift
SwiftCompile normal arm64 Compiling\ LabeledContent+Init.swift,\ ListHeader.swift,\ ListRow.swift,\ IllegalNavigationStepView.swift,\ ManagedNavigationStack+Path.swift,\ ManagedNavigationStack.swift /Users/admin/builder/spi-builder-workspace/.dependencies/checkouts/SpeziViews/Sources/SpeziViews/Views/List/LabeledContent+Init.swift /Users/admin/builder/spi-builder-workspace/.dependencies/checkouts/SpeziViews/Sources/SpeziViews/Views/List/ListHeader.swift /Users/admin/builder/spi-builder-workspace/.dependencies/checkouts/SpeziViews/Sources/SpeziViews/Views/List/ListRow.swift /Users/admin/builder/spi-builder-workspace/.dependencies/checkouts/SpeziViews/Sources/SpeziViews/Views/ManagedNavigationStack/IllegalNavigationStepView.swift /Users/admin/builder/spi-builder-workspace/.dependencies/checkouts/SpeziViews/Sources/SpeziViews/Views/ManagedNavigationStack/ManagedNavigationStack+Path.swift /Users/admin/builder/spi-builder-workspace/.dependencies/checkouts/SpeziViews/Sources/SpeziViews/Views/ManagedNavigationStack/ManagedNavigationStack.swift (in target 'SpeziViews' from project 'SpeziViews')
SwiftCompile normal arm64 /Users/admin/builder/spi-builder-workspace/.dependencies/checkouts/SpeziViews/Sources/SpeziViews/Views/List/LabeledContent+Init.swift (in target 'SpeziViews' from project 'SpeziViews')
cd /Users/admin/builder/spi-builder-workspace/.swiftpm/xcode
builtin-SwiftPerFileCompile LabeledContent+Init.swift
SwiftCompile normal arm64 /Users/admin/builder/spi-builder-workspace/.dependencies/checkouts/SpeziViews/Sources/SpeziViews/Views/List/ListHeader.swift (in target 'SpeziViews' from project 'SpeziViews')
cd /Users/admin/builder/spi-builder-workspace/.swiftpm/xcode
builtin-SwiftPerFileCompile ListHeader.swift
SwiftCompile normal arm64 /Users/admin/builder/spi-builder-workspace/.dependencies/checkouts/SpeziViews/Sources/SpeziViews/Views/List/ListRow.swift (in target 'SpeziViews' from project 'SpeziViews')
cd /Users/admin/builder/spi-builder-workspace/.swiftpm/xcode
builtin-SwiftPerFileCompile ListRow.swift
SwiftCompile normal arm64 /Users/admin/builder/spi-builder-workspace/.dependencies/checkouts/SpeziViews/Sources/SpeziViews/Views/ManagedNavigationStack/IllegalNavigationStepView.swift (in target 'SpeziViews' from project 'SpeziViews')
cd /Users/admin/builder/spi-builder-workspace/.swiftpm/xcode
builtin-SwiftPerFileCompile IllegalNavigationStepView.swift
SwiftCompile normal arm64 /Users/admin/builder/spi-builder-workspace/.dependencies/checkouts/SpeziViews/Sources/SpeziViews/Views/ManagedNavigationStack/ManagedNavigationStack+Path.swift (in target 'SpeziViews' from project 'SpeziViews')
cd /Users/admin/builder/spi-builder-workspace/.swiftpm/xcode
builtin-SwiftPerFileCompile ManagedNavigationStack+Path.swift
SwiftCompile normal arm64 /Users/admin/builder/spi-builder-workspace/.dependencies/checkouts/SpeziViews/Sources/SpeziViews/Views/ManagedNavigationStack/ManagedNavigationStack.swift (in target 'SpeziViews' from project 'SpeziViews')
cd /Users/admin/builder/spi-builder-workspace/.swiftpm/xcode
builtin-SwiftPerFileCompile ManagedNavigationStack.swift
SwiftCompile normal arm64 Compiling\ ShimmerModifier.swift,\ SkeletonLoadingModifier.swift,\ OperationStateAlert.swift,\ ViewStateAlert.swift,\ ViewStateMapper.swift,\ AsyncButton.swift /Users/admin/builder/spi-builder-workspace/.dependencies/checkouts/SpeziViews/Sources/SpeziViews/ViewModifier/ShimmerModifier.swift /Users/admin/builder/spi-builder-workspace/.dependencies/checkouts/SpeziViews/Sources/SpeziViews/ViewModifier/SkeletonLoadingModifier.swift /Users/admin/builder/spi-builder-workspace/.dependencies/checkouts/SpeziViews/Sources/SpeziViews/ViewModifier/ViewState/OperationStateAlert.swift /Users/admin/builder/spi-builder-workspace/.dependencies/checkouts/SpeziViews/Sources/SpeziViews/ViewModifier/ViewState/ViewStateAlert.swift /Users/admin/builder/spi-builder-workspace/.dependencies/checkouts/SpeziViews/Sources/SpeziViews/ViewModifier/ViewState/ViewStateMapper.swift /Users/admin/builder/spi-builder-workspace/.dependencies/checkouts/SpeziViews/Sources/SpeziViews/Views/Button/AsyncButton.swift (in target 'SpeziViews' from project 'SpeziViews')
SwiftCompile normal arm64 /Users/admin/builder/spi-builder-workspace/.dependencies/checkouts/SpeziViews/Sources/SpeziViews/ViewModifier/ShimmerModifier.swift (in target 'SpeziViews' from project 'SpeziViews')
cd /Users/admin/builder/spi-builder-workspace/.swiftpm/xcode
builtin-SwiftPerFileCompile ShimmerModifier.swift
SwiftCompile normal arm64 /Users/admin/builder/spi-builder-workspace/.dependencies/checkouts/SpeziViews/Sources/SpeziViews/ViewModifier/SkeletonLoadingModifier.swift (in target 'SpeziViews' from project 'SpeziViews')
cd /Users/admin/builder/spi-builder-workspace/.swiftpm/xcode
builtin-SwiftPerFileCompile SkeletonLoadingModifier.swift
SwiftCompile normal arm64 /Users/admin/builder/spi-builder-workspace/.dependencies/checkouts/SpeziViews/Sources/SpeziViews/ViewModifier/ViewState/OperationStateAlert.swift (in target 'SpeziViews' from project 'SpeziViews')
cd /Users/admin/builder/spi-builder-workspace/.swiftpm/xcode
builtin-SwiftPerFileCompile OperationStateAlert.swift
SwiftCompile normal arm64 /Users/admin/builder/spi-builder-workspace/.dependencies/checkouts/SpeziViews/Sources/SpeziViews/ViewModifier/ViewState/ViewStateAlert.swift (in target 'SpeziViews' from project 'SpeziViews')
cd /Users/admin/builder/spi-builder-workspace/.swiftpm/xcode
builtin-SwiftPerFileCompile ViewStateAlert.swift
SwiftCompile normal arm64 /Users/admin/builder/spi-builder-workspace/.dependencies/checkouts/SpeziViews/Sources/SpeziViews/ViewModifier/ViewState/ViewStateMapper.swift (in target 'SpeziViews' from project 'SpeziViews')
cd /Users/admin/builder/spi-builder-workspace/.swiftpm/xcode
builtin-SwiftPerFileCompile ViewStateMapper.swift
SwiftCompile normal arm64 /Users/admin/builder/spi-builder-workspace/.dependencies/checkouts/SpeziViews/Sources/SpeziViews/Views/Button/AsyncButton.swift (in target 'SpeziViews' from project 'SpeziViews')
cd /Users/admin/builder/spi-builder-workspace/.swiftpm/xcode
builtin-SwiftPerFileCompile AsyncButton.swift
SwiftCompile normal arm64 Compiling\ resource_bundle_accessor.swift,\ DefaultErrorDescription.swift,\ ProcessingDebounceDuration.swift,\ Exports.swift,\ ImageReference.swift,\ OperationState.swift /Users/admin/builder/spi-builder-workspace/.derivedData/Build/Intermediates.noindex/SpeziViews.build/Debug-appletvos/SpeziViews-t.build/DerivedSources/resource_bundle_accessor.swift /Users/admin/builder/spi-builder-workspace/.dependencies/checkouts/SpeziViews/Sources/SpeziViews/Environment/DefaultErrorDescription.swift /Users/admin/builder/spi-builder-workspace/.dependencies/checkouts/SpeziViews/Sources/SpeziViews/Environment/ProcessingDebounceDuration.swift /Users/admin/builder/spi-builder-workspace/.dependencies/checkouts/SpeziViews/Sources/SpeziViews/Exports.swift /Users/admin/builder/spi-builder-workspace/.dependencies/checkouts/SpeziViews/Sources/SpeziViews/Model/ImageReference.swift /Users/admin/builder/spi-builder-workspace/.dependencies/checkouts/SpeziViews/Sources/SpeziViews/Model/OperationState.swift (in target 'SpeziViews' from project 'SpeziViews')
SwiftCompile normal arm64 /Users/admin/builder/spi-builder-workspace/.derivedData/Build/Intermediates.noindex/SpeziViews.build/Debug-appletvos/SpeziViews-t.build/DerivedSources/resource_bundle_accessor.swift (in target 'SpeziViews' from project 'SpeziViews')
cd /Users/admin/builder/spi-builder-workspace/.swiftpm/xcode
builtin-SwiftPerFileCompile resource_bundle_accessor.swift
SwiftCompile normal arm64 /Users/admin/builder/spi-builder-workspace/.dependencies/checkouts/SpeziViews/Sources/SpeziViews/Environment/DefaultErrorDescription.swift (in target 'SpeziViews' from project 'SpeziViews')
cd /Users/admin/builder/spi-builder-workspace/.swiftpm/xcode
builtin-SwiftPerFileCompile DefaultErrorDescription.swift
SwiftCompile normal arm64 /Users/admin/builder/spi-builder-workspace/.dependencies/checkouts/SpeziViews/Sources/SpeziViews/Environment/ProcessingDebounceDuration.swift (in target 'SpeziViews' from project 'SpeziViews')
cd /Users/admin/builder/spi-builder-workspace/.swiftpm/xcode
builtin-SwiftPerFileCompile ProcessingDebounceDuration.swift
SwiftCompile normal arm64 /Users/admin/builder/spi-builder-workspace/.dependencies/checkouts/SpeziViews/Sources/SpeziViews/Exports.swift (in target 'SpeziViews' from project 'SpeziViews')
cd /Users/admin/builder/spi-builder-workspace/.swiftpm/xcode
builtin-SwiftPerFileCompile Exports.swift
SwiftCompile normal arm64 /Users/admin/builder/spi-builder-workspace/.dependencies/checkouts/SpeziViews/Sources/SpeziViews/Model/ImageReference.swift (in target 'SpeziViews' from project 'SpeziViews')
cd /Users/admin/builder/spi-builder-workspace/.swiftpm/xcode
builtin-SwiftPerFileCompile ImageReference.swift
SwiftCompile normal arm64 /Users/admin/builder/spi-builder-workspace/.dependencies/checkouts/SpeziViews/Sources/SpeziViews/Model/OperationState.swift (in target 'SpeziViews' from project 'SpeziViews')
cd /Users/admin/builder/spi-builder-workspace/.swiftpm/xcode
builtin-SwiftPerFileCompile OperationState.swift
SwiftCompile normal arm64 Compiling\ AsyncButtonProcessingStyle.swift,\ DismissButton.swift,\ InfoButton.swift,\ CaseIterablePicker.swift,\ OptionSetPicker.swift,\ PickerValue.swift /Users/admin/builder/spi-builder-workspace/.dependencies/checkouts/SpeziViews/Sources/SpeziViews/Views/Button/AsyncButtonProcessingStyle.swift /Users/admin/builder/spi-builder-workspace/.dependencies/checkouts/SpeziViews/Sources/SpeziViews/Views/Button/DismissButton.swift /Users/admin/builder/spi-builder-workspace/.dependencies/checkouts/SpeziViews/Sources/SpeziViews/Views/Button/InfoButton.swift /Users/admin/builder/spi-builder-workspace/.dependencies/checkouts/SpeziViews/Sources/SpeziViews/Views/Controls/CaseIterablePicker.swift /Users/admin/builder/spi-builder-workspace/.dependencies/checkouts/SpeziViews/Sources/SpeziViews/Views/Controls/OptionSetPicker.swift /Users/admin/builder/spi-builder-workspace/.dependencies/checkouts/SpeziViews/Sources/SpeziViews/Views/Controls/PickerValue.swift (in target 'SpeziViews' from project 'SpeziViews')
SwiftCompile normal arm64 /Users/admin/builder/spi-builder-workspace/.dependencies/checkouts/SpeziViews/Sources/SpeziViews/Views/Button/AsyncButtonProcessingStyle.swift (in target 'SpeziViews' from project 'SpeziViews')
cd /Users/admin/builder/spi-builder-workspace/.swiftpm/xcode
builtin-SwiftPerFileCompile AsyncButtonProcessingStyle.swift
SwiftCompile normal arm64 /Users/admin/builder/spi-builder-workspace/.dependencies/checkouts/SpeziViews/Sources/SpeziViews/Views/Button/DismissButton.swift (in target 'SpeziViews' from project 'SpeziViews')
cd /Users/admin/builder/spi-builder-workspace/.swiftpm/xcode
builtin-SwiftPerFileCompile DismissButton.swift
SwiftCompile normal arm64 /Users/admin/builder/spi-builder-workspace/.dependencies/checkouts/SpeziViews/Sources/SpeziViews/Views/Button/InfoButton.swift (in target 'SpeziViews' from project 'SpeziViews')
cd /Users/admin/builder/spi-builder-workspace/.swiftpm/xcode
builtin-SwiftPerFileCompile InfoButton.swift
SwiftCompile normal arm64 /Users/admin/builder/spi-builder-workspace/.dependencies/checkouts/SpeziViews/Sources/SpeziViews/Views/Controls/CaseIterablePicker.swift (in target 'SpeziViews' from project 'SpeziViews')
cd /Users/admin/builder/spi-builder-workspace/.swiftpm/xcode
builtin-SwiftPerFileCompile CaseIterablePicker.swift
SwiftCompile normal arm64 /Users/admin/builder/spi-builder-workspace/.dependencies/checkouts/SpeziViews/Sources/SpeziViews/Views/Controls/OptionSetPicker.swift (in target 'SpeziViews' from project 'SpeziViews')
cd /Users/admin/builder/spi-builder-workspace/.swiftpm/xcode
builtin-SwiftPerFileCompile OptionSetPicker.swift
SwiftCompile normal arm64 /Users/admin/builder/spi-builder-workspace/.dependencies/checkouts/SpeziViews/Sources/SpeziViews/Views/Controls/PickerValue.swift (in target 'SpeziViews' from project 'SpeziViews')
cd /Users/admin/builder/spi-builder-workspace/.swiftpm/xcode
builtin-SwiftPerFileCompile PickerValue.swift
SwiftCompile normal arm64 Compiling\ Binding+Negate.swift,\ TextContentType.swift,\ ConditionalModifier.swift,\ DeviceOrientationModifier.swift,\ FocusOnTapModifier.swift,\ ProcessingOverlay.swift /Users/admin/builder/spi-builder-workspace/.dependencies/checkouts/SpeziViews/Sources/SpeziViews/Utilities/Binding+Negate.swift /Users/admin/builder/spi-builder-workspace/.dependencies/checkouts/SpeziViews/Sources/SpeziViews/Utilities/TextContentType.swift /Users/admin/builder/spi-builder-workspace/.dependencies/checkouts/SpeziViews/Sources/SpeziViews/ViewModifier/ConditionalModifier.swift /Users/admin/builder/spi-builder-workspace/.dependencies/checkouts/SpeziViews/Sources/SpeziViews/ViewModifier/DeviceOrientationModifier.swift /Users/admin/builder/spi-builder-workspace/.dependencies/checkouts/SpeziViews/Sources/SpeziViews/ViewModifier/FocusOnTapModifier.swift /Users/admin/builder/spi-builder-workspace/.dependencies/checkouts/SpeziViews/Sources/SpeziViews/ViewModifier/ProcessingOverlay.swift (in target 'SpeziViews' from project 'SpeziViews')
SwiftCompile normal arm64 /Users/admin/builder/spi-builder-workspace/.dependencies/checkouts/SpeziViews/Sources/SpeziViews/Utilities/Binding+Negate.swift (in target 'SpeziViews' from project 'SpeziViews')
cd /Users/admin/builder/spi-builder-workspace/.swiftpm/xcode
builtin-SwiftPerFileCompile Binding+Negate.swift
SwiftCompile normal arm64 /Users/admin/builder/spi-builder-workspace/.dependencies/checkouts/SpeziViews/Sources/SpeziViews/Utilities/TextContentType.swift (in target 'SpeziViews' from project 'SpeziViews')
cd /Users/admin/builder/spi-builder-workspace/.swiftpm/xcode
builtin-SwiftPerFileCompile TextContentType.swift
SwiftCompile normal arm64 /Users/admin/builder/spi-builder-workspace/.dependencies/checkouts/SpeziViews/Sources/SpeziViews/ViewModifier/ConditionalModifier.swift (in target 'SpeziViews' from project 'SpeziViews')
cd /Users/admin/builder/spi-builder-workspace/.swiftpm/xcode
builtin-SwiftPerFileCompile ConditionalModifier.swift
SwiftCompile normal arm64 /Users/admin/builder/spi-builder-workspace/.dependencies/checkouts/SpeziViews/Sources/SpeziViews/ViewModifier/DeviceOrientationModifier.swift (in target 'SpeziViews' from project 'SpeziViews')
cd /Users/admin/builder/spi-builder-workspace/.swiftpm/xcode
builtin-SwiftPerFileCompile DeviceOrientationModifier.swift
SwiftCompile normal arm64 /Users/admin/builder/spi-builder-workspace/.dependencies/checkouts/SpeziViews/Sources/SpeziViews/ViewModifier/FocusOnTapModifier.swift (in target 'SpeziViews' from project 'SpeziViews')
cd /Users/admin/builder/spi-builder-workspace/.swiftpm/xcode
builtin-SwiftPerFileCompile FocusOnTapModifier.swift
SwiftCompile normal arm64 /Users/admin/builder/spi-builder-workspace/.dependencies/checkouts/SpeziViews/Sources/SpeziViews/ViewModifier/ProcessingOverlay.swift (in target 'SpeziViews' from project 'SpeziViews')
cd /Users/admin/builder/spi-builder-workspace/.swiftpm/xcode
builtin-SwiftPerFileCompile ProcessingOverlay.swift
SwiftCompile normal arm64 Compiling\ ViewState.swift,\ ConfigureTipKit.swift,\ ManagedViewUpdate.swift,\ LiquidGlass.swift,\ ReverseLabelStyle.swift,\ AnyLocalizedError.swift /Users/admin/builder/spi-builder-workspace/.dependencies/checkouts/SpeziViews/Sources/SpeziViews/Model/ViewState.swift /Users/admin/builder/spi-builder-workspace/.dependencies/checkouts/SpeziViews/Sources/SpeziViews/Modules/ConfigureTipKit.swift /Users/admin/builder/spi-builder-workspace/.dependencies/checkouts/SpeziViews/Sources/SpeziViews/Properties/ManagedViewUpdate.swift /Users/admin/builder/spi-builder-workspace/.dependencies/checkouts/SpeziViews/Sources/SpeziViews/Styles/LiquidGlass.swift /Users/admin/builder/spi-builder-workspace/.dependencies/checkouts/SpeziViews/Sources/SpeziViews/Styles/ReverseLabelStyle.swift /Users/admin/builder/spi-builder-workspace/.dependencies/checkouts/SpeziViews/Sources/SpeziViews/Utilities/AnyLocalizedError.swift (in target 'SpeziViews' from project 'SpeziViews')
SwiftCompile normal arm64 /Users/admin/builder/spi-builder-workspace/.dependencies/checkouts/SpeziViews/Sources/SpeziViews/Model/ViewState.swift (in target 'SpeziViews' from project 'SpeziViews')
cd /Users/admin/builder/spi-builder-workspace/.swiftpm/xcode
builtin-SwiftPerFileCompile ViewState.swift
SwiftCompile normal arm64 /Users/admin/builder/spi-builder-workspace/.dependencies/checkouts/SpeziViews/Sources/SpeziViews/Modules/ConfigureTipKit.swift (in target 'SpeziViews' from project 'SpeziViews')
cd /Users/admin/builder/spi-builder-workspace/.swiftpm/xcode
builtin-SwiftPerFileCompile ConfigureTipKit.swift
SwiftCompile normal arm64 /Users/admin/builder/spi-builder-workspace/.dependencies/checkouts/SpeziViews/Sources/SpeziViews/Properties/ManagedViewUpdate.swift (in target 'SpeziViews' from project 'SpeziViews')
cd /Users/admin/builder/spi-builder-workspace/.swiftpm/xcode
builtin-SwiftPerFileCompile ManagedViewUpdate.swift
SwiftCompile normal arm64 /Users/admin/builder/spi-builder-workspace/.dependencies/checkouts/SpeziViews/Sources/SpeziViews/Styles/LiquidGlass.swift (in target 'SpeziViews' from project 'SpeziViews')
cd /Users/admin/builder/spi-builder-workspace/.swiftpm/xcode
builtin-SwiftPerFileCompile LiquidGlass.swift
SwiftCompile normal arm64 /Users/admin/builder/spi-builder-workspace/.dependencies/checkouts/SpeziViews/Sources/SpeziViews/Styles/ReverseLabelStyle.swift (in target 'SpeziViews' from project 'SpeziViews')
cd /Users/admin/builder/spi-builder-workspace/.swiftpm/xcode
builtin-SwiftPerFileCompile ReverseLabelStyle.swift
SwiftCompile normal arm64 /Users/admin/builder/spi-builder-workspace/.dependencies/checkouts/SpeziViews/Sources/SpeziViews/Utilities/AnyLocalizedError.swift (in target 'SpeziViews' from project 'SpeziViews')
cd /Users/admin/builder/spi-builder-workspace/.swiftpm/xcode
builtin-SwiftPerFileCompile AnyLocalizedError.swift
SwiftDriverJobDiscovery normal arm64 Compiling resource_bundle_accessor.swift, DefaultErrorDescription.swift, ProcessingDebounceDuration.swift, Exports.swift, ImageReference.swift, OperationState.swift (in target 'SpeziViews' from project 'SpeziViews')
SwiftDriverJobDiscovery normal arm64 Compiling Binding+Negate.swift, TextContentType.swift, ConditionalModifier.swift, DeviceOrientationModifier.swift, FocusOnTapModifier.swift, ProcessingOverlay.swift (in target 'SpeziViews' from project 'SpeziViews')
SwiftDriverJobDiscovery normal arm64 Compiling NavigationStepIdentifier.swift, NavigationStepIdentifying.swift, NavigationStepsBuilder.swift, NavigationStepsCollection.swift, ShareSheet.swift, ShareSheetInput.swift (in target 'SpeziViews' from project 'SpeziViews')
SwiftDriverJobDiscovery normal arm64 Compiling CanvasView.swift, PencilKit+Utils.swift, DescriptionGridRow.swift, DynamicHStack.swift, HorizontalGeometryReader.swift, ResizeToFit.swift (in target 'SpeziViews' from project 'SpeziViews')
SwiftDriverJobDiscovery normal arm64 Compiling TextContent.swift, CompletedTileHeader.swift, SimpleTile.swift, TileHeader.swift, GeneratedStringSymbols_Localizable.swift (in target 'SpeziViews' from project 'SpeziViews')
SwiftDriverJobDiscovery normal arm64 Compiling ShareableRepresentation.swift, Label.swift, LazyText.swift, MarkdownView+ImageProviders.swift, MarkdownView.swift (in target 'SpeziViews' from project 'SpeziViews')
SwiftDriverJobDiscovery normal arm64 Emitting module for SpeziViews (in target 'SpeziViews' from project 'SpeziViews')
SwiftDriver\ Compilation\ Requirements SpeziViews normal arm64 com.apple.xcode.tools.swift.compiler (in target 'SpeziViews' from project 'SpeziViews')
cd /Users/admin/builder/spi-builder-workspace/.swiftpm/xcode
builtin-Swift-Compilation-Requirements -- /Applications/Xcode-27.0.0-Release.Candidate.app/Contents/Developer/Toolchains/XcodeDefault.xctoolchain/usr/bin/swiftc -parse-as-library -module-name SpeziViews -Onone @/Users/admin/builder/spi-builder-workspace/.derivedData/Build/Intermediates.noindex/SpeziViews.build/Debug-appletvos/SpeziViews-t.build/Objects-normal/arm64/SpeziViews.SwiftFileList -DSWIFT_PACKAGE -DDEBUG -DSWIFT_MODULE_RESOURCE_BUNDLE_AVAILABLE -Xcc -fmodule-map-file\=/Users/admin/builder/spi-builder-workspace/.dependencies/checkouts/zstd/lib/module.modulemap -Xcc -fmodule-map-file\=/Users/admin/builder/spi-builder-workspace/.dependencies/checkouts/swift-atomics/Sources/_AtomicsShims/include/module.modulemap -Xcc -fmodule-map-file\=/Users/admin/builder/spi-builder-workspace/.dependencies/checkouts/swift-numerics/Sources/_NumericsShims/include/module.modulemap -Xcc -fmodule-map-file\=/Users/admin/builder/spi-builder-workspace/.derivedData/Build/Intermediates.noindex/GeneratedModuleMaps-appletvos/SpeziFoundationObjC.modulemap -Xcc -fmodule-map-file\=/Users/admin/builder/spi-builder-workspace/.dependencies/checkouts/swift-cmark/src/include/module.modulemap -Xcc -fmodule-map-file\=/Users/admin/builder/spi-builder-workspace/.dependencies/checkouts/swift-cmark/extensions/include/module.modulemap -DXcode -plugin-path /Applications/Xcode-27.0.0-Release.Candidate.app/Contents/Developer/Toolchains/XcodeDefault.xctoolchain/usr/lib/swift/host/plugins/testing -enable-experimental-feature DebugDescriptionMacro -sdk /Applications/Xcode-27.0.0-Release.Candidate.app/Contents/Developer/Platforms/AppleTVOS.platform/Developer/SDKs/AppleTVOS27.0.sdk -target arm64-apple-tvos17.0 -g -module-cache-path /Users/admin/builder/spi-builder-workspace/.derivedData/ModuleCache.noindex -Xfrontend -serialize-debugging-options -profile-coverage-mapping -profile-generate -enable-testing -suppress-warnings -index-store-path /Users/admin/builder/spi-builder-workspace/.derivedData/Index.noindex/DataStore -Xcc -D_LIBCPP_HARDENING_MODE\=_LIBCPP_HARDENING_MODE_DEBUG -swift-version 6 -I /Users/admin/builder/spi-builder-workspace/.derivedData/Build/Products/Debug-appletvos -Isystem /Applications/Xcode-27.0.0-Release.Candidate.app/Contents/Developer/Platforms/AppleTVOS.platform/Developer/usr/lib -F /Users/admin/builder/spi-builder-workspace/.derivedData/Build/Products/Debug-appletvos/PackageFrameworks -F /Users/admin/builder/spi-builder-workspace/.derivedData/Build/Products/Debug-appletvos -F /Applications/Xcode-27.0.0-Release.Candidate.app/Contents/Developer/Platforms/AppleTVOS.platform/Developer/Library/Frameworks -F /Applications/Xcode-27.0.0-Release.Candidate.app/Contents/Developer/Platforms/AppleTVOS.platform/Developer/SDKs/AppleTVOS27.0.sdk/Developer/Library/Frameworks -Xfrontend -load-plugin-executable -Xfrontend /Users/admin/builder/spi-builder-workspace/.derivedData/Build/Products/Debug/ThreadLocalMacros\#ThreadLocalMacros -emit-localized-strings -emit-localized-strings-path /Users/admin/builder/spi-builder-workspace/.derivedData/Build/Intermediates.noindex/SpeziViews.build/Debug-appletvos/SpeziViews-t.build/Objects-normal/arm64 -c -j10 -enable-batch-mode -incremental -Xcc -ivfsstatcache -Xcc /Users/admin/builder/spi-builder-workspace/.derivedData/SDKStatCaches.noindex/appletvos27.0-24J360-e829b21a6f8c9b70876ba0858053c044b32bfd8d43560033f8d89884cdb90028.sdkstatcache -output-file-map /Users/admin/builder/spi-builder-workspace/.derivedData/Build/Intermediates.noindex/SpeziViews.build/Debug-appletvos/SpeziViews-t.build/Objects-normal/arm64/SpeziViews-OutputFileMap.json -save-temps -no-color-diagnostics -explicit-module-build -module-cache-path /Users/admin/builder/spi-builder-workspace/.derivedData/Build/Intermediates.noindex/SwiftExplicitPrecompiledModules -clang-scanner-module-cache-path /Users/admin/builder/spi-builder-workspace/.derivedData/ModuleCache.noindex -sdk-module-cache-path /Users/admin/builder/spi-builder-workspace/.derivedData/SDKExplicitPrecompiledModules -emit-dependencies -emit-module -emit-module-path /Users/admin/builder/spi-builder-workspace/.derivedData/Build/Intermediates.noindex/SpeziViews.build/Debug-appletvos/SpeziViews-t.build/Objects-normal/arm64/SpeziViews.swiftmodule -serialize-diagnostics -dependency-scan-serialize-diagnostics-path /Users/admin/builder/spi-builder-workspace/.derivedData/Build/Intermediates.noindex/SpeziViews.build/Debug-appletvos/SpeziViews-t.build/Objects-normal/arm64/SpeziViews-dependency-scan.dia -user-module-version 1.12.14 -validate-clang-modules-once -clang-build-session-file /Users/admin/builder/spi-builder-workspace/.derivedData/ModuleCache.noindex/Session.modulevalidation -Xcc -fmodules-prune-interval\=86400 -Xcc -fmodules-prune-after\=345600 -package-name speziviews -emit-const-values -const-gather-protocols-list /Users/admin/builder/spi-builder-workspace/.derivedData/Build/Intermediates.noindex/SpeziViews.build/Debug-appletvos/SpeziViews-t.build/Objects-normal/arm64/SpeziViews_const_extract_protocols.json -Xcc -I/Users/admin/builder/spi-builder-workspace/.dependencies/checkouts/zstd/lib -Xcc -I/Users/admin/builder/spi-builder-workspace/.dependencies/checkouts/swift-atomics/Sources/_AtomicsShims/include -Xcc -I/Users/admin/builder/spi-builder-workspace/.dependencies/checkouts/swift-numerics/Sources/_NumericsShims/include -Xcc -I/Users/admin/builder/spi-builder-workspace/.dependencies/checkouts/SpeziFoundation/Sources/SpeziFoundationObjC/include -Xcc -I/Users/admin/builder/spi-builder-workspace/.dependencies/checkouts/swift-cmark/src/include -Xcc -I/Users/admin/builder/spi-builder-workspace/.dependencies/checkouts/swift-cmark/extensions/include -Xcc -I/Users/admin/builder/spi-builder-workspace/.derivedData/Build/Products/Debug-appletvos/include -Xcc -I/Users/admin/builder/spi-builder-workspace/.derivedData/Build/Intermediates.noindex/SpeziViews.build/Debug-appletvos/SpeziViews-t.build/DerivedSources-normal/arm64 -Xcc -I/Users/admin/builder/spi-builder-workspace/.derivedData/Build/Intermediates.noindex/SpeziViews.build/Debug-appletvos/SpeziViews-t.build/DerivedSources/arm64 -Xcc -I/Users/admin/builder/spi-builder-workspace/.derivedData/Build/Intermediates.noindex/SpeziViews.build/Debug-appletvos/SpeziViews-t.build/DerivedSources -Xcc -DSWIFT_PACKAGE -Xcc -DDEBUG\=1 -emit-objc-header -emit-objc-header-path /Users/admin/builder/spi-builder-workspace/.derivedData/Build/Intermediates.noindex/SpeziViews.build/Debug-appletvos/SpeziViews-t.build/Objects-normal/arm64/SpeziViews-Swift.h -working-directory /Users/admin/builder/spi-builder-workspace/.swiftpm/xcode -experimental-emit-module-separately -disable-cmo
SwiftMergeGeneratedHeaders /Users/admin/builder/spi-builder-workspace/.derivedData/Build/Intermediates.noindex/GeneratedModuleMaps-appletvos/SpeziViews-Swift.h /Users/admin/builder/spi-builder-workspace/.derivedData/Build/Intermediates.noindex/SpeziViews.build/Debug-appletvos/SpeziViews-t.build/Objects-normal/arm64/SpeziViews-Swift.h (in target 'SpeziViews' from project 'SpeziViews')
cd /Users/admin/builder/spi-builder-workspace/.dependencies/checkouts/SpeziViews
builtin-swiftHeaderTool -arch arm64 /Users/admin/builder/spi-builder-workspace/.derivedData/Build/Intermediates.noindex/SpeziViews.build/Debug-appletvos/SpeziViews-t.build/Objects-normal/arm64/SpeziViews-Swift.h -o /Users/admin/builder/spi-builder-workspace/.derivedData/Build/Intermediates.noindex/GeneratedModuleMaps-appletvos/SpeziViews-Swift.h
Copy /Users/admin/builder/spi-builder-workspace/.derivedData/Build/Products/Debug-appletvos/SpeziViews.swiftmodule/arm64-apple-tvos.swiftmodule /Users/admin/builder/spi-builder-workspace/.derivedData/Build/Intermediates.noindex/SpeziViews.build/Debug-appletvos/SpeziViews-t.build/Objects-normal/arm64/SpeziViews.swiftmodule (in target 'SpeziViews' from project 'SpeziViews')
cd /Users/admin/builder/spi-builder-workspace/.dependencies/checkouts/SpeziViews
builtin-copy -exclude .DS_Store -exclude CVS -exclude .svn -exclude .git -exclude .hg -resolve-src-symlinks -rename /Users/admin/builder/spi-builder-workspace/.derivedData/Build/Intermediates.noindex/SpeziViews.build/Debug-appletvos/SpeziViews-t.build/Objects-normal/arm64/SpeziViews.swiftmodule /Users/admin/builder/spi-builder-workspace/.derivedData/Build/Products/Debug-appletvos/SpeziViews.swiftmodule/arm64-apple-tvos.swiftmodule
Copy /Users/admin/builder/spi-builder-workspace/.derivedData/Build/Products/Debug-appletvos/SpeziViews.swiftmodule/arm64-apple-tvos.abi.json /Users/admin/builder/spi-builder-workspace/.derivedData/Build/Intermediates.noindex/SpeziViews.build/Debug-appletvos/SpeziViews-t.build/Objects-normal/arm64/SpeziViews.abi.json (in target 'SpeziViews' from project 'SpeziViews')
cd /Users/admin/builder/spi-builder-workspace/.dependencies/checkouts/SpeziViews
builtin-copy -exclude .DS_Store -exclude CVS -exclude .svn -exclude .git -exclude .hg -resolve-src-symlinks -rename /Users/admin/builder/spi-builder-workspace/.derivedData/Build/Intermediates.noindex/SpeziViews.build/Debug-appletvos/SpeziViews-t.build/Objects-normal/arm64/SpeziViews.abi.json /Users/admin/builder/spi-builder-workspace/.derivedData/Build/Products/Debug-appletvos/SpeziViews.swiftmodule/arm64-apple-tvos.abi.json
Copy /Users/admin/builder/spi-builder-workspace/.derivedData/Build/Products/Debug-appletvos/SpeziViews.swiftmodule/arm64-apple-tvos.swiftdoc /Users/admin/builder/spi-builder-workspace/.derivedData/Build/Intermediates.noindex/SpeziViews.build/Debug-appletvos/SpeziViews-t.build/Objects-normal/arm64/SpeziViews.swiftdoc (in target 'SpeziViews' from project 'SpeziViews')
cd /Users/admin/builder/spi-builder-workspace/.dependencies/checkouts/SpeziViews
builtin-copy -exclude .DS_Store -exclude CVS -exclude .svn -exclude .git -exclude .hg -resolve-src-symlinks -rename /Users/admin/builder/spi-builder-workspace/.derivedData/Build/Intermediates.noindex/SpeziViews.build/Debug-appletvos/SpeziViews-t.build/Objects-normal/arm64/SpeziViews.swiftdoc /Users/admin/builder/spi-builder-workspace/.derivedData/Build/Products/Debug-appletvos/SpeziViews.swiftmodule/arm64-apple-tvos.swiftdoc
Copy /Users/admin/builder/spi-builder-workspace/.derivedData/Build/Products/Debug-appletvos/SpeziViews.swiftmodule/Project/arm64-apple-tvos.swiftsourceinfo /Users/admin/builder/spi-builder-workspace/.derivedData/Build/Intermediates.noindex/SpeziViews.build/Debug-appletvos/SpeziViews-t.build/Objects-normal/arm64/SpeziViews.swiftsourceinfo (in target 'SpeziViews' from project 'SpeziViews')
cd /Users/admin/builder/spi-builder-workspace/.dependencies/checkouts/SpeziViews
builtin-copy -exclude .DS_Store -exclude CVS -exclude .svn -exclude .git -exclude .hg -resolve-src-symlinks -rename /Users/admin/builder/spi-builder-workspace/.derivedData/Build/Intermediates.noindex/SpeziViews.build/Debug-appletvos/SpeziViews-t.build/Objects-normal/arm64/SpeziViews.swiftsourceinfo /Users/admin/builder/spi-builder-workspace/.derivedData/Build/Products/Debug-appletvos/SpeziViews.swiftmodule/Project/arm64-apple-tvos.swiftsourceinfo
GenerateStringSymbols /Users/admin/builder/spi-builder-workspace/.derivedData/Build/Intermediates.noindex/SpeziMockWebService.build/Debug-appletvos/SpeziMockWebService-t.build/DerivedSources/GeneratedStringSymbols_Localizable.swift /Users/admin/builder/spi-builder-workspace/Sources/SpeziMockWebService/Resources/Localizable.xcstrings (in target 'SpeziMockWebService' from project 'SpeziMockWebService')
cd /Users/admin/builder/spi-builder-workspace
/Applications/Xcode-27.0.0-Release.Candidate.app/Contents/Developer/usr/bin/xcstringstool generate-symbols --language swift --output-directory /Users/admin/builder/spi-builder-workspace/.derivedData/Build/Intermediates.noindex/SpeziMockWebService.build/Debug-appletvos/SpeziMockWebService-t.build/DerivedSources /Users/admin/builder/spi-builder-workspace/Sources/SpeziMockWebService/Resources/Localizable.xcstrings
SwiftDriver SpeziMockWebService normal arm64 com.apple.xcode.tools.swift.compiler (in target 'SpeziMockWebService' from project 'SpeziMockWebService')
cd /Users/admin/builder/spi-builder-workspace/.swiftpm/xcode
builtin-SwiftDriver -- /Applications/Xcode-27.0.0-Release.Candidate.app/Contents/Developer/Toolchains/XcodeDefault.xctoolchain/usr/bin/swiftc -parse-as-library -module-name SpeziMockWebService -Onone @/Users/admin/builder/spi-builder-workspace/.derivedData/Build/Intermediates.noindex/SpeziMockWebService.build/Debug-appletvos/SpeziMockWebService-t.build/Objects-normal/arm64/SpeziMockWebService.SwiftFileList -DSWIFT_PACKAGE -DDEBUG -DSWIFT_MODULE_RESOURCE_BUNDLE_AVAILABLE -Xcc -fmodule-map-file\=/Users/admin/builder/spi-builder-workspace/.dependencies/checkouts/zstd/lib/module.modulemap -Xcc -fmodule-map-file\=/Users/admin/builder/spi-builder-workspace/.dependencies/checkouts/swift-atomics/Sources/_AtomicsShims/include/module.modulemap -Xcc -fmodule-map-file\=/Users/admin/builder/spi-builder-workspace/.dependencies/checkouts/swift-numerics/Sources/_NumericsShims/include/module.modulemap -Xcc -fmodule-map-file\=/Users/admin/builder/spi-builder-workspace/.derivedData/Build/Intermediates.noindex/GeneratedModuleMaps-appletvos/SpeziFoundationObjC.modulemap -Xcc -fmodule-map-file\=/Users/admin/builder/spi-builder-workspace/.dependencies/checkouts/swift-cmark/src/include/module.modulemap -Xcc -fmodule-map-file\=/Users/admin/builder/spi-builder-workspace/.dependencies/checkouts/swift-cmark/extensions/include/module.modulemap -DXcode -plugin-path /Applications/Xcode-27.0.0-Release.Candidate.app/Contents/Developer/Toolchains/XcodeDefault.xctoolchain/usr/lib/swift/host/plugins/testing -enable-experimental-feature DebugDescriptionMacro -sdk /Applications/Xcode-27.0.0-Release.Candidate.app/Contents/Developer/Platforms/AppleTVOS.platform/Developer/SDKs/AppleTVOS27.0.sdk -target arm64-apple-tvos17.0 -g -module-cache-path /Users/admin/builder/spi-builder-workspace/.derivedData/ModuleCache.noindex -Xfrontend -serialize-debugging-options -profile-coverage-mapping -profile-generate -enable-testing -index-store-path /Users/admin/builder/spi-builder-workspace/.derivedData/Index.noindex/DataStore -Xcc -D_LIBCPP_HARDENING_MODE\=_LIBCPP_HARDENING_MODE_DEBUG -swift-version 5 -I /Users/admin/builder/spi-builder-workspace/.derivedData/Build/Products/Debug-appletvos -Isystem /Applications/Xcode-27.0.0-Release.Candidate.app/Contents/Developer/Platforms/AppleTVOS.platform/Developer/usr/lib -F /Users/admin/builder/spi-builder-workspace/.derivedData/Build/Products/Debug-appletvos/PackageFrameworks -F /Users/admin/builder/spi-builder-workspace/.derivedData/Build/Products/Debug-appletvos -F /Applications/Xcode-27.0.0-Release.Candidate.app/Contents/Developer/Platforms/AppleTVOS.platform/Developer/Library/Frameworks -F /Applications/Xcode-27.0.0-Release.Candidate.app/Contents/Developer/Platforms/AppleTVOS.platform/Developer/SDKs/AppleTVOS27.0.sdk/Developer/Library/Frameworks -Xfrontend -load-plugin-executable -Xfrontend /Users/admin/builder/spi-builder-workspace/.derivedData/Build/Products/Debug/ThreadLocalMacros\#ThreadLocalMacros -emit-localized-strings -emit-localized-strings-path /Users/admin/builder/spi-builder-workspace/.derivedData/Build/Intermediates.noindex/SpeziMockWebService.build/Debug-appletvos/SpeziMockWebService-t.build/Objects-normal/arm64 -c -j10 -enable-batch-mode -incremental -Xcc -ivfsstatcache -Xcc /Users/admin/builder/spi-builder-workspace/.derivedData/SDKStatCaches.noindex/appletvos27.0-24J360-e829b21a6f8c9b70876ba0858053c044b32bfd8d43560033f8d89884cdb90028.sdkstatcache -output-file-map /Users/admin/builder/spi-builder-workspace/.derivedData/Build/Intermediates.noindex/SpeziMockWebService.build/Debug-appletvos/SpeziMockWebService-t.build/Objects-normal/arm64/SpeziMockWebService-OutputFileMap.json -save-temps -no-color-diagnostics -explicit-module-build -module-cache-path /Users/admin/builder/spi-builder-workspace/.derivedData/Build/Intermediates.noindex/SwiftExplicitPrecompiledModules -clang-scanner-module-cache-path /Users/admin/builder/spi-builder-workspace/.derivedData/ModuleCache.noindex -sdk-module-cache-path /Users/admin/builder/spi-builder-workspace/.derivedData/SDKExplicitPrecompiledModules -emit-dependencies -emit-module -emit-module-path /Users/admin/builder/spi-builder-workspace/.derivedData/Build/Intermediates.noindex/SpeziMockWebService.build/Debug-appletvos/SpeziMockWebService-t.build/Objects-normal/arm64/SpeziMockWebService.swiftmodule -serialize-diagnostics -dependency-scan-serialize-diagnostics-path /Users/admin/builder/spi-builder-workspace/.derivedData/Build/Intermediates.noindex/SpeziMockWebService.build/Debug-appletvos/SpeziMockWebService-t.build/Objects-normal/arm64/SpeziMockWebService-dependency-scan.dia -validate-clang-modules-once -clang-build-session-file /Users/admin/builder/spi-builder-workspace/.derivedData/ModuleCache.noindex/Session.modulevalidation -Xcc -fmodules-prune-interval\=86400 -Xcc -fmodules-prune-after\=345600 -package-name spi_builder_workspace -emit-const-values -const-gather-protocols-list /Users/admin/builder/spi-builder-workspace/.derivedData/Build/Intermediates.noindex/SpeziMockWebService.build/Debug-appletvos/SpeziMockWebService-t.build/Objects-normal/arm64/SpeziMockWebService_const_extract_protocols.json -Xcc -I/Users/admin/builder/spi-builder-workspace/.dependencies/checkouts/zstd/lib -Xcc -I/Users/admin/builder/spi-builder-workspace/.dependencies/checkouts/swift-atomics/Sources/_AtomicsShims/include -Xcc -I/Users/admin/builder/spi-builder-workspace/.dependencies/checkouts/swift-numerics/Sources/_NumericsShims/include -Xcc -I/Users/admin/builder/spi-builder-workspace/.dependencies/checkouts/SpeziFoundation/Sources/SpeziFoundationObjC/include -Xcc -I/Users/admin/builder/spi-builder-workspace/.dependencies/checkouts/swift-cmark/src/include -Xcc -I/Users/admin/builder/spi-builder-workspace/.dependencies/checkouts/swift-cmark/extensions/include -Xcc -I/Users/admin/builder/spi-builder-workspace/.derivedData/Build/Products/Debug-appletvos/include -Xcc -I/Users/admin/builder/spi-builder-workspace/.derivedData/Build/Intermediates.noindex/SpeziMockWebService.build/Debug-appletvos/SpeziMockWebService-t.build/DerivedSources-normal/arm64 -Xcc -I/Users/admin/builder/spi-builder-workspace/.derivedData/Build/Intermediates.noindex/SpeziMockWebService.build/Debug-appletvos/SpeziMockWebService-t.build/DerivedSources/arm64 -Xcc -I/Users/admin/builder/spi-builder-workspace/.derivedData/Build/Intermediates.noindex/SpeziMockWebService.build/Debug-appletvos/SpeziMockWebService-t.build/DerivedSources -Xcc -DSWIFT_PACKAGE -Xcc -DDEBUG\=1 -emit-objc-header -emit-objc-header-path /Users/admin/builder/spi-builder-workspace/.derivedData/Build/Intermediates.noindex/SpeziMockWebService.build/Debug-appletvos/SpeziMockWebService-t.build/Objects-normal/arm64/SpeziMockWebService-Swift.h -working-directory /Users/admin/builder/spi-builder-workspace/.swiftpm/xcode -experimental-emit-module-separately -disable-cmo
SwiftDriverJobDiscovery normal arm64 Compiling ShimmerModifier.swift, SkeletonLoadingModifier.swift, OperationStateAlert.swift, ViewStateAlert.swift, ViewStateMapper.swift, AsyncButton.swift (in target 'SpeziViews' from project 'SpeziViews')
SwiftDriverJobDiscovery normal arm64 Compiling LabeledContent+Init.swift, ListHeader.swift, ListRow.swift, IllegalNavigationStepView.swift, ManagedNavigationStack+Path.swift, ManagedNavigationStack.swift (in target 'SpeziViews' from project 'SpeziViews')
SwiftDriverJobDiscovery normal arm64 Compiling AsyncButtonProcessingStyle.swift, DismissButton.swift, InfoButton.swift, CaseIterablePicker.swift, OptionSetPicker.swift, PickerValue.swift (in target 'SpeziViews' from project 'SpeziViews')
SwiftDriverJobDiscovery normal arm64 Compiling ViewState.swift, ConfigureTipKit.swift, ManagedViewUpdate.swift, LiquidGlass.swift, ReverseLabelStyle.swift, AnyLocalizedError.swift (in target 'SpeziViews' from project 'SpeziViews')
SwiftDriver\ Compilation SpeziViews normal arm64 com.apple.xcode.tools.swift.compiler (in target 'SpeziViews' from project 'SpeziViews')
cd /Users/admin/builder/spi-builder-workspace/.swiftpm/xcode
builtin-Swift-Compilation -- /Applications/Xcode-27.0.0-Release.Candidate.app/Contents/Developer/Toolchains/XcodeDefault.xctoolchain/usr/bin/swiftc -parse-as-library -module-name SpeziViews -Onone @/Users/admin/builder/spi-builder-workspace/.derivedData/Build/Intermediates.noindex/SpeziViews.build/Debug-appletvos/SpeziViews-t.build/Objects-normal/arm64/SpeziViews.SwiftFileList -DSWIFT_PACKAGE -DDEBUG -DSWIFT_MODULE_RESOURCE_BUNDLE_AVAILABLE -Xcc -fmodule-map-file\=/Users/admin/builder/spi-builder-workspace/.dependencies/checkouts/zstd/lib/module.modulemap -Xcc -fmodule-map-file\=/Users/admin/builder/spi-builder-workspace/.dependencies/checkouts/swift-atomics/Sources/_AtomicsShims/include/module.modulemap -Xcc -fmodule-map-file\=/Users/admin/builder/spi-builder-workspace/.dependencies/checkouts/swift-numerics/Sources/_NumericsShims/include/module.modulemap -Xcc -fmodule-map-file\=/Users/admin/builder/spi-builder-workspace/.derivedData/Build/Intermediates.noindex/GeneratedModuleMaps-appletvos/SpeziFoundationObjC.modulemap -Xcc -fmodule-map-file\=/Users/admin/builder/spi-builder-workspace/.dependencies/checkouts/swift-cmark/src/include/module.modulemap -Xcc -fmodule-map-file\=/Users/admin/builder/spi-builder-workspace/.dependencies/checkouts/swift-cmark/extensions/include/module.modulemap -DXcode -plugin-path /Applications/Xcode-27.0.0-Release.Candidate.app/Contents/Developer/Toolchains/XcodeDefault.xctoolchain/usr/lib/swift/host/plugins/testing -enable-experimental-feature DebugDescriptionMacro -sdk /Applications/Xcode-27.0.0-Release.Candidate.app/Contents/Developer/Platforms/AppleTVOS.platform/Developer/SDKs/AppleTVOS27.0.sdk -target arm64-apple-tvos17.0 -g -module-cache-path /Users/admin/builder/spi-builder-workspace/.derivedData/ModuleCache.noindex -Xfrontend -serialize-debugging-options -profile-coverage-mapping -profile-generate -enable-testing -suppress-warnings -index-store-path /Users/admin/builder/spi-builder-workspace/.derivedData/Index.noindex/DataStore -Xcc -D_LIBCPP_HARDENING_MODE\=_LIBCPP_HARDENING_MODE_DEBUG -swift-version 6 -I /Users/admin/builder/spi-builder-workspace/.derivedData/Build/Products/Debug-appletvos -Isystem /Applications/Xcode-27.0.0-Release.Candidate.app/Contents/Developer/Platforms/AppleTVOS.platform/Developer/usr/lib -F /Users/admin/builder/spi-builder-workspace/.derivedData/Build/Products/Debug-appletvos/PackageFrameworks -F /Users/admin/builder/spi-builder-workspace/.derivedData/Build/Products/Debug-appletvos -F /Applications/Xcode-27.0.0-Release.Candidate.app/Contents/Developer/Platforms/AppleTVOS.platform/Developer/Library/Frameworks -F /Applications/Xcode-27.0.0-Release.Candidate.app/Contents/Developer/Platforms/AppleTVOS.platform/Developer/SDKs/AppleTVOS27.0.sdk/Developer/Library/Frameworks -Xfrontend -load-plugin-executable -Xfrontend /Users/admin/builder/spi-builder-workspace/.derivedData/Build/Products/Debug/ThreadLocalMacros\#ThreadLocalMacros -emit-localized-strings -emit-localized-strings-path /Users/admin/builder/spi-builder-workspace/.derivedData/Build/Intermediates.noindex/SpeziViews.build/Debug-appletvos/SpeziViews-t.build/Objects-normal/arm64 -c -j10 -enable-batch-mode -incremental -Xcc -ivfsstatcache -Xcc /Users/admin/builder/spi-builder-workspace/.derivedData/SDKStatCaches.noindex/appletvos27.0-24J360-e829b21a6f8c9b70876ba0858053c044b32bfd8d43560033f8d89884cdb90028.sdkstatcache -output-file-map /Users/admin/builder/spi-builder-workspace/.derivedData/Build/Intermediates.noindex/SpeziViews.build/Debug-appletvos/SpeziViews-t.build/Objects-normal/arm64/SpeziViews-OutputFileMap.json -save-temps -no-color-diagnostics -explicit-module-build -module-cache-path /Users/admin/builder/spi-builder-workspace/.derivedData/Build/Intermediates.noindex/SwiftExplicitPrecompiledModules -clang-scanner-module-cache-path /Users/admin/builder/spi-builder-workspace/.derivedData/ModuleCache.noindex -sdk-module-cache-path /Users/admin/builder/spi-builder-workspace/.derivedData/SDKExplicitPrecompiledModules -emit-dependencies -emit-module -emit-module-path /Users/admin/builder/spi-builder-workspace/.derivedData/Build/Intermediates.noindex/SpeziViews.build/Debug-appletvos/SpeziViews-t.build/Objects-normal/arm64/SpeziViews.swiftmodule -serialize-diagnostics -dependency-scan-serialize-diagnostics-path /Users/admin/builder/spi-builder-workspace/.derivedData/Build/Intermediates.noindex/SpeziViews.build/Debug-appletvos/SpeziViews-t.build/Objects-normal/arm64/SpeziViews-dependency-scan.dia -user-module-version 1.12.14 -validate-clang-modules-once -clang-build-session-file /Users/admin/builder/spi-builder-workspace/.derivedData/ModuleCache.noindex/Session.modulevalidation -Xcc -fmodules-prune-interval\=86400 -Xcc -fmodules-prune-after\=345600 -package-name speziviews -emit-const-values -const-gather-protocols-list /Users/admin/builder/spi-builder-workspace/.derivedData/Build/Intermediates.noindex/SpeziViews.build/Debug-appletvos/SpeziViews-t.build/Objects-normal/arm64/SpeziViews_const_extract_protocols.json -Xcc -I/Users/admin/builder/spi-builder-workspace/.dependencies/checkouts/zstd/lib -Xcc -I/Users/admin/builder/spi-builder-workspace/.dependencies/checkouts/swift-atomics/Sources/_AtomicsShims/include -Xcc -I/Users/admin/builder/spi-builder-workspace/.dependencies/checkouts/swift-numerics/Sources/_NumericsShims/include -Xcc -I/Users/admin/builder/spi-builder-workspace/.dependencies/checkouts/SpeziFoundation/Sources/SpeziFoundationObjC/include -Xcc -I/Users/admin/builder/spi-builder-workspace/.dependencies/checkouts/swift-cmark/src/include -Xcc -I/Users/admin/builder/spi-builder-workspace/.dependencies/checkouts/swift-cmark/extensions/include -Xcc -I/Users/admin/builder/spi-builder-workspace/.derivedData/Build/Products/Debug-appletvos/include -Xcc -I/Users/admin/builder/spi-builder-workspace/.derivedData/Build/Intermediates.noindex/SpeziViews.build/Debug-appletvos/SpeziViews-t.build/DerivedSources-normal/arm64 -Xcc -I/Users/admin/builder/spi-builder-workspace/.derivedData/Build/Intermediates.noindex/SpeziViews.build/Debug-appletvos/SpeziViews-t.build/DerivedSources/arm64 -Xcc -I/Users/admin/builder/spi-builder-workspace/.derivedData/Build/Intermediates.noindex/SpeziViews.build/Debug-appletvos/SpeziViews-t.build/DerivedSources -Xcc -DSWIFT_PACKAGE -Xcc -DDEBUG\=1 -emit-objc-header -emit-objc-header-path /Users/admin/builder/spi-builder-workspace/.derivedData/Build/Intermediates.noindex/SpeziViews.build/Debug-appletvos/SpeziViews-t.build/Objects-normal/arm64/SpeziViews-Swift.h -working-directory /Users/admin/builder/spi-builder-workspace/.swiftpm/xcode -experimental-emit-module-separately -disable-cmo
Ld /Users/admin/builder/spi-builder-workspace/.derivedData/Build/Products/Debug-appletvos/SpeziViews.o normal (in target 'SpeziViews' from project 'SpeziViews')
cd /Users/admin/builder/spi-builder-workspace/.dependencies/checkouts/SpeziViews
/Applications/Xcode-27.0.0-Release.Candidate.app/Contents/Developer/Toolchains/XcodeDefault.xctoolchain/usr/bin/clang -Xlinker -reproducible -target arm64-apple-tvos17.0 -r -isysroot /Applications/Xcode-27.0.0-Release.Candidate.app/Contents/Developer/Platforms/AppleTVOS.platform/Developer/SDKs/AppleTVOS27.0.sdk -O0 -w -Xlinker -no_warn_duplicate_libraries -F/Users/admin/builder/spi-builder-workspace/.derivedData/Build/Intermediates.noindex/EagerLinkingTBDs/Debug-appletvos -F/Users/admin/builder/spi-builder-workspace/.derivedData/Build/Products/Debug-appletvos/PackageFrameworks -F/Users/admin/builder/spi-builder-workspace/.derivedData/Build/Products/Debug-appletvos -iframework /Applications/Xcode-27.0.0-Release.Candidate.app/Contents/Developer/Platforms/AppleTVOS.platform/Developer/Library/Frameworks -iframework /Applications/Xcode-27.0.0-Release.Candidate.app/Contents/Developer/Platforms/AppleTVOS.platform/Developer/SDKs/AppleTVOS27.0.sdk/Developer/Library/Frameworks -filelist /Users/admin/builder/spi-builder-workspace/.derivedData/Build/Intermediates.noindex/SpeziViews.build/Debug-appletvos/SpeziViews-t.build/Objects-normal/arm64/SpeziViews.LinkFileList -nostdlib -Xlinker -object_path_lto -Xlinker /Users/admin/builder/spi-builder-workspace/.derivedData/Build/Intermediates.noindex/SpeziViews.build/Debug-appletvos/SpeziViews-t.build/Objects-normal/arm64/SpeziViews_lto.o -Xlinker -no_deduplicate -Xlinker -debug_variant -Xlinker -dependency_info -Xlinker /Users/admin/builder/spi-builder-workspace/.derivedData/Build/Intermediates.noindex/SpeziViews.build/Debug-appletvos/SpeziViews-t.build/Objects-normal/arm64/SpeziViews_dependency_info.dat -fobjc-link-runtime -L/Applications/Xcode-27.0.0-Release.Candidate.app/Contents/Developer/Toolchains/XcodeDefault.xctoolchain/usr/lib/swift/appletvos -L/usr/lib/swift -Xlinker -add_ast_path -Xlinker /Users/admin/builder/spi-builder-workspace/.derivedData/Build/Intermediates.noindex/SpeziViews.build/Debug-appletvos/SpeziViews-t.build/Objects-normal/arm64/SpeziViews.swiftmodule -o /Users/admin/builder/spi-builder-workspace/.derivedData/Build/Products/Debug-appletvos/SpeziViews.o
ExtractAppIntentsMetadata (in target 'SpeziViews' from project 'SpeziViews')
cd /Users/admin/builder/spi-builder-workspace/.dependencies/checkouts/SpeziViews
/Applications/Xcode-27.0.0-Release.Candidate.app/Contents/Developer/Toolchains/XcodeDefault.xctoolchain/usr/bin/appintentsmetadataprocessor --toolchain-dir /var/run/com.apple.security.cryptexd/mnt/com.apple.MobileAsset.MetalToolchain-v27.1.266.1.y5vRhH/Metal.xctoolchain --module-name SpeziViews --sdk-root /Applications/Xcode-27.0.0-Release.Candidate.app/Contents/Developer/Platforms/AppleTVOS.platform/Developer/SDKs/AppleTVOS27.0.sdk --xcode-version 27A266a --platform-family tvOS --deployment-target 17.0 --bundle-identifier speziviews.SpeziViews --output /Users/admin/builder/spi-builder-workspace/.derivedData/Build/Products/Debug-appletvos/SpeziViews.appintents --target-triple arm64-apple-tvos17.0 --binary-file /Users/admin/builder/spi-builder-workspace/.derivedData/Build/Products/Debug-appletvos/SpeziViews.o --dependency-file /Users/admin/builder/spi-builder-workspace/.derivedData/Build/Intermediates.noindex/SpeziViews.build/Debug-appletvos/SpeziViews-t.build/Objects-normal/arm64/SpeziViews_dependency_info.dat --stringsdata-file /Users/admin/builder/spi-builder-workspace/.derivedData/Build/Intermediates.noindex/SpeziViews.build/Debug-appletvos/SpeziViews-t.build/Objects-normal/arm64/ExtractedAppShortcutsMetadata.stringsdata --source-file-list /Users/admin/builder/spi-builder-workspace/.derivedData/Build/Intermediates.noindex/SpeziViews.build/Debug-appletvos/SpeziViews-t.build/Objects-normal/arm64/SpeziViews.SwiftFileList --metadata-file-list /Users/admin/builder/spi-builder-workspace/.derivedData/Build/Intermediates.noindex/SpeziViews.build/Debug-appletvos/SpeziViews-t.build/SpeziViews.DependencyMetadataFileList --static-metadata-file-list /Users/admin/builder/spi-builder-workspace/.derivedData/Build/Intermediates.noindex/SpeziViews.build/Debug-appletvos/SpeziViews-t.build/SpeziViews.DependencyStaticMetadataFileList --swift-const-vals-list /Users/admin/builder/spi-builder-workspace/.derivedData/Build/Intermediates.noindex/SpeziViews.build/Debug-appletvos/SpeziViews-t.build/Objects-normal/arm64/SpeziViews.SwiftConstValuesFileList --force --compile-time-extraction --deployment-aware-processing --no-app-shortcuts-localization
2026-09-20 00:50:58.100 appintentsmetadataprocessor[1962:10033] Starting appintentsmetadataprocessor export
2026-09-20 00:50:58.164 appintentsmetadataprocessor[1962:10033] Extracted no relevant App Intents symbols, skipping writing output
SwiftExplicitDependencyGeneratePcm arm64 /Users/admin/builder/spi-builder-workspace/.derivedData/SDKExplicitPrecompiledModules/PDFKit-2OX9JSXS9D9RVK5WS00YF7HTS.pcm
SwiftExplicitDependencyGeneratePcm arm64 /Users/admin/builder/spi-builder-workspace/.derivedData/SDKExplicitPrecompiledModules/zlib-5OS6U3HFV5OYO6MJYO5JZOTH3.pcm
SwiftExplicitDependencyGeneratePcm arm64 /Users/admin/builder/spi-builder-workspace/.derivedData/Build/Intermediates.noindex/SwiftExplicitPrecompiledModules/libzstd-AJOZN3N9K4UU6IFMVC9ENXAFN.pcm
SwiftExplicitDependencyGeneratePcm arm64 /Users/admin/builder/spi-builder-workspace/.derivedData/Build/Intermediates.noindex/SwiftExplicitPrecompiledModules/SpeziFoundationObjC-46AXOJ0PFFUPDTYCE4IYJ6ILR.pcm
SwiftExplicitDependencyGeneratePcm arm64 /Users/admin/builder/spi-builder-workspace/.derivedData/SDKExplicitPrecompiledModules/pthread-6ZM7BC4C1EFNPHMRN3OIDEINK.pcm
SwiftCompile normal arm64 Compiling\ RequestDetailView.swift /Users/admin/builder/spi-builder-workspace/Sources/SpeziMockWebService/RequestDetailView.swift (in target 'SpeziMockWebService' from project 'SpeziMockWebService')
/Users/admin/builder/spi-builder-workspace/Sources/SpeziMockWebService/RequestDetailView.swift:28:25: error: 'insetGrouped' is unavailable in tvOS
26 | }
27 | }
28 | .listStyle(.insetGrouped)
| `- error: 'insetGrouped' is unavailable in tvOS
29 | .navigationTitle(String(localized: "MOCK_REQUEST_DETAIL_TITLE", bundle: .module))
30 | }
SwiftUI.ListStyle.insetGrouped:2:43: note: 'insetGrouped' has been explicitly marked unavailable here
1 | protocol ListStyle {
2 | @export(implementation) public static var insetGrouped: InsetGroupedListStyle { get }}
| `- note: 'insetGrouped' has been explicitly marked unavailable here
3 |
Failed frontend command:
SwiftCompile normal arm64 /Users/admin/builder/spi-builder-workspace/Sources/SpeziMockWebService/RequestDetailView.swift (in target 'SpeziMockWebService' from project 'SpeziMockWebService')
cd /Users/admin/builder/spi-builder-workspace/.swiftpm/xcode
builtin-SwiftPerFileCompile RequestDetailView.swift
/Applications/Xcode-27.0.0-Release.Candidate.app/Contents/Developer/Toolchains/XcodeDefault.xctoolchain/usr/bin/swift-frontend -frontend -c /Users/admin/builder/spi-builder-workspace/.derivedData/Build/Intermediates.noindex/SpeziMockWebService.build/Debug-appletvos/SpeziMockWebService-t.build/DerivedSources/resource_bundle_accessor.swift /Users/admin/builder/spi-builder-workspace/Sources/SpeziMockWebService/MockWebService.swift /Users/admin/builder/spi-builder-workspace/Sources/SpeziMockWebService/Request.swift -primary-file /Users/admin/builder/spi-builder-workspace/Sources/SpeziMockWebService/RequestDetailView.swift /Users/admin/builder/spi-builder-workspace/Sources/SpeziMockWebService/RequestHeader.swift /Users/admin/builder/spi-builder-workspace/Sources/SpeziMockWebService/RequestList.swift /Users/admin/builder/spi-builder-workspace/.derivedData/Build/Intermediates.noindex/SpeziMockWebService.build/Debug-appletvos/SpeziMockWebService-t.build/DerivedSources/GeneratedStringSymbols_Localizable.swift -emit-dependencies-path /Users/admin/builder/spi-builder-workspace/.derivedData/Build/Intermediates.noindex/SpeziMockWebService.build/Debug-appletvos/SpeziMockWebService-t.build/Objects-normal/arm64/RequestDetailView.d -emit-const-values-path /Users/admin/builder/spi-builder-workspace/.derivedData/Build/Intermediates.noindex/SpeziMockWebService.build/Debug-appletvos/SpeziMockWebService-t.build/Objects-normal/arm64/RequestDetailView.swiftconstvalues -emit-reference-dependencies-path /Users/admin/builder/spi-builder-workspace/.derivedData/Build/Intermediates.noindex/SpeziMockWebService.build/Debug-appletvos/SpeziMockWebService-t.build/Objects-normal/arm64/RequestDetailView.swiftdeps -serialize-diagnostics-path /Users/admin/builder/spi-builder-workspace/.derivedData/Build/Intermediates.noindex/SpeziMockWebService.build/Debug-appletvos/SpeziMockWebService-t.build/Objects-normal/arm64/RequestDetailView.dia -emit-localized-strings -emit-localized-strings-path /Users/admin/builder/spi-builder-workspace/.derivedData/Build/Intermediates.noindex/SpeziMockWebService.build/Debug-appletvos/SpeziMockWebService-t.build/Objects-normal/arm64 -target arm64-apple-tvos17.0 -disable-cross-import-overlay-search -load-resolved-plugin /Applications/Xcode-27.0.0-Release.Candidate.app/Contents/Developer/Platforms/AppleTVOS.platform/Developer/usr/lib/swift/host/plugins/libFoundationMacros.dylib\#/Applications/Xcode-27.0.0-Release.Candidate.app/Contents/Developer/Platforms/AppleTVOS.platform/Developer/usr/bin/swift-plugin-server\#FoundationMacros -load-resolved-plugin /Applications/Xcode-27.0.0-Release.Candidate.app/Contents/Developer/Platforms/AppleTVOS.platform/Developer/usr/lib/swift/host/plugins/libObservationMacros.dylib\#/Applications/Xcode-27.0.0-Release.Candidate.app/Contents/Developer/Platforms/AppleTVOS.platform/Developer/usr/bin/swift-plugin-server\#ObservationMacros -load-resolved-plugin /Applications/Xcode-27.0.0-Release.Candidate.app/Contents/Developer/Platforms/AppleTVOS.platform/Developer/usr/lib/swift/host/plugins/libPreviewsMacros.dylib\#/Applications/Xcode-27.0.0-Release.Candidate.app/Contents/Developer/Platforms/AppleTVOS.platform/Developer/usr/bin/swift-plugin-server\#PreviewsMacros -load-resolved-plugin /Applications/Xcode-27.0.0-Release.Candidate.app/Contents/Developer/Platforms/AppleTVOS.platform/Developer/usr/lib/swift/host/plugins/libSwiftMacros.dylib\#/Applications/Xcode-27.0.0-Release.Candidate.app/Contents/Developer/Platforms/AppleTVOS.platform/Developer/usr/bin/swift-plugin-server\#SwiftMacros -load-resolved-plugin /Applications/Xcode-27.0.0-Release.Candidate.app/Contents/Developer/Platforms/AppleTVOS.platform/Developer/usr/lib/swift/host/plugins/libSwiftUIMacros.dylib\#/Applications/Xcode-27.0.0-Release.Candidate.app/Contents/Developer/Platforms/AppleTVOS.platform/Developer/usr/bin/swift-plugin-server\#SwiftUIMacros -load-resolved-plugin \#/Users/admin/builder/spi-builder-workspace/.derivedData/Build/Products/Debug/ThreadLocalMacros\#ThreadLocalMacros -load-resolved-plugin /Applications/Xcode-27.0.0-Release.Candidate.app/Contents/Developer/Platforms/AppleTVOS.platform/Developer/usr/lib/swift/host/plugins/libTipKitMacros.dylib\#/Applications/Xcode-27.0.0-Release.Candidate.app/Contents/Developer/Platforms/AppleTVOS.platform/Developer/usr/bin/swift-plugin-server\#TipKitMacros -disable-implicit-swift-modules -Xcc -fno-implicit-modules -Xcc -fno-implicit-module-maps -explicit-swift-module-map-file /Users/admin/builder/spi-builder-workspace/.derivedData/Build/Intermediates.noindex/SpeziMockWebService.build/Debug-appletvos/SpeziMockWebService-t.build/Objects-normal/arm64/SpeziMockWebService-dependencies-1.json -Xllvm -aarch64-use-tbi -enable-objc-interop -stack-check -sdk /Applications/Xcode-27.0.0-Release.Candidate.app/Contents/Developer/Platforms/AppleTVOS.platform/Developer/SDKs/AppleTVOS27.0.sdk -I /Users/admin/builder/spi-builder-workspace/.derivedData/Build/Products/Debug-appletvos -Isystem /Applications/Xcode-27.0.0-Release.Candidate.app/Contents/Developer/Platforms/AppleTVOS.platform/Developer/usr/lib -F /Users/admin/builder/spi-builder-workspace/.derivedData/Build/Products/Debug-appletvos/PackageFrameworks -F /Users/admin/builder/spi-builder-workspace/.derivedData/Build/Products/Debug-appletvos -F /Applications/Xcode-27.0.0-Release.Candidate.app/Contents/Developer/Platforms/AppleTVOS.platform/Developer/Library/Frameworks -F /Applications/Xcode-27.0.0-Release.Candidate.app/Contents/Developer/Platforms/AppleTVOS.platform/Developer/SDKs/AppleTVOS27.0.sdk/Developer/Library/Frameworks -module-cache-path /Users/admin/builder/spi-builder-workspace/.derivedData/Build/Intermediates.noindex/SwiftExplicitPrecompiledModules -no-color-diagnostics -Xcc -fno-color-diagnostics -enable-testing -g -debug-info-format\=dwarf -dwarf-version\=4 -profile-generate -profile-coverage-mapping -swift-version 5 -Onone -D SWIFT_PACKAGE -D DEBUG -D SWIFT_MODULE_RESOURCE_BUNDLE_AVAILABLE -D Xcode -serialize-debugging-options -load-plugin-executable /Users/admin/builder/spi-builder-workspace/.derivedData/Build/Products/Debug/ThreadLocalMacros\#ThreadLocalMacros -enable-experimental-feature DebugDescriptionMacro -empty-abi-descriptor -validate-clang-modules-once -clang-build-session-file /Users/admin/builder/spi-builder-workspace/.derivedData/ModuleCache.noindex/Session.modulevalidation -Xcc -working-directory -Xcc /Users/admin/builder/spi-builder-workspace/.swiftpm/xcode -enable-anonymous-context-mangled-names -file-compilation-dir /Users/admin/builder/spi-builder-workspace/.swiftpm/xcode -Xcc -fmodule-map-file\=/Users/admin/builder/spi-builder-workspace/.dependencies/checkouts/zstd/lib/module.modulemap -Xcc -fmodule-map-file\=/Users/admin/builder/spi-builder-workspace/.dependencies/checkouts/swift-atomics/Sources/_AtomicsShims/include/module.modulemap -Xcc -fmodule-map-file\=/Users/admin/builder/spi-builder-workspace/.dependencies/checkouts/swift-numerics/Sources/_NumericsShims/include/module.modulemap -Xcc -fmodule-map-file\=/Users/admin/builder/spi-builder-workspace/.derivedData/Build/Intermediates.noindex/GeneratedModuleMaps-appletvos/SpeziFoundationObjC.modulemap -Xcc -fmodule-map-file\=/Users/admin/builder/spi-builder-workspace/.dependencies/checkouts/swift-cmark/src/include/module.modulemap -Xcc -fmodule-map-file\=/Users/admin/builder/spi-builder-workspace/.dependencies/checkouts/swift-cmark/extensions/include/module.modulemap -Xcc -D_LIBCPP_HARDENING_MODE\=_LIBCPP_HARDENING_MODE_DEBUG -Xcc -ivfsstatcache -Xcc /Users/admin/builder/spi-builder-workspace/.derivedData/SDKStatCaches.noindex/appletvos27.0-24J360-e829b21a6f8c9b70876ba0858053c044b32bfd8d43560033f8d89884cdb90028.sdkstatcache -Xcc -fmodules-prune-interval\=86400 -Xcc -fmodules-prune-after\=345600 -Xcc -I/Users/admin/builder/spi-builder-workspace/.dependencies/checkouts/zstd/lib -Xcc -I/Users/admin/builder/spi-builder-workspace/.dependencies/checkouts/swift-atomics/Sources/_AtomicsShims/include -Xcc -I/Users/admin/builder/spi-builder-workspace/.dependencies/checkouts/swift-numerics/Sources/_NumericsShims/include -Xcc -I/Users/admin/builder/spi-builder-workspace/.dependencies/checkouts/SpeziFoundation/Sources/SpeziFoundationObjC/include -Xcc -I/Users/admin/builder/spi-builder-workspace/.dependencies/checkouts/swift-cmark/src/include -Xcc -I/Users/admin/builder/spi-builder-workspace/.dependencies/checkouts/swift-cmark/extensions/include -Xcc -I/Users/admin/builder/spi-builder-workspace/.derivedData/Build/Products/Debug-appletvos/include -Xcc -I/Users/admin/builder/spi-builder-workspace/.derivedData/Build/Intermediates.noindex/SpeziMockWebService.build/Debug-appletvos/SpeziMockWebService-t.build/DerivedSources-normal/arm64 -Xcc -I/Users/admin/builder/spi-builder-workspace/.derivedData/Build/Intermediates.noindex/SpeziMockWebService.build/Debug-appletvos/SpeziMockWebService-t.build/DerivedSources/arm64 -Xcc -I/Users/admin/builder/spi-builder-workspace/.derivedData/Build/Intermediates.noindex/SpeziMockWebService.build/Debug-appletvos/SpeziMockWebService-t.build/DerivedSources -Xcc -DSWIFT_PACKAGE -Xcc -DDEBUG\=1 -no-auto-bridging-header-chaining -module-name SpeziMockWebService -package-name spi_builder_workspace -const-gather-protocols-file /Users/admin/builder/spi-builder-workspace/.derivedData/Build/Intermediates.noindex/SpeziMockWebService.build/Debug-appletvos/SpeziMockWebService-t.build/Objects-normal/arm64/SpeziMockWebService_const_extract_protocols.json -disable-clang-spi -clang-target arm64-apple-tvos27.0 -target-sdk-version 27.0 -target-sdk-name appletvos27.0 -in-process-plugin-server-path /Applications/Xcode-27.0.0-Release.Candidate.app/Contents/Developer/Toolchains/XcodeDefault.xctoolchain/usr/lib/swift/host/libSwiftInProcPluginServer.dylib -parse-as-library -o /Users/admin/builder/spi-builder-workspace/.derivedData/Build/Intermediates.noindex/SpeziMockWebService.build/Debug-appletvos/SpeziMockWebService-t.build/Objects-normal/arm64/RequestDetailView.o -debug-module-path /Users/admin/builder/spi-builder-workspace/.derivedData/Build/Intermediates.noindex/SpeziMockWebService.build/Debug-appletvos/SpeziMockWebService-t.build/Objects-normal/arm64/SpeziMockWebService.swiftmodule -index-unit-output-path /SpeziMockWebService.build/Debug-appletvos/SpeziMockWebService-t.build/Objects-normal/arm64/RequestDetailView.o -index-store-path /Users/admin/builder/spi-builder-workspace/.derivedData/Index.noindex/DataStore -index-system-modules
SwiftEmitModule normal arm64 Emitting\ module\ for\ SpeziMockWebService (in target 'SpeziMockWebService' from project 'SpeziMockWebService')
SwiftCompile normal arm64 (in target 'SpeziMockWebService' from project 'SpeziMockWebService')
cd /Users/admin/builder/spi-builder-workspace/.swiftpm/xcode
SwiftCompile normal arm64 Compiling\ Request.swift /Users/admin/builder/spi-builder-workspace/Sources/SpeziMockWebService/Request.swift (in target 'SpeziMockWebService' from project 'SpeziMockWebService')
SwiftCompile normal arm64 /Users/admin/builder/spi-builder-workspace/Sources/SpeziMockWebService/Request.swift (in target 'SpeziMockWebService' from project 'SpeziMockWebService')
cd /Users/admin/builder/spi-builder-workspace/.swiftpm/xcode
builtin-SwiftPerFileCompile Request.swift
SwiftCompile normal arm64 Compiling\ MockWebService.swift /Users/admin/builder/spi-builder-workspace/Sources/SpeziMockWebService/MockWebService.swift (in target 'SpeziMockWebService' from project 'SpeziMockWebService')
SwiftCompile normal arm64 /Users/admin/builder/spi-builder-workspace/Sources/SpeziMockWebService/MockWebService.swift (in target 'SpeziMockWebService' from project 'SpeziMockWebService')
cd /Users/admin/builder/spi-builder-workspace/.swiftpm/xcode
builtin-SwiftPerFileCompile MockWebService.swift
SwiftCompile normal arm64 Compiling\ GeneratedStringSymbols_Localizable.swift /Users/admin/builder/spi-builder-workspace/.derivedData/Build/Intermediates.noindex/SpeziMockWebService.build/Debug-appletvos/SpeziMockWebService-t.build/DerivedSources/GeneratedStringSymbols_Localizable.swift (in target 'SpeziMockWebService' from project 'SpeziMockWebService')
SwiftCompile normal arm64 /Users/admin/builder/spi-builder-workspace/.derivedData/Build/Intermediates.noindex/SpeziMockWebService.build/Debug-appletvos/SpeziMockWebService-t.build/DerivedSources/GeneratedStringSymbols_Localizable.swift (in target 'SpeziMockWebService' from project 'SpeziMockWebService')
cd /Users/admin/builder/spi-builder-workspace/.swiftpm/xcode
builtin-SwiftPerFileCompile GeneratedStringSymbols_Localizable.swift
SwiftCompile normal arm64 Compiling\ RequestList.swift /Users/admin/builder/spi-builder-workspace/Sources/SpeziMockWebService/RequestList.swift (in target 'SpeziMockWebService' from project 'SpeziMockWebService')
SwiftCompile normal arm64 /Users/admin/builder/spi-builder-workspace/Sources/SpeziMockWebService/RequestList.swift (in target 'SpeziMockWebService' from project 'SpeziMockWebService')
cd /Users/admin/builder/spi-builder-workspace/.swiftpm/xcode
builtin-SwiftPerFileCompile RequestList.swift
SwiftCompile normal arm64 Compiling\ RequestHeader.swift /Users/admin/builder/spi-builder-workspace/Sources/SpeziMockWebService/RequestHeader.swift (in target 'SpeziMockWebService' from project 'SpeziMockWebService')
SwiftCompile normal arm64 /Users/admin/builder/spi-builder-workspace/Sources/SpeziMockWebService/RequestHeader.swift (in target 'SpeziMockWebService' from project 'SpeziMockWebService')
cd /Users/admin/builder/spi-builder-workspace/.swiftpm/xcode
builtin-SwiftPerFileCompile RequestHeader.swift
SwiftCompile normal arm64 Compiling\ resource_bundle_accessor.swift /Users/admin/builder/spi-builder-workspace/.derivedData/Build/Intermediates.noindex/SpeziMockWebService.build/Debug-appletvos/SpeziMockWebService-t.build/DerivedSources/resource_bundle_accessor.swift (in target 'SpeziMockWebService' from project 'SpeziMockWebService')
SwiftCompile normal arm64 /Users/admin/builder/spi-builder-workspace/.derivedData/Build/Intermediates.noindex/SpeziMockWebService.build/Debug-appletvos/SpeziMockWebService-t.build/DerivedSources/resource_bundle_accessor.swift (in target 'SpeziMockWebService' from project 'SpeziMockWebService')
cd /Users/admin/builder/spi-builder-workspace/.swiftpm/xcode
builtin-SwiftPerFileCompile resource_bundle_accessor.swift
SwiftDriverJobDiscovery normal arm64 Compiling GeneratedStringSymbols_Localizable.swift (in target 'SpeziMockWebService' from project 'SpeziMockWebService')
PruneExplicitPrecompiledModules /Users/admin/builder/spi-builder-workspace/.derivedData/Build/Intermediates.noindex/ExplicitPrecompiledModules
PruneExplicitPrecompiledModules /Users/admin/builder/spi-builder-workspace/.derivedData/Build/Intermediates.noindex/SwiftExplicitPrecompiledModules
PruneExplicitPrecompiledModules /Users/admin/builder/spi-builder-workspace/.derivedData/SDKExplicitPrecompiledModules
2026-09-20 00:50:38.618 xcodebuild[1252:6712] [MT] IDERunDestination: Supported platforms for the buildables in the current scheme is empty.
** BUILD FAILED **
The following build commands failed:
SwiftCompile normal arm64 /Users/admin/builder/spi-builder-workspace/Sources/SpeziMockWebService/RequestDetailView.swift (in target 'SpeziMockWebService' from project 'SpeziMockWebService')
SwiftCompile normal arm64 Compiling\ RequestDetailView.swift /Users/admin/builder/spi-builder-workspace/Sources/SpeziMockWebService/RequestDetailView.swift (in target 'SpeziMockWebService' from project 'SpeziMockWebService')
Building workspace SpeziMockWebService with scheme SpeziMockWebService
(3 failures)
Command line invocation:
/Applications/Xcode-27.0.0-Release.Candidate.app/Contents/Developer/usr/bin/xcodebuild -IDEClonedSourcePackagesDirPathOverride=/Users/admin/builder/spi-builder-workspace/.dependencies -resolvePackageDependencies
Resolve Package Graph
failed to retrieve search paths with pkg-config; maybe pkg-config is not installedcouldn't find pc file for zlib
Resolved source packages:
swift-log: https://github.com/apple/swift-log @ 1.15.1
RuntimeAssertions: https://github.com/StanfordBDHG/XCTRuntimeAssertions.git @ 2.2.0
ThreadLocal: https://github.com/StanfordBDHG/ThreadLocal.git @ 0.1.3
swift-markdown-ui: https://github.com/gonzalezreal/swift-markdown-ui.git @ 2.4.1
swift-algorithms: https://github.com/apple/swift-algorithms.git @ 1.2.1
cmark-gfm: https://github.com/swiftlang/swift-cmark @ 0.8.0
swift-collections: https://github.com/apple/swift-collections.git @ 1.6.0
SpeziViews: https://github.com/StanfordSpezi/SpeziViews @ 1.12.14
NetworkImage: https://github.com/gonzalezreal/NetworkImage @ 6.0.1
Spezi: https://github.com/StanfordSpezi/Spezi @ 1.10.2
SpeziMockWebService: /Users/admin/builder/spi-builder-workspace
zstd: https://github.com/StanfordBDHG/zstd.git @ 1.5.8-beta.1
SpeziFoundation: https://github.com/StanfordSpezi/SpeziFoundation.git @ 2.7.7
swift-numerics: https://github.com/apple/swift-numerics.git @ 1.1.1
swift-syntax: https://github.com/swiftlang/swift-syntax.git @ 603.0.2
swift-atomics: https://github.com/apple/swift-atomics.git @ 1.3.1
resolved source packages: swift-log, RuntimeAssertions, ThreadLocal, swift-markdown-ui, swift-algorithms, cmark-gfm, swift-collections, SpeziViews, NetworkImage, Spezi, SpeziMockWebService, zstd, SpeziFoundation, swift-numerics, swift-syntax, swift-atomics
2026-09-20 00:51:00.865 xcodebuild[1978:10137] [MT] IDERunDestination: Supported platforms for the buildables in the current scheme is empty.
{
"default_localization" : "en",
"dependencies" : [
{
"identity" : "spezi",
"requirement" : {
"range" : [
{
"lower_bound" : "1.0.0",
"upper_bound" : "2.0.0"
}
]
},
"type" : "sourceControl",
"url" : "https://github.com/StanfordSpezi/Spezi"
},
{
"identity" : "speziviews",
"requirement" : {
"range" : [
{
"lower_bound" : "1.0.0",
"upper_bound" : "2.0.0"
}
]
},
"type" : "sourceControl",
"url" : "https://github.com/StanfordSpezi/SpeziViews"
}
],
"manifest_display_name" : "SpeziMockWebService",
"name" : "SpeziMockWebService",
"path" : "/Users/admin/builder/spi-builder-workspace",
"platforms" : [
{
"name" : "ios",
"version" : "17.0"
},
{
"name" : "watchos",
"version" : "10.0"
}
],
"products" : [
{
"name" : "SpeziMockWebService",
"targets" : [
"SpeziMockWebService"
],
"type" : {
"library" : [
"automatic"
]
}
}
],
"targets" : [
{
"c99name" : "SpeziMockWebServiceTests",
"module_type" : "SwiftTarget",
"name" : "SpeziMockWebServiceTests",
"path" : "Tests/SpeziMockWebServiceTests",
"sources" : [
"SpeziMockWebServiceTests.swift"
],
"target_dependencies" : [
"SpeziMockWebService"
],
"type" : "test"
},
{
"c99name" : "SpeziMockWebService",
"module_type" : "SwiftTarget",
"name" : "SpeziMockWebService",
"path" : "Sources/SpeziMockWebService",
"product_dependencies" : [
"Spezi",
"SpeziViews"
],
"product_memberships" : [
"SpeziMockWebService"
],
"resources" : [
{
"path" : "/Users/admin/builder/spi-builder-workspace/Sources/SpeziMockWebService/Resources/Localizable.xcstrings",
"rule" : {
"process" : {
}
}
},
{
"path" : "/Users/admin/builder/spi-builder-workspace/Sources/SpeziMockWebService/Resources/Localizable.xcstrings.license",
"rule" : {
"process" : {
}
}
}
],
"sources" : [
"MockWebService.swift",
"Request.swift",
"RequestDetailView.swift",
"RequestHeader.swift",
"RequestList.swift"
],
"type" : "library"
}
],
"tools_version" : "5.9"
}
{
"workspace" : {
"name" : "SpeziMockWebService",
"schemes" : [
"MarkdownUI",
"SpeziMockWebService"
]
}
}
2026-09-20 00:51:03.490 xcodebuild[1994:10230] [MT] IDERunDestination: Supported platforms for the buildables in the current scheme is empty.
{
"workspace" : {
"name" : "SpeziMockWebService",
"schemes" : [
"MarkdownUI",
"SpeziMockWebService"
]
}
}
2026-09-20 00:51:05.972 xcodebuild[2004:10275] [MT] IDERunDestination: Supported platforms for the buildables in the current scheme is empty.
Running build ...
env DEVELOPER_DIR=/Applications/Xcode-27.0.0-Release.Candidate.app xcrun xcodebuild -IDEClonedSourcePackagesDirPathOverride=$PWD/.dependencies -skipMacroValidation -skipPackagePluginValidation -derivedDataPath $PWD/.derivedData build -scheme SpeziMockWebService -destination generic/platform=tvOS
Command line invocation:
/Applications/Xcode-27.0.0-Release.Candidate.app/Contents/Developer/usr/bin/xcodebuild -IDEClonedSourcePackagesDirPathOverride=/Users/admin/builder/spi-builder-workspace/.dependencies -skipMacroValidation -skipPackagePluginValidation -derivedDataPath /Users/admin/builder/spi-builder-workspace/.derivedData build -scheme SpeziMockWebService -destination generic/platform=tvOS
Resolve Package Graph
failed to retrieve search paths with pkg-config; maybe pkg-config is not installedcouldn't find pc file for zlib
Resolved source packages:
swift-syntax: https://github.com/swiftlang/swift-syntax.git @ 603.0.2
swift-log: https://github.com/apple/swift-log @ 1.15.1
swift-numerics: https://github.com/apple/swift-numerics.git @ 1.1.1
swift-algorithms: https://github.com/apple/swift-algorithms.git @ 1.2.1
SpeziFoundation: https://github.com/StanfordSpezi/SpeziFoundation.git @ 2.7.7
swift-atomics: https://github.com/apple/swift-atomics.git @ 1.3.1
NetworkImage: https://github.com/gonzalezreal/NetworkImage @ 6.0.1
RuntimeAssertions: https://github.com/StanfordBDHG/XCTRuntimeAssertions.git @ 2.2.0
SpeziViews: https://github.com/StanfordSpezi/SpeziViews @ 1.12.14
swift-markdown-ui: https://github.com/gonzalezreal/swift-markdown-ui.git @ 2.4.1
zstd: https://github.com/StanfordBDHG/zstd.git @ 1.5.8-beta.1
SpeziMockWebService: /Users/admin/builder/spi-builder-workspace
cmark-gfm: https://github.com/swiftlang/swift-cmark @ 0.8.0
Spezi: https://github.com/StanfordSpezi/Spezi @ 1.10.2
swift-collections: https://github.com/apple/swift-collections.git @ 1.6.0
ThreadLocal: https://github.com/StanfordBDHG/ThreadLocal.git @ 0.1.3
ComputePackagePrebuildTargetDependencyGraph
Prepare packages
CreateBuildRequest
SendProjectDescription
CreateBuildOperation
ComputeTargetDependencyGraph
note: Building targets in dependency order
note: Target dependency graph (42 targets)
Target 'SpeziMockWebService-product' in project 'SpeziMockWebService'
➜ Explicit dependency on target 'SpeziMockWebService' in project 'SpeziMockWebService'
➜ Explicit dependency on target 'SpeziMockWebService_SpeziMockWebService' in project 'SpeziMockWebService'
➜ Explicit dependency on target 'Spezi-product' in project 'Spezi'
➜ Explicit dependency on target 'SpeziViews-product' in project 'SpeziViews'
Target 'SpeziMockWebService' in project 'SpeziMockWebService'
➜ Explicit dependency on target 'SpeziMockWebService_SpeziMockWebService' in project 'SpeziMockWebService'
➜ Explicit dependency on target 'Spezi-product' in project 'Spezi'
➜ Explicit dependency on target 'SpeziViews-product' in project 'SpeziViews'
Target 'SpeziViews-product' in project 'SpeziViews'
➜ Explicit dependency on target 'SpeziViews' in project 'SpeziViews'
➜ Explicit dependency on target 'SpeziViews_SpeziViews' in project 'SpeziViews'
➜ Explicit dependency on target 'Spezi-product' in project 'Spezi'
➜ Explicit dependency on target 'SpeziFoundation-product' in project 'SpeziFoundation'
➜ Explicit dependency on target 'SpeziLocalization-product' in project 'SpeziFoundation'
➜ Explicit dependency on target 'MarkdownUI-product' in project 'swift-markdown-ui'
Target 'SpeziViews' in project 'SpeziViews'
➜ Explicit dependency on target 'SpeziViews_SpeziViews' in project 'SpeziViews'
➜ Explicit dependency on target 'Spezi-product' in project 'Spezi'
➜ Explicit dependency on target 'SpeziFoundation-product' in project 'SpeziFoundation'
➜ Explicit dependency on target 'SpeziLocalization-product' in project 'SpeziFoundation'
➜ Explicit dependency on target 'MarkdownUI-product' in project 'swift-markdown-ui'
Target 'MarkdownUI-product' in project 'swift-markdown-ui'
➜ Explicit dependency on target 'MarkdownUI' in project 'swift-markdown-ui'
➜ Explicit dependency on target 'cmark-gfm-product' in project 'cmark-gfm'
➜ Explicit dependency on target 'cmark-gfm-extensions-product' in project 'cmark-gfm'
➜ Explicit dependency on target 'NetworkImage-product' in project 'NetworkImage'
Target 'MarkdownUI' in project 'swift-markdown-ui'
➜ Explicit dependency on target 'cmark-gfm-product' in project 'cmark-gfm'
➜ Explicit dependency on target 'cmark-gfm-extensions-product' in project 'cmark-gfm'
➜ Explicit dependency on target 'NetworkImage-product' in project 'NetworkImage'
Target 'NetworkImage-product' in project 'NetworkImage'
➜ Explicit dependency on target 'NetworkImage' in project 'NetworkImage'
Target 'NetworkImage' in project 'NetworkImage' (no dependencies)
Target 'cmark-gfm-extensions-product' in project 'cmark-gfm'
➜ Explicit dependency on target 'cmark-gfm-extensions' in project 'cmark-gfm'
➜ Explicit dependency on target 'cmark-gfm' in project 'cmark-gfm'
Target 'cmark-gfm-extensions' in project 'cmark-gfm'
➜ Explicit dependency on target 'cmark-gfm' in project 'cmark-gfm'
Target 'cmark-gfm-product' in project 'cmark-gfm'
➜ Explicit dependency on target 'cmark-gfm' in project 'cmark-gfm'
Target 'cmark-gfm' in project 'cmark-gfm' (no dependencies)
Target 'SpeziLocalization-product' in project 'SpeziFoundation'
➜ Explicit dependency on target 'SpeziLocalization' in project 'SpeziFoundation'
➜ Explicit dependency on target 'SpeziFoundationObjC' in project 'SpeziFoundation'
➜ Explicit dependency on target 'SpeziFoundation' in project 'SpeziFoundation'
➜ Explicit dependency on target 'libzstd-product' in project 'zstd'
➜ Explicit dependency on target 'Atomics-product' in project 'swift-atomics'
➜ Explicit dependency on target 'Algorithms-product' in project 'swift-algorithms'
➜ Explicit dependency on target 'RuntimeAssertions-product' in project 'RuntimeAssertions'
➜ Explicit dependency on target 'Logging-product' in project 'swift-log'
➜ Explicit dependency on target 'ThreadLocal-product' in project 'ThreadLocal'
Target 'SpeziLocalization' in project 'SpeziFoundation'
➜ Explicit dependency on target 'SpeziFoundationObjC' in project 'SpeziFoundation'
➜ Explicit dependency on target 'SpeziFoundation' in project 'SpeziFoundation'
➜ Explicit dependency on target 'libzstd-product' in project 'zstd'
➜ Explicit dependency on target 'Atomics-product' in project 'swift-atomics'
➜ Explicit dependency on target 'Algorithms-product' in project 'swift-algorithms'
➜ Explicit dependency on target 'RuntimeAssertions-product' in project 'RuntimeAssertions'
➜ Explicit dependency on target 'Logging-product' in project 'swift-log'
➜ Explicit dependency on target 'ThreadLocal-product' in project 'ThreadLocal'
Target 'SpeziViews_SpeziViews' in project 'SpeziViews' (no dependencies)
Target 'Spezi-product' in project 'Spezi'
➜ Explicit dependency on target 'Spezi' in project 'Spezi'
➜ Explicit dependency on target 'SpeziFoundation-product' in project 'SpeziFoundation'
➜ Explicit dependency on target 'RuntimeAssertions-product' in project 'RuntimeAssertions'
➜ Explicit dependency on target 'OrderedCollections-product' in project 'swift-collections'
Target 'Spezi' in project 'Spezi'
➜ Explicit dependency on target 'SpeziFoundation-product' in project 'SpeziFoundation'
➜ Explicit dependency on target 'RuntimeAssertions-product' in project 'RuntimeAssertions'
➜ Explicit dependency on target 'OrderedCollections-product' in project 'swift-collections'
Target 'OrderedCollections-product' in project 'swift-collections'
➜ Explicit dependency on target 'OrderedCollections' in project 'swift-collections'
➜ Explicit dependency on target 'InternalCollectionsUtilities' in project 'swift-collections'
Target 'OrderedCollections' in project 'swift-collections'
➜ Explicit dependency on target 'InternalCollectionsUtilities' in project 'swift-collections'
Target 'InternalCollectionsUtilities' in project 'swift-collections' (no dependencies)
Target 'SpeziFoundation-product' in project 'SpeziFoundation'
➜ Explicit dependency on target 'SpeziFoundation' in project 'SpeziFoundation'
➜ Explicit dependency on target 'SpeziFoundation_SpeziFoundation' in project 'SpeziFoundation'
➜ Explicit dependency on target 'SpeziFoundationObjC' in project 'SpeziFoundation'
➜ Explicit dependency on target 'libzstd-product' in project 'zstd'
➜ Explicit dependency on target 'Atomics-product' in project 'swift-atomics'
➜ Explicit dependency on target 'Algorithms-product' in project 'swift-algorithms'
➜ Explicit dependency on target 'RuntimeAssertions-product' in project 'RuntimeAssertions'
➜ Explicit dependency on target 'Logging-product' in project 'swift-log'
➜ Explicit dependency on target 'ThreadLocal-product' in project 'ThreadLocal'
Target 'SpeziFoundation' in project 'SpeziFoundation'
➜ Explicit dependency on target 'SpeziFoundation_SpeziFoundation' in project 'SpeziFoundation'
➜ Explicit dependency on target 'SpeziFoundationObjC' in project 'SpeziFoundation'
➜ Explicit dependency on target 'libzstd-product' in project 'zstd'
➜ Explicit dependency on target 'Atomics-product' in project 'swift-atomics'
➜ Explicit dependency on target 'Algorithms-product' in project 'swift-algorithms'
➜ Explicit dependency on target 'RuntimeAssertions-product' in project 'RuntimeAssertions'
➜ Explicit dependency on target 'Logging-product' in project 'swift-log'
➜ Explicit dependency on target 'ThreadLocal-product' in project 'ThreadLocal'
Target 'ThreadLocal-product' in project 'ThreadLocal'
➜ Explicit dependency on target 'ThreadLocal' in project 'ThreadLocal'
➜ Explicit dependency on target 'ThreadLocalMacros' in project 'ThreadLocal'
Target 'ThreadLocal' in project 'ThreadLocal'
➜ Explicit dependency on target 'ThreadLocalMacros' in project 'ThreadLocal'
Target 'ThreadLocalMacros' in project 'ThreadLocal' (no dependencies)
Target 'Logging-product' in project 'swift-log'
➜ Explicit dependency on target 'Logging' in project 'swift-log'
Target 'Logging' in project 'swift-log' (no dependencies)
Target 'RuntimeAssertions-product' in project 'RuntimeAssertions'
➜ Explicit dependency on target 'RuntimeAssertions' in project 'RuntimeAssertions'
Target 'RuntimeAssertions' in project 'RuntimeAssertions' (no dependencies)
Target 'Algorithms-product' in project 'swift-algorithms'
➜ Explicit dependency on target 'Algorithms' in project 'swift-algorithms'
➜ Explicit dependency on target 'RealModule-product' in project 'swift-numerics'
Target 'Algorithms' in project 'swift-algorithms'
➜ Explicit dependency on target 'RealModule-product' in project 'swift-numerics'
Target 'RealModule-product' in project 'swift-numerics'
➜ Explicit dependency on target 'RealModule' in project 'swift-numerics'
➜ Explicit dependency on target '_NumericsShims' in project 'swift-numerics'
Target 'RealModule' in project 'swift-numerics'
➜ Explicit dependency on target '_NumericsShims' in project 'swift-numerics'
Target '_NumericsShims' in project 'swift-numerics' (no dependencies)
Target 'Atomics-product' in project 'swift-atomics'
➜ Explicit dependency on target 'Atomics' in project 'swift-atomics'
➜ Explicit dependency on target '_AtomicsShims' in project 'swift-atomics'
Target 'Atomics' in project 'swift-atomics'
➜ Explicit dependency on target '_AtomicsShims' in project 'swift-atomics'
Target '_AtomicsShims' in project 'swift-atomics' (no dependencies)
Target 'libzstd-product' in project 'zstd'
➜ Explicit dependency on target 'libzstd' in project 'zstd'
Target 'libzstd' in project 'zstd' (no dependencies)
Target 'SpeziFoundationObjC' in project 'SpeziFoundation' (no dependencies)
Target 'SpeziFoundation_SpeziFoundation' in project 'SpeziFoundation' (no dependencies)
Target 'SpeziMockWebService_SpeziMockWebService' in project 'SpeziMockWebService' (no dependencies)
GatherProvisioningInputs
CreateBuildDescription
ClangStatCache /Applications/Xcode-27.0.0-Release.Candidate.app/Contents/Developer/Toolchains/XcodeDefault.xctoolchain/usr/bin/clang-stat-cache /Applications/Xcode-27.0.0-Release.Candidate.app/Contents/Developer/Platforms/AppleTVOS.platform/Developer/SDKs/AppleTVOS27.0.sdk /Users/admin/builder/spi-builder-workspace/.derivedData/SDKStatCaches.noindex/appletvos27.0-24J360-e829b21a6f8c9b70876ba0858053c044b32bfd8d43560033f8d89884cdb90028.sdkstatcache
cd /Users/admin/builder/spi-builder-workspace/.swiftpm/xcode
/Applications/Xcode-27.0.0-Release.Candidate.app/Contents/Developer/Toolchains/XcodeDefault.xctoolchain/usr/bin/clang-stat-cache /Applications/Xcode-27.0.0-Release.Candidate.app/Contents/Developer/Platforms/AppleTVOS.platform/Developer/SDKs/AppleTVOS27.0.sdk -o /Users/admin/builder/spi-builder-workspace/.derivedData/SDKStatCaches.noindex/appletvos27.0-24J360-e829b21a6f8c9b70876ba0858053c044b32bfd8d43560033f8d89884cdb90028.sdkstatcache
ClangStatCache /Applications/Xcode-27.0.0-Release.Candidate.app/Contents/Developer/Toolchains/XcodeDefault.xctoolchain/usr/bin/clang-stat-cache /Applications/Xcode-27.0.0-Release.Candidate.app/Contents/Developer/Platforms/MacOSX.platform/Developer/SDKs/MacOSX27.0.sdk /Users/admin/builder/spi-builder-workspace/.derivedData/SDKStatCaches.noindex/macosx27.0-26A425-e829b21a6f8c9b70876ba0858053c0446a22442a12e9d48fe1a705f55a1adfc4.sdkstatcache
cd /Users/admin/builder/spi-builder-workspace/.swiftpm/xcode
/Applications/Xcode-27.0.0-Release.Candidate.app/Contents/Developer/Toolchains/XcodeDefault.xctoolchain/usr/bin/clang-stat-cache /Applications/Xcode-27.0.0-Release.Candidate.app/Contents/Developer/Platforms/MacOSX.platform/Developer/SDKs/MacOSX27.0.sdk -o /Users/admin/builder/spi-builder-workspace/.derivedData/SDKStatCaches.noindex/macosx27.0-26A425-e829b21a6f8c9b70876ba0858053c0446a22442a12e9d48fe1a705f55a1adfc4.sdkstatcache
SwiftDriver SpeziMockWebService normal arm64 com.apple.xcode.tools.swift.compiler (in target 'SpeziMockWebService' from project 'SpeziMockWebService')
cd /Users/admin/builder/spi-builder-workspace/.swiftpm/xcode
builtin-SwiftDriver -- /Applications/Xcode-27.0.0-Release.Candidate.app/Contents/Developer/Toolchains/XcodeDefault.xctoolchain/usr/bin/swiftc -parse-as-library -module-name SpeziMockWebService -Onone @/Users/admin/builder/spi-builder-workspace/.derivedData/Build/Intermediates.noindex/SpeziMockWebService.build/Debug-appletvos/SpeziMockWebService-t.build/Objects-normal/arm64/SpeziMockWebService.SwiftFileList -DSWIFT_PACKAGE -DDEBUG -DSWIFT_MODULE_RESOURCE_BUNDLE_AVAILABLE -Xcc -fmodule-map-file\=/Users/admin/builder/spi-builder-workspace/.dependencies/checkouts/zstd/lib/module.modulemap -Xcc -fmodule-map-file\=/Users/admin/builder/spi-builder-workspace/.dependencies/checkouts/swift-atomics/Sources/_AtomicsShims/include/module.modulemap -Xcc -fmodule-map-file\=/Users/admin/builder/spi-builder-workspace/.dependencies/checkouts/swift-numerics/Sources/_NumericsShims/include/module.modulemap -Xcc -fmodule-map-file\=/Users/admin/builder/spi-builder-workspace/.derivedData/Build/Intermediates.noindex/GeneratedModuleMaps-appletvos/SpeziFoundationObjC.modulemap -Xcc -fmodule-map-file\=/Users/admin/builder/spi-builder-workspace/.dependencies/checkouts/swift-cmark/src/include/module.modulemap -Xcc -fmodule-map-file\=/Users/admin/builder/spi-builder-workspace/.dependencies/checkouts/swift-cmark/extensions/include/module.modulemap -DXcode -plugin-path /Applications/Xcode-27.0.0-Release.Candidate.app/Contents/Developer/Toolchains/XcodeDefault.xctoolchain/usr/lib/swift/host/plugins/testing -enable-experimental-feature DebugDescriptionMacro -sdk /Applications/Xcode-27.0.0-Release.Candidate.app/Contents/Developer/Platforms/AppleTVOS.platform/Developer/SDKs/AppleTVOS27.0.sdk -target arm64-apple-tvos17.0 -g -module-cache-path /Users/admin/builder/spi-builder-workspace/.derivedData/ModuleCache.noindex -Xfrontend -serialize-debugging-options -profile-coverage-mapping -profile-generate -enable-testing -index-store-path /Users/admin/builder/spi-builder-workspace/.derivedData/Index.noindex/DataStore -Xcc -D_LIBCPP_HARDENING_MODE\=_LIBCPP_HARDENING_MODE_DEBUG -swift-version 5 -I /Users/admin/builder/spi-builder-workspace/.derivedData/Build/Products/Debug-appletvos -Isystem /Applications/Xcode-27.0.0-Release.Candidate.app/Contents/Developer/Platforms/AppleTVOS.platform/Developer/usr/lib -F /Users/admin/builder/spi-builder-workspace/.derivedData/Build/Products/Debug-appletvos/PackageFrameworks -F /Users/admin/builder/spi-builder-workspace/.derivedData/Build/Products/Debug-appletvos -F /Applications/Xcode-27.0.0-Release.Candidate.app/Contents/Developer/Platforms/AppleTVOS.platform/Developer/Library/Frameworks -F /Applications/Xcode-27.0.0-Release.Candidate.app/Contents/Developer/Platforms/AppleTVOS.platform/Developer/SDKs/AppleTVOS27.0.sdk/Developer/Library/Frameworks -Xfrontend -load-plugin-executable -Xfrontend /Users/admin/builder/spi-builder-workspace/.derivedData/Build/Products/Debug/ThreadLocalMacros\#ThreadLocalMacros -emit-localized-strings -emit-localized-strings-path /Users/admin/builder/spi-builder-workspace/.derivedData/Build/Intermediates.noindex/SpeziMockWebService.build/Debug-appletvos/SpeziMockWebService-t.build/Objects-normal/arm64 -c -j10 -enable-batch-mode -incremental -Xcc -ivfsstatcache -Xcc /Users/admin/builder/spi-builder-workspace/.derivedData/SDKStatCaches.noindex/appletvos27.0-24J360-e829b21a6f8c9b70876ba0858053c044b32bfd8d43560033f8d89884cdb90028.sdkstatcache -output-file-map /Users/admin/builder/spi-builder-workspace/.derivedData/Build/Intermediates.noindex/SpeziMockWebService.build/Debug-appletvos/SpeziMockWebService-t.build/Objects-normal/arm64/SpeziMockWebService-OutputFileMap.json -save-temps -no-color-diagnostics -explicit-module-build -module-cache-path /Users/admin/builder/spi-builder-workspace/.derivedData/Build/Intermediates.noindex/SwiftExplicitPrecompiledModules -clang-scanner-module-cache-path /Users/admin/builder/spi-builder-workspace/.derivedData/ModuleCache.noindex -sdk-module-cache-path /Users/admin/builder/spi-builder-workspace/.derivedData/SDKExplicitPrecompiledModules -emit-dependencies -emit-module -emit-module-path /Users/admin/builder/spi-builder-workspace/.derivedData/Build/Intermediates.noindex/SpeziMockWebService.build/Debug-appletvos/SpeziMockWebService-t.build/Objects-normal/arm64/SpeziMockWebService.swiftmodule -serialize-diagnostics -dependency-scan-serialize-diagnostics-path /Users/admin/builder/spi-builder-workspace/.derivedData/Build/Intermediates.noindex/SpeziMockWebService.build/Debug-appletvos/SpeziMockWebService-t.build/Objects-normal/arm64/SpeziMockWebService-dependency-scan.dia -validate-clang-modules-once -clang-build-session-file /Users/admin/builder/spi-builder-workspace/.derivedData/ModuleCache.noindex/Session.modulevalidation -Xcc -fmodules-prune-interval\=86400 -Xcc -fmodules-prune-after\=345600 -package-name spi_builder_workspace -emit-const-values -const-gather-protocols-list /Users/admin/builder/spi-builder-workspace/.derivedData/Build/Intermediates.noindex/SpeziMockWebService.build/Debug-appletvos/SpeziMockWebService-t.build/Objects-normal/arm64/SpeziMockWebService_const_extract_protocols.json -Xcc -I/Users/admin/builder/spi-builder-workspace/.dependencies/checkouts/zstd/lib -Xcc -I/Users/admin/builder/spi-builder-workspace/.dependencies/checkouts/swift-atomics/Sources/_AtomicsShims/include -Xcc -I/Users/admin/builder/spi-builder-workspace/.dependencies/checkouts/swift-numerics/Sources/_NumericsShims/include -Xcc -I/Users/admin/builder/spi-builder-workspace/.dependencies/checkouts/SpeziFoundation/Sources/SpeziFoundationObjC/include -Xcc -I/Users/admin/builder/spi-builder-workspace/.dependencies/checkouts/swift-cmark/src/include -Xcc -I/Users/admin/builder/spi-builder-workspace/.dependencies/checkouts/swift-cmark/extensions/include -Xcc -I/Users/admin/builder/spi-builder-workspace/.derivedData/Build/Products/Debug-appletvos/include -Xcc -I/Users/admin/builder/spi-builder-workspace/.derivedData/Build/Intermediates.noindex/SpeziMockWebService.build/Debug-appletvos/SpeziMockWebService-t.build/DerivedSources-normal/arm64 -Xcc -I/Users/admin/builder/spi-builder-workspace/.derivedData/Build/Intermediates.noindex/SpeziMockWebService.build/Debug-appletvos/SpeziMockWebService-t.build/DerivedSources/arm64 -Xcc -I/Users/admin/builder/spi-builder-workspace/.derivedData/Build/Intermediates.noindex/SpeziMockWebService.build/Debug-appletvos/SpeziMockWebService-t.build/DerivedSources -Xcc -DSWIFT_PACKAGE -Xcc -DDEBUG\=1 -emit-objc-header -emit-objc-header-path /Users/admin/builder/spi-builder-workspace/.derivedData/Build/Intermediates.noindex/SpeziMockWebService.build/Debug-appletvos/SpeziMockWebService-t.build/Objects-normal/arm64/SpeziMockWebService-Swift.h -working-directory /Users/admin/builder/spi-builder-workspace/.swiftpm/xcode -experimental-emit-module-separately -disable-cmo
SwiftCompile normal arm64 Compiling\ RequestList.swift /Users/admin/builder/spi-builder-workspace/Sources/SpeziMockWebService/RequestList.swift (in target 'SpeziMockWebService' from project 'SpeziMockWebService')
SwiftCompile normal arm64 /Users/admin/builder/spi-builder-workspace/Sources/SpeziMockWebService/RequestList.swift (in target 'SpeziMockWebService' from project 'SpeziMockWebService')
cd /Users/admin/builder/spi-builder-workspace/.swiftpm/xcode
builtin-SwiftPerFileCompile RequestList.swift
SwiftEmitModule normal arm64 Emitting\ module\ for\ SpeziMockWebService (in target 'SpeziMockWebService' from project 'SpeziMockWebService')
SwiftCompile normal arm64 (in target 'SpeziMockWebService' from project 'SpeziMockWebService')
cd /Users/admin/builder/spi-builder-workspace/.swiftpm/xcode
SwiftCompile normal arm64 Compiling\ MockWebService.swift /Users/admin/builder/spi-builder-workspace/Sources/SpeziMockWebService/MockWebService.swift (in target 'SpeziMockWebService' from project 'SpeziMockWebService')
SwiftCompile normal arm64 /Users/admin/builder/spi-builder-workspace/Sources/SpeziMockWebService/MockWebService.swift (in target 'SpeziMockWebService' from project 'SpeziMockWebService')
cd /Users/admin/builder/spi-builder-workspace/.swiftpm/xcode
builtin-SwiftPerFileCompile MockWebService.swift
SwiftCompile normal arm64 Compiling\ Request.swift /Users/admin/builder/spi-builder-workspace/Sources/SpeziMockWebService/Request.swift (in target 'SpeziMockWebService' from project 'SpeziMockWebService')
SwiftCompile normal arm64 /Users/admin/builder/spi-builder-workspace/Sources/SpeziMockWebService/Request.swift (in target 'SpeziMockWebService' from project 'SpeziMockWebService')
cd /Users/admin/builder/spi-builder-workspace/.swiftpm/xcode
builtin-SwiftPerFileCompile Request.swift
SwiftCompile normal arm64 Compiling\ resource_bundle_accessor.swift /Users/admin/builder/spi-builder-workspace/.derivedData/Build/Intermediates.noindex/SpeziMockWebService.build/Debug-appletvos/SpeziMockWebService-t.build/DerivedSources/resource_bundle_accessor.swift (in target 'SpeziMockWebService' from project 'SpeziMockWebService')
SwiftCompile normal arm64 /Users/admin/builder/spi-builder-workspace/.derivedData/Build/Intermediates.noindex/SpeziMockWebService.build/Debug-appletvos/SpeziMockWebService-t.build/DerivedSources/resource_bundle_accessor.swift (in target 'SpeziMockWebService' from project 'SpeziMockWebService')
cd /Users/admin/builder/spi-builder-workspace/.swiftpm/xcode
builtin-SwiftPerFileCompile resource_bundle_accessor.swift
SwiftCompile normal arm64 Compiling\ RequestHeader.swift /Users/admin/builder/spi-builder-workspace/Sources/SpeziMockWebService/RequestHeader.swift (in target 'SpeziMockWebService' from project 'SpeziMockWebService')
SwiftCompile normal arm64 /Users/admin/builder/spi-builder-workspace/Sources/SpeziMockWebService/RequestHeader.swift (in target 'SpeziMockWebService' from project 'SpeziMockWebService')
cd /Users/admin/builder/spi-builder-workspace/.swiftpm/xcode
builtin-SwiftPerFileCompile RequestHeader.swift
SwiftCompile normal arm64 Compiling\ RequestDetailView.swift /Users/admin/builder/spi-builder-workspace/Sources/SpeziMockWebService/RequestDetailView.swift (in target 'SpeziMockWebService' from project 'SpeziMockWebService')
/Users/admin/builder/spi-builder-workspace/Sources/SpeziMockWebService/RequestDetailView.swift:28:25: error: 'insetGrouped' is unavailable in tvOS
26 | }
27 | }
28 | .listStyle(.insetGrouped)
| `- error: 'insetGrouped' is unavailable in tvOS
29 | .navigationTitle(String(localized: "MOCK_REQUEST_DETAIL_TITLE", bundle: .module))
30 | }
SwiftUI.ListStyle.insetGrouped:2:43: note: 'insetGrouped' has been explicitly marked unavailable here
1 | protocol ListStyle {
2 | @export(implementation) public static var insetGrouped: InsetGroupedListStyle { get }}
| `- note: 'insetGrouped' has been explicitly marked unavailable here
3 |
Failed frontend command:
/Applications/Xcode-27.0.0-Release.Candidate.app/Contents/Developer/Toolchains/XcodeDefault.xctoolchain/usr/bin/swift-frontend -frontend -c /Users/admin/builder/spi-builder-workspace/.derivedData/Build/Intermediates.noindex/SpeziMockWebService.build/Debug-appletvos/SpeziMockWebService-t.build/DerivedSources/resource_bundle_accessor.swift /Users/admin/builder/spi-builder-workspace/Sources/SpeziMockWebService/MockWebService.swift /Users/admin/builder/spi-builder-workspace/Sources/SpeziMockWebService/Request.swift -primary-file /Users/admin/builder/spi-builder-workspace/Sources/SpeziMockWebService/RequestDetailView.swift /Users/admin/builder/spi-builder-workspace/Sources/SpeziMockWebService/RequestHeader.swift /Users/admin/builder/spi-builder-workspace/Sources/SpeziMockWebService/RequestList.swift /Users/admin/builder/spi-builder-workspace/.derivedData/Build/Intermediates.noindex/SpeziMockWebService.build/Debug-appletvos/SpeziMockWebService-t.build/DerivedSources/GeneratedStringSymbols_Localizable.swift -emit-dependencies-path /Users/admin/builder/spi-builder-workspace/.derivedData/Build/Intermediates.noindex/SpeziMockWebService.build/Debug-appletvos/SpeziMockWebService-t.build/Objects-normal/arm64/RequestDetailView.d -emit-const-values-path /Users/admin/builder/spi-builder-workspace/.derivedData/Build/Intermediates.noindex/SpeziMockWebService.build/Debug-appletvos/SpeziMockWebService-t.build/Objects-normal/arm64/RequestDetailView.swiftconstvalues -emit-reference-dependencies-path /Users/admin/builder/spi-builder-workspace/.derivedData/Build/Intermediates.noindex/SpeziMockWebService.build/Debug-appletvos/SpeziMockWebService-t.build/Objects-normal/arm64/RequestDetailView.swiftdeps -serialize-diagnostics-path /Users/admin/builder/spi-builder-workspace/.derivedData/Build/Intermediates.noindex/SpeziMockWebService.build/Debug-appletvos/SpeziMockWebService-t.build/Objects-normal/arm64/RequestDetailView.dia -emit-localized-strings -emit-localized-strings-path /Users/admin/builder/spi-builder-workspace/.derivedData/Build/Intermediates.noindex/SpeziMockWebService.build/Debug-appletvos/SpeziMockWebService-t.build/Objects-normal/arm64 -target arm64-apple-tvos17.0 -disable-cross-import-overlay-search -load-resolved-plugin /Applications/Xcode-27.0.0-Release.Candidate.app/Contents/Developer/Platforms/AppleTVOS.platform/Developer/usr/lib/swift/host/plugins/libFoundationMacros.dylib\#/Applications/Xcode-27.0.0-Release.Candidate.app/Contents/Developer/Platforms/AppleTVOS.platform/Developer/usr/bin/swift-plugin-server\#FoundationMacros -load-resolved-plugin /Applications/Xcode-27.0.0-Release.Candidate.app/Contents/Developer/Platforms/AppleTVOS.platform/Developer/usr/lib/swift/host/plugins/libObservationMacros.dylib\#/Applications/Xcode-27.0.0-Release.Candidate.app/Contents/Developer/Platforms/AppleTVOS.platform/Developer/usr/bin/swift-plugin-server\#ObservationMacros -load-resolved-plugin /Applications/Xcode-27.0.0-Release.Candidate.app/Contents/Developer/Platforms/AppleTVOS.platform/Developer/usr/lib/swift/host/plugins/libPreviewsMacros.dylib\#/Applications/Xcode-27.0.0-Release.Candidate.app/Contents/Developer/Platforms/AppleTVOS.platform/Developer/usr/bin/swift-plugin-server\#PreviewsMacros -load-resolved-plugin /Applications/Xcode-27.0.0-Release.Candidate.app/Contents/Developer/Platforms/AppleTVOS.platform/Developer/usr/lib/swift/host/plugins/libSwiftMacros.dylib\#/Applications/Xcode-27.0.0-Release.Candidate.app/Contents/Developer/Platforms/AppleTVOS.platform/Developer/usr/bin/swift-plugin-server\#SwiftMacros -load-resolved-plugin /Applications/Xcode-27.0.0-Release.Candidate.app/Contents/Developer/Platforms/AppleTVOS.platform/Developer/usr/lib/swift/host/plugins/libSwiftUIMacros.dylib\#/Applications/Xcode-27.0.0-Release.Candidate.app/Contents/Developer/Platforms/AppleTVOS.platform/Developer/usr/bin/swift-plugin-server\#SwiftUIMacros -load-resolved-plugin \#/Users/admin/builder/spi-builder-workspace/.derivedData/Build/Products/Debug/ThreadLocalMacros\#ThreadLocalMacros -load-resolved-plugin /Applications/Xcode-27.0.0-Release.Candidate.app/Contents/Developer/Platforms/AppleTVOS.platform/Developer/usr/lib/swift/host/plugins/libTipKitMacros.dylib\#/Applications/Xcode-27.0.0-Release.Candidate.app/Contents/Developer/Platforms/AppleTVOS.platform/Developer/usr/bin/swift-plugin-server\#TipKitMacros -disable-implicit-swift-modules -Xcc -fno-implicit-modules -Xcc -fno-implicit-module-maps -explicit-swift-module-map-file /Users/admin/builder/spi-builder-workspace/.derivedData/Build/Intermediates.noindex/SpeziMockWebService.build/Debug-appletvos/SpeziMockWebService-t.build/Objects-normal/arm64/SpeziMockWebService-dependencies-1.json -Xllvm -aarch64-use-tbi -enable-objc-interop -stack-check -sdk /Applications/Xcode-27.0.0-Release.Candidate.app/Contents/Developer/Platforms/AppleTVOS.platform/Developer/SDKs/AppleTVOS27.0.sdk -I /Users/admin/builder/spi-builder-workspace/.derivedData/Build/Products/Debug-appletvos -Isystem /Applications/Xcode-27.0.0-Release.Candidate.app/Contents/Developer/Platforms/AppleTVOS.platform/Developer/usr/lib -F /Users/admin/builder/spi-builder-workspace/.derivedData/Build/Products/Debug-appletvos/PackageFrameworks -F /Users/admin/builder/spi-builder-workspace/.derivedData/Build/Products/Debug-appletvos -F /Applications/Xcode-27.0.0-Release.Candidate.app/Contents/Developer/Platforms/AppleTVOS.platform/Developer/Library/Frameworks -F /Applications/Xcode-27.0.0-Release.Candidate.app/Contents/Developer/Platforms/AppleTVOS.platform/Developer/SDKs/AppleTVOS27.0.sdk/Developer/Library/Frameworks -module-cache-path /Users/admin/builder/spi-builder-workspace/.derivedData/Build/Intermediates.noindex/SwiftExplicitPrecompiledModules -no-color-diagnostics -Xcc -fno-color-diagnostics -enable-testing -g -debug-info-format\=dwarf -dwarf-version\=4 -profile-generate -profile-coverage-mapping -swift-version 5 -Onone -D SWIFT_PACKAGE -D DEBUG -D SWIFT_MODULE_RESOURCE_BUNDLE_AVAILABLE -D Xcode -serialize-debugging-options -load-plugin-executable /Users/admin/builder/spi-builder-workspace/.derivedData/Build/Products/Debug/ThreadLocalMacros\#ThreadLocalMacros -enable-experimental-feature DebugDescriptionMacro -empty-abi-descriptor -validate-clang-modules-once -clang-build-session-file /Users/admin/builder/spi-builder-workspace/.derivedData/ModuleCache.noindex/Session.modulevalidation -Xcc -working-directory -Xcc /Users/admin/builder/spi-builder-workspace/.swiftpm/xcode -enable-anonymous-context-mangled-names -file-compilation-dir /Users/admin/builder/spi-builder-workspace/.swiftpm/xcode -Xcc -fmodule-map-file\=/Users/admin/builder/spi-builder-workspace/.dependencies/checkouts/zstd/lib/module.modulemap -Xcc -fmodule-map-file\=/Users/admin/builder/spi-builder-workspace/.dependencies/checkouts/swift-atomics/Sources/_AtomicsShims/include/module.modulemap -Xcc -fmodule-map-file\=/Users/admin/builder/spi-builder-workspace/.dependencies/checkouts/swift-numerics/Sources/_NumericsShims/include/module.modulemap -Xcc -fmodule-map-file\=/Users/admin/builder/spi-builder-workspace/.derivedData/Build/Intermediates.noindex/GeneratedModuleMaps-appletvos/SpeziFoundationObjC.modulemap -Xcc -fmodule-map-file\=/Users/admin/builder/spi-builder-workspace/.dependencies/checkouts/swift-cmark/src/include/module.modulemap -Xcc -fmodule-map-file\=/Users/admin/builder/spi-builder-workspace/.dependencies/checkouts/swift-cmark/extensions/include/module.modulemap -Xcc -D_LIBCPP_HARDENING_MODE\=_LIBCPP_HARDENING_MODE_DEBUG -Xcc -ivfsstatcache -Xcc /Users/admin/builder/spi-builder-workspace/.derivedData/SDKStatCaches.noindex/appletvos27.0-24J360-e829b21a6f8c9b70876ba0858053c044b32bfd8d43560033f8d89884cdb90028.sdkstatcache -Xcc -fmodules-prune-interval\=86400 -Xcc -fmodules-prune-after\=345600 -Xcc -I/Users/admin/builder/spi-builder-workspace/.dependencies/checkouts/zstd/lib -Xcc -I/Users/admin/builder/spi-builder-workspace/.dependencies/checkouts/swift-atomics/Sources/_AtomicsShims/include -Xcc -I/Users/admin/builder/spi-builder-workspace/.dependencies/checkouts/swift-numerics/Sources/_NumericsShims/include -Xcc -I/Users/admin/builder/spi-builder-workspace/.dependencies/checkouts/SpeziFoundation/Sources/SpeziFoundationObjC/include -Xcc -I/Users/admin/builder/spi-builder-workspace/.dependencies/checkouts/swift-cmark/src/include -Xcc -I/Users/admin/builder/spi-builder-workspace/.dependencies/checkouts/swift-cmark/extensions/include -Xcc -I/Users/admin/builder/spi-builder-workspace/.derivedData/Build/Products/Debug-appletvos/include -Xcc -I/Users/admin/builder/spi-builder-workspace/.derivedData/Build/Intermediates.noindex/SpeziMockWebService.build/Debug-appletvos/SpeziMockWebService-t.build/DerivedSources-normal/arm64 -Xcc -I/Users/admin/builder/spi-builder-workspace/.derivedData/Build/Intermediates.noindex/SpeziMockWebService.build/Debug-appletvos/SpeziMockWebService-t.build/DerivedSources/arm64 -Xcc -I/Users/admin/builder/spi-builder-workspace/.derivedData/Build/Intermediates.noindex/SpeziMockWebService.build/Debug-appletvos/SpeziMockWebService-t.build/DerivedSources -Xcc -DSWIFT_PACKAGE -Xcc -DDEBUG\=1 -no-auto-bridging-header-chaining -module-name SpeziMockWebService -package-name spi_builder_workspace -const-gather-protocols-file /Users/admin/builder/spi-builder-workspace/.derivedData/Build/Intermediates.noindex/SpeziMockWebService.build/Debug-appletvos/SpeziMockWebService-t.build/Objects-normal/arm64/SpeziMockWebService_const_extract_protocols.json -disable-clang-spi -clang-target arm64-apple-tvos27.0 -target-sdk-version 27.0 -target-sdk-name appletvos27.0 -in-process-plugin-server-path /Applications/Xcode-27.0.0-Release.Candidate.app/Contents/Developer/Toolchains/XcodeDefault.xctoolchain/usr/lib/swift/host/libSwiftInProcPluginServer.dylib -parse-as-library -o /Users/admin/builder/spi-builder-workspace/.derivedData/Build/Intermediates.noindex/SpeziMockWebService.build/Debug-appletvos/SpeziMockWebService-t.build/Objects-normal/arm64/RequestDetailView.o -debug-module-path /Users/admin/builder/spi-builder-workspace/.derivedData/Build/Intermediates.noindex/SpeziMockWebService.build/Debug-appletvos/SpeziMockWebService-t.build/Objects-normal/arm64/SpeziMockWebService.swiftmodule -index-unit-output-path /SpeziMockWebService.build/Debug-appletvos/SpeziMockWebService-t.build/Objects-normal/arm64/RequestDetailView.o -index-store-path /Users/admin/builder/spi-builder-workspace/.derivedData/Index.noindex/DataStore -index-system-modules
SwiftCompile normal arm64 /Users/admin/builder/spi-builder-workspace/Sources/SpeziMockWebService/RequestDetailView.swift (in target 'SpeziMockWebService' from project 'SpeziMockWebService')
cd /Users/admin/builder/spi-builder-workspace/.swiftpm/xcode
builtin-SwiftPerFileCompile RequestDetailView.swift
PruneExplicitPrecompiledModules /Users/admin/builder/spi-builder-workspace/.derivedData/SDKExplicitPrecompiledModules
PruneExplicitPrecompiledModules /Users/admin/builder/spi-builder-workspace/.derivedData/Build/Intermediates.noindex/ExplicitPrecompiledModules
PruneExplicitPrecompiledModules /Users/admin/builder/spi-builder-workspace/.derivedData/Build/Intermediates.noindex/SwiftExplicitPrecompiledModules
2026-09-20 00:51:08.387 xcodebuild[2013:10316] [MT] IDERunDestination: Supported platforms for the buildables in the current scheme is empty.
** BUILD FAILED **
The following build commands failed:
SwiftCompile normal arm64 Compiling\ RequestDetailView.swift /Users/admin/builder/spi-builder-workspace/Sources/SpeziMockWebService/RequestDetailView.swift (in target 'SpeziMockWebService' from project 'SpeziMockWebService')
SwiftCompile normal arm64 /Users/admin/builder/spi-builder-workspace/Sources/SpeziMockWebService/RequestDetailView.swift (in target 'SpeziMockWebService' from project 'SpeziMockWebService')
Building workspace SpeziMockWebService with scheme SpeziMockWebService
(3 failures)
BUILD FAILURE 6.4 tvOS