The Swift Package Index logo.Swift Package Index

Build Information

Failed to build OnscreenController, reference 1.0.0 (6e3298), with Swift 6.4 for watchOS using Xcode 27.0 on 19 Sep 2026 08:44:37 UTC.

Build Command

env DEVELOPER_DIR=/Applications/Xcode-27.0.0-Release.Candidate.app xcrun xcodebuild -IDEClonedSourcePackagesDirPathOverride=$PWD/.dependencies -skipMacroValidation -skipPackagePluginValidation -derivedDataPath $PWD/.derivedData build -scheme OnscreenController -destination generic/platform=watchOS

Build Log

Copy /Users/admin/builder/spi-builder-workspace/.derivedData/Build/Products/Debug-watchos/Algorithms.swiftmodule/arm64_32-apple-watchos.swiftdoc /Users/admin/builder/spi-builder-workspace/.derivedData/Build/Intermediates.noindex/swift-algorithms.build/Debug-watchos/Algorithms-t.build/Objects-normal/arm64_32/Algorithms.swiftdoc (in target 'Algorithms' from project 'swift-algorithms')
    cd /Users/admin/builder/spi-builder-workspace/.dependencies/checkouts/swift-algorithms
    builtin-copy -exclude .DS_Store -exclude CVS -exclude .svn -exclude .git -exclude .hg -resolve-src-symlinks -rename /Users/admin/builder/spi-builder-workspace/.derivedData/Build/Intermediates.noindex/swift-algorithms.build/Debug-watchos/Algorithms-t.build/Objects-normal/arm64_32/Algorithms.swiftdoc /Users/admin/builder/spi-builder-workspace/.derivedData/Build/Products/Debug-watchos/Algorithms.swiftmodule/arm64_32-apple-watchos.swiftdoc
Copy /Users/admin/builder/spi-builder-workspace/.derivedData/Build/Products/Debug-watchos/Algorithms.swiftmodule/arm64_32-apple-watchos.swiftmodule /Users/admin/builder/spi-builder-workspace/.derivedData/Build/Intermediates.noindex/swift-algorithms.build/Debug-watchos/Algorithms-t.build/Objects-normal/arm64_32/Algorithms.swiftmodule (in target 'Algorithms' from project 'swift-algorithms')
    cd /Users/admin/builder/spi-builder-workspace/.dependencies/checkouts/swift-algorithms
    builtin-copy -exclude .DS_Store -exclude CVS -exclude .svn -exclude .git -exclude .hg -resolve-src-symlinks -rename /Users/admin/builder/spi-builder-workspace/.derivedData/Build/Intermediates.noindex/swift-algorithms.build/Debug-watchos/Algorithms-t.build/Objects-normal/arm64_32/Algorithms.swiftmodule /Users/admin/builder/spi-builder-workspace/.derivedData/Build/Products/Debug-watchos/Algorithms.swiftmodule/arm64_32-apple-watchos.swiftmodule
Copy /Users/admin/builder/spi-builder-workspace/.derivedData/Build/Products/Debug-watchos/Algorithms.swiftmodule/arm64_32-apple-watchos.abi.json /Users/admin/builder/spi-builder-workspace/.derivedData/Build/Intermediates.noindex/swift-algorithms.build/Debug-watchos/Algorithms-t.build/Objects-normal/arm64_32/Algorithms.abi.json (in target 'Algorithms' from project 'swift-algorithms')
    cd /Users/admin/builder/spi-builder-workspace/.dependencies/checkouts/swift-algorithms
    builtin-copy -exclude .DS_Store -exclude CVS -exclude .svn -exclude .git -exclude .hg -resolve-src-symlinks -rename /Users/admin/builder/spi-builder-workspace/.derivedData/Build/Intermediates.noindex/swift-algorithms.build/Debug-watchos/Algorithms-t.build/Objects-normal/arm64_32/Algorithms.abi.json /Users/admin/builder/spi-builder-workspace/.derivedData/Build/Products/Debug-watchos/Algorithms.swiftmodule/arm64_32-apple-watchos.abi.json
Copy /Users/admin/builder/spi-builder-workspace/.derivedData/Build/Products/Debug-watchos/Algorithms.swiftmodule/Project/arm64_32-apple-watchos.swiftsourceinfo /Users/admin/builder/spi-builder-workspace/.derivedData/Build/Intermediates.noindex/swift-algorithms.build/Debug-watchos/Algorithms-t.build/Objects-normal/arm64_32/Algorithms.swiftsourceinfo (in target 'Algorithms' from project 'swift-algorithms')
    cd /Users/admin/builder/spi-builder-workspace/.dependencies/checkouts/swift-algorithms
    builtin-copy -exclude .DS_Store -exclude CVS -exclude .svn -exclude .git -exclude .hg -resolve-src-symlinks -rename /Users/admin/builder/spi-builder-workspace/.derivedData/Build/Intermediates.noindex/swift-algorithms.build/Debug-watchos/Algorithms-t.build/Objects-normal/arm64_32/Algorithms.swiftsourceinfo /Users/admin/builder/spi-builder-workspace/.derivedData/Build/Products/Debug-watchos/Algorithms.swiftmodule/Project/arm64_32-apple-watchos.swiftsourceinfo
SwiftDriverJobDiscovery normal arm64_32 Compiling Split.swift, Stride.swift (in target 'Algorithms' from project 'swift-algorithms')
SwiftDriverJobDiscovery normal arm64 Compiling Split.swift, Stride.swift (in target 'Algorithms' from project 'swift-algorithms')
SwiftDriverJobDiscovery normal arm64_32 Compiling Joined.swift, Keyed.swift, MinMax.swift (in target 'Algorithms' from project 'swift-algorithms')
SwiftDriver\ Compilation Algorithms normal arm64_32 com.apple.xcode.tools.swift.compiler (in target 'Algorithms' from project 'swift-algorithms')
    cd /Users/admin/builder/spi-builder-workspace/.swiftpm/xcode
    builtin-Swift-Compilation -- /Applications/Xcode-27.0.0-Release.Candidate.app/Contents/Developer/Toolchains/XcodeDefault.xctoolchain/usr/bin/swiftc -parse-as-library -module-name Algorithms -Onone @/Users/admin/builder/spi-builder-workspace/.derivedData/Build/Intermediates.noindex/swift-algorithms.build/Debug-watchos/Algorithms-t.build/Objects-normal/arm64_32/Algorithms.SwiftFileList -DSWIFT_PACKAGE -DDEBUG -DSWIFT_MODULE_RESOURCE_BUNDLE_UNAVAILABLE -Xcc -fmodule-map-file\=/Users/admin/builder/spi-builder-workspace/.dependencies/checkouts/swift-numerics/Sources/_NumericsShims/include/module.modulemap -DXcode -plugin-path /Applications/Xcode-27.0.0-Release.Candidate.app/Contents/Developer/Toolchains/XcodeDefault.xctoolchain/usr/lib/swift/host/plugins/testing -enable-experimental-feature DebugDescriptionMacro -sdk /Applications/Xcode-27.0.0-Release.Candidate.app/Contents/Developer/Platforms/WatchOS.platform/Developer/SDKs/WatchOS27.0.sdk -target arm64_32-apple-watchos9.0 -g -module-cache-path /Users/admin/builder/spi-builder-workspace/.derivedData/ModuleCache.noindex -Xfrontend -serialize-debugging-options -profile-coverage-mapping -profile-generate -enable-testing -suppress-warnings -index-store-path /Users/admin/builder/spi-builder-workspace/.derivedData/Index.noindex/DataStore -Xcc -D_LIBCPP_HARDENING_MODE\=_LIBCPP_HARDENING_MODE_DEBUG -swift-version 5 -I /Users/admin/builder/spi-builder-workspace/.derivedData/Build/Products/Debug-watchos -Isystem /Applications/Xcode-27.0.0-Release.Candidate.app/Contents/Developer/Platforms/WatchOS.platform/Developer/usr/lib -F /Users/admin/builder/spi-builder-workspace/.derivedData/Build/Products/Debug-watchos/PackageFrameworks -F /Users/admin/builder/spi-builder-workspace/.derivedData/Build/Products/Debug-watchos -F /Applications/Xcode-27.0.0-Release.Candidate.app/Contents/Developer/Platforms/WatchOS.platform/Developer/Library/Frameworks -F /Applications/Xcode-27.0.0-Release.Candidate.app/Contents/Developer/Platforms/WatchOS.platform/Developer/SDKs/WatchOS27.0.sdk/Developer/Library/Frameworks -c -j10 -enable-batch-mode -incremental -Xcc -ivfsstatcache -Xcc /Users/admin/builder/spi-builder-workspace/.derivedData/SDKStatCaches.noindex/watchos27.0-24R360-e829b21a6f8c9b70876ba0858053c04477534ef55a1706bf4c1112bbb242f0a2.sdkstatcache -output-file-map /Users/admin/builder/spi-builder-workspace/.derivedData/Build/Intermediates.noindex/swift-algorithms.build/Debug-watchos/Algorithms-t.build/Objects-normal/arm64_32/Algorithms-OutputFileMap.json -save-temps -no-color-diagnostics -explicit-module-build -module-cache-path /Users/admin/builder/spi-builder-workspace/.derivedData/Build/Intermediates.noindex/SwiftExplicitPrecompiledModules -clang-scanner-module-cache-path /Users/admin/builder/spi-builder-workspace/.derivedData/ModuleCache.noindex -sdk-module-cache-path /Users/admin/builder/spi-builder-workspace/.derivedData/SDKExplicitPrecompiledModules -emit-dependencies -emit-module -emit-module-path /Users/admin/builder/spi-builder-workspace/.derivedData/Build/Intermediates.noindex/swift-algorithms.build/Debug-watchos/Algorithms-t.build/Objects-normal/arm64_32/Algorithms.swiftmodule -serialize-diagnostics -dependency-scan-serialize-diagnostics-path /Users/admin/builder/spi-builder-workspace/.derivedData/Build/Intermediates.noindex/swift-algorithms.build/Debug-watchos/Algorithms-t.build/Objects-normal/arm64_32/Algorithms-dependency-scan.dia -validate-clang-modules-once -clang-build-session-file /Users/admin/builder/spi-builder-workspace/.derivedData/ModuleCache.noindex/Session.modulevalidation -Xcc -fmodules-prune-interval\=86400 -Xcc -fmodules-prune-after\=345600 -emit-const-values -const-gather-protocols-list /Users/admin/builder/spi-builder-workspace/.derivedData/Build/Intermediates.noindex/swift-algorithms.build/Debug-watchos/Algorithms-t.build/Objects-normal/arm64_32/Algorithms_const_extract_protocols.json -Xcc -I/Users/admin/builder/spi-builder-workspace/.dependencies/checkouts/swift-numerics/Sources/_NumericsShims/include -Xcc -I/Users/admin/builder/spi-builder-workspace/.derivedData/Build/Products/Debug-watchos/include -Xcc -I/Users/admin/builder/spi-builder-workspace/.derivedData/Build/Intermediates.noindex/swift-algorithms.build/Debug-watchos/Algorithms-t.build/DerivedSources-normal/arm64_32 -Xcc -I/Users/admin/builder/spi-builder-workspace/.derivedData/Build/Intermediates.noindex/swift-algorithms.build/Debug-watchos/Algorithms-t.build/DerivedSources/arm64_32 -Xcc -I/Users/admin/builder/spi-builder-workspace/.derivedData/Build/Intermediates.noindex/swift-algorithms.build/Debug-watchos/Algorithms-t.build/DerivedSources -Xcc -DSWIFT_PACKAGE -Xcc -DDEBUG\=1 -emit-objc-header -emit-objc-header-path /Users/admin/builder/spi-builder-workspace/.derivedData/Build/Intermediates.noindex/swift-algorithms.build/Debug-watchos/Algorithms-t.build/Objects-normal/arm64_32/Algorithms-Swift.h -working-directory /Users/admin/builder/spi-builder-workspace/.swiftpm/xcode -experimental-emit-module-separately -disable-cmo
SwiftDriverJobDiscovery normal arm64 Emitting module for Algorithms (in target 'Algorithms' from project 'swift-algorithms')
SwiftDriver\ Compilation\ Requirements Algorithms normal arm64 com.apple.xcode.tools.swift.compiler (in target 'Algorithms' from project 'swift-algorithms')
    cd /Users/admin/builder/spi-builder-workspace/.swiftpm/xcode
    builtin-Swift-Compilation-Requirements -- /Applications/Xcode-27.0.0-Release.Candidate.app/Contents/Developer/Toolchains/XcodeDefault.xctoolchain/usr/bin/swiftc -parse-as-library -module-name Algorithms -Onone @/Users/admin/builder/spi-builder-workspace/.derivedData/Build/Intermediates.noindex/swift-algorithms.build/Debug-watchos/Algorithms-t.build/Objects-normal/arm64/Algorithms.SwiftFileList -DSWIFT_PACKAGE -DDEBUG -DSWIFT_MODULE_RESOURCE_BUNDLE_UNAVAILABLE -Xcc -fmodule-map-file\=/Users/admin/builder/spi-builder-workspace/.dependencies/checkouts/swift-numerics/Sources/_NumericsShims/include/module.modulemap -DXcode -plugin-path /Applications/Xcode-27.0.0-Release.Candidate.app/Contents/Developer/Toolchains/XcodeDefault.xctoolchain/usr/lib/swift/host/plugins/testing -enable-experimental-feature DebugDescriptionMacro -sdk /Applications/Xcode-27.0.0-Release.Candidate.app/Contents/Developer/Platforms/WatchOS.platform/Developer/SDKs/WatchOS27.0.sdk -target arm64-apple-watchos9.0 -g -module-cache-path /Users/admin/builder/spi-builder-workspace/.derivedData/ModuleCache.noindex -Xfrontend -serialize-debugging-options -profile-coverage-mapping -profile-generate -enable-testing -suppress-warnings -index-store-path /Users/admin/builder/spi-builder-workspace/.derivedData/Index.noindex/DataStore -Xcc -D_LIBCPP_HARDENING_MODE\=_LIBCPP_HARDENING_MODE_DEBUG -swift-version 5 -I /Users/admin/builder/spi-builder-workspace/.derivedData/Build/Products/Debug-watchos -Isystem /Applications/Xcode-27.0.0-Release.Candidate.app/Contents/Developer/Platforms/WatchOS.platform/Developer/usr/lib -F /Users/admin/builder/spi-builder-workspace/.derivedData/Build/Products/Debug-watchos/PackageFrameworks -F /Users/admin/builder/spi-builder-workspace/.derivedData/Build/Products/Debug-watchos -F /Applications/Xcode-27.0.0-Release.Candidate.app/Contents/Developer/Platforms/WatchOS.platform/Developer/Library/Frameworks -F /Applications/Xcode-27.0.0-Release.Candidate.app/Contents/Developer/Platforms/WatchOS.platform/Developer/SDKs/WatchOS27.0.sdk/Developer/Library/Frameworks -c -j10 -enable-batch-mode -incremental -Xcc -ivfsstatcache -Xcc /Users/admin/builder/spi-builder-workspace/.derivedData/SDKStatCaches.noindex/watchos27.0-24R360-e829b21a6f8c9b70876ba0858053c04477534ef55a1706bf4c1112bbb242f0a2.sdkstatcache -output-file-map /Users/admin/builder/spi-builder-workspace/.derivedData/Build/Intermediates.noindex/swift-algorithms.build/Debug-watchos/Algorithms-t.build/Objects-normal/arm64/Algorithms-OutputFileMap.json -save-temps -no-color-diagnostics -explicit-module-build -module-cache-path /Users/admin/builder/spi-builder-workspace/.derivedData/Build/Intermediates.noindex/SwiftExplicitPrecompiledModules -clang-scanner-module-cache-path /Users/admin/builder/spi-builder-workspace/.derivedData/ModuleCache.noindex -sdk-module-cache-path /Users/admin/builder/spi-builder-workspace/.derivedData/SDKExplicitPrecompiledModules -emit-dependencies -emit-module -emit-module-path /Users/admin/builder/spi-builder-workspace/.derivedData/Build/Intermediates.noindex/swift-algorithms.build/Debug-watchos/Algorithms-t.build/Objects-normal/arm64/Algorithms.swiftmodule -serialize-diagnostics -dependency-scan-serialize-diagnostics-path /Users/admin/builder/spi-builder-workspace/.derivedData/Build/Intermediates.noindex/swift-algorithms.build/Debug-watchos/Algorithms-t.build/Objects-normal/arm64/Algorithms-dependency-scan.dia -validate-clang-modules-once -clang-build-session-file /Users/admin/builder/spi-builder-workspace/.derivedData/ModuleCache.noindex/Session.modulevalidation -Xcc -fmodules-prune-interval\=86400 -Xcc -fmodules-prune-after\=345600 -emit-const-values -const-gather-protocols-list /Users/admin/builder/spi-builder-workspace/.derivedData/Build/Intermediates.noindex/swift-algorithms.build/Debug-watchos/Algorithms-t.build/Objects-normal/arm64/Algorithms_const_extract_protocols.json -Xcc -I/Users/admin/builder/spi-builder-workspace/.dependencies/checkouts/swift-numerics/Sources/_NumericsShims/include -Xcc -I/Users/admin/builder/spi-builder-workspace/.derivedData/Build/Products/Debug-watchos/include -Xcc -I/Users/admin/builder/spi-builder-workspace/.derivedData/Build/Intermediates.noindex/swift-algorithms.build/Debug-watchos/Algorithms-t.build/DerivedSources-normal/arm64 -Xcc -I/Users/admin/builder/spi-builder-workspace/.derivedData/Build/Intermediates.noindex/swift-algorithms.build/Debug-watchos/Algorithms-t.build/DerivedSources/arm64 -Xcc -I/Users/admin/builder/spi-builder-workspace/.derivedData/Build/Intermediates.noindex/swift-algorithms.build/Debug-watchos/Algorithms-t.build/DerivedSources -Xcc -DSWIFT_PACKAGE -Xcc -DDEBUG\=1 -emit-objc-header -emit-objc-header-path /Users/admin/builder/spi-builder-workspace/.derivedData/Build/Intermediates.noindex/swift-algorithms.build/Debug-watchos/Algorithms-t.build/Objects-normal/arm64/Algorithms-Swift.h -working-directory /Users/admin/builder/spi-builder-workspace/.swiftpm/xcode -experimental-emit-module-separately -disable-cmo
SwiftMergeGeneratedHeaders /Users/admin/builder/spi-builder-workspace/.derivedData/Build/Intermediates.noindex/GeneratedModuleMaps-watchos/Algorithms-Swift.h /Users/admin/builder/spi-builder-workspace/.derivedData/Build/Intermediates.noindex/swift-algorithms.build/Debug-watchos/Algorithms-t.build/Objects-normal/arm64/Algorithms-Swift.h /Users/admin/builder/spi-builder-workspace/.derivedData/Build/Intermediates.noindex/swift-algorithms.build/Debug-watchos/Algorithms-t.build/Objects-normal/arm64_32/Algorithms-Swift.h (in target 'Algorithms' from project 'swift-algorithms')
    cd /Users/admin/builder/spi-builder-workspace/.dependencies/checkouts/swift-algorithms
    builtin-swiftHeaderTool -arch arm64 /Users/admin/builder/spi-builder-workspace/.derivedData/Build/Intermediates.noindex/swift-algorithms.build/Debug-watchos/Algorithms-t.build/Objects-normal/arm64/Algorithms-Swift.h -arch arm64_32 /Users/admin/builder/spi-builder-workspace/.derivedData/Build/Intermediates.noindex/swift-algorithms.build/Debug-watchos/Algorithms-t.build/Objects-normal/arm64_32/Algorithms-Swift.h -o /Users/admin/builder/spi-builder-workspace/.derivedData/Build/Intermediates.noindex/GeneratedModuleMaps-watchos/Algorithms-Swift.h
Copy /Users/admin/builder/spi-builder-workspace/.derivedData/Build/Products/Debug-watchos/Algorithms.swiftmodule/arm64-apple-watchos.swiftdoc /Users/admin/builder/spi-builder-workspace/.derivedData/Build/Intermediates.noindex/swift-algorithms.build/Debug-watchos/Algorithms-t.build/Objects-normal/arm64/Algorithms.swiftdoc (in target 'Algorithms' from project 'swift-algorithms')
    cd /Users/admin/builder/spi-builder-workspace/.dependencies/checkouts/swift-algorithms
    builtin-copy -exclude .DS_Store -exclude CVS -exclude .svn -exclude .git -exclude .hg -resolve-src-symlinks -rename /Users/admin/builder/spi-builder-workspace/.derivedData/Build/Intermediates.noindex/swift-algorithms.build/Debug-watchos/Algorithms-t.build/Objects-normal/arm64/Algorithms.swiftdoc /Users/admin/builder/spi-builder-workspace/.derivedData/Build/Products/Debug-watchos/Algorithms.swiftmodule/arm64-apple-watchos.swiftdoc
Copy /Users/admin/builder/spi-builder-workspace/.derivedData/Build/Products/Debug-watchos/Algorithms.swiftmodule/arm64-apple-watchos.swiftmodule /Users/admin/builder/spi-builder-workspace/.derivedData/Build/Intermediates.noindex/swift-algorithms.build/Debug-watchos/Algorithms-t.build/Objects-normal/arm64/Algorithms.swiftmodule (in target 'Algorithms' from project 'swift-algorithms')
    cd /Users/admin/builder/spi-builder-workspace/.dependencies/checkouts/swift-algorithms
    builtin-copy -exclude .DS_Store -exclude CVS -exclude .svn -exclude .git -exclude .hg -resolve-src-symlinks -rename /Users/admin/builder/spi-builder-workspace/.derivedData/Build/Intermediates.noindex/swift-algorithms.build/Debug-watchos/Algorithms-t.build/Objects-normal/arm64/Algorithms.swiftmodule /Users/admin/builder/spi-builder-workspace/.derivedData/Build/Products/Debug-watchos/Algorithms.swiftmodule/arm64-apple-watchos.swiftmodule
Copy /Users/admin/builder/spi-builder-workspace/.derivedData/Build/Products/Debug-watchos/Algorithms.swiftmodule/arm64-apple-watchos.abi.json /Users/admin/builder/spi-builder-workspace/.derivedData/Build/Intermediates.noindex/swift-algorithms.build/Debug-watchos/Algorithms-t.build/Objects-normal/arm64/Algorithms.abi.json (in target 'Algorithms' from project 'swift-algorithms')
    cd /Users/admin/builder/spi-builder-workspace/.dependencies/checkouts/swift-algorithms
    builtin-copy -exclude .DS_Store -exclude CVS -exclude .svn -exclude .git -exclude .hg -resolve-src-symlinks -rename /Users/admin/builder/spi-builder-workspace/.derivedData/Build/Intermediates.noindex/swift-algorithms.build/Debug-watchos/Algorithms-t.build/Objects-normal/arm64/Algorithms.abi.json /Users/admin/builder/spi-builder-workspace/.derivedData/Build/Products/Debug-watchos/Algorithms.swiftmodule/arm64-apple-watchos.abi.json
Copy /Users/admin/builder/spi-builder-workspace/.derivedData/Build/Products/Debug-watchos/Algorithms.swiftmodule/Project/arm64-apple-watchos.swiftsourceinfo /Users/admin/builder/spi-builder-workspace/.derivedData/Build/Intermediates.noindex/swift-algorithms.build/Debug-watchos/Algorithms-t.build/Objects-normal/arm64/Algorithms.swiftsourceinfo (in target 'Algorithms' from project 'swift-algorithms')
    cd /Users/admin/builder/spi-builder-workspace/.dependencies/checkouts/swift-algorithms
    builtin-copy -exclude .DS_Store -exclude CVS -exclude .svn -exclude .git -exclude .hg -resolve-src-symlinks -rename /Users/admin/builder/spi-builder-workspace/.derivedData/Build/Intermediates.noindex/swift-algorithms.build/Debug-watchos/Algorithms-t.build/Objects-normal/arm64/Algorithms.swiftsourceinfo /Users/admin/builder/spi-builder-workspace/.derivedData/Build/Products/Debug-watchos/Algorithms.swiftmodule/Project/arm64-apple-watchos.swiftsourceinfo
Ld /Users/admin/builder/spi-builder-workspace/.derivedData/Build/Intermediates.noindex/swift-algorithms.build/Debug-watchos/Algorithms-t.build/Objects-normal/arm64_32/Binary/Algorithms.o normal arm64_32 (in target 'Algorithms' from project 'swift-algorithms')
    cd /Users/admin/builder/spi-builder-workspace/.dependencies/checkouts/swift-algorithms
    /Applications/Xcode-27.0.0-Release.Candidate.app/Contents/Developer/Toolchains/XcodeDefault.xctoolchain/usr/bin/clang -Xlinker -reproducible -target arm64_32-apple-watchos9.0 -r -isysroot /Applications/Xcode-27.0.0-Release.Candidate.app/Contents/Developer/Platforms/WatchOS.platform/Developer/SDKs/WatchOS27.0.sdk -O0 -w -Xlinker -no_warn_duplicate_libraries -F/Users/admin/builder/spi-builder-workspace/.derivedData/Build/Intermediates.noindex/EagerLinkingTBDs/Debug-watchos -F/Users/admin/builder/spi-builder-workspace/.derivedData/Build/Products/Debug-watchos/PackageFrameworks -F/Users/admin/builder/spi-builder-workspace/.derivedData/Build/Products/Debug-watchos -iframework /Applications/Xcode-27.0.0-Release.Candidate.app/Contents/Developer/Platforms/WatchOS.platform/Developer/Library/Frameworks -iframework /Applications/Xcode-27.0.0-Release.Candidate.app/Contents/Developer/Platforms/WatchOS.platform/Developer/SDKs/WatchOS27.0.sdk/Developer/Library/Frameworks -filelist /Users/admin/builder/spi-builder-workspace/.derivedData/Build/Intermediates.noindex/swift-algorithms.build/Debug-watchos/Algorithms-t.build/Objects-normal/arm64_32/Algorithms.LinkFileList -nostdlib -Xlinker -object_path_lto -Xlinker /Users/admin/builder/spi-builder-workspace/.derivedData/Build/Intermediates.noindex/swift-algorithms.build/Debug-watchos/Algorithms-t.build/Objects-normal/arm64_32/Algorithms_lto.o -Xlinker -no_deduplicate -Xlinker -debug_variant -Xlinker -dependency_info -Xlinker /Users/admin/builder/spi-builder-workspace/.derivedData/Build/Intermediates.noindex/swift-algorithms.build/Debug-watchos/Algorithms-t.build/Objects-normal/arm64_32/Algorithms_dependency_info.dat -fobjc-link-runtime -L/Applications/Xcode-27.0.0-Release.Candidate.app/Contents/Developer/Toolchains/XcodeDefault.xctoolchain/usr/lib/swift/watchos -L/usr/lib/swift -Xlinker -add_ast_path -Xlinker /Users/admin/builder/spi-builder-workspace/.derivedData/Build/Intermediates.noindex/swift-algorithms.build/Debug-watchos/Algorithms-t.build/Objects-normal/arm64_32/Algorithms.swiftmodule -o /Users/admin/builder/spi-builder-workspace/.derivedData/Build/Intermediates.noindex/swift-algorithms.build/Debug-watchos/Algorithms-t.build/Objects-normal/arm64_32/Binary/Algorithms.o
SwiftDriver OnscreenController normal arm64_32 com.apple.xcode.tools.swift.compiler (in target 'OnscreenController' from project 'OnscreenController')
    cd /Users/admin/builder/spi-builder-workspace/.swiftpm/xcode
    builtin-SwiftDriver -- /Applications/Xcode-27.0.0-Release.Candidate.app/Contents/Developer/Toolchains/XcodeDefault.xctoolchain/usr/bin/swiftc -parse-as-library -module-name OnscreenController -Onone @/Users/admin/builder/spi-builder-workspace/.derivedData/Build/Intermediates.noindex/OnscreenController.build/Debug-watchos/OnscreenController-t.build/Objects-normal/arm64_32/OnscreenController.SwiftFileList -DSWIFT_PACKAGE -DDEBUG -DSWIFT_MODULE_RESOURCE_BUNDLE_UNAVAILABLE -Xcc -fmodule-map-file\=/Users/admin/builder/spi-builder-workspace/.dependencies/checkouts/swift-numerics/Sources/_NumericsShims/include/module.modulemap -DXcode -plugin-path /Applications/Xcode-27.0.0-Release.Candidate.app/Contents/Developer/Toolchains/XcodeDefault.xctoolchain/usr/lib/swift/host/plugins/testing -enable-experimental-feature DebugDescriptionMacro -sdk /Applications/Xcode-27.0.0-Release.Candidate.app/Contents/Developer/Platforms/WatchOS.platform/Developer/SDKs/WatchOS27.0.sdk -target arm64_32-apple-watchos9.0 -g -module-cache-path /Users/admin/builder/spi-builder-workspace/.derivedData/ModuleCache.noindex -Xfrontend -serialize-debugging-options -profile-coverage-mapping -profile-generate -enable-testing -index-store-path /Users/admin/builder/spi-builder-workspace/.derivedData/Index.noindex/DataStore -Xcc -D_LIBCPP_HARDENING_MODE\=_LIBCPP_HARDENING_MODE_DEBUG -swift-version 5 -I /Users/admin/builder/spi-builder-workspace/.derivedData/Build/Products/Debug-watchos -Isystem /Applications/Xcode-27.0.0-Release.Candidate.app/Contents/Developer/Platforms/WatchOS.platform/Developer/usr/lib -F /Users/admin/builder/spi-builder-workspace/.derivedData/Build/Products/Debug-watchos/PackageFrameworks -F /Users/admin/builder/spi-builder-workspace/.derivedData/Build/Products/Debug-watchos -F /Applications/Xcode-27.0.0-Release.Candidate.app/Contents/Developer/Platforms/WatchOS.platform/Developer/Library/Frameworks -F /Applications/Xcode-27.0.0-Release.Candidate.app/Contents/Developer/Platforms/WatchOS.platform/Developer/SDKs/WatchOS27.0.sdk/Developer/Library/Frameworks -c -j10 -enable-batch-mode -incremental -Xcc -ivfsstatcache -Xcc /Users/admin/builder/spi-builder-workspace/.derivedData/SDKStatCaches.noindex/watchos27.0-24R360-e829b21a6f8c9b70876ba0858053c04477534ef55a1706bf4c1112bbb242f0a2.sdkstatcache -output-file-map /Users/admin/builder/spi-builder-workspace/.derivedData/Build/Intermediates.noindex/OnscreenController.build/Debug-watchos/OnscreenController-t.build/Objects-normal/arm64_32/OnscreenController-OutputFileMap.json -save-temps -no-color-diagnostics -explicit-module-build -module-cache-path /Users/admin/builder/spi-builder-workspace/.derivedData/Build/Intermediates.noindex/SwiftExplicitPrecompiledModules -clang-scanner-module-cache-path /Users/admin/builder/spi-builder-workspace/.derivedData/ModuleCache.noindex -sdk-module-cache-path /Users/admin/builder/spi-builder-workspace/.derivedData/SDKExplicitPrecompiledModules -emit-dependencies -emit-module -emit-module-path /Users/admin/builder/spi-builder-workspace/.derivedData/Build/Intermediates.noindex/OnscreenController.build/Debug-watchos/OnscreenController-t.build/Objects-normal/arm64_32/OnscreenController.swiftmodule -serialize-diagnostics -dependency-scan-serialize-diagnostics-path /Users/admin/builder/spi-builder-workspace/.derivedData/Build/Intermediates.noindex/OnscreenController.build/Debug-watchos/OnscreenController-t.build/Objects-normal/arm64_32/OnscreenController-dependency-scan.dia -validate-clang-modules-once -clang-build-session-file /Users/admin/builder/spi-builder-workspace/.derivedData/ModuleCache.noindex/Session.modulevalidation -Xcc -fmodules-prune-interval\=86400 -Xcc -fmodules-prune-after\=345600 -emit-const-values -const-gather-protocols-list /Users/admin/builder/spi-builder-workspace/.derivedData/Build/Intermediates.noindex/OnscreenController.build/Debug-watchos/OnscreenController-t.build/Objects-normal/arm64_32/OnscreenController_const_extract_protocols.json -Xcc -I/Users/admin/builder/spi-builder-workspace/.dependencies/checkouts/swift-numerics/Sources/_NumericsShims/include -Xcc -I/Users/admin/builder/spi-builder-workspace/.derivedData/Build/Products/Debug-watchos/include -Xcc -I/Users/admin/builder/spi-builder-workspace/.derivedData/Build/Intermediates.noindex/OnscreenController.build/Debug-watchos/OnscreenController-t.build/DerivedSources-normal/arm64_32 -Xcc -I/Users/admin/builder/spi-builder-workspace/.derivedData/Build/Intermediates.noindex/OnscreenController.build/Debug-watchos/OnscreenController-t.build/DerivedSources/arm64_32 -Xcc -I/Users/admin/builder/spi-builder-workspace/.derivedData/Build/Intermediates.noindex/OnscreenController.build/Debug-watchos/OnscreenController-t.build/DerivedSources -Xcc -DSWIFT_PACKAGE -Xcc -DDEBUG\=1 -emit-objc-header -emit-objc-header-path /Users/admin/builder/spi-builder-workspace/.derivedData/Build/Intermediates.noindex/OnscreenController.build/Debug-watchos/OnscreenController-t.build/Objects-normal/arm64_32/OnscreenController-Swift.h -working-directory /Users/admin/builder/spi-builder-workspace/.swiftpm/xcode -experimental-emit-module-separately -disable-cmo
SwiftDriver OnscreenController normal arm64 com.apple.xcode.tools.swift.compiler (in target 'OnscreenController' from project 'OnscreenController')
    cd /Users/admin/builder/spi-builder-workspace/.swiftpm/xcode
    builtin-SwiftDriver -- /Applications/Xcode-27.0.0-Release.Candidate.app/Contents/Developer/Toolchains/XcodeDefault.xctoolchain/usr/bin/swiftc -parse-as-library -module-name OnscreenController -Onone @/Users/admin/builder/spi-builder-workspace/.derivedData/Build/Intermediates.noindex/OnscreenController.build/Debug-watchos/OnscreenController-t.build/Objects-normal/arm64/OnscreenController.SwiftFileList -DSWIFT_PACKAGE -DDEBUG -DSWIFT_MODULE_RESOURCE_BUNDLE_UNAVAILABLE -Xcc -fmodule-map-file\=/Users/admin/builder/spi-builder-workspace/.dependencies/checkouts/swift-numerics/Sources/_NumericsShims/include/module.modulemap -DXcode -plugin-path /Applications/Xcode-27.0.0-Release.Candidate.app/Contents/Developer/Toolchains/XcodeDefault.xctoolchain/usr/lib/swift/host/plugins/testing -enable-experimental-feature DebugDescriptionMacro -sdk /Applications/Xcode-27.0.0-Release.Candidate.app/Contents/Developer/Platforms/WatchOS.platform/Developer/SDKs/WatchOS27.0.sdk -target arm64-apple-watchos9.0 -g -module-cache-path /Users/admin/builder/spi-builder-workspace/.derivedData/ModuleCache.noindex -Xfrontend -serialize-debugging-options -profile-coverage-mapping -profile-generate -enable-testing -index-store-path /Users/admin/builder/spi-builder-workspace/.derivedData/Index.noindex/DataStore -Xcc -D_LIBCPP_HARDENING_MODE\=_LIBCPP_HARDENING_MODE_DEBUG -swift-version 5 -I /Users/admin/builder/spi-builder-workspace/.derivedData/Build/Products/Debug-watchos -Isystem /Applications/Xcode-27.0.0-Release.Candidate.app/Contents/Developer/Platforms/WatchOS.platform/Developer/usr/lib -F /Users/admin/builder/spi-builder-workspace/.derivedData/Build/Products/Debug-watchos/PackageFrameworks -F /Users/admin/builder/spi-builder-workspace/.derivedData/Build/Products/Debug-watchos -F /Applications/Xcode-27.0.0-Release.Candidate.app/Contents/Developer/Platforms/WatchOS.platform/Developer/Library/Frameworks -F /Applications/Xcode-27.0.0-Release.Candidate.app/Contents/Developer/Platforms/WatchOS.platform/Developer/SDKs/WatchOS27.0.sdk/Developer/Library/Frameworks -c -j10 -enable-batch-mode -incremental -Xcc -ivfsstatcache -Xcc /Users/admin/builder/spi-builder-workspace/.derivedData/SDKStatCaches.noindex/watchos27.0-24R360-e829b21a6f8c9b70876ba0858053c04477534ef55a1706bf4c1112bbb242f0a2.sdkstatcache -output-file-map /Users/admin/builder/spi-builder-workspace/.derivedData/Build/Intermediates.noindex/OnscreenController.build/Debug-watchos/OnscreenController-t.build/Objects-normal/arm64/OnscreenController-OutputFileMap.json -save-temps -no-color-diagnostics -explicit-module-build -module-cache-path /Users/admin/builder/spi-builder-workspace/.derivedData/Build/Intermediates.noindex/SwiftExplicitPrecompiledModules -clang-scanner-module-cache-path /Users/admin/builder/spi-builder-workspace/.derivedData/ModuleCache.noindex -sdk-module-cache-path /Users/admin/builder/spi-builder-workspace/.derivedData/SDKExplicitPrecompiledModules -emit-dependencies -emit-module -emit-module-path /Users/admin/builder/spi-builder-workspace/.derivedData/Build/Intermediates.noindex/OnscreenController.build/Debug-watchos/OnscreenController-t.build/Objects-normal/arm64/OnscreenController.swiftmodule -serialize-diagnostics -dependency-scan-serialize-diagnostics-path /Users/admin/builder/spi-builder-workspace/.derivedData/Build/Intermediates.noindex/OnscreenController.build/Debug-watchos/OnscreenController-t.build/Objects-normal/arm64/OnscreenController-dependency-scan.dia -validate-clang-modules-once -clang-build-session-file /Users/admin/builder/spi-builder-workspace/.derivedData/ModuleCache.noindex/Session.modulevalidation -Xcc -fmodules-prune-interval\=86400 -Xcc -fmodules-prune-after\=345600 -emit-const-values -const-gather-protocols-list /Users/admin/builder/spi-builder-workspace/.derivedData/Build/Intermediates.noindex/OnscreenController.build/Debug-watchos/OnscreenController-t.build/Objects-normal/arm64/OnscreenController_const_extract_protocols.json -Xcc -I/Users/admin/builder/spi-builder-workspace/.dependencies/checkouts/swift-numerics/Sources/_NumericsShims/include -Xcc -I/Users/admin/builder/spi-builder-workspace/.derivedData/Build/Products/Debug-watchos/include -Xcc -I/Users/admin/builder/spi-builder-workspace/.derivedData/Build/Intermediates.noindex/OnscreenController.build/Debug-watchos/OnscreenController-t.build/DerivedSources-normal/arm64 -Xcc -I/Users/admin/builder/spi-builder-workspace/.derivedData/Build/Intermediates.noindex/OnscreenController.build/Debug-watchos/OnscreenController-t.build/DerivedSources/arm64 -Xcc -I/Users/admin/builder/spi-builder-workspace/.derivedData/Build/Intermediates.noindex/OnscreenController.build/Debug-watchos/OnscreenController-t.build/DerivedSources -Xcc -DSWIFT_PACKAGE -Xcc -DDEBUG\=1 -emit-objc-header -emit-objc-header-path /Users/admin/builder/spi-builder-workspace/.derivedData/Build/Intermediates.noindex/OnscreenController.build/Debug-watchos/OnscreenController-t.build/Objects-normal/arm64/OnscreenController-Swift.h -working-directory /Users/admin/builder/spi-builder-workspace/.swiftpm/xcode -experimental-emit-module-separately -disable-cmo
SwiftDriverJobDiscovery normal arm64 Compiling Partition.swift, Permutations.swift, Product.swift (in target 'Algorithms' from project 'swift-algorithms')
SwiftDriver\ Compilation Algorithms normal arm64 com.apple.xcode.tools.swift.compiler (in target 'Algorithms' from project 'swift-algorithms')
    cd /Users/admin/builder/spi-builder-workspace/.swiftpm/xcode
    builtin-Swift-Compilation -- /Applications/Xcode-27.0.0-Release.Candidate.app/Contents/Developer/Toolchains/XcodeDefault.xctoolchain/usr/bin/swiftc -parse-as-library -module-name Algorithms -Onone @/Users/admin/builder/spi-builder-workspace/.derivedData/Build/Intermediates.noindex/swift-algorithms.build/Debug-watchos/Algorithms-t.build/Objects-normal/arm64/Algorithms.SwiftFileList -DSWIFT_PACKAGE -DDEBUG -DSWIFT_MODULE_RESOURCE_BUNDLE_UNAVAILABLE -Xcc -fmodule-map-file\=/Users/admin/builder/spi-builder-workspace/.dependencies/checkouts/swift-numerics/Sources/_NumericsShims/include/module.modulemap -DXcode -plugin-path /Applications/Xcode-27.0.0-Release.Candidate.app/Contents/Developer/Toolchains/XcodeDefault.xctoolchain/usr/lib/swift/host/plugins/testing -enable-experimental-feature DebugDescriptionMacro -sdk /Applications/Xcode-27.0.0-Release.Candidate.app/Contents/Developer/Platforms/WatchOS.platform/Developer/SDKs/WatchOS27.0.sdk -target arm64-apple-watchos9.0 -g -module-cache-path /Users/admin/builder/spi-builder-workspace/.derivedData/ModuleCache.noindex -Xfrontend -serialize-debugging-options -profile-coverage-mapping -profile-generate -enable-testing -suppress-warnings -index-store-path /Users/admin/builder/spi-builder-workspace/.derivedData/Index.noindex/DataStore -Xcc -D_LIBCPP_HARDENING_MODE\=_LIBCPP_HARDENING_MODE_DEBUG -swift-version 5 -I /Users/admin/builder/spi-builder-workspace/.derivedData/Build/Products/Debug-watchos -Isystem /Applications/Xcode-27.0.0-Release.Candidate.app/Contents/Developer/Platforms/WatchOS.platform/Developer/usr/lib -F /Users/admin/builder/spi-builder-workspace/.derivedData/Build/Products/Debug-watchos/PackageFrameworks -F /Users/admin/builder/spi-builder-workspace/.derivedData/Build/Products/Debug-watchos -F /Applications/Xcode-27.0.0-Release.Candidate.app/Contents/Developer/Platforms/WatchOS.platform/Developer/Library/Frameworks -F /Applications/Xcode-27.0.0-Release.Candidate.app/Contents/Developer/Platforms/WatchOS.platform/Developer/SDKs/WatchOS27.0.sdk/Developer/Library/Frameworks -c -j10 -enable-batch-mode -incremental -Xcc -ivfsstatcache -Xcc /Users/admin/builder/spi-builder-workspace/.derivedData/SDKStatCaches.noindex/watchos27.0-24R360-e829b21a6f8c9b70876ba0858053c04477534ef55a1706bf4c1112bbb242f0a2.sdkstatcache -output-file-map /Users/admin/builder/spi-builder-workspace/.derivedData/Build/Intermediates.noindex/swift-algorithms.build/Debug-watchos/Algorithms-t.build/Objects-normal/arm64/Algorithms-OutputFileMap.json -save-temps -no-color-diagnostics -explicit-module-build -module-cache-path /Users/admin/builder/spi-builder-workspace/.derivedData/Build/Intermediates.noindex/SwiftExplicitPrecompiledModules -clang-scanner-module-cache-path /Users/admin/builder/spi-builder-workspace/.derivedData/ModuleCache.noindex -sdk-module-cache-path /Users/admin/builder/spi-builder-workspace/.derivedData/SDKExplicitPrecompiledModules -emit-dependencies -emit-module -emit-module-path /Users/admin/builder/spi-builder-workspace/.derivedData/Build/Intermediates.noindex/swift-algorithms.build/Debug-watchos/Algorithms-t.build/Objects-normal/arm64/Algorithms.swiftmodule -serialize-diagnostics -dependency-scan-serialize-diagnostics-path /Users/admin/builder/spi-builder-workspace/.derivedData/Build/Intermediates.noindex/swift-algorithms.build/Debug-watchos/Algorithms-t.build/Objects-normal/arm64/Algorithms-dependency-scan.dia -validate-clang-modules-once -clang-build-session-file /Users/admin/builder/spi-builder-workspace/.derivedData/ModuleCache.noindex/Session.modulevalidation -Xcc -fmodules-prune-interval\=86400 -Xcc -fmodules-prune-after\=345600 -emit-const-values -const-gather-protocols-list /Users/admin/builder/spi-builder-workspace/.derivedData/Build/Intermediates.noindex/swift-algorithms.build/Debug-watchos/Algorithms-t.build/Objects-normal/arm64/Algorithms_const_extract_protocols.json -Xcc -I/Users/admin/builder/spi-builder-workspace/.dependencies/checkouts/swift-numerics/Sources/_NumericsShims/include -Xcc -I/Users/admin/builder/spi-builder-workspace/.derivedData/Build/Products/Debug-watchos/include -Xcc -I/Users/admin/builder/spi-builder-workspace/.derivedData/Build/Intermediates.noindex/swift-algorithms.build/Debug-watchos/Algorithms-t.build/DerivedSources-normal/arm64 -Xcc -I/Users/admin/builder/spi-builder-workspace/.derivedData/Build/Intermediates.noindex/swift-algorithms.build/Debug-watchos/Algorithms-t.build/DerivedSources/arm64 -Xcc -I/Users/admin/builder/spi-builder-workspace/.derivedData/Build/Intermediates.noindex/swift-algorithms.build/Debug-watchos/Algorithms-t.build/DerivedSources -Xcc -DSWIFT_PACKAGE -Xcc -DDEBUG\=1 -emit-objc-header -emit-objc-header-path /Users/admin/builder/spi-builder-workspace/.derivedData/Build/Intermediates.noindex/swift-algorithms.build/Debug-watchos/Algorithms-t.build/Objects-normal/arm64/Algorithms-Swift.h -working-directory /Users/admin/builder/spi-builder-workspace/.swiftpm/xcode -experimental-emit-module-separately -disable-cmo
Ld /Users/admin/builder/spi-builder-workspace/.derivedData/Build/Intermediates.noindex/swift-algorithms.build/Debug-watchos/Algorithms-t.build/Objects-normal/arm64/Binary/Algorithms.o normal arm64 (in target 'Algorithms' from project 'swift-algorithms')
    cd /Users/admin/builder/spi-builder-workspace/.dependencies/checkouts/swift-algorithms
    /Applications/Xcode-27.0.0-Release.Candidate.app/Contents/Developer/Toolchains/XcodeDefault.xctoolchain/usr/bin/clang -Xlinker -reproducible -target arm64-apple-watchos9.0 -r -isysroot /Applications/Xcode-27.0.0-Release.Candidate.app/Contents/Developer/Platforms/WatchOS.platform/Developer/SDKs/WatchOS27.0.sdk -O0 -w -Xlinker -no_warn_duplicate_libraries -F/Users/admin/builder/spi-builder-workspace/.derivedData/Build/Intermediates.noindex/EagerLinkingTBDs/Debug-watchos -F/Users/admin/builder/spi-builder-workspace/.derivedData/Build/Products/Debug-watchos/PackageFrameworks -F/Users/admin/builder/spi-builder-workspace/.derivedData/Build/Products/Debug-watchos -iframework /Applications/Xcode-27.0.0-Release.Candidate.app/Contents/Developer/Platforms/WatchOS.platform/Developer/Library/Frameworks -iframework /Applications/Xcode-27.0.0-Release.Candidate.app/Contents/Developer/Platforms/WatchOS.platform/Developer/SDKs/WatchOS27.0.sdk/Developer/Library/Frameworks -filelist /Users/admin/builder/spi-builder-workspace/.derivedData/Build/Intermediates.noindex/swift-algorithms.build/Debug-watchos/Algorithms-t.build/Objects-normal/arm64/Algorithms.LinkFileList -nostdlib -Xlinker -object_path_lto -Xlinker /Users/admin/builder/spi-builder-workspace/.derivedData/Build/Intermediates.noindex/swift-algorithms.build/Debug-watchos/Algorithms-t.build/Objects-normal/arm64/Algorithms_lto.o -Xlinker -no_deduplicate -Xlinker -debug_variant -Xlinker -dependency_info -Xlinker /Users/admin/builder/spi-builder-workspace/.derivedData/Build/Intermediates.noindex/swift-algorithms.build/Debug-watchos/Algorithms-t.build/Objects-normal/arm64/Algorithms_dependency_info.dat -fobjc-link-runtime -L/Applications/Xcode-27.0.0-Release.Candidate.app/Contents/Developer/Toolchains/XcodeDefault.xctoolchain/usr/lib/swift/watchos -L/usr/lib/swift -Xlinker -add_ast_path -Xlinker /Users/admin/builder/spi-builder-workspace/.derivedData/Build/Intermediates.noindex/swift-algorithms.build/Debug-watchos/Algorithms-t.build/Objects-normal/arm64/Algorithms.swiftmodule -o /Users/admin/builder/spi-builder-workspace/.derivedData/Build/Intermediates.noindex/swift-algorithms.build/Debug-watchos/Algorithms-t.build/Objects-normal/arm64/Binary/Algorithms.o
CreateUniversalBinary /Users/admin/builder/spi-builder-workspace/.derivedData/Build/Products/Debug-watchos/Algorithms.o normal arm64\ arm64_32 (in target 'Algorithms' from project 'swift-algorithms')
    cd /Users/admin/builder/spi-builder-workspace/.dependencies/checkouts/swift-algorithms
    /Applications/Xcode-27.0.0-Release.Candidate.app/Contents/Developer/Toolchains/XcodeDefault.xctoolchain/usr/bin/lipo -create /Users/admin/builder/spi-builder-workspace/.derivedData/Build/Intermediates.noindex/swift-algorithms.build/Debug-watchos/Algorithms-t.build/Objects-normal/arm64/Binary/Algorithms.o /Users/admin/builder/spi-builder-workspace/.derivedData/Build/Intermediates.noindex/swift-algorithms.build/Debug-watchos/Algorithms-t.build/Objects-normal/arm64_32/Binary/Algorithms.o -output /Users/admin/builder/spi-builder-workspace/.derivedData/Build/Products/Debug-watchos/Algorithms.o
ExtractAppIntentsMetadata (in target 'Algorithms' from project 'swift-algorithms')
    cd /Users/admin/builder/spi-builder-workspace/.dependencies/checkouts/swift-algorithms
    /Applications/Xcode-27.0.0-Release.Candidate.app/Contents/Developer/Toolchains/XcodeDefault.xctoolchain/usr/bin/appintentsmetadataprocessor --toolchain-dir /var/run/com.apple.security.cryptexd/mnt/com.apple.MobileAsset.MetalToolchain-v27.1.266.1.zlgmrd/Metal.xctoolchain --module-name Algorithms --sdk-root /Applications/Xcode-27.0.0-Release.Candidate.app/Contents/Developer/Platforms/WatchOS.platform/Developer/SDKs/WatchOS27.0.sdk --xcode-version 27A266a --platform-family watchOS --deployment-target 9.0 --bundle-identifier swift-algorithms.Algorithms --output /Users/admin/builder/spi-builder-workspace/.derivedData/Build/Products/Debug-watchos/Algorithms.appintents --target-triple arm64-apple-watchos9.0 --target-triple arm64_32-apple-watchos9.0 --binary-file /Users/admin/builder/spi-builder-workspace/.derivedData/Build/Products/Debug-watchos/Algorithms.o --dependency-file /Users/admin/builder/spi-builder-workspace/.derivedData/Build/Intermediates.noindex/swift-algorithms.build/Debug-watchos/Algorithms-t.build/Objects-normal/arm64/Algorithms_dependency_info.dat --dependency-file /Users/admin/builder/spi-builder-workspace/.derivedData/Build/Intermediates.noindex/swift-algorithms.build/Debug-watchos/Algorithms-t.build/Objects-normal/arm64_32/Algorithms_dependency_info.dat --stringsdata-file /Users/admin/builder/spi-builder-workspace/.derivedData/Build/Intermediates.noindex/swift-algorithms.build/Debug-watchos/Algorithms-t.build/Objects-normal/arm64/ExtractedAppShortcutsMetadata.stringsdata --stringsdata-file /Users/admin/builder/spi-builder-workspace/.derivedData/Build/Intermediates.noindex/swift-algorithms.build/Debug-watchos/Algorithms-t.build/Objects-normal/arm64_32/ExtractedAppShortcutsMetadata.stringsdata --source-file-list /Users/admin/builder/spi-builder-workspace/.derivedData/Build/Intermediates.noindex/swift-algorithms.build/Debug-watchos/Algorithms-t.build/Objects-normal/arm64/Algorithms.SwiftFileList --source-file-list /Users/admin/builder/spi-builder-workspace/.derivedData/Build/Intermediates.noindex/swift-algorithms.build/Debug-watchos/Algorithms-t.build/Objects-normal/arm64_32/Algorithms.SwiftFileList --metadata-file-list /Users/admin/builder/spi-builder-workspace/.derivedData/Build/Intermediates.noindex/swift-algorithms.build/Debug-watchos/Algorithms-t.build/Algorithms.DependencyMetadataFileList --static-metadata-file-list /Users/admin/builder/spi-builder-workspace/.derivedData/Build/Intermediates.noindex/swift-algorithms.build/Debug-watchos/Algorithms-t.build/Algorithms.DependencyStaticMetadataFileList --swift-const-vals-list /Users/admin/builder/spi-builder-workspace/.derivedData/Build/Intermediates.noindex/swift-algorithms.build/Debug-watchos/Algorithms-t.build/Objects-normal/arm64/Algorithms.SwiftConstValuesFileList --swift-const-vals-list /Users/admin/builder/spi-builder-workspace/.derivedData/Build/Intermediates.noindex/swift-algorithms.build/Debug-watchos/Algorithms-t.build/Objects-normal/arm64_32/Algorithms.SwiftConstValuesFileList --force --compile-time-extraction --deployment-aware-processing --no-app-shortcuts-localization
2026-09-19 04:44:28.577 appintentsmetadataprocessor[859:4951] Starting appintentsmetadataprocessor export
2026-09-19 04:44:28.682 appintentsmetadataprocessor[859:4951] Extracted no relevant App Intents symbols, skipping writing output
SwiftExplicitDependencyGeneratePcm arm64 /Users/admin/builder/spi-builder-workspace/.derivedData/SDKExplicitPrecompiledModules/_Builtin_stdbool-83J96QSOFE9VX04AAS6310UAE.pcm
SwiftExplicitDependencyGeneratePcm arm64 /Users/admin/builder/spi-builder-workspace/.derivedData/SDKExplicitPrecompiledModules/_Builtin_stddef-1FU30Y8SWFB7OUUHMJQH5J6FM.pcm
SwiftExplicitDependencyGeneratePcm arm64 /Users/admin/builder/spi-builder-workspace/.derivedData/SDKExplicitPrecompiledModules/_AvailabilityInternal-BUNV3UXM65NT37THI4W1AM0SF.pcm
SwiftExplicitDependencyGeneratePcm arm64 /Users/admin/builder/spi-builder-workspace/.derivedData/SDKExplicitPrecompiledModules/_Builtin_stdarg-A7UU8LE6MP85SM26YO7PBZNUQ.pcm
SwiftExplicitDependencyGeneratePcm arm64 /Users/admin/builder/spi-builder-workspace/.derivedData/SDKExplicitPrecompiledModules/ptrauth-3TZ9WJCGLYD25HQPWH4968ONX.pcm
SwiftExplicitDependencyGeneratePcm arm64 /Users/admin/builder/spi-builder-workspace/.derivedData/SDKExplicitPrecompiledModules/DeveloperToolsSupport-E7CNISCB36UE8XQ9IOHK9XDX1.pcm
SwiftExplicitDependencyGeneratePcm arm64 /Users/admin/builder/spi-builder-workspace/.derivedData/SDKExplicitPrecompiledModules/ptrcheck-AIF0NDOYZ8ORBNHQAQR5NNB8M.pcm
SwiftExplicitDependencyGeneratePcm arm64 /Users/admin/builder/spi-builder-workspace/.derivedData/SDKExplicitPrecompiledModules/_Builtin_float-C0CW5Q4HGBQYKE77TC42IAFB5.pcm
SwiftExplicitDependencyGeneratePcm arm64_32 /Users/admin/builder/spi-builder-workspace/.derivedData/SDKExplicitPrecompiledModules/ptrauth-BFXF358ME5AK535N5A9Z766WU.pcm
SwiftExplicitDependencyGeneratePcm arm64_32 /Users/admin/builder/spi-builder-workspace/.derivedData/SDKExplicitPrecompiledModules/ptrcheck-7ELIH9BTIGVKX3UBITM9N72WD.pcm
SwiftExplicitDependencyGeneratePcm arm64_32 /Users/admin/builder/spi-builder-workspace/.derivedData/SDKExplicitPrecompiledModules/_AvailabilityInternal-244WAN3Z1QBT7PIA64EZEFY1R.pcm
SwiftExplicitDependencyGeneratePcm arm64_32 /Users/admin/builder/spi-builder-workspace/.derivedData/SDKExplicitPrecompiledModules/_Builtin_stdbool-A967K8W8YUYEC9SN52KJ7OO88.pcm
SwiftExplicitDependencyGeneratePcm arm64_32 /Users/admin/builder/spi-builder-workspace/.derivedData/SDKExplicitPrecompiledModules/_Builtin_stddef-H44EFHQX6XSS5MZ7QP6YJZ76.pcm
SwiftExplicitDependencyGeneratePcm arm64_32 /Users/admin/builder/spi-builder-workspace/.derivedData/SDKExplicitPrecompiledModules/_Builtin_stdarg-D305JG44A2WPI6CJY37X3QJE8.pcm
SwiftExplicitDependencyGeneratePcm arm64_32 /Users/admin/builder/spi-builder-workspace/.derivedData/SDKExplicitPrecompiledModules/DeveloperToolsSupport-DZU5G1OCMNWU0AQRULIFHUJ1Z.pcm
SwiftExplicitDependencyGeneratePcm arm64_32 /Users/admin/builder/spi-builder-workspace/.derivedData/SDKExplicitPrecompiledModules/_Builtin_float-6KO8O3PEWRCA4WC6PPLOYO6WJ.pcm
SwiftExplicitDependencyGeneratePcm arm64 /Users/admin/builder/spi-builder-workspace/.derivedData/SDKExplicitPrecompiledModules/_DarwinFoundation1-7SPX3MD0HMP55E4OLNCPNDQ53.pcm
SwiftExplicitDependencyGeneratePcm arm64_32 /Users/admin/builder/spi-builder-workspace/.derivedData/SDKExplicitPrecompiledModules/_DarwinFoundation1-2GWF9RFMPLQW4PDHS3NARVI3G.pcm
SwiftExplicitDependencyGeneratePcm arm64 /Users/admin/builder/spi-builder-workspace/.derivedData/SDKExplicitPrecompiledModules/_Builtin_limits-9GWPA2B0H20DYUNYHYCWKABJG.pcm
SwiftExplicitDependencyGeneratePcm arm64 /Users/admin/builder/spi-builder-workspace/.derivedData/SDKExplicitPrecompiledModules/_DarwinFoundation2-D0XAPJU49S5E9XMKYOFGSTB1Q.pcm
SwiftExplicitDependencyGeneratePcm arm64_32 /Users/admin/builder/spi-builder-workspace/.derivedData/SDKExplicitPrecompiledModules/_DarwinFoundation2-9MY8GOSYRO0M9MKNXF6D3MBNK.pcm
SwiftExplicitDependencyGeneratePcm arm64_32 /Users/admin/builder/spi-builder-workspace/.derivedData/SDKExplicitPrecompiledModules/_Builtin_limits-3VKBU2AFTD65PAJZ5CJ3LHFM2.pcm
SwiftExplicitDependencyGeneratePcm arm64 /Users/admin/builder/spi-builder-workspace/.derivedData/SDKExplicitPrecompiledModules/sys_types-2KXQLI78OUCDP779AE68GZJ2.pcm
SwiftExplicitDependencyGeneratePcm arm64 /Users/admin/builder/spi-builder-workspace/.derivedData/SDKExplicitPrecompiledModules/_Builtin_tgmath-8NQ96OZ0YHXEC24JI95P01UF8.pcm
SwiftExplicitDependencyGeneratePcm arm64 /Users/admin/builder/spi-builder-workspace/.derivedData/SDKExplicitPrecompiledModules/string_h-E6PRXK75PHIPCZFWOFCQ3QBMK.pcm
SwiftExplicitDependencyGeneratePcm arm64 /Users/admin/builder/spi-builder-workspace/.derivedData/SDKExplicitPrecompiledModules/_Builtin_stdint-8XMILLJZEGRN2XG7XZUXZ5RLX.pcm
SwiftExplicitDependencyGeneratePcm arm64_32 /Users/admin/builder/spi-builder-workspace/.derivedData/SDKExplicitPrecompiledModules/string_h-BFVLUQUSBZWYMLCU9QI7VZALW.pcm
SwiftExplicitDependencyGeneratePcm arm64_32 /Users/admin/builder/spi-builder-workspace/.derivedData/SDKExplicitPrecompiledModules/sys_types-8TLLMW08ZJWDGIIPKOYFGHHZW.pcm
SwiftExplicitDependencyGeneratePcm arm64_32 /Users/admin/builder/spi-builder-workspace/.derivedData/SDKExplicitPrecompiledModules/_Builtin_stdint-1HMXWI3V0V4TXHRWZOMZGZ80Y.pcm
SwiftExplicitDependencyGeneratePcm arm64_32 /Users/admin/builder/spi-builder-workspace/.derivedData/SDKExplicitPrecompiledModules/_Builtin_tgmath-23PGCKURCQILXMK0MYZRYDCOU.pcm
SwiftExplicitDependencyGeneratePcm arm64 /Users/admin/builder/spi-builder-workspace/.derivedData/SDKExplicitPrecompiledModules/_Builtin_stdatomic-7JEFA3KBJJJN6TKJWY3OG1VG5.pcm
SwiftExplicitDependencyGeneratePcm arm64 /Users/admin/builder/spi-builder-workspace/.derivedData/SDKExplicitPrecompiledModules/_Builtin_intrinsics-75960HIPCIYA06IUW8FIIPQT.pcm
SwiftExplicitDependencyGeneratePcm arm64 /Users/admin/builder/spi-builder-workspace/.derivedData/SDKExplicitPrecompiledModules/_DarwinFoundation3-B97LRG0E9GON2NUE65TVG81HU.pcm
SwiftExplicitDependencyGeneratePcm arm64_32 /Users/admin/builder/spi-builder-workspace/.derivedData/SDKExplicitPrecompiledModules/_Builtin_intrinsics-196IIAKDQVU42DLOZP9OQCV76.pcm
SwiftExplicitDependencyGeneratePcm arm64_32 /Users/admin/builder/spi-builder-workspace/.derivedData/SDKExplicitPrecompiledModules/_DarwinFoundation3-3DUTYQDQSD9HUAAVY947NMWOI.pcm
SwiftExplicitDependencyGeneratePcm arm64_32 /Users/admin/builder/spi-builder-workspace/.derivedData/SDKExplicitPrecompiledModules/_Builtin_stdatomic-1TY035TURL76BF2U98PZPPZRX.pcm
SwiftExplicitDependencyGeneratePcm arm64 /Users/admin/builder/spi-builder-workspace/.derivedData/SDKExplicitPrecompiledModules/_Builtin_inttypes-3UQSCM7WNM9EK4HZML8TY5J3D.pcm
SwiftExplicitDependencyGeneratePcm arm64_32 /Users/admin/builder/spi-builder-workspace/.derivedData/SDKExplicitPrecompiledModules/_Builtin_inttypes-D2KPCR4PEX9AQA33NGLUT5SBR.pcm
SwiftExplicitDependencyGeneratePcm arm64 /Users/admin/builder/spi-builder-workspace/.derivedData/SDKExplicitPrecompiledModules/Darwin-3984OXKFNSPE77NT743WK8SEX.pcm
SwiftExplicitDependencyGeneratePcm arm64_32 /Users/admin/builder/spi-builder-workspace/.derivedData/SDKExplicitPrecompiledModules/Darwin-3FVT1SKLN2ZQ5RVOABMTQBB34.pcm
SwiftExplicitDependencyGeneratePcm arm64 /Users/admin/builder/spi-builder-workspace/.derivedData/SDKExplicitPrecompiledModules/simd-EH08NODU6574T74ZKU61VP9BW.pcm
SwiftExplicitDependencyGeneratePcm arm64_32 /Users/admin/builder/spi-builder-workspace/.derivedData/SDKExplicitPrecompiledModules/simd-21UNWYOBUZI1LVSQ99S1XBLMO.pcm
SwiftExplicitDependencyGeneratePcm arm64 /Users/admin/builder/spi-builder-workspace/.derivedData/SDKExplicitPrecompiledModules/MachO-2U90NNSAQILBNBPS1SA4F8TYP.pcm
SwiftExplicitDependencyGeneratePcm arm64 /Users/admin/builder/spi-builder-workspace/.derivedData/SDKExplicitPrecompiledModules/ObjectiveC-72IVD3VS2RS8Q28D9PIMY0KQP.pcm
SwiftExplicitDependencyGeneratePcm arm64_32 /Users/admin/builder/spi-builder-workspace/.derivedData/SDKExplicitPrecompiledModules/MachO-56838ZJ0NC1EBAJ0O6O8QMPDX.pcm
SwiftExplicitDependencyGeneratePcm arm64_32 /Users/admin/builder/spi-builder-workspace/.derivedData/SDKExplicitPrecompiledModules/ObjectiveC-6IJNELR2E80E7LUKESVCP2KET.pcm
SwiftExplicitDependencyGeneratePcm arm64 /Users/admin/builder/spi-builder-workspace/.derivedData/SDKExplicitPrecompiledModules/os_object-3SDKD7F87FTZ26OON37DRYT6O.pcm
SwiftExplicitDependencyGeneratePcm arm64_32 /Users/admin/builder/spi-builder-workspace/.derivedData/SDKExplicitPrecompiledModules/os_object-5YWTC6L4756IWSTPGXS5NM0D0.pcm
SwiftExplicitDependencyGeneratePcm arm64 /Users/admin/builder/spi-builder-workspace/.derivedData/SDKExplicitPrecompiledModules/os_workgroup-89GG5G7YC2D0ZTK6AZXXQ20DH.pcm
SwiftExplicitDependencyGeneratePcm arm64_32 /Users/admin/builder/spi-builder-workspace/.derivedData/SDKExplicitPrecompiledModules/os_workgroup-5JHTPDMNBUNHLJI8LPHKQK1JK.pcm
SwiftExplicitDependencyGeneratePcm arm64 /Users/admin/builder/spi-builder-workspace/.derivedData/SDKExplicitPrecompiledModules/Dispatch-1NLJOVAK60XP0DUB05XA59EIM.pcm
SwiftExplicitDependencyGeneratePcm arm64 /Users/admin/builder/spi-builder-workspace/.derivedData/SDKExplicitPrecompiledModules/Spatial-44FJGYXFAT2AQAW9Z6T7YS02U.pcm
SwiftExplicitDependencyGeneratePcm arm64_32 /Users/admin/builder/spi-builder-workspace/.derivedData/SDKExplicitPrecompiledModules/Dispatch-2P62F1T4XV63S4P99TUDTOK2Q.pcm
SwiftExplicitDependencyGeneratePcm arm64_32 /Users/admin/builder/spi-builder-workspace/.derivedData/SDKExplicitPrecompiledModules/Spatial-CWVWNML3T0NXVHZDKVLD3X1YZ.pcm
SwiftExplicitDependencyGeneratePcm arm64 /Users/admin/builder/spi-builder-workspace/.derivedData/SDKExplicitPrecompiledModules/XPC-40DR0X1DHKGCV4J1IOLFS8MOU.pcm
SwiftExplicitDependencyGeneratePcm arm64 /Users/admin/builder/spi-builder-workspace/.derivedData/SDKExplicitPrecompiledModules/CoreFoundation-8T2L24YC5NU7WO6WQJWRY7W08.pcm
SwiftExplicitDependencyGeneratePcm arm64_32 /Users/admin/builder/spi-builder-workspace/.derivedData/SDKExplicitPrecompiledModules/XPC-81Y45QFY96XYYFCW2GT6FY8S4.pcm
SwiftExplicitDependencyGeneratePcm arm64_32 /Users/admin/builder/spi-builder-workspace/.derivedData/SDKExplicitPrecompiledModules/CoreFoundation-8E6Y4BA3EXYKUGJ24GT9LGV3N.pcm
SwiftExplicitDependencyGeneratePcm arm64 /Users/admin/builder/spi-builder-workspace/.derivedData/SDKExplicitPrecompiledModules/os-5DIL6Z9LFIGLMZAHM7X2T5435.pcm
SwiftExplicitDependencyGeneratePcm arm64 /Users/admin/builder/spi-builder-workspace/.derivedData/SDKExplicitPrecompiledModules/CoreGraphics-DWNZ73GEH98SBJXZ7DEXB420K.pcm
SwiftExplicitDependencyGeneratePcm arm64 /Users/admin/builder/spi-builder-workspace/.derivedData/SDKExplicitPrecompiledModules/CoreAudioTypes-A9MF7N5LT63G21HNFVM6BT14B.pcm
SwiftExplicitDependencyGeneratePcm arm64 /Users/admin/builder/spi-builder-workspace/.derivedData/SDKExplicitPrecompiledModules/Security-6RZ6YBRU8WCUHRFFRVUK5WKMM.pcm
SwiftExplicitDependencyGeneratePcm arm64_32 /Users/admin/builder/spi-builder-workspace/.derivedData/SDKExplicitPrecompiledModules/os-E5IGB442IA6SBB25TTCOLK2OC.pcm
SwiftExplicitDependencyGeneratePcm arm64_32 /Users/admin/builder/spi-builder-workspace/.derivedData/SDKExplicitPrecompiledModules/CoreAudioTypes-9GVB1DHA32M46R4A9NWSI3I2K.pcm
SwiftExplicitDependencyGeneratePcm arm64_32 /Users/admin/builder/spi-builder-workspace/.derivedData/SDKExplicitPrecompiledModules/CoreGraphics-9FDXYX6BKBUT6TJ2VF819E7T5.pcm
SwiftExplicitDependencyGeneratePcm arm64_32 /Users/admin/builder/spi-builder-workspace/.derivedData/SDKExplicitPrecompiledModules/Security-D7TOWF88VWF67TB9HAFP5UWB1.pcm
SwiftExplicitDependencyGeneratePcm arm64 /Users/admin/builder/spi-builder-workspace/.derivedData/SDKExplicitPrecompiledModules/CoreAudio-1B79RJJTP71GE6UY9WLESAN3C.pcm
SwiftExplicitDependencyGeneratePcm arm64 /Users/admin/builder/spi-builder-workspace/.derivedData/SDKExplicitPrecompiledModules/Foundation-DLBKUSGXN8QHAT8W0OARR9S8A.pcm
SwiftExplicitDependencyGeneratePcm arm64 /Users/admin/builder/spi-builder-workspace/.derivedData/SDKExplicitPrecompiledModules/CoreVideo-8MRR5MNWUOAW2DBPGUQ8FKK4.pcm
SwiftExplicitDependencyGeneratePcm arm64 /Users/admin/builder/spi-builder-workspace/.derivedData/SDKExplicitPrecompiledModules/CoreText-970YJN6NIYGK1316L35Z0O8QT.pcm
SwiftExplicitDependencyGeneratePcm arm64_32 /Users/admin/builder/spi-builder-workspace/.derivedData/SDKExplicitPrecompiledModules/CoreAudio-5W6MX6OUPWBMUR8VD5LHT1PZF.pcm
SwiftExplicitDependencyGeneratePcm arm64_32 /Users/admin/builder/spi-builder-workspace/.derivedData/SDKExplicitPrecompiledModules/Foundation-BJ2VQGI3OGR34500MEQ1VKHPH.pcm
SwiftExplicitDependencyGeneratePcm arm64_32 /Users/admin/builder/spi-builder-workspace/.derivedData/SDKExplicitPrecompiledModules/CoreVideo-2P8HI0403J99LBDPKNFJ5D4DL.pcm
SwiftExplicitDependencyGeneratePcm arm64_32 /Users/admin/builder/spi-builder-workspace/.derivedData/SDKExplicitPrecompiledModules/CoreText-C9X2REPZN2V5BSU4G80FCETDR.pcm
SwiftExplicitDependencyGeneratePcm arm64 /Users/admin/builder/spi-builder-workspace/.derivedData/SDKExplicitPrecompiledModules/CoreMedia-1AJVCUZNAO74KIKMFVFUUHWDI.pcm
SwiftExplicitDependencyGeneratePcm arm64_32 /Users/admin/builder/spi-builder-workspace/.derivedData/SDKExplicitPrecompiledModules/CoreMedia-AO387T8CHWTTZODD1DGT0UAFA.pcm
SwiftExplicitDependencyGeneratePcm arm64 /Users/admin/builder/spi-builder-workspace/.derivedData/SDKExplicitPrecompiledModules/UserNotifications-ARAH8MEQ0C2L0FBO39HITJMAO.pcm
SwiftExplicitDependencyGeneratePcm arm64 /Users/admin/builder/spi-builder-workspace/.derivedData/SDKExplicitPrecompiledModules/CoreTransferable-9PPG3SLJ55T4LITIFYX2M0NOZ.pcm
SwiftExplicitDependencyGeneratePcm arm64 /Users/admin/builder/spi-builder-workspace/.derivedData/SDKExplicitPrecompiledModules/OSLog-B7VGO357Y3GJG35TST7DKDSI3.pcm
SwiftExplicitDependencyGeneratePcm arm64 /Users/admin/builder/spi-builder-workspace/.derivedData/SDKExplicitPrecompiledModules/_LocationEssentials-5ZZDGDXB6HLQUC72SJW7YJ7MK.pcm
SwiftExplicitDependencyGeneratePcm arm64 /Users/admin/builder/spi-builder-workspace/.derivedData/SDKExplicitPrecompiledModules/SceneKit-5HZKIL7XETTTD8TOHYPN8JKRJ.pcm
SwiftExplicitDependencyGeneratePcm arm64 /Users/admin/builder/spi-builder-workspace/.derivedData/SDKExplicitPrecompiledModules/UIUtilities-IR7RNW23VAUKYI9MLCS9NL9A.pcm
SwiftExplicitDependencyGeneratePcm arm64 /Users/admin/builder/spi-builder-workspace/.derivedData/SDKExplicitPrecompiledModules/QuartzCore-94KFMWNOU7ZLUZNB4T5DLZC9D.pcm
SwiftExplicitDependencyGeneratePcm arm64 /Users/admin/builder/spi-builder-workspace/.derivedData/SDKExplicitPrecompiledModules/Accessibility-27QMG6ZQ1NKYTNBYFPM1XKNFC.pcm
SwiftExplicitDependencyGeneratePcm arm64 /Users/admin/builder/spi-builder-workspace/.derivedData/SDKExplicitPrecompiledModules/DataDetection-7BNVI1SZW5ISQL5SX4WL2X7I5.pcm
SwiftExplicitDependencyGeneratePcm arm64 /Users/admin/builder/spi-builder-workspace/.derivedData/SDKExplicitPrecompiledModules/CoreData-9JFJC4UET8BAO5IPV2JU6W9V8.pcm
SwiftExplicitDependencyGeneratePcm arm64_32 /Users/admin/builder/spi-builder-workspace/.derivedData/SDKExplicitPrecompiledModules/SceneKit-DKNLHKM5FJBQ79LSNMSSMBUBR.pcm
SwiftExplicitDependencyGeneratePcm arm64_32 /Users/admin/builder/spi-builder-workspace/.derivedData/SDKExplicitPrecompiledModules/DataDetection-U9BF7WHFVA6BZGFXXXP272PS.pcm
SwiftExplicitDependencyGeneratePcm arm64_32 /Users/admin/builder/spi-builder-workspace/.derivedData/SDKExplicitPrecompiledModules/UniformTypeIdentifiers-CJZ3NTHPSBH4XWX5EVOG56UZS.pcm
SwiftExplicitDependencyGeneratePcm arm64_32 /Users/admin/builder/spi-builder-workspace/.derivedData/SDKExplicitPrecompiledModules/OSLog-D9AVFY0KWO7RVBIQ73CBIJVCN.pcm
SwiftExplicitDependencyGeneratePcm arm64 /Users/admin/builder/spi-builder-workspace/.derivedData/SDKExplicitPrecompiledModules/CoreLocation-ACKJ9K7ABI14F97Y46Y6SRR17.pcm
SwiftExplicitDependencyGeneratePcm arm64_32 /Users/admin/builder/spi-builder-workspace/.derivedData/SDKExplicitPrecompiledModules/Symbols-1H97WMG76HU94F5VGJR19PXFY.pcm
SwiftExplicitDependencyGeneratePcm arm64_32 /Users/admin/builder/spi-builder-workspace/.derivedData/SDKExplicitPrecompiledModules/CoreData-7AU1AFQWUH88EAPDKVMLJPKVD.pcm
SwiftExplicitDependencyGeneratePcm arm64_32 /Users/admin/builder/spi-builder-workspace/.derivedData/SDKExplicitPrecompiledModules/CoreTransferable-5D4IR6X37682FPHJ5CBPTKQV6.pcm
SwiftExplicitDependencyGeneratePcm arm64_32 /Users/admin/builder/spi-builder-workspace/.derivedData/SDKExplicitPrecompiledModules/UserNotifications-6TBN8TEAKO014N1T2QD926XED.pcm
SwiftExplicitDependencyGeneratePcm arm64_32 /Users/admin/builder/spi-builder-workspace/.derivedData/SDKExplicitPrecompiledModules/_LocationEssentials-AQ1OL9QKC3LQLY5CNSRM1HB53.pcm
SwiftExplicitDependencyGeneratePcm arm64 /Users/admin/builder/spi-builder-workspace/.derivedData/SDKExplicitPrecompiledModules/SwiftUICore-C1DST1IX2Z0PTH5SJJZ1IULRB.pcm
SwiftExplicitDependencyGeneratePcm arm64_32 /Users/admin/builder/spi-builder-workspace/.derivedData/SDKExplicitPrecompiledModules/Accessibility-F385OMZ5GYBUY5O4QAJB4NRII.pcm
SwiftExplicitDependencyGeneratePcm arm64_32 /Users/admin/builder/spi-builder-workspace/.derivedData/SDKExplicitPrecompiledModules/UIUtilities-9YFVNIMRC5HRVOIARNWHP1E3H.pcm
SwiftExplicitDependencyGeneratePcm arm64 /Users/admin/builder/spi-builder-workspace/.derivedData/SDKExplicitPrecompiledModules/UniformTypeIdentifiers-8L08Q8DQJV8C4AW84YVGFGTRN.pcm
SwiftExplicitDependencyGeneratePcm arm64 /Users/admin/builder/spi-builder-workspace/.derivedData/SDKExplicitPrecompiledModules/Symbols-3EFABTJ9L5PQDJ7RQCYQWEJMM.pcm
SwiftExplicitDependencyGeneratePcm arm64_32 /Users/admin/builder/spi-builder-workspace/.derivedData/SDKExplicitPrecompiledModules/QuartzCore-6375NPYACK5NYVHPMC1QQ8MC2.pcm
SwiftExplicitDependencyGeneratePcm arm64 /Users/admin/builder/spi-builder-workspace/.derivedData/SDKExplicitPrecompiledModules/CoreMotion-6RD5K48QT1F4L9CATNFD2O7YB.pcm
SwiftExplicitDependencyGeneratePcm arm64_32 /Users/admin/builder/spi-builder-workspace/.derivedData/SDKExplicitPrecompiledModules/CoreLocation-8XU5YMYM4P11RQMYCQAG65ITK.pcm
SwiftExplicitDependencyGeneratePcm arm64_32 /Users/admin/builder/spi-builder-workspace/.derivedData/SDKExplicitPrecompiledModules/SwiftUICore-3Q7WLRD8MR9R3NGIPUBQCP6F6.pcm
SwiftExplicitDependencyGeneratePcm arm64 /Users/admin/builder/spi-builder-workspace/.derivedData/SDKExplicitPrecompiledModules/UIKit-27R3P1YMV4C6JLDT661G3MRIA.pcm
SwiftExplicitDependencyGeneratePcm arm64_32 /Users/admin/builder/spi-builder-workspace/.derivedData/SDKExplicitPrecompiledModules/CoreMotion-1XGTVTE5PP32UHME8AC63TL6.pcm
SwiftExplicitDependencyGeneratePcm arm64_32 /Users/admin/builder/spi-builder-workspace/.derivedData/SDKExplicitPrecompiledModules/UIKit-6PPV7YPZ89CZPHYAP072QH8B6.pcm
SwiftExplicitDependencyGeneratePcm arm64 /Users/admin/builder/spi-builder-workspace/.derivedData/SDKExplicitPrecompiledModules/MapKit-EJJWC7IL56MPLQMI93GJRE5OG.pcm
SwiftExplicitDependencyGeneratePcm arm64 /Users/admin/builder/spi-builder-workspace/.derivedData/SDKExplicitPrecompiledModules/HomeKit-DTS1N4AWILAL1URZ5IOXV5221.pcm
SwiftExplicitDependencyGeneratePcm arm64_32 /Users/admin/builder/spi-builder-workspace/.derivedData/SDKExplicitPrecompiledModules/HomeKit-DUDZOMSN3UK8GNTNBNMPIWJRN.pcm
SwiftExplicitDependencyGeneratePcm arm64_32 /Users/admin/builder/spi-builder-workspace/.derivedData/SDKExplicitPrecompiledModules/MapKit-CWGB4YMP1VX1NYQN5FULFD5DR.pcm
SwiftExplicitDependencyGeneratePcm arm64 /Users/admin/builder/spi-builder-workspace/.derivedData/SDKExplicitPrecompiledModules/WatchKit-3VT3K8YON6FJ6OWSUFJMFMP8J.pcm
SwiftExplicitDependencyGeneratePcm arm64_32 /Users/admin/builder/spi-builder-workspace/.derivedData/SDKExplicitPrecompiledModules/WatchKit-FHF6WTKLC2APGK3LA2XJ6516.pcm
SwiftExplicitDependencyGeneratePcm arm64 /Users/admin/builder/spi-builder-workspace/.derivedData/SDKExplicitPrecompiledModules/SwiftUI-APXDH8ULYLM6FD17YRA73TULO.pcm
SwiftEmitModule normal arm64 Emitting\ module\ for\ OnscreenController (in target 'OnscreenController' from project 'OnscreenController')
/Users/admin/builder/spi-builder-workspace/Sources/OnscreenController/MultiTouchGestureRecognizer.swift:15:30: error: 'UITouch' is unavailable in watchOS
13 | class MultiTouchGestureRecognizer: UIGestureRecognizer {
14 |
15 |     private var touches: Set<UITouch> = []
   |                              `- error: 'UITouch' is unavailable in watchOS
16 |
17 |     override func touchesBegan(_ touches: Set<UITouch>, with event: UIEvent) {
/Applications/Xcode-27.0.0-Release.Candidate.app/Contents/Developer/Platforms/WatchOS.platform/Developer/SDKs/WatchOS27.0.sdk/System/Library/Frameworks/UIKit.framework/Headers/UITouch.h:51:12: note: 'UITouch' has been explicitly marked unavailable here
 49 |
 50 | UIKIT_EXTERN API_AVAILABLE(ios(2.0)) API_UNAVAILABLE(watchos) NS_SWIFT_UI_ACTOR
 51 | @interface UITouch : NSObject
    |            `- note: 'UITouch' has been explicitly marked unavailable here
 52 |
 53 | @property(nonatomic,readonly) NSTimeInterval      timestamp;
/Users/admin/builder/spi-builder-workspace/Sources/OnscreenController/MultiTouchGestureRecognizer.swift:17:47: error: 'UITouch' is unavailable in watchOS
15 |     private var touches: Set<UITouch> = []
16 |
17 |     override func touchesBegan(_ touches: Set<UITouch>, with event: UIEvent) {
   |                                               `- error: 'UITouch' is unavailable in watchOS
18 |         self.touches.formUnion(touches)
19 |         updateState()
/Applications/Xcode-27.0.0-Release.Candidate.app/Contents/Developer/Platforms/WatchOS.platform/Developer/SDKs/WatchOS27.0.sdk/System/Library/Frameworks/UIKit.framework/Headers/UITouch.h:51:12: note: 'UITouch' has been explicitly marked unavailable here
 49 |
 50 | UIKIT_EXTERN API_AVAILABLE(ios(2.0)) API_UNAVAILABLE(watchos) NS_SWIFT_UI_ACTOR
 51 | @interface UITouch : NSObject
    |            `- note: 'UITouch' has been explicitly marked unavailable here
 52 |
 53 | @property(nonatomic,readonly) NSTimeInterval      timestamp;
/Users/admin/builder/spi-builder-workspace/Sources/OnscreenController/MultiTouchGestureRecognizer.swift:17:69: error: 'UIEvent' is unavailable in watchOS
15 |     private var touches: Set<UITouch> = []
16 |
17 |     override func touchesBegan(_ touches: Set<UITouch>, with event: UIEvent) {
   |                                                                     `- error: 'UIEvent' is unavailable in watchOS
18 |         self.touches.formUnion(touches)
19 |         updateState()
/Applications/Xcode-27.0.0-Release.Candidate.app/Contents/Developer/Platforms/WatchOS.platform/Developer/SDKs/WatchOS27.0.sdk/System/Library/Frameworks/UIKit.framework/Headers/UIEvent.h:62:12: note: 'UIEvent' has been explicitly marked unavailable here
60 |
61 | UIKIT_EXTERN API_AVAILABLE(ios(2.0)) API_UNAVAILABLE(watchos) NS_SWIFT_UI_ACTOR
62 | @interface UIEvent : NSObject
   |            `- note: 'UIEvent' has been explicitly marked unavailable here
63 |
64 | @property(nonatomic,readonly) UIEventType     type API_AVAILABLE(ios(3.0));
/Users/admin/builder/spi-builder-workspace/Sources/OnscreenController/MultiTouchGestureRecognizer.swift:22:47: error: 'UITouch' is unavailable in watchOS
20 |     }
21 |
22 |     override func touchesMoved(_ touches: Set<UITouch>, with event: UIEvent) {
   |                                               `- error: 'UITouch' is unavailable in watchOS
23 |         updateState()
24 |     }
/Applications/Xcode-27.0.0-Release.Candidate.app/Contents/Developer/Platforms/WatchOS.platform/Developer/SDKs/WatchOS27.0.sdk/System/Library/Frameworks/UIKit.framework/Headers/UITouch.h:51:12: note: 'UITouch' has been explicitly marked unavailable here
 49 |
 50 | UIKIT_EXTERN API_AVAILABLE(ios(2.0)) API_UNAVAILABLE(watchos) NS_SWIFT_UI_ACTOR
 51 | @interface UITouch : NSObject
    |            `- note: 'UITouch' has been explicitly marked unavailable here
 52 |
 53 | @property(nonatomic,readonly) NSTimeInterval      timestamp;
/Users/admin/builder/spi-builder-workspace/Sources/OnscreenController/MultiTouchGestureRecognizer.swift:22:69: error: 'UIEvent' is unavailable in watchOS
20 |     }
21 |
22 |     override func touchesMoved(_ touches: Set<UITouch>, with event: UIEvent) {
   |                                                                     `- error: 'UIEvent' is unavailable in watchOS
23 |         updateState()
24 |     }
/Applications/Xcode-27.0.0-Release.Candidate.app/Contents/Developer/Platforms/WatchOS.platform/Developer/SDKs/WatchOS27.0.sdk/System/Library/Frameworks/UIKit.framework/Headers/UIEvent.h:62:12: note: 'UIEvent' has been explicitly marked unavailable here
60 |
61 | UIKIT_EXTERN API_AVAILABLE(ios(2.0)) API_UNAVAILABLE(watchos) NS_SWIFT_UI_ACTOR
62 | @interface UIEvent : NSObject
   |            `- note: 'UIEvent' has been explicitly marked unavailable here
63 |
64 | @property(nonatomic,readonly) UIEventType     type API_AVAILABLE(ios(3.0));
/Users/admin/builder/spi-builder-workspace/Sources/OnscreenController/MultiTouchGestureRecognizer.swift:26:47: error: 'UITouch' is unavailable in watchOS
24 |     }
25 |
26 |     override func touchesEnded(_ touches: Set<UITouch>, with event: UIEvent) {
   |                                               `- error: 'UITouch' is unavailable in watchOS
27 |         self.touches.subtract(touches)
28 |         updateState()
/Applications/Xcode-27.0.0-Release.Candidate.app/Contents/Developer/Platforms/WatchOS.platform/Developer/SDKs/WatchOS27.0.sdk/System/Library/Frameworks/UIKit.framework/Headers/UITouch.h:51:12: note: 'UITouch' has been explicitly marked unavailable here
 49 |
 50 | UIKIT_EXTERN API_AVAILABLE(ios(2.0)) API_UNAVAILABLE(watchos) NS_SWIFT_UI_ACTOR
 51 | @interface UITouch : NSObject
    |            `- note: 'UITouch' has been explicitly marked unavailable here
 52 |
 53 | @property(nonatomic,readonly) NSTimeInterval      timestamp;
/Users/admin/builder/spi-builder-workspace/Sources/OnscreenController/MultiTouchGestureRecognizer.swift:26:69: error: 'UIEvent' is unavailable in watchOS
24 |     }
25 |
26 |     override func touchesEnded(_ touches: Set<UITouch>, with event: UIEvent) {
   |                                                                     `- error: 'UIEvent' is unavailable in watchOS
27 |         self.touches.subtract(touches)
28 |         updateState()
/Applications/Xcode-27.0.0-Release.Candidate.app/Contents/Developer/Platforms/WatchOS.platform/Developer/SDKs/WatchOS27.0.sdk/System/Library/Frameworks/UIKit.framework/Headers/UIEvent.h:62:12: note: 'UIEvent' has been explicitly marked unavailable here
60 |
61 | UIKIT_EXTERN API_AVAILABLE(ios(2.0)) API_UNAVAILABLE(watchos) NS_SWIFT_UI_ACTOR
62 | @interface UIEvent : NSObject
   |            `- note: 'UIEvent' has been explicitly marked unavailable here
63 |
64 | @property(nonatomic,readonly) UIEventType     type API_AVAILABLE(ios(3.0));
/Users/admin/builder/spi-builder-workspace/Sources/OnscreenController/MultiTouchGestureRecognizer.swift:13:36: error: 'UIGestureRecognizer' is unavailable in watchOS
11 | import UIKit
12 |
13 | class MultiTouchGestureRecognizer: UIGestureRecognizer {
   |                                    `- error: 'UIGestureRecognizer' is unavailable in watchOS
14 |
15 |     private var touches: Set<UITouch> = []
/Applications/Xcode-27.0.0-Release.Candidate.app/Contents/Developer/Platforms/WatchOS.platform/Developer/SDKs/WatchOS27.0.sdk/System/Library/Frameworks/UIKit.framework/Headers/UIGestureRecognizer.h:35:12: note: 'UIGestureRecognizer' has been explicitly marked unavailable here
 33 |
 34 | UIKIT_EXTERN API_AVAILABLE(ios(3.2)) API_UNAVAILABLE(watchos) NS_SWIFT_UI_ACTOR
 35 | @interface UIGestureRecognizer : NSObject
    |            `- note: 'UIGestureRecognizer' has been explicitly marked unavailable here
 36 |
 37 | // Valid action method signatures:
/Users/admin/builder/spi-builder-workspace/Sources/OnscreenController/TouchTrackingView.swift:39:98: error: 'UIViewType' is not a member type of struct 'OnscreenController.TouchTrackingView'
11 | import SwiftUI
12 |
13 | struct TouchTrackingView: UIViewRepresentable {
   |        `- note: 'TouchTrackingView' declared here
14 |
15 |     class Coordinator: NSObject {
   :
37 |     var tappedHandler: ([CGPoint]) -> Void
38 |
39 |     func makeUIView(context: UIViewRepresentableContext<TouchTrackingView>) -> TouchTrackingView.UIViewType {
   |                                                                                                  `- error: 'UIViewType' is not a member type of struct 'OnscreenController.TouchTrackingView'
40 |         let gesture = MultiTouchGestureRecognizer(target: context.coordinator, action: #selector(Coordinator.tapped))
41 |         let view = UIView(frame: .zero)
/Users/admin/builder/spi-builder-workspace/Sources/OnscreenController/TouchTrackingView.swift:39:30: error: cannot find type 'UIViewRepresentableContext' in scope
37 |     var tappedHandler: ([CGPoint]) -> Void
38 |
39 |     func makeUIView(context: UIViewRepresentableContext<TouchTrackingView>) -> TouchTrackingView.UIViewType {
   |                              `- error: cannot find type 'UIViewRepresentableContext' in scope
40 |         let gesture = MultiTouchGestureRecognizer(target: context.coordinator, action: #selector(Coordinator.tapped))
41 |         let view = UIView(frame: .zero)
/Users/admin/builder/spi-builder-workspace/Sources/OnscreenController/TouchTrackingView.swift:50:50: error: cannot find type 'UIViewRepresentableContext' in scope
48 |     }
49 |
50 |     func updateUIView(_ uiView: UIView, context: UIViewRepresentableContext<TouchTrackingView>) {
   |                                                  `- error: cannot find type 'UIViewRepresentableContext' in scope
51 |
52 |     }
SwiftCompile normal arm64 (in target 'OnscreenController' from project 'OnscreenController')
    cd /Users/admin/builder/spi-builder-workspace/.swiftpm/xcode

/Users/admin/builder/spi-builder-workspace/Sources/OnscreenController/TouchTrackingView.swift:50:33: error: 'UIView' is unavailable in watchOS
48 |     }
49 |
50 |     func updateUIView(_ uiView: UIView, context: UIViewRepresentableContext<TouchTrackingView>) {
   |                                 `- error: 'UIView' is unavailable in watchOS
51 |
52 |     }
/Applications/Xcode-27.0.0-Release.Candidate.app/Contents/Developer/Platforms/WatchOS.platform/Developer/SDKs/WatchOS27.0.sdk/System/Library/Frameworks/UIKit.framework/Headers/UIView.h:152:12: note: 'UIView' has been explicitly marked unavailable here
150 |
151 | UIKIT_EXTERN API_AVAILABLE(ios(2.0)) API_UNAVAILABLE(watchos) NS_SWIFT_UI_ACTOR
152 | @interface UIView : UIResponder <NSCoding, UIAppearance, UIAppearanceContainer, UIDynamicItem, UITraitEnvironment, UICoordinateSpace, UIFocusItem, UIFocusItemContainer, CALayerDelegate>
    |            `- note: 'UIView' has been explicitly marked unavailable here
153 |
154 | @property(class, nonatomic, readonly) Class layerClass;                        // default is [CALayer class]. Used when creating the underlying layer for the view.
/Users/admin/builder/spi-builder-workspace/Sources/OnscreenController/TouchTrackingView.swift:13:27: error: cannot find type 'UIViewRepresentable' in scope
11 | import SwiftUI
12 |
13 | struct TouchTrackingView: UIViewRepresentable {
   |                           `- error: cannot find type 'UIViewRepresentable' in scope
14 |
15 |     class Coordinator: NSObject {
Failed frontend command:
/Applications/Xcode-27.0.0-Release.Candidate.app/Contents/Developer/Toolchains/XcodeDefault.xctoolchain/usr/bin/swift-frontend -frontend -emit-module -experimental-skip-non-inlinable-function-bodies-without-types /Users/admin/builder/spi-builder-workspace/Sources/OnscreenController/MultiTouchGestureRecognizer.swift /Users/admin/builder/spi-builder-workspace/Sources/OnscreenController/OnscreenController+DpadShape.swift /Users/admin/builder/spi-builder-workspace/Sources/OnscreenController/OnscreenController.swift /Users/admin/builder/spi-builder-workspace/Sources/OnscreenController/TouchTrackingView.swift -target arm64-apple-watchos9.0 -module-can-import-version UIKit 9127.0.84.1 9127.0.84 -disable-cross-import-overlay-search -load-resolved-plugin /Applications/Xcode-27.0.0-Release.Candidate.app/Contents/Developer/Platforms/WatchOS.platform/Developer/usr/lib/swift/host/plugins/libFoundationMacros.dylib\#/Applications/Xcode-27.0.0-Release.Candidate.app/Contents/Developer/Platforms/WatchOS.platform/Developer/usr/bin/swift-plugin-server\#FoundationMacros -load-resolved-plugin /Applications/Xcode-27.0.0-Release.Candidate.app/Contents/Developer/Platforms/WatchOS.platform/Developer/usr/lib/swift/host/plugins/libObservationMacros.dylib\#/Applications/Xcode-27.0.0-Release.Candidate.app/Contents/Developer/Platforms/WatchOS.platform/Developer/usr/bin/swift-plugin-server\#ObservationMacros -load-resolved-plugin /Applications/Xcode-27.0.0-Release.Candidate.app/Contents/Developer/Platforms/WatchOS.platform/Developer/usr/lib/swift/host/plugins/libPreviewsMacros.dylib\#/Applications/Xcode-27.0.0-Release.Candidate.app/Contents/Developer/Platforms/WatchOS.platform/Developer/usr/bin/swift-plugin-server\#PreviewsMacros -load-resolved-plugin /Applications/Xcode-27.0.0-Release.Candidate.app/Contents/Developer/Platforms/WatchOS.platform/Developer/usr/lib/swift/host/plugins/libSwiftMacros.dylib\#/Applications/Xcode-27.0.0-Release.Candidate.app/Contents/Developer/Platforms/WatchOS.platform/Developer/usr/bin/swift-plugin-server\#SwiftMacros -load-resolved-plugin /Applications/Xcode-27.0.0-Release.Candidate.app/Contents/Developer/Platforms/WatchOS.platform/Developer/usr/lib/swift/host/plugins/libSwiftUIMacros.dylib\#/Applications/Xcode-27.0.0-Release.Candidate.app/Contents/Developer/Platforms/WatchOS.platform/Developer/usr/bin/swift-plugin-server\#SwiftUIMacros -disable-implicit-swift-modules -Xcc -fno-implicit-modules -Xcc -fno-implicit-module-maps -explicit-swift-module-map-file /Users/admin/builder/spi-builder-workspace/.derivedData/Build/Intermediates.noindex/OnscreenController.build/Debug-watchos/OnscreenController-t.build/Objects-normal/arm64/OnscreenController-dependencies-1.json -Xllvm -aarch64-use-tbi -enable-objc-interop -stack-check -sdk /Applications/Xcode-27.0.0-Release.Candidate.app/Contents/Developer/Platforms/WatchOS.platform/Developer/SDKs/WatchOS27.0.sdk -I /Users/admin/builder/spi-builder-workspace/.derivedData/Build/Products/Debug-watchos -Isystem /Applications/Xcode-27.0.0-Release.Candidate.app/Contents/Developer/Platforms/WatchOS.platform/Developer/usr/lib -F /Users/admin/builder/spi-builder-workspace/.derivedData/Build/Products/Debug-watchos/PackageFrameworks -F /Users/admin/builder/spi-builder-workspace/.derivedData/Build/Products/Debug-watchos -F /Applications/Xcode-27.0.0-Release.Candidate.app/Contents/Developer/Platforms/WatchOS.platform/Developer/Library/Frameworks -F /Applications/Xcode-27.0.0-Release.Candidate.app/Contents/Developer/Platforms/WatchOS.platform/Developer/SDKs/WatchOS27.0.sdk/Developer/Library/Frameworks -module-cache-path /Users/admin/builder/spi-builder-workspace/.derivedData/Build/Intermediates.noindex/SwiftExplicitPrecompiledModules -no-color-diagnostics -Xcc -fno-color-diagnostics -enable-testing -g -debug-info-format\=dwarf -dwarf-version\=4 -profile-generate -profile-coverage-mapping -swift-version 5 -Onone -D SWIFT_PACKAGE -D DEBUG -D SWIFT_MODULE_RESOURCE_BUNDLE_UNAVAILABLE -D Xcode -serialize-debugging-options -enable-experimental-feature DebugDescriptionMacro -empty-abi-descriptor -validate-clang-modules-once -clang-build-session-file /Users/admin/builder/spi-builder-workspace/.derivedData/ModuleCache.noindex/Session.modulevalidation -Xcc -working-directory -Xcc /Users/admin/builder/spi-builder-workspace/.swiftpm/xcode -enable-anonymous-context-mangled-names -file-compilation-dir /Users/admin/builder/spi-builder-workspace/.swiftpm/xcode -Xcc -fmodule-map-file\=/Users/admin/builder/spi-builder-workspace/.dependencies/checkouts/swift-numerics/Sources/_NumericsShims/include/module.modulemap -Xcc -D_LIBCPP_HARDENING_MODE\=_LIBCPP_HARDENING_MODE_DEBUG -Xcc -ivfsstatcache -Xcc /Users/admin/builder/spi-builder-workspace/.derivedData/SDKStatCaches.noindex/watchos27.0-24R360-e829b21a6f8c9b70876ba0858053c04477534ef55a1706bf4c1112bbb242f0a2.sdkstatcache -Xcc -fmodules-prune-interval\=86400 -Xcc -fmodules-prune-after\=345600 -Xcc -I/Users/admin/builder/spi-builder-workspace/.dependencies/checkouts/swift-numerics/Sources/_NumericsShims/include -Xcc -I/Users/admin/builder/spi-builder-workspace/.derivedData/Build/Products/Debug-watchos/include -Xcc -I/Users/admin/builder/spi-builder-workspace/.derivedData/Build/Intermediates.noindex/OnscreenController.build/Debug-watchos/OnscreenController-t.build/DerivedSources-normal/arm64 -Xcc -I/Users/admin/builder/spi-builder-workspace/.derivedData/Build/Intermediates.noindex/OnscreenController.build/Debug-watchos/OnscreenController-t.build/DerivedSources/arm64 -Xcc -I/Users/admin/builder/spi-builder-workspace/.derivedData/Build/Intermediates.noindex/OnscreenController.build/Debug-watchos/OnscreenController-t.build/DerivedSources -Xcc -DSWIFT_PACKAGE -Xcc -DDEBUG\=1 -no-auto-bridging-header-chaining -module-name OnscreenController -const-gather-protocols-file /Users/admin/builder/spi-builder-workspace/.derivedData/Build/Intermediates.noindex/OnscreenController.build/Debug-watchos/OnscreenController-t.build/Objects-normal/arm64/OnscreenController_const_extract_protocols.json -disable-clang-spi -clang-target arm64-apple-watchos27.0 -target-sdk-version 27.0 -target-sdk-name watchos27.0 -in-process-plugin-server-path /Applications/Xcode-27.0.0-Release.Candidate.app/Contents/Developer/Toolchains/XcodeDefault.xctoolchain/usr/lib/swift/host/libSwiftInProcPluginServer.dylib -emit-module-doc-path /Users/admin/builder/spi-builder-workspace/.derivedData/Build/Intermediates.noindex/OnscreenController.build/Debug-watchos/OnscreenController-t.build/Objects-normal/arm64/OnscreenController.swiftdoc -emit-module-source-info-path /Users/admin/builder/spi-builder-workspace/.derivedData/Build/Intermediates.noindex/OnscreenController.build/Debug-watchos/OnscreenController-t.build/Objects-normal/arm64/OnscreenController.swiftsourceinfo -emit-objc-header-path /Users/admin/builder/spi-builder-workspace/.derivedData/Build/Intermediates.noindex/OnscreenController.build/Debug-watchos/OnscreenController-t.build/Objects-normal/arm64/OnscreenController-Swift.h -serialize-diagnostics-path /Users/admin/builder/spi-builder-workspace/.derivedData/Build/Intermediates.noindex/OnscreenController.build/Debug-watchos/OnscreenController-t.build/Objects-normal/arm64/OnscreenController-primary-emit-module.dia -emit-dependencies-path /Users/admin/builder/spi-builder-workspace/.derivedData/Build/Intermediates.noindex/OnscreenController.build/Debug-watchos/OnscreenController-t.build/Objects-normal/arm64/OnscreenController-primary-emit-module.d -parse-as-library -o /Users/admin/builder/spi-builder-workspace/.derivedData/Build/Intermediates.noindex/OnscreenController.build/Debug-watchos/OnscreenController-t.build/Objects-normal/arm64/OnscreenController.swiftmodule -emit-abi-descriptor-path /Users/admin/builder/spi-builder-workspace/.derivedData/Build/Intermediates.noindex/OnscreenController.build/Debug-watchos/OnscreenController-t.build/Objects-normal/arm64/OnscreenController.abi.json
SwiftCompile normal arm64 Compiling\ OnscreenController+DpadShape.swift /Users/admin/builder/spi-builder-workspace/Sources/OnscreenController/OnscreenController+DpadShape.swift (in target 'OnscreenController' from project 'OnscreenController')
SwiftCompile normal arm64 /Users/admin/builder/spi-builder-workspace/Sources/OnscreenController/OnscreenController+DpadShape.swift (in target 'OnscreenController' from project 'OnscreenController')
    cd /Users/admin/builder/spi-builder-workspace/.swiftpm/xcode
    builtin-SwiftPerFileCompile OnscreenController+DpadShape.swift
SwiftCompile normal arm64 Compiling\ TouchTrackingView.swift /Users/admin/builder/spi-builder-workspace/Sources/OnscreenController/TouchTrackingView.swift (in target 'OnscreenController' from project 'OnscreenController')
SwiftCompile normal arm64 /Users/admin/builder/spi-builder-workspace/Sources/OnscreenController/TouchTrackingView.swift (in target 'OnscreenController' from project 'OnscreenController')
    cd /Users/admin/builder/spi-builder-workspace/.swiftpm/xcode
    builtin-SwiftPerFileCompile TouchTrackingView.swift
/Users/admin/builder/spi-builder-workspace/Sources/OnscreenController/TouchTrackingView.swift:39:98: error: 'UIViewType' is not a member type of struct 'OnscreenController.TouchTrackingView'
11 | import SwiftUI
12 |
13 | struct TouchTrackingView: UIViewRepresentable {
   |        `- note: 'TouchTrackingView' declared here
14 |
15 |     class Coordinator: NSObject {
   :
37 |     var tappedHandler: ([CGPoint]) -> Void
38 |
39 |     func makeUIView(context: UIViewRepresentableContext<TouchTrackingView>) -> TouchTrackingView.UIViewType {
   |                                                                                                  `- error: 'UIViewType' is not a member type of struct 'OnscreenController.TouchTrackingView'
40 |         let gesture = MultiTouchGestureRecognizer(target: context.coordinator, action: #selector(Coordinator.tapped))
41 |         let view = UIView(frame: .zero)
/Users/admin/builder/spi-builder-workspace/Sources/OnscreenController/TouchTrackingView.swift:39:30: error: cannot find type 'UIViewRepresentableContext' in scope
37 |     var tappedHandler: ([CGPoint]) -> Void
38 |
39 |     func makeUIView(context: UIViewRepresentableContext<TouchTrackingView>) -> TouchTrackingView.UIViewType {
   |                              `- error: cannot find type 'UIViewRepresentableContext' in scope
40 |         let gesture = MultiTouchGestureRecognizer(target: context.coordinator, action: #selector(Coordinator.tapped))
41 |         let view = UIView(frame: .zero)
/Users/admin/builder/spi-builder-workspace/Sources/OnscreenController/TouchTrackingView.swift:50:50: error: cannot find type 'UIViewRepresentableContext' in scope
48 |     }
49 |
50 |     func updateUIView(_ uiView: UIView, context: UIViewRepresentableContext<TouchTrackingView>) {
   |                                                  `- error: cannot find type 'UIViewRepresentableContext' in scope
51 |
52 |     }
/Users/admin/builder/spi-builder-workspace/Sources/OnscreenController/TouchTrackingView.swift:50:33: error: 'UIView' is unavailable in watchOS
48 |     }
49 |
50 |     func updateUIView(_ uiView: UIView, context: UIViewRepresentableContext<TouchTrackingView>) {
   |                                 `- error: 'UIView' is unavailable in watchOS
51 |
52 |     }
/Applications/Xcode-27.0.0-Release.Candidate.app/Contents/Developer/Platforms/WatchOS.platform/Developer/SDKs/WatchOS27.0.sdk/System/Library/Frameworks/UIKit.framework/Headers/UIView.h:152:12: note: 'UIView' has been explicitly marked unavailable here
150 |
151 | UIKIT_EXTERN API_AVAILABLE(ios(2.0)) API_UNAVAILABLE(watchos) NS_SWIFT_UI_ACTOR
152 | @interface UIView : UIResponder <NSCoding, UIAppearance, UIAppearanceContainer, UIDynamicItem, UITraitEnvironment, UICoordinateSpace, UIFocusItem, UIFocusItemContainer, CALayerDelegate>
    |            `- note: 'UIView' has been explicitly marked unavailable here
153 |
154 | @property(class, nonatomic, readonly) Class layerClass;                        // default is [CALayer class]. Used when creating the underlying layer for the view.
/Users/admin/builder/spi-builder-workspace/Sources/OnscreenController/TouchTrackingView.swift:13:27: error: cannot find type 'UIViewRepresentable' in scope
11 | import SwiftUI
12 |
13 | struct TouchTrackingView: UIViewRepresentable {
   |                           `- error: cannot find type 'UIViewRepresentable' in scope
14 |
15 |     class Coordinator: NSObject {
SwiftCompile normal arm64 Compiling\ OnscreenController.swift /Users/admin/builder/spi-builder-workspace/Sources/OnscreenController/OnscreenController.swift (in target 'OnscreenController' from project 'OnscreenController')
SwiftCompile normal arm64 /Users/admin/builder/spi-builder-workspace/Sources/OnscreenController/OnscreenController.swift (in target 'OnscreenController' from project 'OnscreenController')
    cd /Users/admin/builder/spi-builder-workspace/.swiftpm/xcode
    builtin-SwiftPerFileCompile OnscreenController.swift
SwiftCompile normal arm64 Compiling\ MultiTouchGestureRecognizer.swift /Users/admin/builder/spi-builder-workspace/Sources/OnscreenController/MultiTouchGestureRecognizer.swift (in target 'OnscreenController' from project 'OnscreenController')
/Users/admin/builder/spi-builder-workspace/Sources/OnscreenController/MultiTouchGestureRecognizer.swift:15:30: error: 'UITouch' is unavailable in watchOS
13 | class MultiTouchGestureRecognizer: UIGestureRecognizer {
14 |
15 |     private var touches: Set<UITouch> = []
   |                              `- error: 'UITouch' is unavailable in watchOS
16 |
17 |     override func touchesBegan(_ touches: Set<UITouch>, with event: UIEvent) {
/Applications/Xcode-27.0.0-Release.Candidate.app/Contents/Developer/Platforms/WatchOS.platform/Developer/SDKs/WatchOS27.0.sdk/System/Library/Frameworks/UIKit.framework/Headers/UITouch.h:51:12: note: 'UITouch' has been explicitly marked unavailable here
 49 |
 50 | UIKIT_EXTERN API_AVAILABLE(ios(2.0)) API_UNAVAILABLE(watchos) NS_SWIFT_UI_ACTOR
 51 | @interface UITouch : NSObject
    |            `- note: 'UITouch' has been explicitly marked unavailable here
 52 |
 53 | @property(nonatomic,readonly) NSTimeInterval      timestamp;
/Users/admin/builder/spi-builder-workspace/Sources/OnscreenController/MultiTouchGestureRecognizer.swift:17:47: error: 'UITouch' is unavailable in watchOS
15 |     private var touches: Set<UITouch> = []
16 |
17 |     override func touchesBegan(_ touches: Set<UITouch>, with event: UIEvent) {
   |                                               `- error: 'UITouch' is unavailable in watchOS
18 |         self.touches.formUnion(touches)
19 |         updateState()
/Applications/Xcode-27.0.0-Release.Candidate.app/Contents/Developer/Platforms/WatchOS.platform/Developer/SDKs/WatchOS27.0.sdk/System/Library/Frameworks/UIKit.framework/Headers/UITouch.h:51:12: note: 'UITouch' has been explicitly marked unavailable here
 49 |
 50 | UIKIT_EXTERN API_AVAILABLE(ios(2.0)) API_UNAVAILABLE(watchos) NS_SWIFT_UI_ACTOR
 51 | @interface UITouch : NSObject
    |            `- note: 'UITouch' has been explicitly marked unavailable here
 52 |
 53 | @property(nonatomic,readonly) NSTimeInterval      timestamp;
/Users/admin/builder/spi-builder-workspace/Sources/OnscreenController/MultiTouchGestureRecognizer.swift:17:69: error: 'UIEvent' is unavailable in watchOS
15 |     private var touches: Set<UITouch> = []
16 |
17 |     override func touchesBegan(_ touches: Set<UITouch>, with event: UIEvent) {
   |                                                                     `- error: 'UIEvent' is unavailable in watchOS
18 |         self.touches.formUnion(touches)
19 |         updateState()
/Applications/Xcode-27.0.0-Release.Candidate.app/Contents/Developer/Platforms/WatchOS.platform/Developer/SDKs/WatchOS27.0.sdk/System/Library/Frameworks/UIKit.framework/Headers/UIEvent.h:62:12: note: 'UIEvent' has been explicitly marked unavailable here
60 |
61 | UIKIT_EXTERN API_AVAILABLE(ios(2.0)) API_UNAVAILABLE(watchos) NS_SWIFT_UI_ACTOR
62 | @interface UIEvent : NSObject
   |            `- note: 'UIEvent' has been explicitly marked unavailable here
63 |
64 | @property(nonatomic,readonly) UIEventType     type API_AVAILABLE(ios(3.0));
/Users/admin/builder/spi-builder-workspace/Sources/OnscreenController/MultiTouchGestureRecognizer.swift:22:47: error: 'UITouch' is unavailable in watchOS
20 |     }
21 |
22 |     override func touchesMoved(_ touches: Set<UITouch>, with event: UIEvent) {
   |                                               `- error: 'UITouch' is unavailable in watchOS
23 |         updateState()
24 |     }
/Applications/Xcode-27.0.0-Release.Candidate.app/Contents/Developer/Platforms/WatchOS.platform/Developer/SDKs/WatchOS27.0.sdk/System/Library/Frameworks/UIKit.framework/Headers/UITouch.h:51:12: note: 'UITouch' has been explicitly marked unavailable here
 49 |
 50 | UIKIT_EXTERN API_AVAILABLE(ios(2.0)) API_UNAVAILABLE(watchos) NS_SWIFT_UI_ACTOR
 51 | @interface UITouch : NSObject
    |            `- note: 'UITouch' has been explicitly marked unavailable here
 52 |
 53 | @property(nonatomic,readonly) NSTimeInterval      timestamp;
/Users/admin/builder/spi-builder-workspace/Sources/OnscreenController/MultiTouchGestureRecognizer.swift:22:69: error: 'UIEvent' is unavailable in watchOS
20 |     }
21 |
22 |     override func touchesMoved(_ touches: Set<UITouch>, with event: UIEvent) {
   |                                                                     `- error: 'UIEvent' is unavailable in watchOS
23 |         updateState()
24 |     }
/Applications/Xcode-27.0.0-Release.Candidate.app/Contents/Developer/Platforms/WatchOS.platform/Developer/SDKs/WatchOS27.0.sdk/System/Library/Frameworks/UIKit.framework/Headers/UIEvent.h:62:12: note: 'UIEvent' has been explicitly marked unavailable here
60 |
61 | UIKIT_EXTERN API_AVAILABLE(ios(2.0)) API_UNAVAILABLE(watchos) NS_SWIFT_UI_ACTOR
62 | @interface UIEvent : NSObject
   |            `- note: 'UIEvent' has been explicitly marked unavailable here
63 |
64 | @property(nonatomic,readonly) UIEventType     type API_AVAILABLE(ios(3.0));
/Users/admin/builder/spi-builder-workspace/Sources/OnscreenController/MultiTouchGestureRecognizer.swift:26:47: error: 'UITouch' is unavailable in watchOS
24 |     }
25 |
26 |     override func touchesEnded(_ touches: Set<UITouch>, with event: UIEvent) {
   |                                               `- error: 'UITouch' is unavailable in watchOS
27 |         self.touches.subtract(touches)
28 |         updateState()
/Applications/Xcode-27.0.0-Release.Candidate.app/Contents/Developer/Platforms/WatchOS.platform/Developer/SDKs/WatchOS27.0.sdk/System/Library/Frameworks/UIKit.framework/Headers/UITouch.h:51:12: note: 'UITouch' has been explicitly marked unavailable here
 49 |
 50 | UIKIT_EXTERN API_AVAILABLE(ios(2.0)) API_UNAVAILABLE(watchos) NS_SWIFT_UI_ACTOR
 51 | @interface UITouch : NSObject
    |            `- note: 'UITouch' has been explicitly marked unavailable here
 52 |
 53 | @property(nonatomic,readonly) NSTimeInterval      timestamp;
/Users/admin/builder/spi-builder-workspace/Sources/OnscreenController/MultiTouchGestureRecognizer.swift:26:69: error: 'UIEvent' is unavailable in watchOS
24 |     }
25 |
26 |     override func touchesEnded(_ touches: Set<UITouch>, with event: UIEvent) {
   |                                                                     `- error: 'UIEvent' is unavailable in watchOS
27 |         self.touches.subtract(touches)
28 |         updateState()
/Applications/Xcode-27.0.0-Release.Candidate.app/Contents/Developer/Platforms/WatchOS.platform/Developer/SDKs/WatchOS27.0.sdk/System/Library/Frameworks/UIKit.framework/Headers/UIEvent.h:62:12: note: 'UIEvent' has been explicitly marked unavailable here
60 |
61 | UIKIT_EXTERN API_AVAILABLE(ios(2.0)) API_UNAVAILABLE(watchos) NS_SWIFT_UI_ACTOR
62 | @interface UIEvent : NSObject
   |            `- note: 'UIEvent' has been explicitly marked unavailable here
63 |
64 | @property(nonatomic,readonly) UIEventType     type API_AVAILABLE(ios(3.0));
SwiftCompile normal arm64 /Users/admin/builder/spi-builder-workspace/Sources/OnscreenController/MultiTouchGestureRecognizer.swift (in target 'OnscreenController' from project 'OnscreenController')
    cd /Users/admin/builder/spi-builder-workspace/.swiftpm/xcode
    builtin-SwiftPerFileCompile MultiTouchGestureRecognizer.swift
SwiftExplicitDependencyGeneratePcm arm64_32 /Users/admin/builder/spi-builder-workspace/.derivedData/SDKExplicitPrecompiledModules/SwiftUI-9AYG9OCT5VOJK7V4MX1WYR86T.pcm
SwiftEmitModule normal arm64_32 Emitting\ module\ for\ OnscreenController (in target 'OnscreenController' from project 'OnscreenController')
/Users/admin/builder/spi-builder-workspace/Sources/OnscreenController/MultiTouchGestureRecognizer.swift:15:30: error: 'UITouch' is unavailable in watchOS
13 | class MultiTouchGestureRecognizer: UIGestureRecognizer {
14 |
15 |     private var touches: Set<UITouch> = []
   |                              `- error: 'UITouch' is unavailable in watchOS
16 |
17 |     override func touchesBegan(_ touches: Set<UITouch>, with event: UIEvent) {
/Applications/Xcode-27.0.0-Release.Candidate.app/Contents/Developer/Platforms/WatchOS.platform/Developer/SDKs/WatchOS27.0.sdk/System/Library/Frameworks/UIKit.framework/Headers/UITouch.h:51:12: note: 'UITouch' has been explicitly marked unavailable here
 49 |
 50 | UIKIT_EXTERN API_AVAILABLE(ios(2.0)) API_UNAVAILABLE(watchos) NS_SWIFT_UI_ACTOR
 51 | @interface UITouch : NSObject
    |            `- note: 'UITouch' has been explicitly marked unavailable here
 52 |
 53 | @property(nonatomic,readonly) NSTimeInterval      timestamp;
/Users/admin/builder/spi-builder-workspace/Sources/OnscreenController/MultiTouchGestureRecognizer.swift:17:47: error: 'UITouch' is unavailable in watchOS
15 |     private var touches: Set<UITouch> = []
16 |
17 |     override func touchesBegan(_ touches: Set<UITouch>, with event: UIEvent) {
   |                                               `- error: 'UITouch' is unavailable in watchOS
18 |         self.touches.formUnion(touches)
19 |         updateState()
/Applications/Xcode-27.0.0-Release.Candidate.app/Contents/Developer/Platforms/WatchOS.platform/Developer/SDKs/WatchOS27.0.sdk/System/Library/Frameworks/UIKit.framework/Headers/UITouch.h:51:12: note: 'UITouch' has been explicitly marked unavailable here
 49 |
 50 | UIKIT_EXTERN API_AVAILABLE(ios(2.0)) API_UNAVAILABLE(watchos) NS_SWIFT_UI_ACTOR
 51 | @interface UITouch : NSObject
    |            `- note: 'UITouch' has been explicitly marked unavailable here
 52 |
 53 | @property(nonatomic,readonly) NSTimeInterval      timestamp;
/Users/admin/builder/spi-builder-workspace/Sources/OnscreenController/MultiTouchGestureRecognizer.swift:17:69: error: 'UIEvent' is unavailable in watchOS
15 |     private var touches: Set<UITouch> = []
16 |
17 |     override func touchesBegan(_ touches: Set<UITouch>, with event: UIEvent) {
   |                                                                     `- error: 'UIEvent' is unavailable in watchOS
18 |         self.touches.formUnion(touches)
19 |         updateState()
/Applications/Xcode-27.0.0-Release.Candidate.app/Contents/Developer/Platforms/WatchOS.platform/Developer/SDKs/WatchOS27.0.sdk/System/Library/Frameworks/UIKit.framework/Headers/UIEvent.h:62:12: note: 'UIEvent' has been explicitly marked unavailable here
60 |
61 | UIKIT_EXTERN API_AVAILABLE(ios(2.0)) API_UNAVAILABLE(watchos) NS_SWIFT_UI_ACTOR
62 | @interface UIEvent : NSObject
   |            `- note: 'UIEvent' has been explicitly marked unavailable here
63 |
64 | @property(nonatomic,readonly) UIEventType     type API_AVAILABLE(ios(3.0));
/Users/admin/builder/spi-builder-workspace/Sources/OnscreenController/MultiTouchGestureRecognizer.swift:22:47: error: 'UITouch' is unavailable in watchOS
20 |     }
21 |
22 |     override func touchesMoved(_ touches: Set<UITouch>, with event: UIEvent) {
   |                                               `- error: 'UITouch' is unavailable in watchOS
23 |         updateState()
24 |     }
/Applications/Xcode-27.0.0-Release.Candidate.app/Contents/Developer/Platforms/WatchOS.platform/Developer/SDKs/WatchOS27.0.sdk/System/Library/Frameworks/UIKit.framework/Headers/UITouch.h:51:12: note: 'UITouch' has been explicitly marked unavailable here
 49 |
 50 | UIKIT_EXTERN API_AVAILABLE(ios(2.0)) API_UNAVAILABLE(watchos) NS_SWIFT_UI_ACTOR
 51 | @interface UITouch : NSObject
    |            `- note: 'UITouch' has been explicitly marked unavailable here
 52 |
 53 | @property(nonatomic,readonly) NSTimeInterval      timestamp;
/Users/admin/builder/spi-builder-workspace/Sources/OnscreenController/MultiTouchGestureRecognizer.swift:22:69: error: 'UIEvent' is unavailable in watchOS
20 |     }
21 |
22 |     override func touchesMoved(_ touches: Set<UITouch>, with event: UIEvent) {
   |                                                                     `- error: 'UIEvent' is unavailable in watchOS
23 |         updateState()
24 |     }
/Applications/Xcode-27.0.0-Release.Candidate.app/Contents/Developer/Platforms/WatchOS.platform/Developer/SDKs/WatchOS27.0.sdk/System/Library/Frameworks/UIKit.framework/Headers/UIEvent.h:62:12: note: 'UIEvent' has been explicitly marked unavailable here
60 |
61 | UIKIT_EXTERN API_AVAILABLE(ios(2.0)) API_UNAVAILABLE(watchos) NS_SWIFT_UI_ACTOR
62 | @interface UIEvent : NSObject
   |            `- note: 'UIEvent' has been explicitly marked unavailable here
63 |
64 | @property(nonatomic,readonly) UIEventType     type API_AVAILABLE(ios(3.0));
/Users/admin/builder/spi-builder-workspace/Sources/OnscreenController/MultiTouchGestureRecognizer.swift:26:47: error: 'UITouch' is unavailable in watchOS
24 |     }
25 |
26 |     override func touchesEnded(_ touches: Set<UITouch>, with event: UIEvent) {
   |                                               `- error: 'UITouch' is unavailable in watchOS
27 |         self.touches.subtract(touches)
28 |         updateState()
/Applications/Xcode-27.0.0-Release.Candidate.app/Contents/Developer/Platforms/WatchOS.platform/Developer/SDKs/WatchOS27.0.sdk/System/Library/Frameworks/UIKit.framework/Headers/UITouch.h:51:12: note: 'UITouch' has been explicitly marked unavailable here
 49 |
 50 | UIKIT_EXTERN API_AVAILABLE(ios(2.0)) API_UNAVAILABLE(watchos) NS_SWIFT_UI_ACTOR
 51 | @interface UITouch : NSObject
    |            `- note: 'UITouch' has been explicitly marked unavailable here
 52 |
 53 | @property(nonatomic,readonly) NSTimeInterval      timestamp;
/Users/admin/builder/spi-builder-workspace/Sources/OnscreenController/MultiTouchGestureRecognizer.swift:26:69: error: 'UIEvent' is unavailable in watchOS
24 |     }
25 |
26 |     override func touchesEnded(_ touches: Set<UITouch>, with event: UIEvent) {
   |                                                                     `- error: 'UIEvent' is unavailable in watchOS
27 |         self.touches.subtract(touches)
28 |         updateState()
/Applications/Xcode-27.0.0-Release.Candidate.app/Contents/Developer/Platforms/WatchOS.platform/Developer/SDKs/WatchOS27.0.sdk/System/Library/Frameworks/UIKit.framework/Headers/UIEvent.h:62:12: note: 'UIEvent' has been explicitly marked unavailable here
60 |
61 | UIKIT_EXTERN API_AVAILABLE(ios(2.0)) API_UNAVAILABLE(watchos) NS_SWIFT_UI_ACTOR
62 | @interface UIEvent : NSObject
   |            `- note: 'UIEvent' has been explicitly marked unavailable here
63 |
64 | @property(nonatomic,readonly) UIEventType     type API_AVAILABLE(ios(3.0));
SwiftCompile normal arm64_32 (in target 'OnscreenController' from project 'OnscreenController')
    cd /Users/admin/builder/spi-builder-workspace/.swiftpm/xcode

SwiftCompile normal arm64_32 Compiling\ MultiTouchGestureRecognizer.swift /Users/admin/builder/spi-builder-workspace/Sources/OnscreenController/MultiTouchGestureRecognizer.swift (in target 'OnscreenController' from project 'OnscreenController')
/Users/admin/builder/spi-builder-workspace/Sources/OnscreenController/MultiTouchGestureRecognizer.swift:15:30: error: 'UITouch' is unavailable in watchOS
13 | class MultiTouchGestureRecognizer: UIGestureRecognizer {
14 |
15 |     private var touches: Set<UITouch> = []
   |                              `- error: 'UITouch' is unavailable in watchOS
16 |
17 |     override func touchesBegan(_ touches: Set<UITouch>, with event: UIEvent) {
/Applications/Xcode-27.0.0-Release.Candidate.app/Contents/Developer/Platforms/WatchOS.platform/Developer/SDKs/WatchOS27.0.sdk/System/Library/Frameworks/UIKit.framework/Headers/UITouch.h:51:12: note: 'UITouch' has been explicitly marked unavailable here
 49 |
 50 | UIKIT_EXTERN API_AVAILABLE(ios(2.0)) API_UNAVAILABLE(watchos) NS_SWIFT_UI_ACTOR
 51 | @interface UITouch : NSObject
    |            `- note: 'UITouch' has been explicitly marked unavailable here
 52 |
 53 | @property(nonatomic,readonly) NSTimeInterval      timestamp;
/Users/admin/builder/spi-builder-workspace/Sources/OnscreenController/MultiTouchGestureRecognizer.swift:17:47: error: 'UITouch' is unavailable in watchOS
15 |     private var touches: Set<UITouch> = []
16 |
17 |     override func touchesBegan(_ touches: Set<UITouch>, with event: UIEvent) {
   |                                               `- error: 'UITouch' is unavailable in watchOS
18 |         self.touches.formUnion(touches)
19 |         updateState()
/Applications/Xcode-27.0.0-Release.Candidate.app/Contents/Developer/Platforms/WatchOS.platform/Developer/SDKs/WatchOS27.0.sdk/System/Library/Frameworks/UIKit.framework/Headers/UITouch.h:51:12: note: 'UITouch' has been explicitly marked unavailable here
 49 |
 50 | UIKIT_EXTERN API_AVAILABLE(ios(2.0)) API_UNAVAILABLE(watchos) NS_SWIFT_UI_ACTOR
 51 | @interface UITouch : NSObject
    |            `- note: 'UITouch' has been explicitly marked unavailable here
 52 |
 53 | @property(nonatomic,readonly) NSTimeInterval      timestamp;
/Users/admin/builder/spi-builder-workspace/Sources/OnscreenController/MultiTouchGestureRecognizer.swift:17:69: error: 'UIEvent' is unavailable in watchOS
15 |     private var touches: Set<UITouch> = []
16 |
17 |     override func touchesBegan(_ touches: Set<UITouch>, with event: UIEvent) {
   |                                                                     `- error: 'UIEvent' is unavailable in watchOS
18 |         self.touches.formUnion(touches)
19 |         updateState()
/Applications/Xcode-27.0.0-Release.Candidate.app/Contents/Developer/Platforms/WatchOS.platform/Developer/SDKs/WatchOS27.0.sdk/System/Library/Frameworks/UIKit.framework/Headers/UIEvent.h:62:12: note: 'UIEvent' has been explicitly marked unavailable here
60 |
61 | UIKIT_EXTERN API_AVAILABLE(ios(2.0)) API_UNAVAILABLE(watchos) NS_SWIFT_UI_ACTOR
62 | @interface UIEvent : NSObject
   |            `- note: 'UIEvent' has been explicitly marked unavailable here
63 |
64 | @property(nonatomic,readonly) UIEventType     type API_AVAILABLE(ios(3.0));
/Users/admin/builder/spi-builder-workspace/Sources/OnscreenController/MultiTouchGestureRecognizer.swift:22:47: error: 'UITouch' is unavailable in watchOS
20 |     }
21 |
22 |     override func touchesMoved(_ touches: Set<UITouch>, with event: UIEvent) {
   |                                               `- error: 'UITouch' is unavailable in watchOS
23 |         updateState()
24 |     }
/Applications/Xcode-27.0.0-Release.Candidate.app/Contents/Developer/Platforms/WatchOS.platform/Developer/SDKs/WatchOS27.0.sdk/System/Library/Frameworks/UIKit.framework/Headers/UITouch.h:51:12: note: 'UITouch' has been explicitly marked unavailable here
 49 |
 50 | UIKIT_EXTERN API_AVAILABLE(ios(2.0)) API_UNAVAILABLE(watchos) NS_SWIFT_UI_ACTOR
 51 | @interface UITouch : NSObject
    |            `- note: 'UITouch' has been explicitly marked unavailable here
 52 |
 53 | @property(nonatomic,readonly) NSTimeInterval      timestamp;
/Users/admin/builder/spi-builder-workspace/Sources/OnscreenController/MultiTouchGestureRecognizer.swift:22:69: error: 'UIEvent' is unavailable in watchOS
20 |     }
21 |
22 |     override func touchesMoved(_ touches: Set<UITouch>, with event: UIEvent) {
   |                                                                     `- error: 'UIEvent' is unavailable in watchOS
23 |         updateState()
24 |     }
/Applications/Xcode-27.0.0-Release.Candidate.app/Contents/Developer/Platforms/WatchOS.platform/Developer/SDKs/WatchOS27.0.sdk/System/Library/Frameworks/UIKit.framework/Headers/UIEvent.h:62:12: note: 'UIEvent' has been explicitly marked unavailable here
60 |
61 | UIKIT_EXTERN API_AVAILABLE(ios(2.0)) API_UNAVAILABLE(watchos) NS_SWIFT_UI_ACTOR
62 | @interface UIEvent : NSObject
   |            `- note: 'UIEvent' has been explicitly marked unavailable here
63 |
64 | @property(nonatomic,readonly) UIEventType     type API_AVAILABLE(ios(3.0));
/Users/admin/builder/spi-builder-workspace/Sources/OnscreenController/MultiTouchGestureRecognizer.swift:26:47: error: 'UITouch' is unavailable in watchOS
24 |     }
25 |
26 |     override func touchesEnded(_ touches: Set<UITouch>, with event: UIEvent) {
   |                                               `- error: 'UITouch' is unavailable in watchOS
27 |         self.touches.subtract(touches)
28 |         updateState()
/Applications/Xcode-27.0.0-Release.Candidate.app/Contents/Developer/Platforms/WatchOS.platform/Developer/SDKs/WatchOS27.0.sdk/System/Library/Frameworks/UIKit.framework/Headers/UITouch.h:51:12: note: 'UITouch' has been explicitly marked unavailable here
 49 |
 50 | UIKIT_EXTERN API_AVAILABLE(ios(2.0)) API_UNAVAILABLE(watchos) NS_SWIFT_UI_ACTOR
 51 | @interface UITouch : NSObject
    |            `- note: 'UITouch' has been explicitly marked unavailable here
 52 |
 53 | @property(nonatomic,readonly) NSTimeInterval      timestamp;
/Users/admin/builder/spi-builder-workspace/Sources/OnscreenController/MultiTouchGestureRecognizer.swift:26:69: error: 'UIEvent' is unavailable in watchOS
24 |     }
25 |
26 |     override func touchesEnded(_ touches: Set<UITouch>, with event: UIEvent) {
   |                                                                     `- error: 'UIEvent' is unavailable in watchOS
27 |         self.touches.subtract(touches)
28 |         updateState()
/Applications/Xcode-27.0.0-Release.Candidate.app/Contents/Developer/Platforms/WatchOS.platform/Developer/SDKs/WatchOS27.0.sdk/System/Library/Frameworks/UIKit.framework/Headers/UIEvent.h:62:12: note: 'UIEvent' has been explicitly marked unavailable here
60 |
61 | UIKIT_EXTERN API_AVAILABLE(ios(2.0)) API_UNAVAILABLE(watchos) NS_SWIFT_UI_ACTOR
62 | @interface UIEvent : NSObject
   |            `- note: 'UIEvent' has been explicitly marked unavailable here
63 |
64 | @property(nonatomic,readonly) UIEventType     type API_AVAILABLE(ios(3.0));
SwiftCompile normal arm64_32 /Users/admin/builder/spi-builder-workspace/Sources/OnscreenController/MultiTouchGestureRecognizer.swift (in target 'OnscreenController' from project 'OnscreenController')
    cd /Users/admin/builder/spi-builder-workspace/.swiftpm/xcode
    builtin-SwiftPerFileCompile MultiTouchGestureRecognizer.swift
SwiftCompile normal arm64_32 Compiling\ OnscreenController.swift /Users/admin/builder/spi-builder-workspace/Sources/OnscreenController/OnscreenController.swift (in target 'OnscreenController' from project 'OnscreenController')
SwiftCompile normal arm64_32 /Users/admin/builder/spi-builder-workspace/Sources/OnscreenController/OnscreenController.swift (in target 'OnscreenController' from project 'OnscreenController')
    cd /Users/admin/builder/spi-builder-workspace/.swiftpm/xcode
    builtin-SwiftPerFileCompile OnscreenController.swift
SwiftCompile normal arm64_32 Compiling\ TouchTrackingView.swift /Users/admin/builder/spi-builder-workspace/Sources/OnscreenController/TouchTrackingView.swift (in target 'OnscreenController' from project 'OnscreenController')
/Users/admin/builder/spi-builder-workspace/Sources/OnscreenController/TouchTrackingView.swift:39:98: error: 'UIViewType' is not a member type of struct 'OnscreenController.TouchTrackingView'
11 | import SwiftUI
12 |
13 | struct TouchTrackingView: UIViewRepresentable {
   |        `- note: 'TouchTrackingView' declared here
14 |
15 |     class Coordinator: NSObject {
   :
37 |     var tappedHandler: ([CGPoint]) -> Void
38 |
39 |     func makeUIView(context: UIViewRepresentableContext<TouchTrackingView>) -> TouchTrackingView.UIViewType {
   |                                                                                                  `- error: 'UIViewType' is not a member type of struct 'OnscreenController.TouchTrackingView'
40 |         let gesture = MultiTouchGestureRecognizer(target: context.coordinator, action: #selector(Coordinator.tapped))
41 |         let view = UIView(frame: .zero)
/Users/admin/builder/spi-builder-workspace/Sources/OnscreenController/TouchTrackingView.swift:39:30: error: cannot find type 'UIViewRepresentableContext' in scope
37 |     var tappedHandler: ([CGPoint]) -> Void
38 |
39 |     func makeUIView(context: UIViewRepresentableContext<TouchTrackingView>) -> TouchTrackingView.UIViewType {
   |                              `- error: cannot find type 'UIViewRepresentableContext' in scope
40 |         let gesture = MultiTouchGestureRecognizer(target: context.coordinator, action: #selector(Coordinator.tapped))
41 |         let view = UIView(frame: .zero)
/Users/admin/builder/spi-builder-workspace/Sources/OnscreenController/TouchTrackingView.swift:50:50: error: cannot find type 'UIViewRepresentableContext' in scope
48 |     }
49 |
50 |     func updateUIView(_ uiView: UIView, context: UIViewRepresentableContext<TouchTrackingView>) {
   |                                                  `- error: cannot find type 'UIViewRepresentableContext' in scope
51 |
52 |     }
/Users/admin/builder/spi-builder-workspace/Sources/OnscreenController/TouchTrackingView.swift:50:33: error: 'UIView' is unavailable in watchOS
48 |     }
49 |
50 |     func updateUIView(_ uiView: UIView, context: UIViewRepresentableContext<TouchTrackingView>) {
   |                                 `- error: 'UIView' is unavailable in watchOS
51 |
52 |     }
/Applications/Xcode-27.0.0-Release.Candidate.app/Contents/Developer/Platforms/WatchOS.platform/Developer/SDKs/WatchOS27.0.sdk/System/Library/Frameworks/UIKit.framework/Headers/UIView.h:152:12: note: 'UIView' has been explicitly marked unavailable here
150 |
151 | UIKIT_EXTERN API_AVAILABLE(ios(2.0)) API_UNAVAILABLE(watchos) NS_SWIFT_UI_ACTOR
152 | @interface UIView : UIResponder <NSCoding, UIAppearance, UIAppearanceContainer, UIDynamicItem, UITraitEnvironment, UICoordinateSpace, UIFocusItem, UIFocusItemContainer, CALayerDelegate>
    |            `- note: 'UIView' has been explicitly marked unavailable here
153 |
154 | @property(class, nonatomic, readonly) Class layerClass;                        // default is [CALayer class]. Used when creating the underlying layer for the view.
/Users/admin/builder/spi-builder-workspace/Sources/OnscreenController/TouchTrackingView.swift:13:27: error: cannot find type 'UIViewRepresentable' in scope
11 | import SwiftUI
12 |
13 | struct TouchTrackingView: UIViewRepresentable {
   |                           `- error: cannot find type 'UIViewRepresentable' in scope
14 |
15 |     class Coordinator: NSObject {
SwiftCompile normal arm64_32 /Users/admin/builder/spi-builder-workspace/Sources/OnscreenController/TouchTrackingView.swift (in target 'OnscreenController' from project 'OnscreenController')
    cd /Users/admin/builder/spi-builder-workspace/.swiftpm/xcode
    builtin-SwiftPerFileCompile TouchTrackingView.swift
SwiftCompile normal arm64_32 Compiling\ OnscreenController+DpadShape.swift /Users/admin/builder/spi-builder-workspace/Sources/OnscreenController/OnscreenController+DpadShape.swift (in target 'OnscreenController' from project 'OnscreenController')
SwiftCompile normal arm64_32 /Users/admin/builder/spi-builder-workspace/Sources/OnscreenController/OnscreenController+DpadShape.swift (in target 'OnscreenController' from project 'OnscreenController')
    cd /Users/admin/builder/spi-builder-workspace/.swiftpm/xcode
    builtin-SwiftPerFileCompile OnscreenController+DpadShape.swift
PruneExplicitPrecompiledModules /Users/admin/builder/spi-builder-workspace/.derivedData/Build/Intermediates.noindex/SwiftExplicitPrecompiledModules
PruneExplicitPrecompiledModules /Users/admin/builder/spi-builder-workspace/.derivedData/Build/Intermediates.noindex/ExplicitPrecompiledModules
PruneExplicitPrecompiledModules /Users/admin/builder/spi-builder-workspace/.derivedData/SDKExplicitPrecompiledModules
2026-09-19 04:44:24.168 xcodebuild[756:4444] [MT] IDERunDestination: Supported platforms for the buildables in the current scheme is empty.
** BUILD FAILED **
The following build commands failed:
	SwiftCompile normal arm64 (in target 'OnscreenController' from project 'OnscreenController')
	SwiftEmitModule normal arm64 Emitting\ module\ for\ OnscreenController (in target 'OnscreenController' from project 'OnscreenController')
	Building workspace OnscreenController with scheme OnscreenController
(3 failures)
Command line invocation:
    /Applications/Xcode-27.0.0-Release.Candidate.app/Contents/Developer/usr/bin/xcodebuild -IDEClonedSourcePackagesDirPathOverride=/Users/admin/builder/spi-builder-workspace/.dependencies -resolvePackageDependencies
Resolve Package Graph
Resolved source packages:
  OnscreenController: /Users/admin/builder/spi-builder-workspace
  swift-algorithms: https://github.com/apple/swift-algorithms @ 1.2.1
  swift-numerics: https://github.com/apple/swift-numerics.git @ 1.1.1
resolved source packages: OnscreenController, swift-algorithms, swift-numerics
2026-09-19 04:44:33.570 xcodebuild[990:5376] [MT] IDERunDestination: Supported platforms for the buildables in the current scheme is empty.
{
  "dependencies" : [
    {
      "identity" : "swift-algorithms",
      "requirement" : {
        "range" : [
          {
            "lower_bound" : "1.0.0",
            "upper_bound" : "2.0.0"
          }
        ]
      },
      "type" : "sourceControl",
      "url" : "https://github.com/apple/swift-algorithms"
    }
  ],
  "manifest_display_name" : "OnscreenController",
  "name" : "OnscreenController",
  "path" : "/Users/admin/builder/spi-builder-workspace",
  "platforms" : [
    {
      "name" : "ios",
      "version" : "16.0"
    }
  ],
  "products" : [
    {
      "name" : "OnscreenController",
      "targets" : [
        "OnscreenController"
      ],
      "type" : {
        "library" : [
          "automatic"
        ]
      }
    }
  ],
  "targets" : [
    {
      "c99name" : "OnscreenControllerTests",
      "module_type" : "SwiftTarget",
      "name" : "OnscreenControllerTests",
      "path" : "Tests/OnscreenControllerTests",
      "sources" : [
        "OnscreenControllerTests.swift"
      ],
      "target_dependencies" : [
        "OnscreenController"
      ],
      "type" : "test"
    },
    {
      "c99name" : "OnscreenController",
      "module_type" : "SwiftTarget",
      "name" : "OnscreenController",
      "path" : "Sources/OnscreenController",
      "product_dependencies" : [
        "Algorithms"
      ],
      "product_memberships" : [
        "OnscreenController"
      ],
      "sources" : [
        "MultiTouchGestureRecognizer.swift",
        "OnscreenController+DpadShape.swift",
        "OnscreenController.swift",
        "TouchTrackingView.swift"
      ],
      "type" : "library"
    }
  ],
  "tools_version" : "5.8"
}
{
  "workspace" : {
    "name" : "OnscreenController",
    "schemes" : [
      "OnscreenController"
    ]
  }
}
2026-09-19 04:44:34.895 xcodebuild[998:5449] [MT] IDERunDestination: Supported platforms for the buildables in the current scheme is empty.
Running build ...
env DEVELOPER_DIR=/Applications/Xcode-27.0.0-Release.Candidate.app xcrun xcodebuild -IDEClonedSourcePackagesDirPathOverride=$PWD/.dependencies -skipMacroValidation -skipPackagePluginValidation -derivedDataPath $PWD/.derivedData build -scheme OnscreenController -destination generic/platform=watchOS
Command line invocation:
    /Applications/Xcode-27.0.0-Release.Candidate.app/Contents/Developer/usr/bin/xcodebuild -IDEClonedSourcePackagesDirPathOverride=/Users/admin/builder/spi-builder-workspace/.dependencies -skipMacroValidation -skipPackagePluginValidation -derivedDataPath /Users/admin/builder/spi-builder-workspace/.derivedData build -scheme OnscreenController -destination generic/platform=watchOS
Resolve Package Graph
Resolved source packages:
  swift-numerics: https://github.com/apple/swift-numerics.git @ 1.1.1
  OnscreenController: /Users/admin/builder/spi-builder-workspace
  swift-algorithms: https://github.com/apple/swift-algorithms @ 1.2.1
ComputePackagePrebuildTargetDependencyGraph
Prepare packages
CreateBuildRequest
SendProjectDescription
CreateBuildOperation
ComputeTargetDependencyGraph
note: Building targets in dependency order
note: Target dependency graph (7 targets)
    Target 'OnscreenController-product' in project 'OnscreenController'
        ➜ Explicit dependency on target 'OnscreenController' in project 'OnscreenController'
        ➜ Explicit dependency on target 'Algorithms-product' in project 'swift-algorithms'
    Target 'OnscreenController' in project 'OnscreenController'
        ➜ Explicit dependency on target 'Algorithms-product' in project 'swift-algorithms'
    Target 'Algorithms-product' in project 'swift-algorithms'
        ➜ Explicit dependency on target 'Algorithms' in project 'swift-algorithms'
        ➜ Explicit dependency on target 'RealModule-product' in project 'swift-numerics'
    Target 'Algorithms' in project 'swift-algorithms'
        ➜ Explicit dependency on target 'RealModule-product' in project 'swift-numerics'
    Target 'RealModule-product' in project 'swift-numerics'
        ➜ Explicit dependency on target 'RealModule' in project 'swift-numerics'
        ➜ Explicit dependency on target '_NumericsShims' in project 'swift-numerics'
    Target 'RealModule' in project 'swift-numerics'
        ➜ Explicit dependency on target '_NumericsShims' in project 'swift-numerics'
    Target '_NumericsShims' in project 'swift-numerics' (no dependencies)
GatherProvisioningInputs
CreateBuildDescription
ClangStatCache /Applications/Xcode-27.0.0-Release.Candidate.app/Contents/Developer/Toolchains/XcodeDefault.xctoolchain/usr/bin/clang-stat-cache /Applications/Xcode-27.0.0-Release.Candidate.app/Contents/Developer/Platforms/WatchOS.platform/Developer/SDKs/WatchOS27.0.sdk /Users/admin/builder/spi-builder-workspace/.derivedData/SDKStatCaches.noindex/watchos27.0-24R360-e829b21a6f8c9b70876ba0858053c04477534ef55a1706bf4c1112bbb242f0a2.sdkstatcache
    cd /Users/admin/builder/spi-builder-workspace/.swiftpm/xcode
    /Applications/Xcode-27.0.0-Release.Candidate.app/Contents/Developer/Toolchains/XcodeDefault.xctoolchain/usr/bin/clang-stat-cache /Applications/Xcode-27.0.0-Release.Candidate.app/Contents/Developer/Platforms/WatchOS.platform/Developer/SDKs/WatchOS27.0.sdk -o /Users/admin/builder/spi-builder-workspace/.derivedData/SDKStatCaches.noindex/watchos27.0-24R360-e829b21a6f8c9b70876ba0858053c04477534ef55a1706bf4c1112bbb242f0a2.sdkstatcache
SwiftDriver OnscreenController normal arm64_32 com.apple.xcode.tools.swift.compiler (in target 'OnscreenController' from project 'OnscreenController')
    cd /Users/admin/builder/spi-builder-workspace/.swiftpm/xcode
    builtin-SwiftDriver -- /Applications/Xcode-27.0.0-Release.Candidate.app/Contents/Developer/Toolchains/XcodeDefault.xctoolchain/usr/bin/swiftc -parse-as-library -module-name OnscreenController -Onone @/Users/admin/builder/spi-builder-workspace/.derivedData/Build/Intermediates.noindex/OnscreenController.build/Debug-watchos/OnscreenController-t.build/Objects-normal/arm64_32/OnscreenController.SwiftFileList -DSWIFT_PACKAGE -DDEBUG -DSWIFT_MODULE_RESOURCE_BUNDLE_UNAVAILABLE -Xcc -fmodule-map-file\=/Users/admin/builder/spi-builder-workspace/.dependencies/checkouts/swift-numerics/Sources/_NumericsShims/include/module.modulemap -DXcode -plugin-path /Applications/Xcode-27.0.0-Release.Candidate.app/Contents/Developer/Toolchains/XcodeDefault.xctoolchain/usr/lib/swift/host/plugins/testing -enable-experimental-feature DebugDescriptionMacro -sdk /Applications/Xcode-27.0.0-Release.Candidate.app/Contents/Developer/Platforms/WatchOS.platform/Developer/SDKs/WatchOS27.0.sdk -target arm64_32-apple-watchos9.0 -g -module-cache-path /Users/admin/builder/spi-builder-workspace/.derivedData/ModuleCache.noindex -Xfrontend -serialize-debugging-options -profile-coverage-mapping -profile-generate -enable-testing -index-store-path /Users/admin/builder/spi-builder-workspace/.derivedData/Index.noindex/DataStore -Xcc -D_LIBCPP_HARDENING_MODE\=_LIBCPP_HARDENING_MODE_DEBUG -swift-version 5 -I /Users/admin/builder/spi-builder-workspace/.derivedData/Build/Products/Debug-watchos -Isystem /Applications/Xcode-27.0.0-Release.Candidate.app/Contents/Developer/Platforms/WatchOS.platform/Developer/usr/lib -F /Users/admin/builder/spi-builder-workspace/.derivedData/Build/Products/Debug-watchos/PackageFrameworks -F /Users/admin/builder/spi-builder-workspace/.derivedData/Build/Products/Debug-watchos -F /Applications/Xcode-27.0.0-Release.Candidate.app/Contents/Developer/Platforms/WatchOS.platform/Developer/Library/Frameworks -F /Applications/Xcode-27.0.0-Release.Candidate.app/Contents/Developer/Platforms/WatchOS.platform/Developer/SDKs/WatchOS27.0.sdk/Developer/Library/Frameworks -c -j10 -enable-batch-mode -incremental -Xcc -ivfsstatcache -Xcc /Users/admin/builder/spi-builder-workspace/.derivedData/SDKStatCaches.noindex/watchos27.0-24R360-e829b21a6f8c9b70876ba0858053c04477534ef55a1706bf4c1112bbb242f0a2.sdkstatcache -output-file-map /Users/admin/builder/spi-builder-workspace/.derivedData/Build/Intermediates.noindex/OnscreenController.build/Debug-watchos/OnscreenController-t.build/Objects-normal/arm64_32/OnscreenController-OutputFileMap.json -save-temps -no-color-diagnostics -explicit-module-build -module-cache-path /Users/admin/builder/spi-builder-workspace/.derivedData/Build/Intermediates.noindex/SwiftExplicitPrecompiledModules -clang-scanner-module-cache-path /Users/admin/builder/spi-builder-workspace/.derivedData/ModuleCache.noindex -sdk-module-cache-path /Users/admin/builder/spi-builder-workspace/.derivedData/SDKExplicitPrecompiledModules -emit-dependencies -emit-module -emit-module-path /Users/admin/builder/spi-builder-workspace/.derivedData/Build/Intermediates.noindex/OnscreenController.build/Debug-watchos/OnscreenController-t.build/Objects-normal/arm64_32/OnscreenController.swiftmodule -serialize-diagnostics -dependency-scan-serialize-diagnostics-path /Users/admin/builder/spi-builder-workspace/.derivedData/Build/Intermediates.noindex/OnscreenController.build/Debug-watchos/OnscreenController-t.build/Objects-normal/arm64_32/OnscreenController-dependency-scan.dia -validate-clang-modules-once -clang-build-session-file /Users/admin/builder/spi-builder-workspace/.derivedData/ModuleCache.noindex/Session.modulevalidation -Xcc -fmodules-prune-interval\=86400 -Xcc -fmodules-prune-after\=345600 -emit-const-values -const-gather-protocols-list /Users/admin/builder/spi-builder-workspace/.derivedData/Build/Intermediates.noindex/OnscreenController.build/Debug-watchos/OnscreenController-t.build/Objects-normal/arm64_32/OnscreenController_const_extract_protocols.json -Xcc -I/Users/admin/builder/spi-builder-workspace/.dependencies/checkouts/swift-numerics/Sources/_NumericsShims/include -Xcc -I/Users/admin/builder/spi-builder-workspace/.derivedData/Build/Products/Debug-watchos/include -Xcc -I/Users/admin/builder/spi-builder-workspace/.derivedData/Build/Intermediates.noindex/OnscreenController.build/Debug-watchos/OnscreenController-t.build/DerivedSources-normal/arm64_32 -Xcc -I/Users/admin/builder/spi-builder-workspace/.derivedData/Build/Intermediates.noindex/OnscreenController.build/Debug-watchos/OnscreenController-t.build/DerivedSources/arm64_32 -Xcc -I/Users/admin/builder/spi-builder-workspace/.derivedData/Build/Intermediates.noindex/OnscreenController.build/Debug-watchos/OnscreenController-t.build/DerivedSources -Xcc -DSWIFT_PACKAGE -Xcc -DDEBUG\=1 -emit-objc-header -emit-objc-header-path /Users/admin/builder/spi-builder-workspace/.derivedData/Build/Intermediates.noindex/OnscreenController.build/Debug-watchos/OnscreenController-t.build/Objects-normal/arm64_32/OnscreenController-Swift.h -working-directory /Users/admin/builder/spi-builder-workspace/.swiftpm/xcode -experimental-emit-module-separately -disable-cmo
SwiftDriver OnscreenController normal arm64 com.apple.xcode.tools.swift.compiler (in target 'OnscreenController' from project 'OnscreenController')
    cd /Users/admin/builder/spi-builder-workspace/.swiftpm/xcode
    builtin-SwiftDriver -- /Applications/Xcode-27.0.0-Release.Candidate.app/Contents/Developer/Toolchains/XcodeDefault.xctoolchain/usr/bin/swiftc -parse-as-library -module-name OnscreenController -Onone @/Users/admin/builder/spi-builder-workspace/.derivedData/Build/Intermediates.noindex/OnscreenController.build/Debug-watchos/OnscreenController-t.build/Objects-normal/arm64/OnscreenController.SwiftFileList -DSWIFT_PACKAGE -DDEBUG -DSWIFT_MODULE_RESOURCE_BUNDLE_UNAVAILABLE -Xcc -fmodule-map-file\=/Users/admin/builder/spi-builder-workspace/.dependencies/checkouts/swift-numerics/Sources/_NumericsShims/include/module.modulemap -DXcode -plugin-path /Applications/Xcode-27.0.0-Release.Candidate.app/Contents/Developer/Toolchains/XcodeDefault.xctoolchain/usr/lib/swift/host/plugins/testing -enable-experimental-feature DebugDescriptionMacro -sdk /Applications/Xcode-27.0.0-Release.Candidate.app/Contents/Developer/Platforms/WatchOS.platform/Developer/SDKs/WatchOS27.0.sdk -target arm64-apple-watchos9.0 -g -module-cache-path /Users/admin/builder/spi-builder-workspace/.derivedData/ModuleCache.noindex -Xfrontend -serialize-debugging-options -profile-coverage-mapping -profile-generate -enable-testing -index-store-path /Users/admin/builder/spi-builder-workspace/.derivedData/Index.noindex/DataStore -Xcc -D_LIBCPP_HARDENING_MODE\=_LIBCPP_HARDENING_MODE_DEBUG -swift-version 5 -I /Users/admin/builder/spi-builder-workspace/.derivedData/Build/Products/Debug-watchos -Isystem /Applications/Xcode-27.0.0-Release.Candidate.app/Contents/Developer/Platforms/WatchOS.platform/Developer/usr/lib -F /Users/admin/builder/spi-builder-workspace/.derivedData/Build/Products/Debug-watchos/PackageFrameworks -F /Users/admin/builder/spi-builder-workspace/.derivedData/Build/Products/Debug-watchos -F /Applications/Xcode-27.0.0-Release.Candidate.app/Contents/Developer/Platforms/WatchOS.platform/Developer/Library/Frameworks -F /Applications/Xcode-27.0.0-Release.Candidate.app/Contents/Developer/Platforms/WatchOS.platform/Developer/SDKs/WatchOS27.0.sdk/Developer/Library/Frameworks -c -j10 -enable-batch-mode -incremental -Xcc -ivfsstatcache -Xcc /Users/admin/builder/spi-builder-workspace/.derivedData/SDKStatCaches.noindex/watchos27.0-24R360-e829b21a6f8c9b70876ba0858053c04477534ef55a1706bf4c1112bbb242f0a2.sdkstatcache -output-file-map /Users/admin/builder/spi-builder-workspace/.derivedData/Build/Intermediates.noindex/OnscreenController.build/Debug-watchos/OnscreenController-t.build/Objects-normal/arm64/OnscreenController-OutputFileMap.json -save-temps -no-color-diagnostics -explicit-module-build -module-cache-path /Users/admin/builder/spi-builder-workspace/.derivedData/Build/Intermediates.noindex/SwiftExplicitPrecompiledModules -clang-scanner-module-cache-path /Users/admin/builder/spi-builder-workspace/.derivedData/ModuleCache.noindex -sdk-module-cache-path /Users/admin/builder/spi-builder-workspace/.derivedData/SDKExplicitPrecompiledModules -emit-dependencies -emit-module -emit-module-path /Users/admin/builder/spi-builder-workspace/.derivedData/Build/Intermediates.noindex/OnscreenController.build/Debug-watchos/OnscreenController-t.build/Objects-normal/arm64/OnscreenController.swiftmodule -serialize-diagnostics -dependency-scan-serialize-diagnostics-path /Users/admin/builder/spi-builder-workspace/.derivedData/Build/Intermediates.noindex/OnscreenController.build/Debug-watchos/OnscreenController-t.build/Objects-normal/arm64/OnscreenController-dependency-scan.dia -validate-clang-modules-once -clang-build-session-file /Users/admin/builder/spi-builder-workspace/.derivedData/ModuleCache.noindex/Session.modulevalidation -Xcc -fmodules-prune-interval\=86400 -Xcc -fmodules-prune-after\=345600 -emit-const-values -const-gather-protocols-list /Users/admin/builder/spi-builder-workspace/.derivedData/Build/Intermediates.noindex/OnscreenController.build/Debug-watchos/OnscreenController-t.build/Objects-normal/arm64/OnscreenController_const_extract_protocols.json -Xcc -I/Users/admin/builder/spi-builder-workspace/.dependencies/checkouts/swift-numerics/Sources/_NumericsShims/include -Xcc -I/Users/admin/builder/spi-builder-workspace/.derivedData/Build/Products/Debug-watchos/include -Xcc -I/Users/admin/builder/spi-builder-workspace/.derivedData/Build/Intermediates.noindex/OnscreenController.build/Debug-watchos/OnscreenController-t.build/DerivedSources-normal/arm64 -Xcc -I/Users/admin/builder/spi-builder-workspace/.derivedData/Build/Intermediates.noindex/OnscreenController.build/Debug-watchos/OnscreenController-t.build/DerivedSources/arm64 -Xcc -I/Users/admin/builder/spi-builder-workspace/.derivedData/Build/Intermediates.noindex/OnscreenController.build/Debug-watchos/OnscreenController-t.build/DerivedSources -Xcc -DSWIFT_PACKAGE -Xcc -DDEBUG\=1 -emit-objc-header -emit-objc-header-path /Users/admin/builder/spi-builder-workspace/.derivedData/Build/Intermediates.noindex/OnscreenController.build/Debug-watchos/OnscreenController-t.build/Objects-normal/arm64/OnscreenController-Swift.h -working-directory /Users/admin/builder/spi-builder-workspace/.swiftpm/xcode -experimental-emit-module-separately -disable-cmo
SwiftEmitModule normal arm64_32 Emitting\ module\ for\ OnscreenController (in target 'OnscreenController' from project 'OnscreenController')
/Users/admin/builder/spi-builder-workspace/Sources/OnscreenController/MultiTouchGestureRecognizer.swift:15:30: error: 'UITouch' is unavailable in watchOS
13 | class MultiTouchGestureRecognizer: UIGestureRecognizer {
14 |
15 |     private var touches: Set<UITouch> = []
   |                              `- error: 'UITouch' is unavailable in watchOS
16 |
17 |     override func touchesBegan(_ touches: Set<UITouch>, with event: UIEvent) {
/Applications/Xcode-27.0.0-Release.Candidate.app/Contents/Developer/Platforms/WatchOS.platform/Developer/SDKs/WatchOS27.0.sdk/System/Library/Frameworks/UIKit.framework/Headers/UITouch.h:51:12: note: 'UITouch' has been explicitly marked unavailable here
 49 |
 50 | UIKIT_EXTERN API_AVAILABLE(ios(2.0)) API_UNAVAILABLE(watchos) NS_SWIFT_UI_ACTOR
 51 | @interface UITouch : NSObject
    |            `- note: 'UITouch' has been explicitly marked unavailable here
 52 |
 53 | @property(nonatomic,readonly) NSTimeInterval      timestamp;
/Users/admin/builder/spi-builder-workspace/Sources/OnscreenController/MultiTouchGestureRecognizer.swift:17:47: error: 'UITouch' is unavailable in watchOS
15 |     private var touches: Set<UITouch> = []
16 |
17 |     override func touchesBegan(_ touches: Set<UITouch>, with event: UIEvent) {
   |                                               `- error: 'UITouch' is unavailable in watchOS
18 |         self.touches.formUnion(touches)
19 |         updateState()
/Applications/Xcode-27.0.0-Release.Candidate.app/Contents/Developer/Platforms/WatchOS.platform/Developer/SDKs/WatchOS27.0.sdk/System/Library/Frameworks/UIKit.framework/Headers/UITouch.h:51:12: note: 'UITouch' has been explicitly marked unavailable here
 49 |
 50 | UIKIT_EXTERN API_AVAILABLE(ios(2.0)) API_UNAVAILABLE(watchos) NS_SWIFT_UI_ACTOR
 51 | @interface UITouch : NSObject
    |            `- note: 'UITouch' has been explicitly marked unavailable here
 52 |
 53 | @property(nonatomic,readonly) NSTimeInterval      timestamp;
/Users/admin/builder/spi-builder-workspace/Sources/OnscreenController/MultiTouchGestureRecognizer.swift:17:69: error: 'UIEvent' is unavailable in watchOS
15 |     private var touches: Set<UITouch> = []
16 |
17 |     override func touchesBegan(_ touches: Set<UITouch>, with event: UIEvent) {
   |                                                                     `- error: 'UIEvent' is unavailable in watchOS
18 |         self.touches.formUnion(touches)
19 |         updateState()
/Applications/Xcode-27.0.0-Release.Candidate.app/Contents/Developer/Platforms/WatchOS.platform/Developer/SDKs/WatchOS27.0.sdk/System/Library/Frameworks/UIKit.framework/Headers/UIEvent.h:62:12: note: 'UIEvent' has been explicitly marked unavailable here
60 |
61 | UIKIT_EXTERN API_AVAILABLE(ios(2.0)) API_UNAVAILABLE(watchos) NS_SWIFT_UI_ACTOR
62 | @interface UIEvent : NSObject
   |            `- note: 'UIEvent' has been explicitly marked unavailable here
63 |
64 | @property(nonatomic,readonly) UIEventType     type API_AVAILABLE(ios(3.0));
/Users/admin/builder/spi-builder-workspace/Sources/OnscreenController/MultiTouchGestureRecognizer.swift:22:47: error: 'UITouch' is unavailable in watchOS
20 |     }
21 |
22 |     override func touchesMoved(_ touches: Set<UITouch>, with event: UIEvent) {
   |                                               `- error: 'UITouch' is unavailable in watchOS
23 |         updateState()
24 |     }
/Applications/Xcode-27.0.0-Release.Candidate.app/Contents/Developer/Platforms/WatchOS.platform/Developer/SDKs/WatchOS27.0.sdk/System/Library/Frameworks/UIKit.framework/Headers/UITouch.h:51:12: note: 'UITouch' has been explicitly marked unavailable here
 49 |
 50 | UIKIT_EXTERN API_AVAILABLE(ios(2.0)) API_UNAVAILABLE(watchos) NS_SWIFT_UI_ACTOR
 51 | @interface UITouch : NSObject
    |            `- note: 'UITouch' has been explicitly marked unavailable here
 52 |
 53 | @property(nonatomic,readonly) NSTimeInterval      timestamp;
/Users/admin/builder/spi-builder-workspace/Sources/OnscreenController/MultiTouchGestureRecognizer.swift:22:69: error: 'UIEvent' is unavailable in watchOS
20 |     }
21 |
22 |     override func touchesMoved(_ touches: Set<UITouch>, with event: UIEvent) {
   |                                                                     `- error: 'UIEvent' is unavailable in watchOS
23 |         updateState()
24 |     }
/Applications/Xcode-27.0.0-Release.Candidate.app/Contents/Developer/Platforms/WatchOS.platform/Developer/SDKs/WatchOS27.0.sdk/System/Library/Frameworks/UIKit.framework/Headers/UIEvent.h:62:12: note: 'UIEvent' has been explicitly marked unavailable here
60 |
61 | UIKIT_EXTERN API_AVAILABLE(ios(2.0)) API_UNAVAILABLE(watchos) NS_SWIFT_UI_ACTOR
62 | @interface UIEvent : NSObject
   |            `- note: 'UIEvent' has been explicitly marked unavailable here
63 |
64 | @property(nonatomic,readonly) UIEventType     type API_AVAILABLE(ios(3.0));
/Users/admin/builder/spi-builder-workspace/Sources/OnscreenController/MultiTouchGestureRecognizer.swift:26:47: error: 'UITouch' is unavailable in watchOS
24 |     }
25 |
26 |     override func touchesEnded(_ touches: Set<UITouch>, with event: UIEvent) {
   |                                               `- error: 'UITouch' is unavailable in watchOS
27 |         self.touches.subtract(touches)
28 |         updateState()
/Applications/Xcode-27.0.0-Release.Candidate.app/Contents/Developer/Platforms/WatchOS.platform/Developer/SDKs/WatchOS27.0.sdk/System/Library/Frameworks/UIKit.framework/Headers/UITouch.h:51:12: note: 'UITouch' has been explicitly marked unavailable here
 49 |
 50 | UIKIT_EXTERN API_AVAILABLE(ios(2.0)) API_UNAVAILABLE(watchos) NS_SWIFT_UI_ACTOR
 51 | @interface UITouch : NSObject
    |            `- note: 'UITouch' has been explicitly marked unavailable here
 52 |
 53 | @property(nonatomic,readonly) NSTimeInterval      timestamp;
/Users/admin/builder/spi-builder-workspace/Sources/OnscreenController/MultiTouchGestureRecognizer.swift:26:69: error: 'UIEvent' is unavailable in watchOS
24 |     }
25 |
26 |     override func touchesEnded(_ touches: Set<UITouch>, with event: UIEvent) {
   |                                                                     `- error: 'UIEvent' is unavailable in watchOS
27 |         self.touches.subtract(touches)
28 |         updateState()
/Applications/Xcode-27.0.0-Release.Candidate.app/Contents/Developer/Platforms/WatchOS.platform/Developer/SDKs/WatchOS27.0.sdk/System/Library/Frameworks/UIKit.framework/Headers/UIEvent.h:62:12: note: 'UIEvent' has been explicitly marked unavailable here
60 |
61 | UIKIT_EXTERN API_AVAILABLE(ios(2.0)) API_UNAVAILABLE(watchos) NS_SWIFT_UI_ACTOR
62 | @interface UIEvent : NSObject
   |            `- note: 'UIEvent' has been explicitly marked unavailable here
63 |
64 | @property(nonatomic,readonly) UIEventType     type API_AVAILABLE(ios(3.0));
/Users/admin/builder/spi-builder-workspace/Sources/OnscreenController/MultiTouchGestureRecognizer.swift:13:36: error: 'UIGestureRecognizer' is unavailable in watchOS
11 | import UIKit
12 |
13 | class MultiTouchGestureRecognizer: UIGestureRecognizer {
   |                                    `- error: 'UIGestureRecognizer' is unavailable in watchOS
14 |
15 |     private var touches: Set<UITouch> = []
/Applications/Xcode-27.0.0-Release.Candidate.app/Contents/Developer/Platforms/WatchOS.platform/Developer/SDKs/WatchOS27.0.sdk/System/Library/Frameworks/UIKit.framework/Headers/UIGestureRecognizer.h:35:12: note: 'UIGestureRecognizer' has been explicitly marked unavailable here
 33 |
 34 | UIKIT_EXTERN API_AVAILABLE(ios(3.2)) API_UNAVAILABLE(watchos) NS_SWIFT_UI_ACTOR
 35 | @interface UIGestureRecognizer : NSObject
    |            `- note: 'UIGestureRecognizer' has been explicitly marked unavailable here
 36 |
 37 | // Valid action method signatures:
/Users/admin/builder/spi-builder-workspace/Sources/OnscreenController/TouchTrackingView.swift:39:98: error: 'UIViewType' is not a member type of struct 'OnscreenController.TouchTrackingView'
11 | import SwiftUI
12 |
13 | struct TouchTrackingView: UIViewRepresentable {
   |        `- note: 'TouchTrackingView' declared here
14 |
15 |     class Coordinator: NSObject {
   :
37 |     var tappedHandler: ([CGPoint]) -> Void
38 |
39 |     func makeUIView(context: UIViewRepresentableContext<TouchTrackingView>) -> TouchTrackingView.UIViewType {
   |                                                                                                  `- error: 'UIViewType' is not a member type of struct 'OnscreenController.TouchTrackingView'
40 |         let gesture = MultiTouchGestureRecognizer(target: context.coordinator, action: #selector(Coordinator.tapped))
41 |         let view = UIView(frame: .zero)
/Users/admin/builder/spi-builder-workspace/Sources/OnscreenController/TouchTrackingView.swift:39:30: error: cannot find type 'UIViewRepresentableContext' in scope
37 |     var tappedHandler: ([CGPoint]) -> Void
38 |
39 |     func makeUIView(context: UIViewRepresentableContext<TouchTrackingView>) -> TouchTrackingView.UIViewType {
   |                              `- error: cannot find type 'UIViewRepresentableContext' in scope
40 |         let gesture = MultiTouchGestureRecognizer(target: context.coordinator, action: #selector(Coordinator.tapped))
41 |         let view = UIView(frame: .zero)
/Users/admin/builder/spi-builder-workspace/Sources/OnscreenController/TouchTrackingView.swift:50:50: error: cannot find type 'UIViewRepresentableContext' in scope
48 |     }
49 |
50 |     func updateUIView(_ uiView: UIView, context: UIViewRepresentableContext<TouchTrackingView>) {
   |                                                  `- error: cannot find type 'UIViewRepresentableContext' in scope
51 |
52 |     }
SwiftCompile normal arm64_32 (in target 'OnscreenController' from project 'OnscreenController')
    cd /Users/admin/builder/spi-builder-workspace/.swiftpm/xcode

/Users/admin/builder/spi-builder-workspace/Sources/OnscreenController/TouchTrackingView.swift:50:33: error: 'UIView' is unavailable in watchOS
48 |     }
49 |
50 |     func updateUIView(_ uiView: UIView, context: UIViewRepresentableContext<TouchTrackingView>) {
   |                                 `- error: 'UIView' is unavailable in watchOS
51 |
52 |     }
/Applications/Xcode-27.0.0-Release.Candidate.app/Contents/Developer/Platforms/WatchOS.platform/Developer/SDKs/WatchOS27.0.sdk/System/Library/Frameworks/UIKit.framework/Headers/UIView.h:152:12: note: 'UIView' has been explicitly marked unavailable here
150 |
151 | UIKIT_EXTERN API_AVAILABLE(ios(2.0)) API_UNAVAILABLE(watchos) NS_SWIFT_UI_ACTOR
152 | @interface UIView : UIResponder <NSCoding, UIAppearance, UIAppearanceContainer, UIDynamicItem, UITraitEnvironment, UICoordinateSpace, UIFocusItem, UIFocusItemContainer, CALayerDelegate>
    |            `- note: 'UIView' has been explicitly marked unavailable here
153 |
154 | @property(class, nonatomic, readonly) Class layerClass;                        // default is [CALayer class]. Used when creating the underlying layer for the view.
/Users/admin/builder/spi-builder-workspace/Sources/OnscreenController/TouchTrackingView.swift:13:27: error: cannot find type 'UIViewRepresentable' in scope
11 | import SwiftUI
12 |
13 | struct TouchTrackingView: UIViewRepresentable {
   |                           `- error: cannot find type 'UIViewRepresentable' in scope
14 |
15 |     class Coordinator: NSObject {
Failed frontend command:
/Applications/Xcode-27.0.0-Release.Candidate.app/Contents/Developer/Toolchains/XcodeDefault.xctoolchain/usr/bin/swift-frontend -frontend -emit-module -experimental-skip-non-inlinable-function-bodies-without-types /Users/admin/builder/spi-builder-workspace/Sources/OnscreenController/MultiTouchGestureRecognizer.swift /Users/admin/builder/spi-builder-workspace/Sources/OnscreenController/OnscreenController+DpadShape.swift /Users/admin/builder/spi-builder-workspace/Sources/OnscreenController/OnscreenController.swift /Users/admin/builder/spi-builder-workspace/Sources/OnscreenController/TouchTrackingView.swift -target arm64_32-apple-watchos9.0 -module-can-import-version UIKit 9127.0.84.1 9127.0.84 -disable-cross-import-overlay-search -load-resolved-plugin /Applications/Xcode-27.0.0-Release.Candidate.app/Contents/Developer/Platforms/WatchOS.platform/Developer/usr/lib/swift/host/plugins/libFoundationMacros.dylib\#/Applications/Xcode-27.0.0-Release.Candidate.app/Contents/Developer/Platforms/WatchOS.platform/Developer/usr/bin/swift-plugin-server\#FoundationMacros -load-resolved-plugin /Applications/Xcode-27.0.0-Release.Candidate.app/Contents/Developer/Platforms/WatchOS.platform/Developer/usr/lib/swift/host/plugins/libObservationMacros.dylib\#/Applications/Xcode-27.0.0-Release.Candidate.app/Contents/Developer/Platforms/WatchOS.platform/Developer/usr/bin/swift-plugin-server\#ObservationMacros -load-resolved-plugin /Applications/Xcode-27.0.0-Release.Candidate.app/Contents/Developer/Platforms/WatchOS.platform/Developer/usr/lib/swift/host/plugins/libPreviewsMacros.dylib\#/Applications/Xcode-27.0.0-Release.Candidate.app/Contents/Developer/Platforms/WatchOS.platform/Developer/usr/bin/swift-plugin-server\#PreviewsMacros -load-resolved-plugin /Applications/Xcode-27.0.0-Release.Candidate.app/Contents/Developer/Platforms/WatchOS.platform/Developer/usr/lib/swift/host/plugins/libSwiftMacros.dylib\#/Applications/Xcode-27.0.0-Release.Candidate.app/Contents/Developer/Platforms/WatchOS.platform/Developer/usr/bin/swift-plugin-server\#SwiftMacros -load-resolved-plugin /Applications/Xcode-27.0.0-Release.Candidate.app/Contents/Developer/Platforms/WatchOS.platform/Developer/usr/lib/swift/host/plugins/libSwiftUIMacros.dylib\#/Applications/Xcode-27.0.0-Release.Candidate.app/Contents/Developer/Platforms/WatchOS.platform/Developer/usr/bin/swift-plugin-server\#SwiftUIMacros -disable-implicit-swift-modules -Xcc -fno-implicit-modules -Xcc -fno-implicit-module-maps -explicit-swift-module-map-file /Users/admin/builder/spi-builder-workspace/.derivedData/Build/Intermediates.noindex/OnscreenController.build/Debug-watchos/OnscreenController-t.build/Objects-normal/arm64_32/OnscreenController-dependencies-1.json -enable-objc-interop -sdk /Applications/Xcode-27.0.0-Release.Candidate.app/Contents/Developer/Platforms/WatchOS.platform/Developer/SDKs/WatchOS27.0.sdk -I /Users/admin/builder/spi-builder-workspace/.derivedData/Build/Products/Debug-watchos -Isystem /Applications/Xcode-27.0.0-Release.Candidate.app/Contents/Developer/Platforms/WatchOS.platform/Developer/usr/lib -F /Users/admin/builder/spi-builder-workspace/.derivedData/Build/Products/Debug-watchos/PackageFrameworks -F /Users/admin/builder/spi-builder-workspace/.derivedData/Build/Products/Debug-watchos -F /Applications/Xcode-27.0.0-Release.Candidate.app/Contents/Developer/Platforms/WatchOS.platform/Developer/Library/Frameworks -F /Applications/Xcode-27.0.0-Release.Candidate.app/Contents/Developer/Platforms/WatchOS.platform/Developer/SDKs/WatchOS27.0.sdk/Developer/Library/Frameworks -module-cache-path /Users/admin/builder/spi-builder-workspace/.derivedData/Build/Intermediates.noindex/SwiftExplicitPrecompiledModules -no-color-diagnostics -Xcc -fno-color-diagnostics -enable-testing -g -debug-info-format\=dwarf -dwarf-version\=4 -profile-generate -profile-coverage-mapping -swift-version 5 -Onone -D SWIFT_PACKAGE -D DEBUG -D SWIFT_MODULE_RESOURCE_BUNDLE_UNAVAILABLE -D Xcode -serialize-debugging-options -enable-experimental-feature DebugDescriptionMacro -empty-abi-descriptor -validate-clang-modules-once -clang-build-session-file /Users/admin/builder/spi-builder-workspace/.derivedData/ModuleCache.noindex/Session.modulevalidation -Xcc -working-directory -Xcc /Users/admin/builder/spi-builder-workspace/.swiftpm/xcode -enable-anonymous-context-mangled-names -file-compilation-dir /Users/admin/builder/spi-builder-workspace/.swiftpm/xcode -Xcc -fmodule-map-file\=/Users/admin/builder/spi-builder-workspace/.dependencies/checkouts/swift-numerics/Sources/_NumericsShims/include/module.modulemap -Xcc -D_LIBCPP_HARDENING_MODE\=_LIBCPP_HARDENING_MODE_DEBUG -Xcc -ivfsstatcache -Xcc /Users/admin/builder/spi-builder-workspace/.derivedData/SDKStatCaches.noindex/watchos27.0-24R360-e829b21a6f8c9b70876ba0858053c04477534ef55a1706bf4c1112bbb242f0a2.sdkstatcache -Xcc -fmodules-prune-interval\=86400 -Xcc -fmodules-prune-after\=345600 -Xcc -I/Users/admin/builder/spi-builder-workspace/.dependencies/checkouts/swift-numerics/Sources/_NumericsShims/include -Xcc -I/Users/admin/builder/spi-builder-workspace/.derivedData/Build/Products/Debug-watchos/include -Xcc -I/Users/admin/builder/spi-builder-workspace/.derivedData/Build/Intermediates.noindex/OnscreenController.build/Debug-watchos/OnscreenController-t.build/DerivedSources-normal/arm64_32 -Xcc -I/Users/admin/builder/spi-builder-workspace/.derivedData/Build/Intermediates.noindex/OnscreenController.build/Debug-watchos/OnscreenController-t.build/DerivedSources/arm64_32 -Xcc -I/Users/admin/builder/spi-builder-workspace/.derivedData/Build/Intermediates.noindex/OnscreenController.build/Debug-watchos/OnscreenController-t.build/DerivedSources -Xcc -DSWIFT_PACKAGE -Xcc -DDEBUG\=1 -no-auto-bridging-header-chaining -module-name OnscreenController -const-gather-protocols-file /Users/admin/builder/spi-builder-workspace/.derivedData/Build/Intermediates.noindex/OnscreenController.build/Debug-watchos/OnscreenController-t.build/Objects-normal/arm64_32/OnscreenController_const_extract_protocols.json -disable-clang-spi -clang-target arm64_32-apple-watchos27.0 -target-sdk-version 27.0 -target-sdk-name watchos27.0 -in-process-plugin-server-path /Applications/Xcode-27.0.0-Release.Candidate.app/Contents/Developer/Toolchains/XcodeDefault.xctoolchain/usr/lib/swift/host/libSwiftInProcPluginServer.dylib -emit-module-doc-path /Users/admin/builder/spi-builder-workspace/.derivedData/Build/Intermediates.noindex/OnscreenController.build/Debug-watchos/OnscreenController-t.build/Objects-normal/arm64_32/OnscreenController.swiftdoc -emit-module-source-info-path /Users/admin/builder/spi-builder-workspace/.derivedData/Build/Intermediates.noindex/OnscreenController.build/Debug-watchos/OnscreenController-t.build/Objects-normal/arm64_32/OnscreenController.swiftsourceinfo -emit-objc-header-path /Users/admin/builder/spi-builder-workspace/.derivedData/Build/Intermediates.noindex/OnscreenController.build/Debug-watchos/OnscreenController-t.build/Objects-normal/arm64_32/OnscreenController-Swift.h -serialize-diagnostics-path /Users/admin/builder/spi-builder-workspace/.derivedData/Build/Intermediates.noindex/OnscreenController.build/Debug-watchos/OnscreenController-t.build/Objects-normal/arm64_32/OnscreenController-primary-emit-module.dia -emit-dependencies-path /Users/admin/builder/spi-builder-workspace/.derivedData/Build/Intermediates.noindex/OnscreenController.build/Debug-watchos/OnscreenController-t.build/Objects-normal/arm64_32/OnscreenController-primary-emit-module.d -parse-as-library -o /Users/admin/builder/spi-builder-workspace/.derivedData/Build/Intermediates.noindex/OnscreenController.build/Debug-watchos/OnscreenController-t.build/Objects-normal/arm64_32/OnscreenController.swiftmodule -emit-abi-descriptor-path /Users/admin/builder/spi-builder-workspace/.derivedData/Build/Intermediates.noindex/OnscreenController.build/Debug-watchos/OnscreenController-t.build/Objects-normal/arm64_32/OnscreenController.abi.json
SwiftCompile normal arm64_32 Compiling\ OnscreenController+DpadShape.swift /Users/admin/builder/spi-builder-workspace/Sources/OnscreenController/OnscreenController+DpadShape.swift (in target 'OnscreenController' from project 'OnscreenController')
SwiftCompile normal arm64_32 /Users/admin/builder/spi-builder-workspace/Sources/OnscreenController/OnscreenController+DpadShape.swift (in target 'OnscreenController' from project 'OnscreenController')
    cd /Users/admin/builder/spi-builder-workspace/.swiftpm/xcode
    builtin-SwiftPerFileCompile OnscreenController+DpadShape.swift
SwiftCompile normal arm64 Compiling\ OnscreenController.swift /Users/admin/builder/spi-builder-workspace/Sources/OnscreenController/OnscreenController.swift (in target 'OnscreenController' from project 'OnscreenController')
SwiftCompile normal arm64 /Users/admin/builder/spi-builder-workspace/Sources/OnscreenController/OnscreenController.swift (in target 'OnscreenController' from project 'OnscreenController')
    cd /Users/admin/builder/spi-builder-workspace/.swiftpm/xcode
    builtin-SwiftPerFileCompile OnscreenController.swift
SwiftCompile normal arm64_32 Compiling\ MultiTouchGestureRecognizer.swift /Users/admin/builder/spi-builder-workspace/Sources/OnscreenController/MultiTouchGestureRecognizer.swift (in target 'OnscreenController' from project 'OnscreenController')
SwiftCompile normal arm64_32 /Users/admin/builder/spi-builder-workspace/Sources/OnscreenController/MultiTouchGestureRecognizer.swift (in target 'OnscreenController' from project 'OnscreenController')
    cd /Users/admin/builder/spi-builder-workspace/.swiftpm/xcode
    builtin-SwiftPerFileCompile MultiTouchGestureRecognizer.swift
/Users/admin/builder/spi-builder-workspace/Sources/OnscreenController/MultiTouchGestureRecognizer.swift:15:30: error: 'UITouch' is unavailable in watchOS
13 | class MultiTouchGestureRecognizer: UIGestureRecognizer {
14 |
15 |     private var touches: Set<UITouch> = []
   |                              `- error: 'UITouch' is unavailable in watchOS
16 |
17 |     override func touchesBegan(_ touches: Set<UITouch>, with event: UIEvent) {
/Applications/Xcode-27.0.0-Release.Candidate.app/Contents/Developer/Platforms/WatchOS.platform/Developer/SDKs/WatchOS27.0.sdk/System/Library/Frameworks/UIKit.framework/Headers/UITouch.h:51:12: note: 'UITouch' has been explicitly marked unavailable here
 49 |
 50 | UIKIT_EXTERN API_AVAILABLE(ios(2.0)) API_UNAVAILABLE(watchos) NS_SWIFT_UI_ACTOR
 51 | @interface UITouch : NSObject
    |            `- note: 'UITouch' has been explicitly marked unavailable here
 52 |
 53 | @property(nonatomic,readonly) NSTimeInterval      timestamp;
/Users/admin/builder/spi-builder-workspace/Sources/OnscreenController/MultiTouchGestureRecognizer.swift:17:47: error: 'UITouch' is unavailable in watchOS
15 |     private var touches: Set<UITouch> = []
16 |
17 |     override func touchesBegan(_ touches: Set<UITouch>, with event: UIEvent) {
   |                                               `- error: 'UITouch' is unavailable in watchOS
18 |         self.touches.formUnion(touches)
19 |         updateState()
/Applications/Xcode-27.0.0-Release.Candidate.app/Contents/Developer/Platforms/WatchOS.platform/Developer/SDKs/WatchOS27.0.sdk/System/Library/Frameworks/UIKit.framework/Headers/UITouch.h:51:12: note: 'UITouch' has been explicitly marked unavailable here
 49 |
 50 | UIKIT_EXTERN API_AVAILABLE(ios(2.0)) API_UNAVAILABLE(watchos) NS_SWIFT_UI_ACTOR
 51 | @interface UITouch : NSObject
    |            `- note: 'UITouch' has been explicitly marked unavailable here
 52 |
 53 | @property(nonatomic,readonly) NSTimeInterval      timestamp;
/Users/admin/builder/spi-builder-workspace/Sources/OnscreenController/MultiTouchGestureRecognizer.swift:17:69: error: 'UIEvent' is unavailable in watchOS
15 |     private var touches: Set<UITouch> = []
16 |
17 |     override func touchesBegan(_ touches: Set<UITouch>, with event: UIEvent) {
   |                                                                     `- error: 'UIEvent' is unavailable in watchOS
18 |         self.touches.formUnion(touches)
19 |         updateState()
/Applications/Xcode-27.0.0-Release.Candidate.app/Contents/Developer/Platforms/WatchOS.platform/Developer/SDKs/WatchOS27.0.sdk/System/Library/Frameworks/UIKit.framework/Headers/UIEvent.h:62:12: note: 'UIEvent' has been explicitly marked unavailable here
60 |
61 | UIKIT_EXTERN API_AVAILABLE(ios(2.0)) API_UNAVAILABLE(watchos) NS_SWIFT_UI_ACTOR
62 | @interface UIEvent : NSObject
   |            `- note: 'UIEvent' has been explicitly marked unavailable here
63 |
64 | @property(nonatomic,readonly) UIEventType     type API_AVAILABLE(ios(3.0));
/Users/admin/builder/spi-builder-workspace/Sources/OnscreenController/MultiTouchGestureRecognizer.swift:22:47: error: 'UITouch' is unavailable in watchOS
20 |     }
21 |
22 |     override func touchesMoved(_ touches: Set<UITouch>, with event: UIEvent) {
   |                                               `- error: 'UITouch' is unavailable in watchOS
23 |         updateState()
24 |     }
/Applications/Xcode-27.0.0-Release.Candidate.app/Contents/Developer/Platforms/WatchOS.platform/Developer/SDKs/WatchOS27.0.sdk/System/Library/Frameworks/UIKit.framework/Headers/UITouch.h:51:12: note: 'UITouch' has been explicitly marked unavailable here
 49 |
 50 | UIKIT_EXTERN API_AVAILABLE(ios(2.0)) API_UNAVAILABLE(watchos) NS_SWIFT_UI_ACTOR
 51 | @interface UITouch : NSObject
    |            `- note: 'UITouch' has been explicitly marked unavailable here
 52 |
 53 | @property(nonatomic,readonly) NSTimeInterval      timestamp;
/Users/admin/builder/spi-builder-workspace/Sources/OnscreenController/MultiTouchGestureRecognizer.swift:22:69: error: 'UIEvent' is unavailable in watchOS
20 |     }
21 |
22 |     override func touchesMoved(_ touches: Set<UITouch>, with event: UIEvent) {
   |                                                                     `- error: 'UIEvent' is unavailable in watchOS
23 |         updateState()
24 |     }
/Applications/Xcode-27.0.0-Release.Candidate.app/Contents/Developer/Platforms/WatchOS.platform/Developer/SDKs/WatchOS27.0.sdk/System/Library/Frameworks/UIKit.framework/Headers/UIEvent.h:62:12: note: 'UIEvent' has been explicitly marked unavailable here
60 |
61 | UIKIT_EXTERN API_AVAILABLE(ios(2.0)) API_UNAVAILABLE(watchos) NS_SWIFT_UI_ACTOR
62 | @interface UIEvent : NSObject
   |            `- note: 'UIEvent' has been explicitly marked unavailable here
63 |
64 | @property(nonatomic,readonly) UIEventType     type API_AVAILABLE(ios(3.0));
/Users/admin/builder/spi-builder-workspace/Sources/OnscreenController/MultiTouchGestureRecognizer.swift:26:47: error: 'UITouch' is unavailable in watchOS
24 |     }
25 |
26 |     override func touchesEnded(_ touches: Set<UITouch>, with event: UIEvent) {
   |                                               `- error: 'UITouch' is unavailable in watchOS
27 |         self.touches.subtract(touches)
28 |         updateState()
/Applications/Xcode-27.0.0-Release.Candidate.app/Contents/Developer/Platforms/WatchOS.platform/Developer/SDKs/WatchOS27.0.sdk/System/Library/Frameworks/UIKit.framework/Headers/UITouch.h:51:12: note: 'UITouch' has been explicitly marked unavailable here
 49 |
 50 | UIKIT_EXTERN API_AVAILABLE(ios(2.0)) API_UNAVAILABLE(watchos) NS_SWIFT_UI_ACTOR
 51 | @interface UITouch : NSObject
    |            `- note: 'UITouch' has been explicitly marked unavailable here
 52 |
 53 | @property(nonatomic,readonly) NSTimeInterval      timestamp;
/Users/admin/builder/spi-builder-workspace/Sources/OnscreenController/MultiTouchGestureRecognizer.swift:26:69: error: 'UIEvent' is unavailable in watchOS
24 |     }
25 |
26 |     override func touchesEnded(_ touches: Set<UITouch>, with event: UIEvent) {
   |                                                                     `- error: 'UIEvent' is unavailable in watchOS
27 |         self.touches.subtract(touches)
28 |         updateState()
/Applications/Xcode-27.0.0-Release.Candidate.app/Contents/Developer/Platforms/WatchOS.platform/Developer/SDKs/WatchOS27.0.sdk/System/Library/Frameworks/UIKit.framework/Headers/UIEvent.h:62:12: note: 'UIEvent' has been explicitly marked unavailable here
60 |
61 | UIKIT_EXTERN API_AVAILABLE(ios(2.0)) API_UNAVAILABLE(watchos) NS_SWIFT_UI_ACTOR
62 | @interface UIEvent : NSObject
   |            `- note: 'UIEvent' has been explicitly marked unavailable here
63 |
64 | @property(nonatomic,readonly) UIEventType     type API_AVAILABLE(ios(3.0));
SwiftCompile normal arm64_32 Compiling\ TouchTrackingView.swift /Users/admin/builder/spi-builder-workspace/Sources/OnscreenController/TouchTrackingView.swift (in target 'OnscreenController' from project 'OnscreenController')
/Users/admin/builder/spi-builder-workspace/Sources/OnscreenController/TouchTrackingView.swift:39:98: error: 'UIViewType' is not a member type of struct 'OnscreenController.TouchTrackingView'
11 | import SwiftUI
12 |
13 | struct TouchTrackingView: UIViewRepresentable {
   |        `- note: 'TouchTrackingView' declared here
14 |
15 |     class Coordinator: NSObject {
   :
37 |     var tappedHandler: ([CGPoint]) -> Void
38 |
39 |     func makeUIView(context: UIViewRepresentableContext<TouchTrackingView>) -> TouchTrackingView.UIViewType {
   |                                                                                                  `- error: 'UIViewType' is not a member type of struct 'OnscreenController.TouchTrackingView'
40 |         let gesture = MultiTouchGestureRecognizer(target: context.coordinator, action: #selector(Coordinator.tapped))
41 |         let view = UIView(frame: .zero)
/Users/admin/builder/spi-builder-workspace/Sources/OnscreenController/TouchTrackingView.swift:39:30: error: cannot find type 'UIViewRepresentableContext' in scope
37 |     var tappedHandler: ([CGPoint]) -> Void
38 |
39 |     func makeUIView(context: UIViewRepresentableContext<TouchTrackingView>) -> TouchTrackingView.UIViewType {
   |                              `- error: cannot find type 'UIViewRepresentableContext' in scope
40 |         let gesture = MultiTouchGestureRecognizer(target: context.coordinator, action: #selector(Coordinator.tapped))
41 |         let view = UIView(frame: .zero)
/Users/admin/builder/spi-builder-workspace/Sources/OnscreenController/TouchTrackingView.swift:50:50: error: cannot find type 'UIViewRepresentableContext' in scope
48 |     }
49 |
50 |     func updateUIView(_ uiView: UIView, context: UIViewRepresentableContext<TouchTrackingView>) {
   |                                                  `- error: cannot find type 'UIViewRepresentableContext' in scope
51 |
52 |     }
/Users/admin/builder/spi-builder-workspace/Sources/OnscreenController/TouchTrackingView.swift:50:33: error: 'UIView' is unavailable in watchOS
48 |     }
49 |
50 |     func updateUIView(_ uiView: UIView, context: UIViewRepresentableContext<TouchTrackingView>) {
   |                                 `- error: 'UIView' is unavailable in watchOS
51 |
52 |     }
/Applications/Xcode-27.0.0-Release.Candidate.app/Contents/Developer/Platforms/WatchOS.platform/Developer/SDKs/WatchOS27.0.sdk/System/Library/Frameworks/UIKit.framework/Headers/UIView.h:152:12: note: 'UIView' has been explicitly marked unavailable here
150 |
151 | UIKIT_EXTERN API_AVAILABLE(ios(2.0)) API_UNAVAILABLE(watchos) NS_SWIFT_UI_ACTOR
152 | @interface UIView : UIResponder <NSCoding, UIAppearance, UIAppearanceContainer, UIDynamicItem, UITraitEnvironment, UICoordinateSpace, UIFocusItem, UIFocusItemContainer, CALayerDelegate>
    |            `- note: 'UIView' has been explicitly marked unavailable here
153 |
154 | @property(class, nonatomic, readonly) Class layerClass;                        // default is [CALayer class]. Used when creating the underlying layer for the view.
/Users/admin/builder/spi-builder-workspace/Sources/OnscreenController/TouchTrackingView.swift:13:27: error: cannot find type 'UIViewRepresentable' in scope
11 | import SwiftUI
12 |
13 | struct TouchTrackingView: UIViewRepresentable {
   |                           `- error: cannot find type 'UIViewRepresentable' in scope
14 |
15 |     class Coordinator: NSObject {
SwiftCompile normal arm64_32 /Users/admin/builder/spi-builder-workspace/Sources/OnscreenController/TouchTrackingView.swift (in target 'OnscreenController' from project 'OnscreenController')
    cd /Users/admin/builder/spi-builder-workspace/.swiftpm/xcode
    builtin-SwiftPerFileCompile TouchTrackingView.swift
SwiftCompile normal arm64 Compiling\ TouchTrackingView.swift /Users/admin/builder/spi-builder-workspace/Sources/OnscreenController/TouchTrackingView.swift (in target 'OnscreenController' from project 'OnscreenController')
/Users/admin/builder/spi-builder-workspace/Sources/OnscreenController/TouchTrackingView.swift:39:98: error: 'UIViewType' is not a member type of struct 'OnscreenController.TouchTrackingView'
11 | import SwiftUI
12 |
13 | struct TouchTrackingView: UIViewRepresentable {
   |        `- note: 'TouchTrackingView' declared here
14 |
15 |     class Coordinator: NSObject {
   :
37 |     var tappedHandler: ([CGPoint]) -> Void
38 |
39 |     func makeUIView(context: UIViewRepresentableContext<TouchTrackingView>) -> TouchTrackingView.UIViewType {
   |                                                                                                  `- error: 'UIViewType' is not a member type of struct 'OnscreenController.TouchTrackingView'
40 |         let gesture = MultiTouchGestureRecognizer(target: context.coordinator, action: #selector(Coordinator.tapped))
41 |         let view = UIView(frame: .zero)
/Users/admin/builder/spi-builder-workspace/Sources/OnscreenController/TouchTrackingView.swift:39:30: error: cannot find type 'UIViewRepresentableContext' in scope
37 |     var tappedHandler: ([CGPoint]) -> Void
38 |
39 |     func makeUIView(context: UIViewRepresentableContext<TouchTrackingView>) -> TouchTrackingView.UIViewType {
   |                              `- error: cannot find type 'UIViewRepresentableContext' in scope
40 |         let gesture = MultiTouchGestureRecognizer(target: context.coordinator, action: #selector(Coordinator.tapped))
41 |         let view = UIView(frame: .zero)
/Users/admin/builder/spi-builder-workspace/Sources/OnscreenController/TouchTrackingView.swift:50:50: error: cannot find type 'UIViewRepresentableContext' in scope
48 |     }
49 |
50 |     func updateUIView(_ uiView: UIView, context: UIViewRepresentableContext<TouchTrackingView>) {
   |                                                  `- error: cannot find type 'UIViewRepresentableContext' in scope
51 |
52 |     }
/Users/admin/builder/spi-builder-workspace/Sources/OnscreenController/TouchTrackingView.swift:50:33: error: 'UIView' is unavailable in watchOS
48 |     }
49 |
50 |     func updateUIView(_ uiView: UIView, context: UIViewRepresentableContext<TouchTrackingView>) {
   |                                 `- error: 'UIView' is unavailable in watchOS
51 |
52 |     }
/Applications/Xcode-27.0.0-Release.Candidate.app/Contents/Developer/Platforms/WatchOS.platform/Developer/SDKs/WatchOS27.0.sdk/System/Library/Frameworks/UIKit.framework/Headers/UIView.h:152:12: note: 'UIView' has been explicitly marked unavailable here
150 |
151 | UIKIT_EXTERN API_AVAILABLE(ios(2.0)) API_UNAVAILABLE(watchos) NS_SWIFT_UI_ACTOR
152 | @interface UIView : UIResponder <NSCoding, UIAppearance, UIAppearanceContainer, UIDynamicItem, UITraitEnvironment, UICoordinateSpace, UIFocusItem, UIFocusItemContainer, CALayerDelegate>
    |            `- note: 'UIView' has been explicitly marked unavailable here
153 |
154 | @property(class, nonatomic, readonly) Class layerClass;                        // default is [CALayer class]. Used when creating the underlying layer for the view.
/Users/admin/builder/spi-builder-workspace/Sources/OnscreenController/TouchTrackingView.swift:13:27: error: cannot find type 'UIViewRepresentable' in scope
11 | import SwiftUI
12 |
13 | struct TouchTrackingView: UIViewRepresentable {
   |                           `- error: cannot find type 'UIViewRepresentable' in scope
14 |
15 |     class Coordinator: NSObject {
SwiftCompile normal arm64 /Users/admin/builder/spi-builder-workspace/Sources/OnscreenController/TouchTrackingView.swift (in target 'OnscreenController' from project 'OnscreenController')
    cd /Users/admin/builder/spi-builder-workspace/.swiftpm/xcode
    builtin-SwiftPerFileCompile TouchTrackingView.swift
SwiftEmitModule normal arm64 Emitting\ module\ for\ OnscreenController (in target 'OnscreenController' from project 'OnscreenController')
/Users/admin/builder/spi-builder-workspace/Sources/OnscreenController/MultiTouchGestureRecognizer.swift:15:30: error: 'UITouch' is unavailable in watchOS
13 | class MultiTouchGestureRecognizer: UIGestureRecognizer {
14 |
15 |     private var touches: Set<UITouch> = []
   |                              `- error: 'UITouch' is unavailable in watchOS
16 |
17 |     override func touchesBegan(_ touches: Set<UITouch>, with event: UIEvent) {
/Applications/Xcode-27.0.0-Release.Candidate.app/Contents/Developer/Platforms/WatchOS.platform/Developer/SDKs/WatchOS27.0.sdk/System/Library/Frameworks/UIKit.framework/Headers/UITouch.h:51:12: note: 'UITouch' has been explicitly marked unavailable here
 49 |
 50 | UIKIT_EXTERN API_AVAILABLE(ios(2.0)) API_UNAVAILABLE(watchos) NS_SWIFT_UI_ACTOR
 51 | @interface UITouch : NSObject
    |            `- note: 'UITouch' has been explicitly marked unavailable here
 52 |
 53 | @property(nonatomic,readonly) NSTimeInterval      timestamp;
/Users/admin/builder/spi-builder-workspace/Sources/OnscreenController/MultiTouchGestureRecognizer.swift:17:47: error: 'UITouch' is unavailable in watchOS
15 |     private var touches: Set<UITouch> = []
16 |
17 |     override func touchesBegan(_ touches: Set<UITouch>, with event: UIEvent) {
   |                                               `- error: 'UITouch' is unavailable in watchOS
18 |         self.touches.formUnion(touches)
19 |         updateState()
/Applications/Xcode-27.0.0-Release.Candidate.app/Contents/Developer/Platforms/WatchOS.platform/Developer/SDKs/WatchOS27.0.sdk/System/Library/Frameworks/UIKit.framework/Headers/UITouch.h:51:12: note: 'UITouch' has been explicitly marked unavailable here
 49 |
 50 | UIKIT_EXTERN API_AVAILABLE(ios(2.0)) API_UNAVAILABLE(watchos) NS_SWIFT_UI_ACTOR
 51 | @interface UITouch : NSObject
    |            `- note: 'UITouch' has been explicitly marked unavailable here
 52 |
 53 | @property(nonatomic,readonly) NSTimeInterval      timestamp;
/Users/admin/builder/spi-builder-workspace/Sources/OnscreenController/MultiTouchGestureRecognizer.swift:17:69: error: 'UIEvent' is unavailable in watchOS
15 |     private var touches: Set<UITouch> = []
16 |
17 |     override func touchesBegan(_ touches: Set<UITouch>, with event: UIEvent) {
   |                                                                     `- error: 'UIEvent' is unavailable in watchOS
18 |         self.touches.formUnion(touches)
19 |         updateState()
/Applications/Xcode-27.0.0-Release.Candidate.app/Contents/Developer/Platforms/WatchOS.platform/Developer/SDKs/WatchOS27.0.sdk/System/Library/Frameworks/UIKit.framework/Headers/UIEvent.h:62:12: note: 'UIEvent' has been explicitly marked unavailable here
60 |
61 | UIKIT_EXTERN API_AVAILABLE(ios(2.0)) API_UNAVAILABLE(watchos) NS_SWIFT_UI_ACTOR
62 | @interface UIEvent : NSObject
   |            `- note: 'UIEvent' has been explicitly marked unavailable here
63 |
64 | @property(nonatomic,readonly) UIEventType     type API_AVAILABLE(ios(3.0));
/Users/admin/builder/spi-builder-workspace/Sources/OnscreenController/MultiTouchGestureRecognizer.swift:22:47: error: 'UITouch' is unavailable in watchOS
20 |     }
21 |
22 |     override func touchesMoved(_ touches: Set<UITouch>, with event: UIEvent) {
   |                                               `- error: 'UITouch' is unavailable in watchOS
23 |         updateState()
24 |     }
/Applications/Xcode-27.0.0-Release.Candidate.app/Contents/Developer/Platforms/WatchOS.platform/Developer/SDKs/WatchOS27.0.sdk/System/Library/Frameworks/UIKit.framework/Headers/UITouch.h:51:12: note: 'UITouch' has been explicitly marked unavailable here
 49 |
 50 | UIKIT_EXTERN API_AVAILABLE(ios(2.0)) API_UNAVAILABLE(watchos) NS_SWIFT_UI_ACTOR
 51 | @interface UITouch : NSObject
    |            `- note: 'UITouch' has been explicitly marked unavailable here
 52 |
 53 | @property(nonatomic,readonly) NSTimeInterval      timestamp;
/Users/admin/builder/spi-builder-workspace/Sources/OnscreenController/MultiTouchGestureRecognizer.swift:22:69: error: 'UIEvent' is unavailable in watchOS
20 |     }
21 |
22 |     override func touchesMoved(_ touches: Set<UITouch>, with event: UIEvent) {
   |                                                                     `- error: 'UIEvent' is unavailable in watchOS
23 |         updateState()
24 |     }
/Applications/Xcode-27.0.0-Release.Candidate.app/Contents/Developer/Platforms/WatchOS.platform/Developer/SDKs/WatchOS27.0.sdk/System/Library/Frameworks/UIKit.framework/Headers/UIEvent.h:62:12: note: 'UIEvent' has been explicitly marked unavailable here
60 |
61 | UIKIT_EXTERN API_AVAILABLE(ios(2.0)) API_UNAVAILABLE(watchos) NS_SWIFT_UI_ACTOR
62 | @interface UIEvent : NSObject
   |            `- note: 'UIEvent' has been explicitly marked unavailable here
63 |
64 | @property(nonatomic,readonly) UIEventType     type API_AVAILABLE(ios(3.0));
/Users/admin/builder/spi-builder-workspace/Sources/OnscreenController/MultiTouchGestureRecognizer.swift:26:47: error: 'UITouch' is unavailable in watchOS
24 |     }
25 |
26 |     override func touchesEnded(_ touches: Set<UITouch>, with event: UIEvent) {
   |                                               `- error: 'UITouch' is unavailable in watchOS
27 |         self.touches.subtract(touches)
28 |         updateState()
/Applications/Xcode-27.0.0-Release.Candidate.app/Contents/Developer/Platforms/WatchOS.platform/Developer/SDKs/WatchOS27.0.sdk/System/Library/Frameworks/UIKit.framework/Headers/UITouch.h:51:12: note: 'UITouch' has been explicitly marked unavailable here
 49 |
 50 | UIKIT_EXTERN API_AVAILABLE(ios(2.0)) API_UNAVAILABLE(watchos) NS_SWIFT_UI_ACTOR
 51 | @interface UITouch : NSObject
    |            `- note: 'UITouch' has been explicitly marked unavailable here
 52 |
 53 | @property(nonatomic,readonly) NSTimeInterval      timestamp;
/Users/admin/builder/spi-builder-workspace/Sources/OnscreenController/MultiTouchGestureRecognizer.swift:26:69: error: 'UIEvent' is unavailable in watchOS
24 |     }
25 |
26 |     override func touchesEnded(_ touches: Set<UITouch>, with event: UIEvent) {
   |                                                                     `- error: 'UIEvent' is unavailable in watchOS
27 |         self.touches.subtract(touches)
28 |         updateState()
/Applications/Xcode-27.0.0-Release.Candidate.app/Contents/Developer/Platforms/WatchOS.platform/Developer/SDKs/WatchOS27.0.sdk/System/Library/Frameworks/UIKit.framework/Headers/UIEvent.h:62:12: note: 'UIEvent' has been explicitly marked unavailable here
60 |
61 | UIKIT_EXTERN API_AVAILABLE(ios(2.0)) API_UNAVAILABLE(watchos) NS_SWIFT_UI_ACTOR
62 | @interface UIEvent : NSObject
   |            `- note: 'UIEvent' has been explicitly marked unavailable here
63 |
64 | @property(nonatomic,readonly) UIEventType     type API_AVAILABLE(ios(3.0));
/Users/admin/builder/spi-builder-workspace/Sources/OnscreenController/MultiTouchGestureRecognizer.swift:13:36: error: 'UIGestureRecognizer' is unavailable in watchOS
11 | import UIKit
12 |
13 | class MultiTouchGestureRecognizer: UIGestureRecognizer {
   |                                    `- error: 'UIGestureRecognizer' is unavailable in watchOS
14 |
15 |     private var touches: Set<UITouch> = []
/Applications/Xcode-27.0.0-Release.Candidate.app/Contents/Developer/Platforms/WatchOS.platform/Developer/SDKs/WatchOS27.0.sdk/System/Library/Frameworks/UIKit.framework/Headers/UIGestureRecognizer.h:35:12: note: 'UIGestureRecognizer' has been explicitly marked unavailable here
 33 |
 34 | UIKIT_EXTERN API_AVAILABLE(ios(3.2)) API_UNAVAILABLE(watchos) NS_SWIFT_UI_ACTOR
 35 | @interface UIGestureRecognizer : NSObject
    |            `- note: 'UIGestureRecognizer' has been explicitly marked unavailable here
 36 |
 37 | // Valid action method signatures:
/Users/admin/builder/spi-builder-workspace/Sources/OnscreenController/TouchTrackingView.swift:39:98: error: 'UIViewType' is not a member type of struct 'OnscreenController.TouchTrackingView'
11 | import SwiftUI
12 |
13 | struct TouchTrackingView: UIViewRepresentable {
   |        `- note: 'TouchTrackingView' declared here
14 |
15 |     class Coordinator: NSObject {
   :
37 |     var tappedHandler: ([CGPoint]) -> Void
38 |
39 |     func makeUIView(context: UIViewRepresentableContext<TouchTrackingView>) -> TouchTrackingView.UIViewType {
   |                                                                                                  `- error: 'UIViewType' is not a member type of struct 'OnscreenController.TouchTrackingView'
40 |         let gesture = MultiTouchGestureRecognizer(target: context.coordinator, action: #selector(Coordinator.tapped))
41 |         let view = UIView(frame: .zero)
/Users/admin/builder/spi-builder-workspace/Sources/OnscreenController/TouchTrackingView.swift:39:30: error: cannot find type 'UIViewRepresentableContext' in scope
37 |     var tappedHandler: ([CGPoint]) -> Void
38 |
39 |     func makeUIView(context: UIViewRepresentableContext<TouchTrackingView>) -> TouchTrackingView.UIViewType {
   |                              `- error: cannot find type 'UIViewRepresentableContext' in scope
40 |         let gesture = MultiTouchGestureRecognizer(target: context.coordinator, action: #selector(Coordinator.tapped))
41 |         let view = UIView(frame: .zero)
/Users/admin/builder/spi-builder-workspace/Sources/OnscreenController/TouchTrackingView.swift:50:50: error: cannot find type 'UIViewRepresentableContext' in scope
48 |     }
49 |
50 |     func updateUIView(_ uiView: UIView, context: UIViewRepresentableContext<TouchTrackingView>) {
   |                                                  `- error: cannot find type 'UIViewRepresentableContext' in scope
51 |
52 |     }
/Users/admin/builder/spi-builder-workspace/Sources/OnscreenController/TouchTrackingView.swift:50:33: error: 'UIView' is unavailable in watchOS
48 |     }
49 |
50 |     func updateUIView(_ uiView: UIView, context: UIViewRepresentableContext<TouchTrackingView>) {
   |                                 `- error: 'UIView' is unavailable in watchOS
51 |
52 |     }
/Applications/Xcode-27.0.0-Release.Candidate.app/Contents/Developer/Platforms/WatchOS.platform/Developer/SDKs/WatchOS27.0.sdk/System/Library/Frameworks/UIKit.framework/Headers/UIView.h:152:12: note: 'UIView' has been explicitly marked unavailable here
150 |
151 | UIKIT_EXTERN API_AVAILABLE(ios(2.0)) API_UNAVAILABLE(watchos) NS_SWIFT_UI_ACTOR
152 | @interface UIView : UIResponder <NSCoding, UIAppearance, UIAppearanceContainer, UIDynamicItem, UITraitEnvironment, UICoordinateSpace, UIFocusItem, UIFocusItemContainer, CALayerDelegate>
    |            `- note: 'UIView' has been explicitly marked unavailable here
153 |
154 | @property(class, nonatomic, readonly) Class layerClass;                        // default is [CALayer class]. Used when creating the underlying layer for the view.
/Users/admin/builder/spi-builder-workspace/Sources/OnscreenController/TouchTrackingView.swift:13:27: error: cannot find type 'UIViewRepresentable' in scope
11 | import SwiftUI
12 |
13 | struct TouchTrackingView: UIViewRepresentable {
   |                           `- error: cannot find type 'UIViewRepresentable' in scope
14 |
15 |     class Coordinator: NSObject {
Failed frontend command:
/Applications/Xcode-27.0.0-Release.Candidate.app/Contents/Developer/Toolchains/XcodeDefault.xctoolchain/usr/bin/swift-frontend -frontend -emit-module -experimental-skip-non-inlinable-function-bodies-without-types /Users/admin/builder/spi-builder-workspace/Sources/OnscreenController/MultiTouchGestureRecognizer.swift /Users/admin/builder/spi-builder-workspace/Sources/OnscreenController/OnscreenController+DpadShape.swift /Users/admin/builder/spi-builder-workspace/Sources/OnscreenController/OnscreenController.swift /Users/admin/builder/spi-builder-workspace/Sources/OnscreenController/TouchTrackingView.swift -target arm64-apple-watchos9.0 -module-can-import-version UIKit 9127.0.84.1 9127.0.84 -disable-cross-import-overlay-search -load-resolved-plugin /Applications/Xcode-27.0.0-Release.Candidate.app/Contents/Developer/Platforms/WatchOS.platform/Developer/usr/lib/swift/host/plugins/libFoundationMacros.dylib\#/Applications/Xcode-27.0.0-Release.Candidate.app/Contents/Developer/Platforms/WatchOS.platform/Developer/usr/bin/swift-plugin-server\#FoundationMacros -load-resolved-plugin /Applications/Xcode-27.0.0-Release.Candidate.app/Contents/Developer/Platforms/WatchOS.platform/Developer/usr/lib/swift/host/plugins/libObservationMacros.dylib\#/Applications/Xcode-27.0.0-Release.Candidate.app/Contents/Developer/Platforms/WatchOS.platform/Developer/usr/bin/swift-plugin-server\#ObservationMacros -load-resolved-plugin /Applications/Xcode-27.0.0-Release.Candidate.app/Contents/Developer/Platforms/WatchOS.platform/Developer/usr/lib/swift/host/plugins/libPreviewsMacros.dylib\#/Applications/Xcode-27.0.0-Release.Candidate.app/Contents/Developer/Platforms/WatchOS.platform/Developer/usr/bin/swift-plugin-server\#PreviewsMacros -load-resolved-plugin /Applications/Xcode-27.0.0-Release.Candidate.app/Contents/Developer/Platforms/WatchOS.platform/Developer/usr/lib/swift/host/plugins/libSwiftMacros.dylib\#/Applications/Xcode-27.0.0-Release.Candidate.app/Contents/Developer/Platforms/WatchOS.platform/Developer/usr/bin/swift-plugin-server\#SwiftMacros -load-resolved-plugin /Applications/Xcode-27.0.0-Release.Candidate.app/Contents/Developer/Platforms/WatchOS.platform/Developer/usr/lib/swift/host/plugins/libSwiftUIMacros.dylib\#/Applications/Xcode-27.0.0-Release.Candidate.app/Contents/Developer/Platforms/WatchOS.platform/Developer/usr/bin/swift-plugin-server\#SwiftUIMacros -disable-implicit-swift-modules -Xcc -fno-implicit-modules -Xcc -fno-implicit-module-maps -explicit-swift-module-map-file /Users/admin/builder/spi-builder-workspace/.derivedData/Build/Intermediates.noindex/OnscreenController.build/Debug-watchos/OnscreenController-t.build/Objects-normal/arm64/OnscreenController-dependencies-2.json -Xllvm -aarch64-use-tbi -enable-objc-interop -stack-check -sdk /Applications/Xcode-27.0.0-Release.Candidate.app/Contents/Developer/Platforms/WatchOS.platform/Developer/SDKs/WatchOS27.0.sdk -I /Users/admin/builder/spi-builder-workspace/.derivedData/Build/Products/Debug-watchos -Isystem /Applications/Xcode-27.0.0-Release.Candidate.app/Contents/Developer/Platforms/WatchOS.platform/Developer/usr/lib -F /Users/admin/builder/spi-builder-workspace/.derivedData/Build/Products/Debug-watchos/PackageFrameworks -F /Users/admin/builder/spi-builder-workspace/.derivedData/Build/Products/Debug-watchos -F /Applications/Xcode-27.0.0-Release.Candidate.app/Contents/Developer/Platforms/WatchOS.platform/Developer/Library/Frameworks -F /Applications/Xcode-27.0.0-Release.Candidate.app/Contents/Developer/Platforms/WatchOS.platform/Developer/SDKs/WatchOS27.0.sdk/Developer/Library/Frameworks -module-cache-path /Users/admin/builder/spi-builder-workspace/.derivedData/Build/Intermediates.noindex/SwiftExplicitPrecompiledModules -no-color-diagnostics -Xcc -fno-color-diagnostics -enable-testing -g -debug-info-format\=dwarf -dwarf-version\=4 -profile-generate -profile-coverage-mapping -swift-version 5 -Onone -D SWIFT_PACKAGE -D DEBUG -D SWIFT_MODULE_RESOURCE_BUNDLE_UNAVAILABLE -D Xcode -serialize-debugging-options -enable-experimental-feature DebugDescriptionMacro -empty-abi-descriptor -validate-clang-modules-once -clang-build-session-file /Users/admin/builder/spi-builder-workspace/.derivedData/ModuleCache.noindex/Session.modulevalidation -Xcc -working-directory -Xcc /Users/admin/builder/spi-builder-workspace/.swiftpm/xcode -enable-anonymous-context-mangled-names -file-compilation-dir /Users/admin/builder/spi-builder-workspace/.swiftpm/xcode -Xcc -fmodule-map-file\=/Users/admin/builder/spi-builder-workspace/.dependencies/checkouts/swift-numerics/Sources/_NumericsShims/include/module.modulemap -Xcc -D_LIBCPP_HARDENING_MODE\=_LIBCPP_HARDENING_MODE_DEBUG -Xcc -ivfsstatcache -Xcc /Users/admin/builder/spi-builder-workspace/.derivedData/SDKStatCaches.noindex/watchos27.0-24R360-e829b21a6f8c9b70876ba0858053c04477534ef55a1706bf4c1112bbb242f0a2.sdkstatcache -Xcc -fmodules-prune-interval\=86400 -Xcc -fmodules-prune-after\=345600 -Xcc -I/Users/admin/builder/spi-builder-workspace/.dependencies/checkouts/swift-numerics/Sources/_NumericsShims/include -Xcc -I/Users/admin/builder/spi-builder-workspace/.derivedData/Build/Products/Debug-watchos/include -Xcc -I/Users/admin/builder/spi-builder-workspace/.derivedData/Build/Intermediates.noindex/OnscreenController.build/Debug-watchos/OnscreenController-t.build/DerivedSources-normal/arm64 -Xcc -I/Users/admin/builder/spi-builder-workspace/.derivedData/Build/Intermediates.noindex/OnscreenController.build/Debug-watchos/OnscreenController-t.build/DerivedSources/arm64 -Xcc -I/Users/admin/builder/spi-builder-workspace/.derivedData/Build/Intermediates.noindex/OnscreenController.build/Debug-watchos/OnscreenController-t.build/DerivedSources -Xcc -DSWIFT_PACKAGE -Xcc -DDEBUG\=1 -no-auto-bridging-header-chaining -module-name OnscreenController -const-gather-protocols-file /Users/admin/builder/spi-builder-workspace/.derivedData/Build/Intermediates.noindex/OnscreenController.build/Debug-watchos/OnscreenController-t.build/Objects-normal/arm64/OnscreenController_const_extract_protocols.json -disable-clang-spi -clang-target arm64-apple-watchos27.0 -target-sdk-version 27.0 -target-sdk-name watchos27.0 -in-process-plugin-server-path /Applications/Xcode-27.0.0-Release.Candidate.app/Contents/Developer/Toolchains/XcodeDefault.xctoolchain/usr/lib/swift/host/libSwiftInProcPluginServer.dylib -emit-module-doc-path /Users/admin/builder/spi-builder-workspace/.derivedData/Build/Intermediates.noindex/OnscreenController.build/Debug-watchos/OnscreenController-t.build/Objects-normal/arm64/OnscreenController.swiftdoc -emit-module-source-info-path /Users/admin/builder/spi-builder-workspace/.derivedData/Build/Intermediates.noindex/OnscreenController.build/Debug-watchos/OnscreenController-t.build/Objects-normal/arm64/OnscreenController.swiftsourceinfo -emit-objc-header-path /Users/admin/builder/spi-builder-workspace/.derivedData/Build/Intermediates.noindex/OnscreenController.build/Debug-watchos/OnscreenController-t.build/Objects-normal/arm64/OnscreenController-Swift.h -serialize-diagnostics-path /Users/admin/builder/spi-builder-workspace/.derivedData/Build/Intermediates.noindex/OnscreenController.build/Debug-watchos/OnscreenController-t.build/Objects-normal/arm64/OnscreenController-primary-emit-module.dia -emit-dependencies-path /Users/admin/builder/spi-builder-workspace/.derivedData/Build/Intermediates.noindex/OnscreenController.build/Debug-watchos/OnscreenController-t.build/Objects-normal/arm64/OnscreenController-primary-emit-module.d -parse-as-library -o /Users/admin/builder/spi-builder-workspace/.derivedData/Build/Intermediates.noindex/OnscreenController.build/Debug-watchos/OnscreenController-t.build/Objects-normal/arm64/OnscreenController.swiftmodule -emit-abi-descriptor-path /Users/admin/builder/spi-builder-workspace/.derivedData/Build/Intermediates.noindex/OnscreenController.build/Debug-watchos/OnscreenController-t.build/Objects-normal/arm64/OnscreenController.abi.json
SwiftCompile normal arm64 (in target 'OnscreenController' from project 'OnscreenController')
    cd /Users/admin/builder/spi-builder-workspace/.swiftpm/xcode

SwiftCompile normal arm64 Compiling\ OnscreenController+DpadShape.swift /Users/admin/builder/spi-builder-workspace/Sources/OnscreenController/OnscreenController+DpadShape.swift (in target 'OnscreenController' from project 'OnscreenController')
SwiftCompile normal arm64 /Users/admin/builder/spi-builder-workspace/Sources/OnscreenController/OnscreenController+DpadShape.swift (in target 'OnscreenController' from project 'OnscreenController')
    cd /Users/admin/builder/spi-builder-workspace/.swiftpm/xcode
    builtin-SwiftPerFileCompile OnscreenController+DpadShape.swift
SwiftCompile normal arm64 Compiling\ MultiTouchGestureRecognizer.swift /Users/admin/builder/spi-builder-workspace/Sources/OnscreenController/MultiTouchGestureRecognizer.swift (in target 'OnscreenController' from project 'OnscreenController')
/Users/admin/builder/spi-builder-workspace/Sources/OnscreenController/MultiTouchGestureRecognizer.swift:15:30: error: 'UITouch' is unavailable in watchOS
13 | class MultiTouchGestureRecognizer: UIGestureRecognizer {
14 |
15 |     private var touches: Set<UITouch> = []
   |                              `- error: 'UITouch' is unavailable in watchOS
16 |
17 |     override func touchesBegan(_ touches: Set<UITouch>, with event: UIEvent) {
/Applications/Xcode-27.0.0-Release.Candidate.app/Contents/Developer/Platforms/WatchOS.platform/Developer/SDKs/WatchOS27.0.sdk/System/Library/Frameworks/UIKit.framework/Headers/UITouch.h:51:12: note: 'UITouch' has been explicitly marked unavailable here
 49 |
 50 | UIKIT_EXTERN API_AVAILABLE(ios(2.0)) API_UNAVAILABLE(watchos) NS_SWIFT_UI_ACTOR
 51 | @interface UITouch : NSObject
    |            `- note: 'UITouch' has been explicitly marked unavailable here
 52 |
 53 | @property(nonatomic,readonly) NSTimeInterval      timestamp;
/Users/admin/builder/spi-builder-workspace/Sources/OnscreenController/MultiTouchGestureRecognizer.swift:17:47: error: 'UITouch' is unavailable in watchOS
15 |     private var touches: Set<UITouch> = []
16 |
17 |     override func touchesBegan(_ touches: Set<UITouch>, with event: UIEvent) {
   |                                               `- error: 'UITouch' is unavailable in watchOS
18 |         self.touches.formUnion(touches)
19 |         updateState()
/Applications/Xcode-27.0.0-Release.Candidate.app/Contents/Developer/Platforms/WatchOS.platform/Developer/SDKs/WatchOS27.0.sdk/System/Library/Frameworks/UIKit.framework/Headers/UITouch.h:51:12: note: 'UITouch' has been explicitly marked unavailable here
 49 |
 50 | UIKIT_EXTERN API_AVAILABLE(ios(2.0)) API_UNAVAILABLE(watchos) NS_SWIFT_UI_ACTOR
 51 | @interface UITouch : NSObject
    |            `- note: 'UITouch' has been explicitly marked unavailable here
 52 |
 53 | @property(nonatomic,readonly) NSTimeInterval      timestamp;
/Users/admin/builder/spi-builder-workspace/Sources/OnscreenController/MultiTouchGestureRecognizer.swift:17:69: error: 'UIEvent' is unavailable in watchOS
15 |     private var touches: Set<UITouch> = []
16 |
17 |     override func touchesBegan(_ touches: Set<UITouch>, with event: UIEvent) {
   |                                                                     `- error: 'UIEvent' is unavailable in watchOS
18 |         self.touches.formUnion(touches)
19 |         updateState()
/Applications/Xcode-27.0.0-Release.Candidate.app/Contents/Developer/Platforms/WatchOS.platform/Developer/SDKs/WatchOS27.0.sdk/System/Library/Frameworks/UIKit.framework/Headers/UIEvent.h:62:12: note: 'UIEvent' has been explicitly marked unavailable here
60 |
61 | UIKIT_EXTERN API_AVAILABLE(ios(2.0)) API_UNAVAILABLE(watchos) NS_SWIFT_UI_ACTOR
62 | @interface UIEvent : NSObject
   |            `- note: 'UIEvent' has been explicitly marked unavailable here
63 |
64 | @property(nonatomic,readonly) UIEventType     type API_AVAILABLE(ios(3.0));
/Users/admin/builder/spi-builder-workspace/Sources/OnscreenController/MultiTouchGestureRecognizer.swift:22:47: error: 'UITouch' is unavailable in watchOS
20 |     }
21 |
22 |     override func touchesMoved(_ touches: Set<UITouch>, with event: UIEvent) {
   |                                               `- error: 'UITouch' is unavailable in watchOS
23 |         updateState()
24 |     }
/Applications/Xcode-27.0.0-Release.Candidate.app/Contents/Developer/Platforms/WatchOS.platform/Developer/SDKs/WatchOS27.0.sdk/System/Library/Frameworks/UIKit.framework/Headers/UITouch.h:51:12: note: 'UITouch' has been explicitly marked unavailable here
 49 |
 50 | UIKIT_EXTERN API_AVAILABLE(ios(2.0)) API_UNAVAILABLE(watchos) NS_SWIFT_UI_ACTOR
 51 | @interface UITouch : NSObject
    |            `- note: 'UITouch' has been explicitly marked unavailable here
 52 |
 53 | @property(nonatomic,readonly) NSTimeInterval      timestamp;
/Users/admin/builder/spi-builder-workspace/Sources/OnscreenController/MultiTouchGestureRecognizer.swift:22:69: error: 'UIEvent' is unavailable in watchOS
20 |     }
21 |
22 |     override func touchesMoved(_ touches: Set<UITouch>, with event: UIEvent) {
   |                                                                     `- error: 'UIEvent' is unavailable in watchOS
23 |         updateState()
24 |     }
/Applications/Xcode-27.0.0-Release.Candidate.app/Contents/Developer/Platforms/WatchOS.platform/Developer/SDKs/WatchOS27.0.sdk/System/Library/Frameworks/UIKit.framework/Headers/UIEvent.h:62:12: note: 'UIEvent' has been explicitly marked unavailable here
60 |
61 | UIKIT_EXTERN API_AVAILABLE(ios(2.0)) API_UNAVAILABLE(watchos) NS_SWIFT_UI_ACTOR
62 | @interface UIEvent : NSObject
   |            `- note: 'UIEvent' has been explicitly marked unavailable here
63 |
64 | @property(nonatomic,readonly) UIEventType     type API_AVAILABLE(ios(3.0));
/Users/admin/builder/spi-builder-workspace/Sources/OnscreenController/MultiTouchGestureRecognizer.swift:26:47: error: 'UITouch' is unavailable in watchOS
24 |     }
25 |
26 |     override func touchesEnded(_ touches: Set<UITouch>, with event: UIEvent) {
   |                                               `- error: 'UITouch' is unavailable in watchOS
27 |         self.touches.subtract(touches)
28 |         updateState()
/Applications/Xcode-27.0.0-Release.Candidate.app/Contents/Developer/Platforms/WatchOS.platform/Developer/SDKs/WatchOS27.0.sdk/System/Library/Frameworks/UIKit.framework/Headers/UITouch.h:51:12: note: 'UITouch' has been explicitly marked unavailable here
 49 |
 50 | UIKIT_EXTERN API_AVAILABLE(ios(2.0)) API_UNAVAILABLE(watchos) NS_SWIFT_UI_ACTOR
 51 | @interface UITouch : NSObject
    |            `- note: 'UITouch' has been explicitly marked unavailable here
 52 |
 53 | @property(nonatomic,readonly) NSTimeInterval      timestamp;
/Users/admin/builder/spi-builder-workspace/Sources/OnscreenController/MultiTouchGestureRecognizer.swift:26:69: error: 'UIEvent' is unavailable in watchOS
24 |     }
25 |
26 |     override func touchesEnded(_ touches: Set<UITouch>, with event: UIEvent) {
   |                                                                     `- error: 'UIEvent' is unavailable in watchOS
27 |         self.touches.subtract(touches)
28 |         updateState()
/Applications/Xcode-27.0.0-Release.Candidate.app/Contents/Developer/Platforms/WatchOS.platform/Developer/SDKs/WatchOS27.0.sdk/System/Library/Frameworks/UIKit.framework/Headers/UIEvent.h:62:12: note: 'UIEvent' has been explicitly marked unavailable here
60 |
61 | UIKIT_EXTERN API_AVAILABLE(ios(2.0)) API_UNAVAILABLE(watchos) NS_SWIFT_UI_ACTOR
62 | @interface UIEvent : NSObject
   |            `- note: 'UIEvent' has been explicitly marked unavailable here
63 |
64 | @property(nonatomic,readonly) UIEventType     type API_AVAILABLE(ios(3.0));
SwiftCompile normal arm64 /Users/admin/builder/spi-builder-workspace/Sources/OnscreenController/MultiTouchGestureRecognizer.swift (in target 'OnscreenController' from project 'OnscreenController')
    cd /Users/admin/builder/spi-builder-workspace/.swiftpm/xcode
    builtin-SwiftPerFileCompile MultiTouchGestureRecognizer.swift
SwiftCompile normal arm64_32 Compiling\ OnscreenController.swift /Users/admin/builder/spi-builder-workspace/Sources/OnscreenController/OnscreenController.swift (in target 'OnscreenController' from project 'OnscreenController')
SwiftCompile normal arm64_32 /Users/admin/builder/spi-builder-workspace/Sources/OnscreenController/OnscreenController.swift (in target 'OnscreenController' from project 'OnscreenController')
    cd /Users/admin/builder/spi-builder-workspace/.swiftpm/xcode
    builtin-SwiftPerFileCompile OnscreenController.swift
PruneExplicitPrecompiledModules /Users/admin/builder/spi-builder-workspace/.derivedData/Build/Intermediates.noindex/SwiftExplicitPrecompiledModules
PruneExplicitPrecompiledModules /Users/admin/builder/spi-builder-workspace/.derivedData/Build/Intermediates.noindex/ExplicitPrecompiledModules
PruneExplicitPrecompiledModules /Users/admin/builder/spi-builder-workspace/.derivedData/SDKExplicitPrecompiledModules
2026-09-19 04:44:35.993 xcodebuild[999:5473] [MT] IDERunDestination: Supported platforms for the buildables in the current scheme is empty.
** BUILD FAILED **
The following build commands failed:
	SwiftCompile normal arm64_32 (in target 'OnscreenController' from project 'OnscreenController')
	SwiftEmitModule normal arm64_32 Emitting\ module\ for\ OnscreenController (in target 'OnscreenController' from project 'OnscreenController')
	SwiftEmitModule normal arm64 Emitting\ module\ for\ OnscreenController (in target 'OnscreenController' from project 'OnscreenController')
	SwiftCompile normal arm64 (in target 'OnscreenController' from project 'OnscreenController')
	Building workspace OnscreenController with scheme OnscreenController
(5 failures)
BUILD FAILURE 6.4 watchOS