The Swift Package Index logo.Swift Package Index

Build Information

Failed to build SDWebImageWebPCoder, reference master (5f8093), with Swift 6.4 for Linux on 23 Sep 2026 07:36:58 UTC.

Build Command

bash -c docker run --pull=always --rm -v "checkouts-54344844-0":/host -w "$PWD" -e JAVA_HOME="/root/.sdkman/candidates/java/current" -e SPI_BUILD="1" -e SPI_PROCESSING="1" registry.gitlab.com/saguaro1/spi-images:basic-6.4-latest swift build --triple x86_64-unknown-linux-gnu 2>&1

Build Log

========================================
RunAll
========================================
Builder version: 5.1.0
Interrupt handler set up.
========================================
Checkout
========================================
Clone URL: https://github.com/SDWebImage/SDWebImageWebPCoder.git
Reference: master
Initialized empty Git repository in /host/spi-builder-workspace/.git/
hint: Using 'master' as the name for the initial branch. This default branch name
hint: is subject to change. To configure the initial branch name to use in all
hint: of your new repositories, which will suppress this warning, call:
hint:
hint: 	git config --global init.defaultBranch <name>
hint:
hint: Names commonly chosen instead of 'master' are 'main', 'trunk' and
hint: 'development'. The just-created branch can be renamed via this command:
hint:
hint: 	git branch -m <name>
From https://github.com/SDWebImage/SDWebImageWebPCoder
 * branch            master     -> FETCH_HEAD
 * [new branch]      master     -> origin/master
HEAD is now at 5f80930 Merge pull request #122 from therehello/bugfix_decode_rgba_leak
Cloned https://github.com/SDWebImage/SDWebImageWebPCoder.git
Revision (git rev-parse @):
5f809300e5c5330d2be640eda74d6a0573d3335d
SUCCESS checkout https://github.com/SDWebImage/SDWebImageWebPCoder.git at master
========================================
Build
========================================
Selected platform:         linux
Swift version:             6.4
Building package at path:  $PWD
https://github.com/SDWebImage/SDWebImageWebPCoder.git
Running build ...
bash -c docker run --pull=always --rm -v "checkouts-54344844-0":/host -w "$PWD" -e JAVA_HOME="/root/.sdkman/candidates/java/current" -e SPI_BUILD="1" -e SPI_PROCESSING="1" registry.gitlab.com/saguaro1/spi-images:basic-6.4-latest swift build --triple x86_64-unknown-linux-gnu 2>&1
basic-6.4-latest: Pulling from saguaro1/spi-images
Digest: sha256:c77fcce225e223ac0fafed844619173fc6de8d62dd560eeb28db3182af6a282b
Status: Image is up to date for registry.gitlab.com/saguaro1/spi-images:basic-6.4-latest
Fetching https://github.com/SDWebImage/libwebp-Xcode.git
Fetching https://github.com/SDWebImage/SDWebImage.git
[1/287] Fetching libwebp-xcode
Fetched https://github.com/SDWebImage/libwebp-Xcode.git (0.47s)
[1/26041] Fetching sdwebimage
Fetched https://github.com/SDWebImage/SDWebImage.git (1.34s)
Computing version for https://github.com/SDWebImage/libwebp-Xcode.git
Computed https://github.com/SDWebImage/libwebp-Xcode.git at 1.6.0 (1.55s)
Computing version for https://github.com/SDWebImage/SDWebImage.git
Computed https://github.com/SDWebImage/SDWebImage.git at 5.21.7 (0.21s)
Creating working copy for https://github.com/SDWebImage/SDWebImage.git
Working copy of https://github.com/SDWebImage/SDWebImage.git resolved at 5.21.7
Creating working copy for https://github.com/SDWebImage/libwebp-Xcode.git
Working copy of https://github.com/SDWebImage/libwebp-Xcode.git resolved at 1.6.0
Building for debugging...
[Constructing description]
[Planning deferred tasks]
In file included from <built-in>:1:
/host/spi-builder-workspace/.build/out/Intermediates.noindex/SDWebImage.build/Debug-linux-x86_64/SDWebImage-t.build/DerivedSources/resource_bundle_accessor.h:1:9: fatal error: 'Foundation/Foundation.h' file not found
    1 | #import <Foundation/Foundation.h>
      |         ^~~~~~~~~~~~~~~~~~~~~~~~~
1 error generated.
error: CompileC /host/spi-builder-workspace/.build/out/Intermediates.noindex/SDWebImage.build/Debug-linux-x86_64/SDWebImage-t.build/Objects-normal/x86_64/UIView+WebCacheOperation.o /host/spi-builder-workspace/.build/checkouts/SDWebImage/SDWebImage/Core/UIView+WebCacheOperation.m normal x86_64 objective-c com.apple.compilers.llvm.clang.1_0.compiler failed with a nonzero exit code. Command line:     cd /host

    Using response file: /host/spi-builder-workspace/.build/out/Intermediates.noindex/SDWebImage.build/Debug-linux-x86_64/SDWebImage-t.build/Objects-normal/x86_64/6f95552a3397ee1cec971b90cf334075d5f321c3a3b0689ad55c3d1e24702600-common-args.resp

    /usr/bin/clang -x objective-c -target x86_64-unknown-linux-gnu -fmessage-length\=0 -fdiagnostics-show-note-include-stack -fmacro-backtrace-limit\=0 -fcolor-diagnostics -Wno-trigraphs -Wno-missing-field-initializers -Wno-missing-prototypes -Wno-return-type -Wno-implicit-atomic-properties -Wno-objc-interface-ivars -Wno-arc-repeated-use-of-weak -Wno-missing-braces -Wparentheses -Wswitch -Wno-unused-function -Wno-unused-label -Wno-unused-parameter -Wno-unused-variable -Wunused-value -Wno-empty-body -Wno-uninitialized -Wno-unknown-pragmas -w -Wno-shadow -Wno-four-char-constants -Wno-conversion -Wno-constant-conversion -Wno-int-conversion -Wno-bool-conversion -Wno-enum-conversion -Wno-float-conversion -Wno-non-literal-null-conversion -Wno-objc-literal-conversion -Wno-shorten-64-to-32 -Wpointer-sign -Wno-newline-eof -Wno-selector -Wno-strict-selector-match -Wno-undeclared-selector -Wno-deprecated-implementations -Wno-implicit-fallthrough -fstrict-aliasing -Wprotocol -Wdeprecated-declarations -Wno-sign-conversion -Wno-infinite-recursion -Wno-comma -Wno-block-capture-autoreleasing -Wno-strict-prototypes -Wno-semicolon-before-method-body --sysroot / @/host/spi-builder-workspace/.build/out/Intermediates.noindex/SDWebImage.build/Debug-linux-x86_64/SDWebImage-t.build/Objects-normal/x86_64/6f95552a3397ee1cec971b90cf334075d5f321c3a3b0689ad55c3d1e24702600-common-args.resp -include /host/spi-builder-workspace/.build/out/Intermediates.noindex/SDWebImage.build/Debug-linux-x86_64/SDWebImage-t.build/DerivedSources/resource_bundle_accessor.h -MMD -MT dependencies -MF /host/spi-builder-workspace/.build/out/Intermediates.noindex/SDWebImage.build/Debug-linux-x86_64/SDWebImage-t.build/Objects-normal/x86_64/UIView+WebCacheOperation.d --serialize-diagnostics /host/spi-builder-workspace/.build/out/Intermediates.noindex/SDWebImage.build/Debug-linux-x86_64/SDWebImage-t.build/Objects-normal/x86_64/UIView+WebCacheOperation.dia -c /host/spi-builder-workspace/.build/checkouts/SDWebImage/SDWebImage/Core/UIView+WebCacheOperation.m -o /host/spi-builder-workspace/.build/out/Intermediates.noindex/SDWebImage.build/Debug-linux-x86_64/SDWebImage-t.build/Objects-normal/x86_64/UIView+WebCacheOperation.o
In file included from <built-in>:1:
/host/spi-builder-workspace/.build/out/Intermediates.noindex/SDWebImage.build/Debug-linux-x86_64/SDWebImage-t.build/DerivedSources/resource_bundle_accessor.h:1:9: fatal error: 'Foundation/Foundation.h' file not found
    1 | #import <Foundation/Foundation.h>
      |         ^~~~~~~~~~~~~~~~~~~~~~~~~
1 error generated.
error: CompileC /host/spi-builder-workspace/.build/out/Intermediates.noindex/SDWebImage.build/Debug-linux-x86_64/SDWebImage-t.build/Objects-normal/x86_64/UIColor+SDHexString.o /host/spi-builder-workspace/.build/checkouts/SDWebImage/SDWebImage/Private/UIColor+SDHexString.m normal x86_64 objective-c com.apple.compilers.llvm.clang.1_0.compiler failed with a nonzero exit code. Command line:     cd /host

    Using response file: /host/spi-builder-workspace/.build/out/Intermediates.noindex/SDWebImage.build/Debug-linux-x86_64/SDWebImage-t.build/Objects-normal/x86_64/6f95552a3397ee1cec971b90cf334075d5f321c3a3b0689ad55c3d1e24702600-common-args.resp

    /usr/bin/clang -x objective-c -target x86_64-unknown-linux-gnu -fmessage-length\=0 -fdiagnostics-show-note-include-stack -fmacro-backtrace-limit\=0 -fcolor-diagnostics -Wno-trigraphs -Wno-missing-field-initializers -Wno-missing-prototypes -Wno-return-type -Wno-implicit-atomic-properties -Wno-objc-interface-ivars -Wno-arc-repeated-use-of-weak -Wno-missing-braces -Wparentheses -Wswitch -Wno-unused-function -Wno-unused-label -Wno-unused-parameter -Wno-unused-variable -Wunused-value -Wno-empty-body -Wno-uninitialized -Wno-unknown-pragmas -w -Wno-shadow -Wno-four-char-constants -Wno-conversion -Wno-constant-conversion -Wno-int-conversion -Wno-bool-conversion -Wno-enum-conversion -Wno-float-conversion -Wno-non-literal-null-conversion -Wno-objc-literal-conversion -Wno-shorten-64-to-32 -Wpointer-sign -Wno-newline-eof -Wno-selector -Wno-strict-selector-match -Wno-undeclared-selector -Wno-deprecated-implementations -Wno-implicit-fallthrough -fstrict-aliasing -Wprotocol -Wdeprecated-declarations -Wno-sign-conversion -Wno-infinite-recursion -Wno-comma -Wno-block-capture-autoreleasing -Wno-strict-prototypes -Wno-semicolon-before-method-body --sysroot / @/host/spi-builder-workspace/.build/out/Intermediates.noindex/SDWebImage.build/Debug-linux-x86_64/SDWebImage-t.build/Objects-normal/x86_64/6f95552a3397ee1cec971b90cf334075d5f321c3a3b0689ad55c3d1e24702600-common-args.resp -include /host/spi-builder-workspace/.build/out/Intermediates.noindex/SDWebImage.build/Debug-linux-x86_64/SDWebImage-t.build/DerivedSources/resource_bundle_accessor.h -MMD -MT dependencies -MF /host/spi-builder-workspace/.build/out/Intermediates.noindex/SDWebImage.build/Debug-linux-x86_64/SDWebImage-t.build/Objects-normal/x86_64/UIColor+SDHexString.d --serialize-diagnostics /host/spi-builder-workspace/.build/out/Intermediates.noindex/SDWebImage.build/Debug-linux-x86_64/SDWebImage-t.build/Objects-normal/x86_64/UIColor+SDHexString.dia -c /host/spi-builder-workspace/.build/checkouts/SDWebImage/SDWebImage/Private/UIColor+SDHexString.m -o /host/spi-builder-workspace/.build/out/Intermediates.noindex/SDWebImage.build/Debug-linux-x86_64/SDWebImage-t.build/Objects-normal/x86_64/UIColor+SDHexString.o
In file included from <built-in>:1:
/host/spi-builder-workspace/.build/out/Intermediates.noindex/SDWebImage.build/Debug-linux-x86_64/SDWebImage-t.build/DerivedSources/resource_bundle_accessor.h:1:9: fatal error: 'Foundation/Foundation.h' file not found
    1 | #import <Foundation/Foundation.h>
      |         ^~~~~~~~~~~~~~~~~~~~~~~~~
1 error generated.
error: CompileC /host/spi-builder-workspace/.build/out/Intermediates.noindex/SDWebImage.build/Debug-linux-x86_64/SDWebImage-t.build/Objects-normal/x86_64/UIView+WebCacheState.o /host/spi-builder-workspace/.build/checkouts/SDWebImage/SDWebImage/Core/UIView+WebCacheState.m normal x86_64 objective-c com.apple.compilers.llvm.clang.1_0.compiler failed with a nonzero exit code. Command line:     cd /host

    Using response file: /host/spi-builder-workspace/.build/out/Intermediates.noindex/SDWebImage.build/Debug-linux-x86_64/SDWebImage-t.build/Objects-normal/x86_64/6f95552a3397ee1cec971b90cf334075d5f321c3a3b0689ad55c3d1e24702600-common-args.resp

    /usr/bin/clang -x objective-c -target x86_64-unknown-linux-gnu -fmessage-length\=0 -fdiagnostics-show-note-include-stack -fmacro-backtrace-limit\=0 -fcolor-diagnostics -Wno-trigraphs -Wno-missing-field-initializers -Wno-missing-prototypes -Wno-return-type -Wno-implicit-atomic-properties -Wno-objc-interface-ivars -Wno-arc-repeated-use-of-weak -Wno-missing-braces -Wparentheses -Wswitch -Wno-unused-function -Wno-unused-label -Wno-unused-parameter -Wno-unused-variable -Wunused-value -Wno-empty-body -Wno-uninitialized -Wno-unknown-pragmas -w -Wno-shadow -Wno-four-char-constants -Wno-conversion -Wno-constant-conversion -Wno-int-conversion -Wno-bool-conversion -Wno-enum-conversion -Wno-float-conversion -Wno-non-literal-null-conversion -Wno-objc-literal-conversion -Wno-shorten-64-to-32 -Wpointer-sign -Wno-newline-eof -Wno-selector -Wno-strict-selector-match -Wno-undeclared-selector -Wno-deprecated-implementations -Wno-implicit-fallthrough -fstrict-aliasing -Wprotocol -Wdeprecated-declarations -Wno-sign-conversion -Wno-infinite-recursion -Wno-comma -Wno-block-capture-autoreleasing -Wno-strict-prototypes -Wno-semicolon-before-method-body --sysroot / @/host/spi-builder-workspace/.build/out/Intermediates.noindex/SDWebImage.build/Debug-linux-x86_64/SDWebImage-t.build/Objects-normal/x86_64/6f95552a3397ee1cec971b90cf334075d5f321c3a3b0689ad55c3d1e24702600-common-args.resp -include /host/spi-builder-workspace/.build/out/Intermediates.noindex/SDWebImage.build/Debug-linux-x86_64/SDWebImage-t.build/DerivedSources/resource_bundle_accessor.h -MMD -MT dependencies -MF /host/spi-builder-workspace/.build/out/Intermediates.noindex/SDWebImage.build/Debug-linux-x86_64/SDWebImage-t.build/Objects-normal/x86_64/UIView+WebCacheState.d --serialize-diagnostics /host/spi-builder-workspace/.build/out/Intermediates.noindex/SDWebImage.build/Debug-linux-x86_64/SDWebImage-t.build/Objects-normal/x86_64/UIView+WebCacheState.dia -c /host/spi-builder-workspace/.build/checkouts/SDWebImage/SDWebImage/Core/UIView+WebCacheState.m -o /host/spi-builder-workspace/.build/out/Intermediates.noindex/SDWebImage.build/Debug-linux-x86_64/SDWebImage-t.build/Objects-normal/x86_64/UIView+WebCacheState.o
[38 / 236] SDWebImage
In file included from <built-in>:1:
/host/spi-builder-workspace/.build/out/Intermediates.noindex/SDWebImage.build/Debug-linux-x86_64/SDWebImage-t.build/DerivedSources/resource_bundle_accessor.h:1:9: fatal error: 'Foundation/Foundation.h' file not found
    1 | #import <Foundation/Foundation.h>
      |         ^~~~~~~~~~~~~~~~~~~~~~~~~
1 error generated.
error: CompileC /host/spi-builder-workspace/.build/out/Intermediates.noindex/SDWebImage.build/Debug-linux-x86_64/SDWebImage-t.build/Objects-normal/x86_64/SDWeakProxy.o /host/spi-builder-workspace/.build/checkouts/SDWebImage/SDWebImage/Private/SDWeakProxy.m normal x86_64 objective-c com.apple.compilers.llvm.clang.1_0.compiler failed with a nonzero exit code. Command line:     cd /host

    Using response file: /host/spi-builder-workspace/.build/out/Intermediates.noindex/SDWebImage.build/Debug-linux-x86_64/SDWebImage-t.build/Objects-normal/x86_64/6f95552a3397ee1cec971b90cf334075d5f321c3a3b0689ad55c3d1e24702600-common-args.resp

    /usr/bin/clang -x objective-c -target x86_64-unknown-linux-gnu -fmessage-length\=0 -fdiagnostics-show-note-include-stack -fmacro-backtrace-limit\=0 -fcolor-diagnostics -Wno-trigraphs -Wno-missing-field-initializers -Wno-missing-prototypes -Wno-return-type -Wno-implicit-atomic-properties -Wno-objc-interface-ivars -Wno-arc-repeated-use-of-weak -Wno-missing-braces -Wparentheses -Wswitch -Wno-unused-function -Wno-unused-label -Wno-unused-parameter -Wno-unused-variable -Wunused-value -Wno-empty-body -Wno-uninitialized -Wno-unknown-pragmas -w -Wno-shadow -Wno-four-char-constants -Wno-conversion -Wno-constant-conversion -Wno-int-conversion -Wno-bool-conversion -Wno-enum-conversion -Wno-float-conversion -Wno-non-literal-null-conversion -Wno-objc-literal-conversion -Wno-shorten-64-to-32 -Wpointer-sign -Wno-newline-eof -Wno-selector -Wno-strict-selector-match -Wno-undeclared-selector -Wno-deprecated-implementations -Wno-implicit-fallthrough -fstrict-aliasing -Wprotocol -Wdeprecated-declarations -Wno-sign-conversion -Wno-infinite-recursion -Wno-comma -Wno-block-capture-autoreleasing -Wno-strict-prototypes -Wno-semicolon-before-method-body --sysroot / @/host/spi-builder-workspace/.build/out/Intermediates.noindex/SDWebImage.build/Debug-linux-x86_64/SDWebImage-t.build/Objects-normal/x86_64/6f95552a3397ee1cec971b90cf334075d5f321c3a3b0689ad55c3d1e24702600-common-args.resp -include /host/spi-builder-workspace/.build/out/Intermediates.noindex/SDWebImage.build/Debug-linux-x86_64/SDWebImage-t.build/DerivedSources/resource_bundle_accessor.h -MMD -MT dependencies -MF /host/spi-builder-workspace/.build/out/Intermediates.noindex/SDWebImage.build/Debug-linux-x86_64/SDWebImage-t.build/Objects-normal/x86_64/SDWeakProxy.d --serialize-diagnostics /host/spi-builder-workspace/.build/out/Intermediates.noindex/SDWebImage.build/Debug-linux-x86_64/SDWebImage-t.build/Objects-normal/x86_64/SDWeakProxy.dia -c /host/spi-builder-workspace/.build/checkouts/SDWebImage/SDWebImage/Private/SDWeakProxy.m -o /host/spi-builder-workspace/.build/out/Intermediates.noindex/SDWebImage.build/Debug-linux-x86_64/SDWebImage-t.build/Objects-normal/x86_64/SDWeakProxy.o
In file included from <built-in>:1:
/host/spi-builder-workspace/.build/out/Intermediates.noindex/SDWebImage.build/Debug-linux-x86_64/SDWebImage-t.build/DerivedSources/resource_bundle_accessor.h:1:9: fatal error: 'Foundation/Foundation.h' file not found
    1 | #import <Foundation/Foundation.h>
      |         ^~~~~~~~~~~~~~~~~~~~~~~~~
1 error generated.
error: CompileC /host/spi-builder-workspace/.build/out/Intermediates.noindex/SDWebImage.build/Debug-linux-x86_64/SDWebImage-t.build/Objects-normal/x86_64/SDInternalMacros.o /host/spi-builder-workspace/.build/checkouts/SDWebImage/SDWebImage/Private/SDInternalMacros.m normal x86_64 objective-c com.apple.compilers.llvm.clang.1_0.compiler failed with a nonzero exit code. Command line:     cd /host

    Using response file: /host/spi-builder-workspace/.build/out/Intermediates.noindex/SDWebImage.build/Debug-linux-x86_64/SDWebImage-t.build/Objects-normal/x86_64/6f95552a3397ee1cec971b90cf334075d5f321c3a3b0689ad55c3d1e24702600-common-args.resp

    /usr/bin/clang -x objective-c -target x86_64-unknown-linux-gnu -fmessage-length\=0 -fdiagnostics-show-note-include-stack -fmacro-backtrace-limit\=0 -fcolor-diagnostics -Wno-trigraphs -Wno-missing-field-initializers -Wno-missing-prototypes -Wno-return-type -Wno-implicit-atomic-properties -Wno-objc-interface-ivars -Wno-arc-repeated-use-of-weak -Wno-missing-braces -Wparentheses -Wswitch -Wno-unused-function -Wno-unused-label -Wno-unused-parameter -Wno-unused-variable -Wunused-value -Wno-empty-body -Wno-uninitialized -Wno-unknown-pragmas -w -Wno-shadow -Wno-four-char-constants -Wno-conversion -Wno-constant-conversion -Wno-int-conversion -Wno-bool-conversion -Wno-enum-conversion -Wno-float-conversion -Wno-non-literal-null-conversion -Wno-objc-literal-conversion -Wno-shorten-64-to-32 -Wpointer-sign -Wno-newline-eof -Wno-selector -Wno-strict-selector-match -Wno-undeclared-selector -Wno-deprecated-implementations -Wno-implicit-fallthrough -fstrict-aliasing -Wprotocol -Wdeprecated-declarations -Wno-sign-conversion -Wno-infinite-recursion -Wno-comma -Wno-block-capture-autoreleasing -Wno-strict-prototypes -Wno-semicolon-before-method-body --sysroot / @/host/spi-builder-workspace/.build/out/Intermediates.noindex/SDWebImage.build/Debug-linux-x86_64/SDWebImage-t.build/Objects-normal/x86_64/6f95552a3397ee1cec971b90cf334075d5f321c3a3b0689ad55c3d1e24702600-common-args.resp -include /host/spi-builder-workspace/.build/out/Intermediates.noindex/SDWebImage.build/Debug-linux-x86_64/SDWebImage-t.build/DerivedSources/resource_bundle_accessor.h -MMD -MT dependencies -MF /host/spi-builder-workspace/.build/out/Intermediates.noindex/SDWebImage.build/Debug-linux-x86_64/SDWebImage-t.build/Objects-normal/x86_64/SDInternalMacros.d --serialize-diagnostics /host/spi-builder-workspace/.build/out/Intermediates.noindex/SDWebImage.build/Debug-linux-x86_64/SDWebImage-t.build/Objects-normal/x86_64/SDInternalMacros.dia -c /host/spi-builder-workspace/.build/checkouts/SDWebImage/SDWebImage/Private/SDInternalMacros.m -o /host/spi-builder-workspace/.build/out/Intermediates.noindex/SDWebImage.build/Debug-linux-x86_64/SDWebImage-t.build/Objects-normal/x86_64/SDInternalMacros.o
In file included from <built-in>:1:
/host/spi-builder-workspace/.build/out/Intermediates.noindex/SDWebImage.build/Debug-linux-x86_64/SDWebImage-t.build/DerivedSources/resource_bundle_accessor.h:1:9: fatal error: 'Foundation/Foundation.h' file not found
    1 | #import <Foundation/Foundation.h>
      |         ^~~~~~~~~~~~~~~~~~~~~~~~~
1 error generated.
error: CompileC /host/spi-builder-workspace/.build/out/Intermediates.noindex/SDWebImage.build/Debug-linux-x86_64/SDWebImage-t.build/Objects-normal/x86_64/UIView+WebCache.o /host/spi-builder-workspace/.build/checkouts/SDWebImage/SDWebImage/Core/UIView+WebCache.m normal x86_64 objective-c com.apple.compilers.llvm.clang.1_0.compiler failed with a nonzero exit code. Command line:     cd /host

    Using response file: /host/spi-builder-workspace/.build/out/Intermediates.noindex/SDWebImage.build/Debug-linux-x86_64/SDWebImage-t.build/Objects-normal/x86_64/6f95552a3397ee1cec971b90cf334075d5f321c3a3b0689ad55c3d1e24702600-common-args.resp

    /usr/bin/clang -x objective-c -target x86_64-unknown-linux-gnu -fmessage-length\=0 -fdiagnostics-show-note-include-stack -fmacro-backtrace-limit\=0 -fcolor-diagnostics -Wno-trigraphs -Wno-missing-field-initializers -Wno-missing-prototypes -Wno-return-type -Wno-implicit-atomic-properties -Wno-objc-interface-ivars -Wno-arc-repeated-use-of-weak -Wno-missing-braces -Wparentheses -Wswitch -Wno-unused-function -Wno-unused-label -Wno-unused-parameter -Wno-unused-variable -Wunused-value -Wno-empty-body -Wno-uninitialized -Wno-unknown-pragmas -w -Wno-shadow -Wno-four-char-constants -Wno-conversion -Wno-constant-conversion -Wno-int-conversion -Wno-bool-conversion -Wno-enum-conversion -Wno-float-conversion -Wno-non-literal-null-conversion -Wno-objc-literal-conversion -Wno-shorten-64-to-32 -Wpointer-sign -Wno-newline-eof -Wno-selector -Wno-strict-selector-match -Wno-undeclared-selector -Wno-deprecated-implementations -Wno-implicit-fallthrough -fstrict-aliasing -Wprotocol -Wdeprecated-declarations -Wno-sign-conversion -Wno-infinite-recursion -Wno-comma -Wno-block-capture-autoreleasing -Wno-strict-prototypes -Wno-semicolon-before-method-body --sysroot / @/host/spi-builder-workspace/.build/out/Intermediates.noindex/SDWebImage.build/Debug-linux-x86_64/SDWebImage-t.build/Objects-normal/x86_64/6f95552a3397ee1cec971b90cf334075d5f321c3a3b0689ad55c3d1e24702600-common-args.resp -include /host/spi-builder-workspace/.build/out/Intermediates.noindex/SDWebImage.build/Debug-linux-x86_64/SDWebImage-t.build/DerivedSources/resource_bundle_accessor.h -MMD -MT dependencies -MF /host/spi-builder-workspace/.build/out/Intermediates.noindex/SDWebImage.build/Debug-linux-x86_64/SDWebImage-t.build/Objects-normal/x86_64/UIView+WebCache.d --serialize-diagnostics /host/spi-builder-workspace/.build/out/Intermediates.noindex/SDWebImage.build/Debug-linux-x86_64/SDWebImage-t.build/Objects-normal/x86_64/UIView+WebCache.dia -c /host/spi-builder-workspace/.build/checkouts/SDWebImage/SDWebImage/Core/UIView+WebCache.m -o /host/spi-builder-workspace/.build/out/Intermediates.noindex/SDWebImage.build/Debug-linux-x86_64/SDWebImage-t.build/Objects-normal/x86_64/UIView+WebCache.o
error: Build failed
BUILD FAILURE 6.4 linux