The Swift Package Index logo.Swift Package Index

Build Information

Failed to build ObjectCoder with Swift 5.9 for tvOS using Xcode 15.0 at 0.1.0.

Build Command

env DEVELOPER_DIR="/Applications/Xcode-15.0.0-Beta.app" xcrun xcodebuild -IDEClonedSourcePackagesDirPathOverride="$PWD/.dependencies" -derivedDataPath "$PWD/.derivedData" build -scheme ObjectCoder -destination "generic/platform=tvos"

Build Log

SwiftCompile normal arm64 Compiling\ ObjectEncoder+UnkeyedContainer.swift /Users/builder/builds/o86TiJKT/2/finestructure/swiftpackageindex-builder/spi-builder-workspace/Sources/ObjectCoder/Encoder/Container/ObjectEncoder+UnkeyedContainer.swift (in target 'ObjectCoder' from project 'ObjectCoder')
    cd /Users/builder/builds/o86TiJKT/2/finestructure/swiftpackageindex-builder/spi-builder-workspace
    builtin-swiftTaskExecution -- /Applications/Xcode-15.0.0-Beta.app/Contents/Developer/Toolchains/XcodeDefault.xctoolchain/usr/bin/swift-frontend -frontend -c /Users/builder/builds/o86TiJKT/2/finestructure/swiftpackageindex-builder/spi-builder-workspace/Sources/ObjectCoder/AnyCodingKey.swift /Users/builder/builds/o86TiJKT/2/finestructure/swiftpackageindex-builder/spi-builder-workspace/Sources/ObjectCoder/Decoder/Container/KeyedContainer.swift /Users/builder/builds/o86TiJKT/2/finestructure/swiftpackageindex-builder/spi-builder-workspace/Sources/ObjectCoder/Decoder/Container/UnkeyedContainer.swift /Users/builder/builds/o86TiJKT/2/finestructure/swiftpackageindex-builder/spi-builder-workspace/Sources/ObjectCoder/Decoder/_NSObjectDecoder+Unboxing.swift /Users/builder/builds/o86TiJKT/2/finestructure/swiftpackageindex-builder/spi-builder-workspace/Sources/ObjectCoder/Decoder/_NSObjectDecoder.swift /Users/builder/builds/o86TiJKT/2/finestructure/swiftpackageindex-builder/spi-builder-workspace/Sources/ObjectCoder/Encoder/Container/ObjectEncoder+Boxing.swift /Users/builder/builds/o86TiJKT/2/finestructure/swiftpackageindex-builder/spi-builder-workspace/Sources/ObjectCoder/Encoder/Container/ObjectEncoder+KeyedContainer.swift /Users/builder/builds/o86TiJKT/2/finestructure/swiftpackageindex-builder/spi-builder-workspace/Sources/ObjectCoder/Encoder/Container/ObjectEncoder+SingleValueContainer.swift -primary-file /Users/builder/builds/o86TiJKT/2/finestructure/swiftpackageindex-builder/spi-builder-workspace/Sources/ObjectCoder/Encoder/Container/ObjectEncoder+UnkeyedContainer.swift /Users/builder/builds/o86TiJKT/2/finestructure/swiftpackageindex-builder/spi-builder-workspace/Sources/ObjectCoder/Encoder/EncodingStorage.swift /Users/builder/builds/o86TiJKT/2/finestructure/swiftpackageindex-builder/spi-builder-workspace/Sources/ObjectCoder/Encoder/ObjectEncoder.swift -emit-dependencies-path /Users/builder/builds/o86TiJKT/2/finestructure/swiftpackageindex-builder/spi-builder-workspace/.derivedData/Build/Intermediates.noindex/ObjectCoder.build/Debug-appletvos/ObjectCoder.build/Objects-normal/arm64/ObjectEncoder+UnkeyedContainer.d -emit-const-values-path /Users/builder/builds/o86TiJKT/2/finestructure/swiftpackageindex-builder/spi-builder-workspace/.derivedData/Build/Intermediates.noindex/ObjectCoder.build/Debug-appletvos/ObjectCoder.build/Objects-normal/arm64/ObjectEncoder+UnkeyedContainer.swiftconstvalues -emit-reference-dependencies-path /Users/builder/builds/o86TiJKT/2/finestructure/swiftpackageindex-builder/spi-builder-workspace/.derivedData/Build/Intermediates.noindex/ObjectCoder.build/Debug-appletvos/ObjectCoder.build/Objects-normal/arm64/ObjectEncoder+UnkeyedContainer.swiftdeps -serialize-diagnostics-path /Users/builder/builds/o86TiJKT/2/finestructure/swiftpackageindex-builder/spi-builder-workspace/.derivedData/Build/Intermediates.noindex/ObjectCoder.build/Debug-appletvos/ObjectCoder.build/Objects-normal/arm64/ObjectEncoder+UnkeyedContainer.dia -target arm64-apple-tvos12.0 -Xllvm -aarch64-use-tbi -enable-objc-interop -sdk /Applications/Xcode-15.0.0-Beta.app/Contents/Developer/Platforms/AppleTVOS.platform/Developer/SDKs/AppleTVOS17.0.sdk -I /Users/builder/builds/o86TiJKT/2/finestructure/swiftpackageindex-builder/spi-builder-workspace/.derivedData/Build/Products/Debug-appletvos -I /Applications/Xcode-15.0.0-Beta.app/Contents/Developer/Platforms/AppleTVOS.platform/Developer/usr/lib -F /Users/builder/builds/o86TiJKT/2/finestructure/swiftpackageindex-builder/spi-builder-workspace/.derivedData/Build/Products/Debug-appletvos -F /Applications/Xcode-15.0.0-Beta.app/Contents/Developer/Platforms/AppleTVOS.platform/Developer/Library/Frameworks -F /Applications/Xcode-15.0.0-Beta.app/Contents/Developer/Platforms/AppleTVOS.platform/Developer/SDKs/AppleTVOS17.0.sdk/Developer/Library/Frameworks -no-color-diagnostics -enable-testing -g -module-cache-path /Users/builder/builds/o86TiJKT/2/finestructure/swiftpackageindex-builder/spi-builder-workspace/.derivedData/ModuleCache.noindex -swift-version 5 -enforce-exclusivity\=checked -Onone -D SWIFT_PACKAGE -D DEBUG -D Xcode -serialize-debugging-options -const-gather-protocols-file /Users/builder/builds/o86TiJKT/2/finestructure/swiftpackageindex-builder/spi-builder-workspace/.derivedData/Build/Intermediates.noindex/ObjectCoder.build/Debug-appletvos/ObjectCoder.build/Objects-normal/arm64/ObjectCoder_const_extract_protocols.json -empty-abi-descriptor -plugin-path /Applications/Xcode-15.0.0-Beta.app/Contents/Developer/Toolchains/XcodeDefault.xctoolchain/usr/lib/swift/host/plugins -plugin-path /Applications/Xcode-15.0.0-Beta.app/Contents/Developer/Toolchains/XcodeDefault.xctoolchain/usr/local/lib/swift/host/plugins -validate-clang-modules-once -clang-build-session-file /Users/builder/builds/o86TiJKT/2/finestructure/swiftpackageindex-builder/spi-builder-workspace/.derivedData/ModuleCache.noindex/Session.modulevalidation -Xcc -working-directory -Xcc /Users/builder/builds/o86TiJKT/2/finestructure/swiftpackageindex-builder/spi-builder-workspace -resource-dir /Applications/Xcode-15.0.0-Beta.app/Contents/Developer/Toolchains/XcodeDefault.xctoolchain/usr/lib/swift -enable-anonymous-context-mangled-names -Xcc -ivfsstatcache -Xcc /Users/builder/builds/o86TiJKT/2/finestructure/swiftpackageindex-builder/spi-builder-workspace/.derivedData/SDKStatCaches.noindex/appletvos17.0-21J5273p-f1c542bf70c0c6d9321512ea4fae4f06.sdkstatcache -Xcc -I/Users/builder/builds/o86TiJKT/2/finestructure/swiftpackageindex-builder/spi-builder-workspace/.derivedData/Build/Intermediates.noindex/ObjectCoder.build/Debug-appletvos/ObjectCoder.build/swift-overrides.hmap -Xcc -I/Users/builder/builds/o86TiJKT/2/finestructure/swiftpackageindex-builder/spi-builder-workspace/.derivedData/Build/Products/Debug-appletvos/include -Xcc -I/Users/builder/builds/o86TiJKT/2/finestructure/swiftpackageindex-builder/spi-builder-workspace/.derivedData/Build/Intermediates.noindex/ObjectCoder.build/Debug-appletvos/ObjectCoder.build/DerivedSources-normal/arm64 -Xcc -I/Users/builder/builds/o86TiJKT/2/finestructure/swiftpackageindex-builder/spi-builder-workspace/.derivedData/Build/Intermediates.noindex/ObjectCoder.build/Debug-appletvos/ObjectCoder.build/DerivedSources/arm64 -Xcc -I/Users/builder/builds/o86TiJKT/2/finestructure/swiftpackageindex-builder/spi-builder-workspace/.derivedData/Build/Intermediates.noindex/ObjectCoder.build/Debug-appletvos/ObjectCoder.build/DerivedSources -Xcc -DSWIFT_PACKAGE -Xcc -DDEBUG\=1 -module-name ObjectCoder -frontend-parseable-output -disable-clang-spi -target-sdk-version 17.0 -target-sdk-name appletvos17.0 -o /Users/builder/builds/o86TiJKT/2/finestructure/swiftpackageindex-builder/spi-builder-workspace/.derivedData/Build/Intermediates.noindex/ObjectCoder.build/Debug-appletvos/ObjectCoder.build/Objects-normal/arm64/ObjectEncoder+UnkeyedContainer.o -index-unit-output-path /ObjectCoder.build/Debug-appletvos/ObjectCoder.build/Objects-normal/arm64/ObjectEncoder+UnkeyedContainer.o -index-store-path /Users/builder/builds/o86TiJKT/2/finestructure/swiftpackageindex-builder/spi-builder-workspace/.derivedData/Index.noindex/DataStore -index-system-modules

SwiftCompile normal arm64 /Users/builder/builds/o86TiJKT/2/finestructure/swiftpackageindex-builder/spi-builder-workspace/Sources/ObjectCoder/Encoder/Container/ObjectEncoder+UnkeyedContainer.swift (in target 'ObjectCoder' from project 'ObjectCoder')
    cd /Users/builder/builds/o86TiJKT/2/finestructure/swiftpackageindex-builder/spi-builder-workspace
    /Applications/Xcode-15.0.0-Beta.app/Contents/Developer/Toolchains/XcodeDefault.xctoolchain/usr/bin/swift-frontend -c /Users/builder/builds/o86TiJKT/2/finestructure/swiftpackageindex-builder/spi-builder-workspace/Sources/ObjectCoder/AnyCodingKey.swift /Users/builder/builds/o86TiJKT/2/finestructure/swiftpackageindex-builder/spi-builder-workspace/Sources/ObjectCoder/Decoder/Container/KeyedContainer.swift /Users/builder/builds/o86TiJKT/2/finestructure/swiftpackageindex-builder/spi-builder-workspace/Sources/ObjectCoder/Decoder/Container/UnkeyedContainer.swift /Users/builder/builds/o86TiJKT/2/finestructure/swiftpackageindex-builder/spi-builder-workspace/Sources/ObjectCoder/Decoder/_NSObjectDecoder+Unboxing.swift /Users/builder/builds/o86TiJKT/2/finestructure/swiftpackageindex-builder/spi-builder-workspace/Sources/ObjectCoder/Decoder/_NSObjectDecoder.swift /Users/builder/builds/o86TiJKT/2/finestructure/swiftpackageindex-builder/spi-builder-workspace/Sources/ObjectCoder/Encoder/Container/ObjectEncoder+Boxing.swift /Users/builder/builds/o86TiJKT/2/finestructure/swiftpackageindex-builder/spi-builder-workspace/Sources/ObjectCoder/Encoder/Container/ObjectEncoder+KeyedContainer.swift /Users/builder/builds/o86TiJKT/2/finestructure/swiftpackageindex-builder/spi-builder-workspace/Sources/ObjectCoder/Encoder/Container/ObjectEncoder+SingleValueContainer.swift -primary-file /Users/builder/builds/o86TiJKT/2/finestructure/swiftpackageindex-builder/spi-builder-workspace/Sources/ObjectCoder/Encoder/Container/ObjectEncoder+UnkeyedContainer.swift /Users/builder/builds/o86TiJKT/2/finestructure/swiftpackageindex-builder/spi-builder-workspace/Sources/ObjectCoder/Encoder/EncodingStorage.swift /Users/builder/builds/o86TiJKT/2/finestructure/swiftpackageindex-builder/spi-builder-workspace/Sources/ObjectCoder/Encoder/ObjectEncoder.swift -emit-dependencies-path /Users/builder/builds/o86TiJKT/2/finestructure/swiftpackageindex-builder/spi-builder-workspace/.derivedData/Build/Intermediates.noindex/ObjectCoder.build/Debug-appletvos/ObjectCoder.build/Objects-normal/arm64/ObjectEncoder+UnkeyedContainer.d -emit-const-values-path /Users/builder/builds/o86TiJKT/2/finestructure/swiftpackageindex-builder/spi-builder-workspace/.derivedData/Build/Intermediates.noindex/ObjectCoder.build/Debug-appletvos/ObjectCoder.build/Objects-normal/arm64/ObjectEncoder+UnkeyedContainer.swiftconstvalues -emit-reference-dependencies-path /Users/builder/builds/o86TiJKT/2/finestructure/swiftpackageindex-builder/spi-builder-workspace/.derivedData/Build/Intermediates.noindex/ObjectCoder.build/Debug-appletvos/ObjectCoder.build/Objects-normal/arm64/ObjectEncoder+UnkeyedContainer.swiftdeps -serialize-diagnostics-path /Users/builder/builds/o86TiJKT/2/finestructure/swiftpackageindex-builder/spi-builder-workspace/.derivedData/Build/Intermediates.noindex/ObjectCoder.build/Debug-appletvos/ObjectCoder.build/Objects-normal/arm64/ObjectEncoder+UnkeyedContainer.dia -target arm64-apple-tvos12.0 -Xllvm -aarch64-use-tbi -enable-objc-interop -sdk /Applications/Xcode-15.0.0-Beta.app/Contents/Developer/Platforms/AppleTVOS.platform/Developer/SDKs/AppleTVOS17.0.sdk -I /Users/builder/builds/o86TiJKT/2/finestructure/swiftpackageindex-builder/spi-builder-workspace/.derivedData/Build/Products/Debug-appletvos -I /Applications/Xcode-15.0.0-Beta.app/Contents/Developer/Platforms/AppleTVOS.platform/Developer/usr/lib -F /Users/builder/builds/o86TiJKT/2/finestructure/swiftpackageindex-builder/spi-builder-workspace/.derivedData/Build/Products/Debug-appletvos -F /Applications/Xcode-15.0.0-Beta.app/Contents/Developer/Platforms/AppleTVOS.platform/Developer/Library/Frameworks -F /Applications/Xcode-15.0.0-Beta.app/Contents/Developer/Platforms/AppleTVOS.platform/Developer/SDKs/AppleTVOS17.0.sdk/Developer/Library/Frameworks -no-color-diagnostics -enable-testing -g -module-cache-path /Users/builder/builds/o86TiJKT/2/finestructure/swiftpackageindex-builder/spi-builder-workspace/.derivedData/ModuleCache.noindex -swift-version 5 -enforce-exclusivity\=checked -Onone -D SWIFT_PACKAGE -D DEBUG -D Xcode -serialize-debugging-options -const-gather-protocols-file /Users/builder/builds/o86TiJKT/2/finestructure/swiftpackageindex-builder/spi-builder-workspace/.derivedData/Build/Intermediates.noindex/ObjectCoder.build/Debug-appletvos/ObjectCoder.build/Objects-normal/arm64/ObjectCoder_const_extract_protocols.json -empty-abi-descriptor -plugin-path /Applications/Xcode-15.0.0-Beta.app/Contents/Developer/Toolchains/XcodeDefault.xctoolchain/usr/lib/swift/host/plugins -plugin-path /Applications/Xcode-15.0.0-Beta.app/Contents/Developer/Toolchains/XcodeDefault.xctoolchain/usr/local/lib/swift/host/plugins -validate-clang-modules-once -clang-build-session-file /Users/builder/builds/o86TiJKT/2/finestructure/swiftpackageindex-builder/spi-builder-workspace/.derivedData/ModuleCache.noindex/Session.modulevalidation -Xcc -working-directory -Xcc /Users/builder/builds/o86TiJKT/2/finestructure/swiftpackageindex-builder/spi-builder-workspace -resource-dir /Applications/Xcode-15.0.0-Beta.app/Contents/Developer/Toolchains/XcodeDefault.xctoolchain/usr/lib/swift -enable-anonymous-context-mangled-names -Xcc -ivfsstatcache -Xcc /Users/builder/builds/o86TiJKT/2/finestructure/swiftpackageindex-builder/spi-builder-workspace/.derivedData/SDKStatCaches.noindex/appletvos17.0-21J5273p-f1c542bf70c0c6d9321512ea4fae4f06.sdkstatcache -Xcc -I/Users/builder/builds/o86TiJKT/2/finestructure/swiftpackageindex-builder/spi-builder-workspace/.derivedData/Build/Intermediates.noindex/ObjectCoder.build/Debug-appletvos/ObjectCoder.build/swift-overrides.hmap -Xcc -I/Users/builder/builds/o86TiJKT/2/finestructure/swiftpackageindex-builder/spi-builder-workspace/.derivedData/Build/Products/Debug-appletvos/include -Xcc -I/Users/builder/builds/o86TiJKT/2/finestructure/swiftpackageindex-builder/spi-builder-workspace/.derivedData/Build/Intermediates.noindex/ObjectCoder.build/Debug-appletvos/ObjectCoder.build/DerivedSources-normal/arm64 -Xcc -I/Users/builder/builds/o86TiJKT/2/finestructure/swiftpackageindex-builder/spi-builder-workspace/.derivedData/Build/Intermediates.noindex/ObjectCoder.build/Debug-appletvos/ObjectCoder.build/DerivedSources/arm64 -Xcc -I/Users/builder/builds/o86TiJKT/2/finestructure/swiftpackageindex-builder/spi-builder-workspace/.derivedData/Build/Intermediates.noindex/ObjectCoder.build/Debug-appletvos/ObjectCoder.build/DerivedSources -Xcc -DSWIFT_PACKAGE -Xcc -DDEBUG\=1 -module-name ObjectCoder -frontend-parseable-output -disable-clang-spi -target-sdk-version 17.0 -target-sdk-name appletvos17.0 -o /Users/builder/builds/o86TiJKT/2/finestructure/swiftpackageindex-builder/spi-builder-workspace/.derivedData/Build/Intermediates.noindex/ObjectCoder.build/Debug-appletvos/ObjectCoder.build/Objects-normal/arm64/ObjectEncoder+UnkeyedContainer.o -index-unit-output-path /ObjectCoder.build/Debug-appletvos/ObjectCoder.build/Objects-normal/arm64/ObjectEncoder+UnkeyedContainer.o -index-store-path /Users/builder/builds/o86TiJKT/2/finestructure/swiftpackageindex-builder/spi-builder-workspace/.derivedData/Index.noindex/DataStore -index-system-modules
SwiftCompile normal arm64 Compiling\ _NSObjectDecoder.swift,\ ObjectEncoder+Boxing.swift /Users/builder/builds/o86TiJKT/2/finestructure/swiftpackageindex-builder/spi-builder-workspace/Sources/ObjectCoder/Decoder/_NSObjectDecoder.swift /Users/builder/builds/o86TiJKT/2/finestructure/swiftpackageindex-builder/spi-builder-workspace/Sources/ObjectCoder/Encoder/Container/ObjectEncoder+Boxing.swift (in target 'ObjectCoder' from project 'ObjectCoder')
    cd /Users/builder/builds/o86TiJKT/2/finestructure/swiftpackageindex-builder/spi-builder-workspace
    builtin-swiftTaskExecution -- /Applications/Xcode-15.0.0-Beta.app/Contents/Developer/Toolchains/XcodeDefault.xctoolchain/usr/bin/swift-frontend -frontend -c /Users/builder/builds/o86TiJKT/2/finestructure/swiftpackageindex-builder/spi-builder-workspace/Sources/ObjectCoder/AnyCodingKey.swift /Users/builder/builds/o86TiJKT/2/finestructure/swiftpackageindex-builder/spi-builder-workspace/Sources/ObjectCoder/Decoder/Container/KeyedContainer.swift /Users/builder/builds/o86TiJKT/2/finestructure/swiftpackageindex-builder/spi-builder-workspace/Sources/ObjectCoder/Decoder/Container/UnkeyedContainer.swift /Users/builder/builds/o86TiJKT/2/finestructure/swiftpackageindex-builder/spi-builder-workspace/Sources/ObjectCoder/Decoder/_NSObjectDecoder+Unboxing.swift -primary-file /Users/builder/builds/o86TiJKT/2/finestructure/swiftpackageindex-builder/spi-builder-workspace/Sources/ObjectCoder/Decoder/_NSObjectDecoder.swift -primary-file /Users/builder/builds/o86TiJKT/2/finestructure/swiftpackageindex-builder/spi-builder-workspace/Sources/ObjectCoder/Encoder/Container/ObjectEncoder+Boxing.swift /Users/builder/builds/o86TiJKT/2/finestructure/swiftpackageindex-builder/spi-builder-workspace/Sources/ObjectCoder/Encoder/Container/ObjectEncoder+KeyedContainer.swift /Users/builder/builds/o86TiJKT/2/finestructure/swiftpackageindex-builder/spi-builder-workspace/Sources/ObjectCoder/Encoder/Container/ObjectEncoder+SingleValueContainer.swift /Users/builder/builds/o86TiJKT/2/finestructure/swiftpackageindex-builder/spi-builder-workspace/Sources/ObjectCoder/Encoder/Container/ObjectEncoder+UnkeyedContainer.swift /Users/builder/builds/o86TiJKT/2/finestructure/swiftpackageindex-builder/spi-builder-workspace/Sources/ObjectCoder/Encoder/EncodingStorage.swift /Users/builder/builds/o86TiJKT/2/finestructure/swiftpackageindex-builder/spi-builder-workspace/Sources/ObjectCoder/Encoder/ObjectEncoder.swift -emit-dependencies-path /Users/builder/builds/o86TiJKT/2/finestructure/swiftpackageindex-builder/spi-builder-workspace/.derivedData/Build/Intermediates.noindex/ObjectCoder.build/Debug-appletvos/ObjectCoder.build/Objects-normal/arm64/_NSObjectDecoder.d -emit-const-values-path /Users/builder/builds/o86TiJKT/2/finestructure/swiftpackageindex-builder/spi-builder-workspace/.derivedData/Build/Intermediates.noindex/ObjectCoder.build/Debug-appletvos/ObjectCoder.build/Objects-normal/arm64/_NSObjectDecoder.swiftconstvalues -emit-reference-dependencies-path /Users/builder/builds/o86TiJKT/2/finestructure/swiftpackageindex-builder/spi-builder-workspace/.derivedData/Build/Intermediates.noindex/ObjectCoder.build/Debug-appletvos/ObjectCoder.build/Objects-normal/arm64/_NSObjectDecoder.swiftdeps -serialize-diagnostics-path /Users/builder/builds/o86TiJKT/2/finestructure/swiftpackageindex-builder/spi-builder-workspace/.derivedData/Build/Intermediates.noindex/ObjectCoder.build/Debug-appletvos/ObjectCoder.build/Objects-normal/arm64/_NSObjectDecoder.dia -emit-dependencies-path /Users/builder/builds/o86TiJKT/2/finestructure/swiftpackageindex-builder/spi-builder-workspace/.derivedData/Build/Intermediates.noindex/ObjectCoder.build/Debug-appletvos/ObjectCoder.build/Objects-normal/arm64/ObjectEncoder+Boxing.d -emit-const-values-path /Users/builder/builds/o86TiJKT/2/finestructure/swiftpackageindex-builder/spi-builder-workspace/.derivedData/Build/Intermediates.noindex/ObjectCoder.build/Debug-appletvos/ObjectCoder.build/Objects-normal/arm64/ObjectEncoder+Boxing.swiftconstvalues -emit-reference-dependencies-path /Users/builder/builds/o86TiJKT/2/finestructure/swiftpackageindex-builder/spi-builder-workspace/.derivedData/Build/Intermediates.noindex/ObjectCoder.build/Debug-appletvos/ObjectCoder.build/Objects-normal/arm64/ObjectEncoder+Boxing.swiftdeps -serialize-diagnostics-path /Users/builder/builds/o86TiJKT/2/finestructure/swiftpackageindex-builder/spi-builder-workspace/.derivedData/Build/Intermediates.noindex/ObjectCoder.build/Debug-appletvos/ObjectCoder.build/Objects-normal/arm64/ObjectEncoder+Boxing.dia -target arm64-apple-tvos12.0 -Xllvm -aarch64-use-tbi -enable-objc-interop -sdk /Applications/Xcode-15.0.0-Beta.app/Contents/Developer/Platforms/AppleTVOS.platform/Developer/SDKs/AppleTVOS17.0.sdk -I /Users/builder/builds/o86TiJKT/2/finestructure/swiftpackageindex-builder/spi-builder-workspace/.derivedData/Build/Products/Debug-appletvos -I /Applications/Xcode-15.0.0-Beta.app/Contents/Developer/Platforms/AppleTVOS.platform/Developer/usr/lib -F /Users/builder/builds/o86TiJKT/2/finestructure/swiftpackageindex-builder/spi-builder-workspace/.derivedData/Build/Products/Debug-appletvos -F /Applications/Xcode-15.0.0-Beta.app/Contents/Developer/Platforms/AppleTVOS.platform/Developer/Library/Frameworks -F /Applications/Xcode-15.0.0-Beta.app/Contents/Developer/Platforms/AppleTVOS.platform/Developer/SDKs/AppleTVOS17.0.sdk/Developer/Library/Frameworks -no-color-diagnostics -enable-testing -g -module-cache-path /Users/builder/builds/o86TiJKT/2/finestructure/swiftpackageindex-builder/spi-builder-workspace/.derivedData/ModuleCache.noindex -swift-version 5 -enforce-exclusivity\=checked -Onone -D SWIFT_PACKAGE -D DEBUG -D Xcode -serialize-debugging-options -const-gather-protocols-file /Users/builder/builds/o86TiJKT/2/finestructure/swiftpackageindex-builder/spi-builder-workspace/.derivedData/Build/Intermediates.noindex/ObjectCoder.build/Debug-appletvos/ObjectCoder.build/Objects-normal/arm64/ObjectCoder_const_extract_protocols.json -empty-abi-descriptor -plugin-path /Applications/Xcode-15.0.0-Beta.app/Contents/Developer/Toolchains/XcodeDefault.xctoolchain/usr/lib/swift/host/plugins -plugin-path /Applications/Xcode-15.0.0-Beta.app/Contents/Developer/Toolchains/XcodeDefault.xctoolchain/usr/local/lib/swift/host/plugins -validate-clang-modules-once -clang-build-session-file /Users/builder/builds/o86TiJKT/2/finestructure/swiftpackageindex-builder/spi-builder-workspace/.derivedData/ModuleCache.noindex/Session.modulevalidation -Xcc -working-directory -Xcc /Users/builder/builds/o86TiJKT/2/finestructure/swiftpackageindex-builder/spi-builder-workspace -resource-dir /Applications/Xcode-15.0.0-Beta.app/Contents/Developer/Toolchains/XcodeDefault.xctoolchain/usr/lib/swift -enable-anonymous-context-mangled-names -Xcc -ivfsstatcache -Xcc /Users/builder/builds/o86TiJKT/2/finestructure/swiftpackageindex-builder/spi-builder-workspace/.derivedData/SDKStatCaches.noindex/appletvos17.0-21J5273p-f1c542bf70c0c6d9321512ea4fae4f06.sdkstatcache -Xcc -I/Users/builder/builds/o86TiJKT/2/finestructure/swiftpackageindex-builder/spi-builder-workspace/.derivedData/Build/Intermediates.noindex/ObjectCoder.build/Debug-appletvos/ObjectCoder.build/swift-overrides.hmap -Xcc -I/Users/builder/builds/o86TiJKT/2/finestructure/swiftpackageindex-builder/spi-builder-workspace/.derivedData/Build/Products/Debug-appletvos/include -Xcc -I/Users/builder/builds/o86TiJKT/2/finestructure/swiftpackageindex-builder/spi-builder-workspace/.derivedData/Build/Intermediates.noindex/ObjectCoder.build/Debug-appletvos/ObjectCoder.build/DerivedSources-normal/arm64 -Xcc -I/Users/builder/builds/o86TiJKT/2/finestructure/swiftpackageindex-builder/spi-builder-workspace/.derivedData/Build/Intermediates.noindex/ObjectCoder.build/Debug-appletvos/ObjectCoder.build/DerivedSources/arm64 -Xcc -I/Users/builder/builds/o86TiJKT/2/finestructure/swiftpackageindex-builder/spi-builder-workspace/.derivedData/Build/Intermediates.noindex/ObjectCoder.build/Debug-appletvos/ObjectCoder.build/DerivedSources -Xcc -DSWIFT_PACKAGE -Xcc -DDEBUG\=1 -module-name ObjectCoder -frontend-parseable-output -disable-clang-spi -target-sdk-version 17.0 -target-sdk-name appletvos17.0 -o /Users/builder/builds/o86TiJKT/2/finestructure/swiftpackageindex-builder/spi-builder-workspace/.derivedData/Build/Intermediates.noindex/ObjectCoder.build/Debug-appletvos/ObjectCoder.build/Objects-normal/arm64/_NSObjectDecoder.o -o /Users/builder/builds/o86TiJKT/2/finestructure/swiftpackageindex-builder/spi-builder-workspace/.derivedData/Build/Intermediates.noindex/ObjectCoder.build/Debug-appletvos/ObjectCoder.build/Objects-normal/arm64/ObjectEncoder+Boxing.o -index-unit-output-path /ObjectCoder.build/Debug-appletvos/ObjectCoder.build/Objects-normal/arm64/_NSObjectDecoder.o -index-unit-output-path /ObjectCoder.build/Debug-appletvos/ObjectCoder.build/Objects-normal/arm64/ObjectEncoder+Boxing.o -index-store-path /Users/builder/builds/o86TiJKT/2/finestructure/swiftpackageindex-builder/spi-builder-workspace/.derivedData/Index.noindex/DataStore -index-system-modules
SwiftCompile normal arm64 /Users/builder/builds/o86TiJKT/2/finestructure/swiftpackageindex-builder/spi-builder-workspace/Sources/ObjectCoder/Decoder/_NSObjectDecoder.swift (in target 'ObjectCoder' from project 'ObjectCoder')
    cd /Users/builder/builds/o86TiJKT/2/finestructure/swiftpackageindex-builder/spi-builder-workspace
    /Applications/Xcode-15.0.0-Beta.app/Contents/Developer/Toolchains/XcodeDefault.xctoolchain/usr/bin/swift-frontend -c /Users/builder/builds/o86TiJKT/2/finestructure/swiftpackageindex-builder/spi-builder-workspace/Sources/ObjectCoder/AnyCodingKey.swift /Users/builder/builds/o86TiJKT/2/finestructure/swiftpackageindex-builder/spi-builder-workspace/Sources/ObjectCoder/Decoder/Container/KeyedContainer.swift /Users/builder/builds/o86TiJKT/2/finestructure/swiftpackageindex-builder/spi-builder-workspace/Sources/ObjectCoder/Decoder/Container/UnkeyedContainer.swift /Users/builder/builds/o86TiJKT/2/finestructure/swiftpackageindex-builder/spi-builder-workspace/Sources/ObjectCoder/Decoder/_NSObjectDecoder+Unboxing.swift -primary-file /Users/builder/builds/o86TiJKT/2/finestructure/swiftpackageindex-builder/spi-builder-workspace/Sources/ObjectCoder/Decoder/_NSObjectDecoder.swift -primary-file /Users/builder/builds/o86TiJKT/2/finestructure/swiftpackageindex-builder/spi-builder-workspace/Sources/ObjectCoder/Encoder/Container/ObjectEncoder+Boxing.swift /Users/builder/builds/o86TiJKT/2/finestructure/swiftpackageindex-builder/spi-builder-workspace/Sources/ObjectCoder/Encoder/Container/ObjectEncoder+KeyedContainer.swift /Users/builder/builds/o86TiJKT/2/finestructure/swiftpackageindex-builder/spi-builder-workspace/Sources/ObjectCoder/Encoder/Container/ObjectEncoder+SingleValueContainer.swift /Users/builder/builds/o86TiJKT/2/finestructure/swiftpackageindex-builder/spi-builder-workspace/Sources/ObjectCoder/Encoder/Container/ObjectEncoder+UnkeyedContainer.swift /Users/builder/builds/o86TiJKT/2/finestructure/swiftpackageindex-builder/spi-builder-workspace/Sources/ObjectCoder/Encoder/EncodingStorage.swift /Users/builder/builds/o86TiJKT/2/finestructure/swiftpackageindex-builder/spi-builder-workspace/Sources/ObjectCoder/Encoder/ObjectEncoder.swift -emit-dependencies-path /Users/builder/builds/o86TiJKT/2/finestructure/swiftpackageindex-builder/spi-builder-workspace/.derivedData/Build/Intermediates.noindex/ObjectCoder.build/Debug-appletvos/ObjectCoder.build/Objects-normal/arm64/_NSObjectDecoder.d -emit-const-values-path /Users/builder/builds/o86TiJKT/2/finestructure/swiftpackageindex-builder/spi-builder-workspace/.derivedData/Build/Intermediates.noindex/ObjectCoder.build/Debug-appletvos/ObjectCoder.build/Objects-normal/arm64/_NSObjectDecoder.swiftconstvalues -emit-reference-dependencies-path /Users/builder/builds/o86TiJKT/2/finestructure/swiftpackageindex-builder/spi-builder-workspace/.derivedData/Build/Intermediates.noindex/ObjectCoder.build/Debug-appletvos/ObjectCoder.build/Objects-normal/arm64/_NSObjectDecoder.swiftdeps -serialize-diagnostics-path /Users/builder/builds/o86TiJKT/2/finestructure/swiftpackageindex-builder/spi-builder-workspace/.derivedData/Build/Intermediates.noindex/ObjectCoder.build/Debug-appletvos/ObjectCoder.build/Objects-normal/arm64/_NSObjectDecoder.dia -emit-dependencies-path /Users/builder/builds/o86TiJKT/2/finestructure/swiftpackageindex-builder/spi-builder-workspace/.derivedData/Build/Intermediates.noindex/ObjectCoder.build/Debug-appletvos/ObjectCoder.build/Objects-normal/arm64/ObjectEncoder+Boxing.d -emit-const-values-path /Users/builder/builds/o86TiJKT/2/finestructure/swiftpackageindex-builder/spi-builder-workspace/.derivedData/Build/Intermediates.noindex/ObjectCoder.build/Debug-appletvos/ObjectCoder.build/Objects-normal/arm64/ObjectEncoder+Boxing.swiftconstvalues -emit-reference-dependencies-path /Users/builder/builds/o86TiJKT/2/finestructure/swiftpackageindex-builder/spi-builder-workspace/.derivedData/Build/Intermediates.noindex/ObjectCoder.build/Debug-appletvos/ObjectCoder.build/Objects-normal/arm64/ObjectEncoder+Boxing.swiftdeps -serialize-diagnostics-path /Users/builder/builds/o86TiJKT/2/finestructure/swiftpackageindex-builder/spi-builder-workspace/.derivedData/Build/Intermediates.noindex/ObjectCoder.build/Debug-appletvos/ObjectCoder.build/Objects-normal/arm64/ObjectEncoder+Boxing.dia -target arm64-apple-tvos12.0 -Xllvm -aarch64-use-tbi -enable-objc-interop -sdk /Applications/Xcode-15.0.0-Beta.app/Contents/Developer/Platforms/AppleTVOS.platform/Developer/SDKs/AppleTVOS17.0.sdk -I /Users/builder/builds/o86TiJKT/2/finestructure/swiftpackageindex-builder/spi-builder-workspace/.derivedData/Build/Products/Debug-appletvos -I /Applications/Xcode-15.0.0-Beta.app/Contents/Developer/Platforms/AppleTVOS.platform/Developer/usr/lib -F /Users/builder/builds/o86TiJKT/2/finestructure/swiftpackageindex-builder/spi-builder-workspace/.derivedData/Build/Products/Debug-appletvos -F /Applications/Xcode-15.0.0-Beta.app/Contents/Developer/Platforms/AppleTVOS.platform/Developer/Library/Frameworks -F /Applications/Xcode-15.0.0-Beta.app/Contents/Developer/Platforms/AppleTVOS.platform/Developer/SDKs/AppleTVOS17.0.sdk/Developer/Library/Frameworks -no-color-diagnostics -enable-testing -g -module-cache-path /Users/builder/builds/o86TiJKT/2/finestructure/swiftpackageindex-builder/spi-builder-workspace/.derivedData/ModuleCache.noindex -swift-version 5 -enforce-exclusivity\=checked -Onone -D SWIFT_PACKAGE -D DEBUG -D Xcode -serialize-debugging-options -const-gather-protocols-file /Users/builder/builds/o86TiJKT/2/finestructure/swiftpackageindex-builder/spi-builder-workspace/.derivedData/Build/Intermediates.noindex/ObjectCoder.build/Debug-appletvos/ObjectCoder.build/Objects-normal/arm64/ObjectCoder_const_extract_protocols.json -empty-abi-descriptor -plugin-path /Applications/Xcode-15.0.0-Beta.app/Contents/Developer/Toolchains/XcodeDefault.xctoolchain/usr/lib/swift/host/plugins -plugin-path /Applications/Xcode-15.0.0-Beta.app/Contents/Developer/Toolchains/XcodeDefault.xctoolchain/usr/local/lib/swift/host/plugins -validate-clang-modules-once -clang-build-session-file /Users/builder/builds/o86TiJKT/2/finestructure/swiftpackageindex-builder/spi-builder-workspace/.derivedData/ModuleCache.noindex/Session.modulevalidation -Xcc -working-directory -Xcc /Users/builder/builds/o86TiJKT/2/finestructure/swiftpackageindex-builder/spi-builder-workspace -resource-dir /Applications/Xcode-15.0.0-Beta.app/Contents/Developer/Toolchains/XcodeDefault.xctoolchain/usr/lib/swift -enable-anonymous-context-mangled-names -Xcc -ivfsstatcache -Xcc /Users/builder/builds/o86TiJKT/2/finestructure/swiftpackageindex-builder/spi-builder-workspace/.derivedData/SDKStatCaches.noindex/appletvos17.0-21J5273p-f1c542bf70c0c6d9321512ea4fae4f06.sdkstatcache -Xcc -I/Users/builder/builds/o86TiJKT/2/finestructure/swiftpackageindex-builder/spi-builder-workspace/.derivedData/Build/Intermediates.noindex/ObjectCoder.build/Debug-appletvos/ObjectCoder.build/swift-overrides.hmap -Xcc -I/Users/builder/builds/o86TiJKT/2/finestructure/swiftpackageindex-builder/spi-builder-workspace/.derivedData/Build/Products/Debug-appletvos/include -Xcc -I/Users/builder/builds/o86TiJKT/2/finestructure/swiftpackageindex-builder/spi-builder-workspace/.derivedData/Build/Intermediates.noindex/ObjectCoder.build/Debug-appletvos/ObjectCoder.build/DerivedSources-normal/arm64 -Xcc -I
/Users/builder/builds/o86TiJKT/2/finestructure/swiftpackageindex-builder/spi-builder-workspace/.derivedData/Build/Intermediates.noindex/ObjectCoder.build/Debug-appletvos/ObjectCoder.build/DerivedSources/arm64 -Xcc -I/Users/builder/builds/o86TiJKT/2/finestructure/swiftpackageindex-builder/spi-builder-workspace/.derivedData/Build/Intermediates.noindex/ObjectCoder.build/Debug-appletvos/ObjectCoder.build/DerivedSources -Xcc -DSWIFT_PACKAGE -Xcc -DDEBUG\=1 -module-name ObjectCoder -frontend-parseable-output -disable-clang-spi -target-sdk-version 17.0 -target-sdk-name appletvos17.0 -o /Users/builder/builds/o86TiJKT/2/finestructure/swiftpackageindex-builder/spi-builder-workspace/.derivedData/Build/Intermediates.noindex/ObjectCoder.build/Debug-appletvos/ObjectCoder.build/Objects-normal/arm64/_NSObjectDecoder.o -o /Users/builder/builds/o86TiJKT/2/finestructure/swiftpackageindex-builder/spi-builder-workspace/.derivedData/Build/Intermediates.noindex/ObjectCoder.build/Debug-appletvos/ObjectCoder.build/Objects-normal/arm64/ObjectEncoder+Boxing.o -index-unit-output-path /ObjectCoder.build/Debug-appletvos/ObjectCoder.build/Objects-normal/arm64/_NSObjectDecoder.o -index-unit-output-path /ObjectCoder.build/Debug-appletvos/ObjectCoder.build/Objects-normal/arm64/ObjectEncoder+Boxing.o -index-store-path /Users/builder/builds/o86TiJKT/2/finestructure/swiftpackageindex-builder/spi-builder-workspace/.derivedData/Index.noindex/DataStore -index-system-modules
SwiftCompile normal arm64 /Users/builder/builds/o86TiJKT/2/finestructure/swiftpackageindex-builder/spi-builder-workspace/Sources/ObjectCoder/Encoder/Container/ObjectEncoder+Boxing.swift (in target 'ObjectCoder' from project 'ObjectCoder')
    cd /Users/builder/builds/o86TiJKT/2/finestructure/swiftpackageindex-builder/spi-builder-workspace
    /Applications/Xcode-15.0.0-Beta.app/Contents/Developer/Toolchains/XcodeDefault.xctoolchain/usr/bin/swift-frontend -c /Users/builder/builds/o86TiJKT/2/finestructure/swiftpackageindex-builder/spi-builder-workspace/Sources/ObjectCoder/AnyCodingKey.swift /Users/builder/builds/o86TiJKT/2/finestructure/swiftpackageindex-builder/spi-builder-workspace/Sources/ObjectCoder/Decoder/Container/KeyedContainer.swift /Users/builder/builds/o86TiJKT/2/finestructure/swiftpackageindex-builder/spi-builder-workspace/Sources/ObjectCoder/Decoder/Container/UnkeyedContainer.swift /Users/builder/builds/o86TiJKT/2/finestructure/swiftpackageindex-builder/spi-builder-workspace/Sources/ObjectCoder/Decoder/_NSObjectDecoder+Unboxing.swift -primary-file /Users/builder/builds/o86TiJKT/2/finestructure/swiftpackageindex-builder/spi-builder-workspace/Sources/ObjectCoder/Decoder/_NSObjectDecoder.swift -primary-file /Users/builder/builds/o86TiJKT/2/finestructure/swiftpackageindex-builder/spi-builder-workspace/Sources/ObjectCoder/Encoder/Container/ObjectEncoder+Boxing.swift /Users/builder/builds/o86TiJKT/2/finestructure/swiftpackageindex-builder/spi-builder-workspace/Sources/ObjectCoder/Encoder/Container/ObjectEncoder+KeyedContainer.swift /Users/builder/builds/o86TiJKT/2/finestructure/swiftpackageindex-builder/spi-builder-workspace/Sources/ObjectCoder/Encoder/Container/ObjectEncoder+SingleValueContainer.swift /Users/builder/builds/o86TiJKT/2/finestructure/swiftpackageindex-builder/spi-builder-workspace/Sources/ObjectCoder/Encoder/Container/ObjectEncoder+UnkeyedContainer.swift /Users/builder/builds/o86TiJKT/2/finestructure/swiftpackageindex-builder/spi-builder-workspace/Sources/ObjectCoder/Encoder/EncodingStorage.swift /Users/builder/builds/o86TiJKT/2/finestructure/swiftpackageindex-builder/spi-builder-workspace/Sources/ObjectCoder/Encoder/ObjectEncoder.swift -emit-dependencies-path /Users/builder/builds/o86TiJKT/2/finestructure/swiftpackageindex-builder/spi-builder-workspace/.derivedData/Build/Intermediates.noindex/ObjectCoder.build/Debug-appletvos/ObjectCoder.build/Objects-normal/arm64/_NSObjectDecoder.d -emit-const-values-path /Users/builder/builds/o86TiJKT/2/finestructure/swiftpackageindex-builder/spi-builder-workspace/.derivedData/Build/Intermediates.noindex/ObjectCoder.build/Debug-appletvos/ObjectCoder.build/Objects-normal/arm64/_NSObjectDecoder.swiftconstvalues -emit-reference-dependencies-path /Users/builder/builds/o86TiJKT/2/finestructure/swiftpackageindex-builder/spi-builder-workspace/.derivedData/Build/Intermediates.noindex/ObjectCoder.build/Debug-appletvos/ObjectCoder.build/Objects-normal/arm64/_NSObjectDecoder.swiftdeps -serialize-diagnostics-path /Users/builder/builds/o86TiJKT/2/finestructure/swiftpackageindex-builder/spi-builder-workspace/.derivedData/Build/Intermediates.noindex/ObjectCoder.build/Debug-appletvos/ObjectCoder.build/Objects-normal/arm64/_NSObjectDecoder.dia -emit-dependencies-path /Users/builder/builds/o86TiJKT/2/finestructure/swiftpackageindex-builder/spi-builder-workspace/.derivedData/Build/Intermediates.noindex/ObjectCoder.build/Debug-appletvos/ObjectCoder.build/Objects-normal/arm64/ObjectEncoder+Boxing.d -emit-const-values-path /Users/builder/builds/o86TiJKT/2/finestructure/swiftpackageindex-builder/spi-builder-workspace/.derivedData/Build/Intermediates.noindex/ObjectCoder.build/Debug-appletvos/ObjectCoder.build/Objects-normal/arm64/ObjectEncoder+Boxing.swiftconstvalues -emit-reference-dependencies-path /Users/builder/builds/o86TiJKT/2/finestructure/swiftpackageindex-builder/spi-builder-workspace/.derivedData/Build/Intermediates.noindex/ObjectCoder.build/Debug-appletvos/ObjectCoder.build/Objects-normal/arm64/ObjectEncoder+Boxing.swiftdeps -serialize-diagnostics-path /Users/builder/builds/o86TiJKT/2/finestructure/swiftpackageindex-builder/spi-builder-workspace/.derivedData/Build/Intermediates.noindex/ObjectCoder.build/Debug-appletvos/ObjectCoder.build/Objects-normal/arm64/ObjectEncoder+Boxing.dia -target arm64-apple-tvos12.0 -Xllvm -aarch64-use-tbi -enable-objc-interop -sdk /Applications/Xcode-15.0.0-Beta.app/Contents/Developer/Platforms/AppleTVOS.platform/Developer/SDKs/AppleTVOS17.0.sdk -I /Users/builder/builds/o86TiJKT/2/finestructure/swiftpackageindex-builder/spi-builder-workspace/.derivedData/Build/Products/Debug-appletvos -I /Applications/Xcode-15.0.0-Beta.app/Contents/Developer/Platforms/AppleTVOS.platform/Developer/usr/lib -F /Users/builder/builds/o86TiJKT/2/finestructure/swiftpackageindex-builder/spi-builder-workspace/.derivedData/Build/Products/Debug-appletvos -F /Applications/Xcode-15.0.0-Beta.app/Contents/Developer/Platforms/AppleTVOS.platform/Developer/Library/Frameworks -F /Applications/Xcode-15.0.0-Beta.app/Contents/Developer/Platforms/AppleTVOS.platform/Developer/SDKs/AppleTVOS17.0.sdk/Developer/Library/Frameworks -no-color-diagnostics -enable-testing -g -module-cache-path /Users/builder/builds/o86TiJKT/2/finestructure/swiftpackageindex-builder/spi-builder-workspace/.derivedData/ModuleCache.noindex -swift-version 5 -enforce-exclusivity\=checked -Onone -D SWIFT_PACKAGE -D DEBUG -D Xcode -serialize-debugging-options -const-gather-protocols-file /Users/builder/builds/o86TiJKT/2/finestructure/swiftpackageindex-builder/spi-builder-workspace/.derivedData/Build/Intermediates.noindex/ObjectCoder.build/Debug-appletvos/ObjectCoder.build/Objects-normal/arm64/ObjectCoder_const_extract_protocols.json -empty-abi-descriptor -plugin-path /Applications/Xcode-15.0.0-Beta.app/Contents/Developer/Toolchains/XcodeDefault.xctoolchain/usr/lib/swift/host/plugins -plugin-path /Applications/Xcode-15.0.0-Beta.app/Contents/Developer/Toolchains/XcodeDefault.xctoolchain/usr/local/lib/swift/host/plugins -validate-clang-modules-once -clang-build-session-file /Users/builder/builds/o86TiJKT/2/finestructure/swiftpackageindex-builder/spi-builder-workspace/.derivedData/ModuleCache.noindex/Session.modulevalidation -Xcc -working-directory -Xcc /Users/builder/builds/o86TiJKT/2/finestructure/swiftpackageindex-builder/spi-builder-workspace -resource-dir /Applications/Xcode-15.0.0-Beta.app/Contents/Developer/Toolchains/XcodeDefault.xctoolchain/usr/lib/swift -enable-anonymous-context-mangled-names -Xcc -ivfsstatcache -Xcc /Users/builder/builds/o86TiJKT/2/finestructure/swiftpackageindex-builder/spi-builder-workspace/.derivedData/SDKStatCaches.noindex/appletvos17.0-21J5273p-f1c542bf70c0c6d9321512ea4fae4f06.sdkstatcache -Xcc -I/Users/builder/builds/o86TiJKT/2/finestructure/swiftpackageindex-builder/spi-builder-workspace/.derivedData/Build/Intermediates.noindex/ObjectCoder.build/Debug-appletvos/ObjectCoder.build/swift-overrides.hmap -Xcc -I/Users/builder/builds/o86TiJKT/2/finestructure/swiftpackageindex-builder/spi-builder-workspace/.derivedData/Build/Products/Debug-appletvos/include -Xcc -I/Users/builder/builds/o86TiJKT/2/finestructure/swiftpackageindex-builder/spi-builder-workspace/.derivedData/Build/Intermediates.noindex/ObjectCoder.build/Debug-appletvos/ObjectCoder.build/DerivedSources-normal/arm64 -Xcc -I/Users/builder/builds/o86TiJKT/2/finestructure/swiftpackageindex-builder/spi-builder-workspace/.derivedData/Build/Intermediates.noindex/ObjectCoder.build/Debug-appletvos/ObjectCoder.build/DerivedSources/arm64 -Xcc -I/Users/builder/builds/o86TiJKT/2/finestructure/swiftpackageindex-builder/spi-builder-workspace/.derivedData/Build/Intermediates.noindex/ObjectCoder.build/Debug-appletvos/ObjectCoder.build/DerivedSources -Xcc -DSWIFT_PACKAGE -Xcc -DDEBUG\=1 -module-name ObjectCoder -frontend-parseable-output -disable-clang-spi -target-sdk-version 17.0 -target-sdk-name appletvos17.0 -o /Users/builder/builds/o86TiJKT/2/finestructure/swiftpackageindex-builder/spi-builder-workspace/.derivedData/Build/Intermediates.noindex/ObjectCoder.build/Debug-appletvos/ObjectCoder.build/Objects-normal/arm64/_NSObjectDecoder.o -o /Users/builder/builds/o86TiJKT/2/finestructure/swiftpackageindex-builder/spi-builder-workspace/.derivedData/Build/Intermediates.noindex/ObjectCoder.build/Debug-appletvos/ObjectCoder.build/Objects-normal/arm64/ObjectEncoder+Boxing.o -index-unit-output-path /ObjectCoder.build/Debug-appletvos/ObjectCoder.build/Objects-normal/arm64/_NSObjectDecoder.o -index-unit-output-path /ObjectCoder.build/Debug-appletvos/ObjectCoder.build/Objects-normal/arm64/ObjectEncoder+Boxing.o -index-store-path /Users/builder/builds/o86TiJKT/2/finestructure/swiftpackageindex-builder/spi-builder-workspace/.derivedData/Index.noindex/DataStore -index-system-modules
SwiftCompile normal arm64 Compiling\ UnkeyedContainer.swift,\ _NSObjectDecoder+Unboxing.swift /Users/builder/builds/o86TiJKT/2/finestructure/swiftpackageindex-builder/spi-builder-workspace/Sources/ObjectCoder/Decoder/Container/UnkeyedContainer.swift /Users/builder/builds/o86TiJKT/2/finestructure/swiftpackageindex-builder/spi-builder-workspace/Sources/ObjectCoder/Decoder/_NSObjectDecoder+Unboxing.swift (in target 'ObjectCoder' from project 'ObjectCoder')
    cd /Users/builder/builds/o86TiJKT/2/finestructure/swiftpackageindex-builder/spi-builder-workspace
    builtin-swiftTaskExecution -- /Applications/Xcode-15.0.0-Beta.app/Contents/Developer/Toolchains/XcodeDefault.xctoolchain/usr/bin/swift-frontend -frontend -c /Users/builder/builds/o86TiJKT/2/finestructure/swiftpackageindex-builder/spi-builder-workspace/Sources/ObjectCoder/AnyCodingKey.swift /Users/builder/builds/o86TiJKT/2/finestructure/swiftpackageindex-builder/spi-builder-workspace/Sources/ObjectCoder/Decoder/Container/KeyedContainer.swift -primary-file /Users/builder/builds/o86TiJKT/2/finestructure/swiftpackageindex-builder/spi-builder-workspace/Sources/ObjectCoder/Decoder/Container/UnkeyedContainer.swift -primary-file /Users/builder/builds/o86TiJKT/2/finestructure/swiftpackageindex-builder/spi-builder-workspace/Sources/ObjectCoder/Decoder/_NSObjectDecoder+Unboxing.swift /Users/builder/builds/o86TiJKT/2/finestructure/swiftpackageindex-builder/spi-builder-workspace/Sources/ObjectCoder/Decoder/_NSObjectDecoder.swift /Users/builder/builds/o86TiJKT/2/finestructure/swiftpackageindex-builder/spi-builder-workspace/Sources/ObjectCoder/Encoder/Container/ObjectEncoder+Boxing.swift /Users/builder/builds/o86TiJKT/2/finestructure/swiftpackageindex-builder/spi-builder-workspace/Sources/ObjectCoder/Encoder/Container/ObjectEncoder+KeyedContainer.swift /Users/builder/builds/o86TiJKT/2/finestructure/swiftpackageindex-builder/spi-builder-workspace/Sources/ObjectCoder/Encoder/Container/ObjectEncoder+SingleValueContainer.swift /Users/builder/builds/o86TiJKT/2/finestructure/swiftpackageindex-builder/spi-builder-workspace/Sources/ObjectCoder/Encoder/Container/ObjectEncoder+UnkeyedContainer.swift /Users/builder/builds/o86TiJKT/2/finestructure/swiftpackageindex-builder/spi-builder-workspace/Sources/ObjectCoder/Encoder/EncodingStorage.swift /Users/builder/builds/o86TiJKT/2/finestructure/swiftpackageindex-builder/spi-builder-workspace/Sources/ObjectCoder/Encoder/ObjectEncoder.swift -emit-dependencies-path /Users/builder/builds/o86TiJKT/2/finestructure/swiftpackageindex-builder/spi-builder-workspace/.derivedData/Build/Intermediates.noindex/ObjectCoder.build/Debug-appletvos/ObjectCoder.build/Objects-normal/arm64/UnkeyedContainer.d -emit-const-values-path /Users/builder/builds/o86TiJKT/2/finestructure/swiftpackageindex-builder/spi-builder-workspace/.derivedData/Build/Intermediates.noindex/ObjectCoder.build/Debug-appletvos/ObjectCoder.build/Objects-normal/arm64/UnkeyedContainer.swiftconstvalues -emit-reference-dependencies-path /Users/builder/builds/o86TiJKT/2/finestructure/swiftpackageindex-builder/spi-builder-workspace/.derivedData/Build/Intermediates.noindex/ObjectCoder.build/Debug-appletvos/ObjectCoder.build/Objects-normal/arm64/UnkeyedContainer.swiftdeps -serialize-diagnostics-path /Users/builder/builds/o86TiJKT/2/finestructure/swiftpackageindex-builder/spi-builder-workspace/.derivedData/Build/Intermediates.noindex/ObjectCoder.build/Debug-appletvos/ObjectCoder.build/Objects-normal/arm64/UnkeyedContainer.dia -emit-dependencies-path /Users/builder/builds/o86TiJKT/2/finestructure/swiftpackageindex-builder/spi-builder-workspace/.derivedData/Build/Intermediates.noindex/ObjectCoder.build/Debug-appletvos/ObjectCoder.build/Objects-normal/arm64/_NSObjectDecoder+Unboxing.d -emit-const-values-path /Users/builder/builds/o86TiJKT/2/finestructure/swiftpackageindex-builder/spi-builder-workspace/.derivedData/Build/Intermediates.noindex/ObjectCoder.build/Debug-appletvos/ObjectCoder.build/Objects-normal/arm64/_NSObjectDecoder+Unboxing.swiftconstvalues -emit-reference-dependencies-path /Users/builder/builds/o86TiJKT/2/finestructure/swiftpackageindex-builder/spi-builder-workspace/.derivedData/Build/Intermediates.noindex/ObjectCoder.build/Debug-appletvos/ObjectCoder.build/Objects-normal/arm64/_NSObjectDecoder+Unboxing.swiftdeps -serialize-diagnostics-path /Users/builder/builds/o86TiJKT/2/finestructure/swiftpackageindex-builder/spi-builder-workspace/.derivedData/Build/Intermediates.noindex/ObjectCoder.build/Debug-appletvos/ObjectCoder.build/Objects-normal/arm64/_NSObjectDecoder+Unboxing.dia -target arm64-apple-tvos12.0 -Xllvm -aarch64-use-tbi -enable-objc-interop -sdk /Applications/Xcode-15.0.0-Beta.app/Contents/Developer/Platforms/AppleTVOS.platform/Developer/SDKs/AppleTVOS17.0.sdk -I /Users/builder/builds/o86TiJKT/2/finestructure/swiftpackageindex-builder/spi-builder-workspace/.derivedData/Build/Products/Debug-appletvos -I /Applications/Xcode-15.0.0-Beta.app/Contents/Developer/Platforms/AppleTVOS.platform/Developer/usr/lib -F /Users/builder/builds/o86TiJKT/2/finestructure/swiftpackageindex-builder/spi-builder-workspace/.derivedData/Build/Products/Debug-appletvos -F /Applications/Xcode-15.0.0-Beta.app/Contents/Developer/Platforms/AppleTVOS.platform/Developer/Library/Frameworks -F /Applications/Xcode-15.0.0-Beta.app/Contents/Developer/Platforms/AppleTVOS.platform/Developer/SDKs/AppleTVOS17.0.sdk/Developer/Library/Frameworks -no-color-diagnostics -enable-testing -g -module-cache-path /Users/builder/builds/o86TiJKT/2/finestructure/swiftpackageindex-builder/spi-builder-workspace/.derivedData/ModuleCache.noindex -swift-version 5 -enforce-exclusivity\=checked -Onone -D SWIFT_PACKAGE -D DEBUG -D Xcode -serialize-debugging-options -const-gather-protocols-file /Users/builder/builds/o86TiJKT/2/finestructure/swiftpackageindex-builder/spi-builder-workspace/.derivedData/Build/Intermediates.noindex/ObjectCoder.build/Debug-appletvos/ObjectCoder.build/Objects-normal/arm64/ObjectCoder_const_extract_protocols.json -empty-abi-descriptor -plugin-path /Applications/Xcode-15.0.0-Beta.app/Contents/Developer/Toolchains/XcodeDefault.xctoolchain/usr/lib/swift/host/plugins -plugin-path /Applications/Xcode-15.0.0-Beta.app/Contents/Developer/Toolchains/XcodeDefault.xctoolchain/usr/local/lib/swift/host/plugins -validate-clang-modules-once -clang-build-session-file /Users/builder/builds/o86TiJKT/2/finestructure/swiftpackageindex-builder/spi-builder-workspace/.derivedData/ModuleCache.noindex/Session.modulevalidation -Xcc -working-directory -Xcc /Users/builder/builds/o86TiJKT/2/finestructure/swiftpackageindex-builder/spi-builder-workspace -resource-dir /Applications/Xcode-15.0.0-Beta.app/Contents/Developer/Toolchains/XcodeDefault.xctoolchain/usr/lib/swift -enable-anonymous-context-mangled-names -Xcc -ivfsstatcache -Xcc /Users/builder/builds/o86TiJKT/2/finestructure/swiftpackageindex-builder/spi-builder-workspace/.derivedData/SDKStatCaches.noindex/appletvos17.0-21J5273p-f1c542bf70c0c6d9321512ea4fae4f06.sdkstatcache -Xcc -I/Users/builder/builds/o86TiJKT/2/finestructure/swiftpackageindex-builder/spi-builder-workspace/.derivedData/Build/Intermediates.noindex/ObjectCoder.build/Debug-appletvos/ObjectCoder.build/swift-overrides.hmap -Xcc -I/Users/builder/builds/o86TiJKT/2/finestructure/swiftpackageindex-builder/spi-builder-workspace/.derivedData/Build/Products/Debug-appletvos/include -Xcc -I/Users/builder/builds/o86TiJKT/2/finestructure/swiftpackageindex-builder/spi-builder-workspace/.derivedData/Build/Intermediates.noindex/ObjectCoder.build/Debug-appletvos/ObjectCoder.build/DerivedSources-normal/arm64 -Xcc -I/Users/builder/builds/o86TiJKT/2/finestructure/swiftpackageindex-builder/spi-builder-workspace/.derivedData/Build/Intermediates.noindex/ObjectCoder.build/Debug-appletvos/ObjectCoder.build/DerivedSources/arm64 -Xcc -I/Users/builder/builds/o86TiJKT/2/finestructure/swiftpackageindex-builder/spi-builder-workspace/.derivedData/Build/Intermediates.noindex/ObjectCoder.build/Debug-appletvos/ObjectCoder.build/DerivedSources -Xcc -DSWIFT_PACKAGE -Xcc -DDEBUG\=1 -module-name ObjectCoder -frontend-parseable-output -disable-clang-spi -target-sdk-version 17.0 -target-sdk-name appletvos17.0 -o /Users/builder/builds/o86TiJKT/2/finestructure/swiftpackageindex-builder/spi-builder-workspace/.derivedData/Build/Intermediates.noindex/ObjectCoder.build/Debug-appletvos/ObjectCoder.build/Objects-normal/arm64/UnkeyedContainer.o -o /Users/builder/builds/o86TiJKT/2/finestructure/swiftpackageindex-builder/spi-builder-workspace/.derivedData/Build/Intermediates.noindex/ObjectCoder.build/Debug-appletvos/ObjectCoder.build/Objects-normal/arm64/_NSObjectDecoder+Unboxing.o -index-unit-output-path /ObjectCoder.build/Debug-appletvos/ObjectCoder.build/Objects-normal/arm64/UnkeyedContainer.o -index-unit-output-path /ObjectCoder.build/Debug-appletvos/ObjectCoder.build/Objects-normal/arm64/_NSObjectDecoder+Unboxing.o -index-store-path /Users/builder/builds/o86TiJKT/2/finestructure/swiftpackageindex-builder/spi-builder-workspace/.derivedData/Index.noindex/DataStore -index-system-modules

SwiftCompile normal arm64 /Users/builder/builds/o86TiJKT/2/finestructure/swiftpackageindex-builder/spi-builder-workspace/Sources/ObjectCoder/Decoder/Container/UnkeyedContainer.swift (in target 'ObjectCoder' from project 'ObjectCoder')
    cd /Users/builder/builds/o86TiJKT/2/finestructure/swiftpackageindex-builder/spi-builder-workspace
    /Applications/Xcode-15.0.0-Beta.app/Contents/Developer/Toolchains/XcodeDefault.xctoolchain/usr/bin/swift-frontend -c /Users/builder/builds/o86TiJKT/2/finestructure/swiftpackageindex-builder/spi-builder-workspace/Sources/ObjectCoder/AnyCodingKey.swift /Users/builder/builds/o86TiJKT/2/finestructure/swiftpackageindex-builder/spi-builder-workspace/Sources/ObjectCoder/Decoder/Container/KeyedContainer.swift -primary-file /Users/builder/builds/o86TiJKT/2/finestructure/swiftpackageindex-builder/spi-builder-workspace/Sources/ObjectCoder/Decoder/Container/UnkeyedContainer.swift -primary-file /Users/builder/builds/o86TiJKT/2/finestructure/swiftpackageindex-builder/spi-builder-workspace/Sources/ObjectCoder/Decoder/_NSObjectDecoder+Unboxing.swift /Users/builder/builds/o86TiJKT/2/finestructure/swiftpackageindex-builder/spi-builder-workspace/Sources/ObjectCoder/Decoder/_NSObjectDecoder.swift /Users/builder/builds/o86TiJKT/2/finestructure/swiftpackageindex-builder/spi-builder-workspace/Sources/ObjectCoder/Encoder/Container/ObjectEncoder+Boxing.swift /Users/builder/builds/o86TiJKT/2/finestructure/swiftpackageindex-builder/spi-builder-workspace/Sources/ObjectCoder/Encoder/Container/ObjectEncoder+KeyedContainer.swift /Users/builder/builds/o86TiJKT/2/finestructure/swiftpackageindex-builder/spi-builder-workspace/Sources/ObjectCoder/Encoder/Container/ObjectEncoder+SingleValueContainer.swift /Users/builder/builds/o86TiJKT/2/finestructure/swiftpackageindex-builder/spi-builder-workspace/Sources/ObjectCoder/Encoder/Container/ObjectEncoder+UnkeyedContainer.swift /Users/builder/builds/o86TiJKT/2/finestructure/swiftpackageindex-builder/spi-builder-workspace/Sources/ObjectCoder/Encoder/EncodingStorage.swift /Users/builder/builds/o86TiJKT/2/finestructure/swiftpackageindex-builder/spi-builder-workspace/Sources/ObjectCoder/Encoder/ObjectEncoder.swift -emit-dependencies-path /Users/builder/builds/o86TiJKT/2/finestructure/swiftpackageindex-builder/spi-builder-workspace/.derivedData/Build/Intermediates.noindex/ObjectCoder.build/Debug-appletvos/ObjectCoder.build/Objects-normal/arm64/UnkeyedContainer.d -emit-const-values-path /Users/builder/builds/o86TiJKT/2/finestructure/swiftpackageindex-builder/spi-builder-workspace/.derivedData/Build/Intermediates.noindex/ObjectCoder.build/Debug-appletvos/ObjectCoder.build/Objects-normal/arm64/UnkeyedContainer.swiftconstvalues -emit-reference-dependencies-path /Users/builder/builds/o86TiJKT/2/finestructure/swiftpackageindex-builder/spi-builder-workspace/.derivedData/Build/Intermediates.noindex/ObjectCoder.build/Debug-appletvos/ObjectCoder.build/Objects-normal/arm64/UnkeyedContainer.swiftdeps -serialize-diagnostics-path /Users/builder/builds/o86TiJKT/2/finestructure/swiftpackageindex-builder/spi-builder-workspace/.derivedData/Build/Intermediates.noindex/ObjectCoder.build/Debug-appletvos/ObjectCoder.build/Objects-normal/arm64/UnkeyedContainer.dia -emit-dependencies-path /Users/builder/builds/o86TiJKT/2/finestructure/swiftpackageindex-builder/spi-builder-workspace/.derivedData/Build/Intermediates.noindex/ObjectCoder.build/Debug-appletvos/ObjectCoder.build/Objects-normal/arm64/_NSObjectDecoder+Unboxing.d -emit-const-values-path /Users/builder/builds/o86TiJKT/2/finestructure/swiftpackageindex-builder/spi-builder-workspace/.derivedData/Build/Intermediates.noindex/ObjectCoder.build/Debug-appletvos/ObjectCoder.build/Objects-normal/arm64/_NSObjectDecoder+Unboxing.swiftconstvalues -emit-reference-dependencies-path /Users/builder/builds/o86TiJKT/2/finestructure/swiftpackageindex-builder/spi-builder-workspace/.derivedData/Build/Intermediates.noindex/ObjectCoder.build/Debug-appletvos/ObjectCoder.build/Objects-normal/arm64/_NSObjectDecoder+Unboxing.swiftdeps -serialize-diagnostics-path /Users/builder/builds/o86TiJKT/2/finestructure/swiftpackageindex-builder/spi-builder-workspace/.derivedData/Build/Intermediates.noindex/ObjectCoder.build/Debug-appletvos/ObjectCoder.build/Objects-normal/arm64/_NSObjectDecoder+Unboxing.dia -target arm64-apple-tvos12.0 -Xllvm -aarch64-use-tbi -enable-objc-interop -sdk /Applications/Xcode-15.0.0-Beta.app/Contents/Developer/Platforms/AppleTVOS.platform/Developer/SDKs/AppleTVOS17.0.sdk -I /Users/builder/builds/o86TiJKT/2/finestructure/swiftpackageindex-builder/spi-builder-workspace/.derivedData/Build/Products/Debug-appletvos -I /Applications/Xcode-15.0.0-Beta.app/Contents/Developer/Platforms/AppleTVOS.platform/Developer/usr/lib -F /Users/builder/builds/o86TiJKT/2/finestructure/swiftpackageindex-builder/spi-builder-workspace/.derivedData/Build/Products/Debug-appletvos -F /Applications/Xcode-15.0.0-Beta.app/Contents/Developer/Platforms/AppleTVOS.platform/Developer/Library/Frameworks -F /Applications/Xcode-15.0.0-Beta.app/Contents/Developer/Platforms/AppleTVOS.platform/Developer/SDKs/AppleTVOS17.0.sdk/Developer/Library/Frameworks -no-color-diagnostics -enable-testing -g -module-cache-path /Users/builder/builds/o86TiJKT/2/finestructure/swiftpackageindex-builder/spi-builder-workspace/.derivedData/ModuleCache.noindex -swift-version 5 -enforce-exclusivity\=checked -Onone -D SWIFT_PACKAGE -D DEBUG -D Xcode -serialize-debugging-options -const-gather-protocols-file /Users/builder/builds/o86TiJKT/2/finestructure/swiftpackageindex-builder/spi-builder-workspace/.derivedData/Build/Intermediates.noindex/ObjectCoder.build/Debug-appletvos/ObjectCoder.build/Objects-normal/arm64/ObjectCoder_const_extract_protocols.json -empty-abi-descriptor -plugin-path /Applications/Xcode-15.0.0-Beta.app/Contents/Developer/Toolchains/XcodeDefault.xctoolchain/usr/lib/swift/host/plugins -plugin-path /Applications/Xcode-15.0.0-Beta.app/Contents/Developer/Toolchains/XcodeDefault.xctoolchain/usr/local/lib/swift/host/plugins -validate-clang-modules-once -clang-build-session-file /Users/builder/builds/o86TiJKT/2/finestructure/swiftpackageindex-builder/spi-builder-workspace/.derivedData/ModuleCache.noindex/Session.modulevalidation -Xcc -working-directory -Xcc /Users/builder/builds/o86TiJKT/2/finestructure/swiftpackageindex-builder/spi-builder-workspace -resource-dir /Applications/Xcode-15.0.0-Beta.app/Contents/Developer/Toolchains/XcodeDefault.xctoolchain/usr/lib/swift -enable-anonymous-context-mangled-names -Xcc -ivfsstatcache -Xcc /Users/builder/builds/o86TiJKT/2/finestructure/swiftpackageindex-builder/spi-builder-workspace/.derivedData/SDKStatCaches.noindex/appletvos17.0-21J5273p-f1c542bf70c0c6d9321512ea4fae4f06.sdkstatcache -Xcc -I/Users/builder/builds/o86TiJKT/2/finestructure/swiftpackageindex-builder/spi-builder-workspace/.derivedData/Build/Intermediates.noindex/ObjectCoder.build/Debug-appletvos/ObjectCoder.build/swift-overrides.hmap -Xcc -I/Users/builder/builds/o86TiJKT/2/finestructure/swiftpackageindex-builder/spi-builder-workspace/.derivedData/Build/Products/Debug-appletvos/include -Xcc -I/Users/builder/builds/o86TiJKT/2/finestructure/swiftpackageindex-builder/spi-builder-workspace/.derivedData/Build/Intermediates.noindex/ObjectCoder.buil
d/Debug-appletvos/ObjectCoder.build/DerivedSources-normal/arm64 -Xcc -I/Users/builder/builds/o86TiJKT/2/finestructure/swiftpackageindex-builder/spi-builder-workspace/.derivedData/Build/Intermediates.noindex/ObjectCoder.build/Debug-appletvos/ObjectCoder.build/DerivedSources/arm64 -Xcc -I/Users/builder/builds/o86TiJKT/2/finestructure/swiftpackageindex-builder/spi-builder-workspace/.derivedData/Build/Intermediates.noindex/ObjectCoder.build/Debug-appletvos/ObjectCoder.build/DerivedSources -Xcc -DSWIFT_PACKAGE -Xcc -DDEBUG\=1 -module-name ObjectCoder -frontend-parseable-output -disable-clang-spi -target-sdk-version 17.0 -target-sdk-name appletvos17.0 -o /Users/builder/builds/o86TiJKT/2/finestructure/swiftpackageindex-builder/spi-builder-workspace/.derivedData/Build/Intermediates.noindex/ObjectCoder.build/Debug-appletvos/ObjectCoder.build/Objects-normal/arm64/UnkeyedContainer.o -o /Users/builder/builds/o86TiJKT/2/finestructure/swiftpackageindex-builder/spi-builder-workspace/.derivedData/Build/Intermediates.noindex/ObjectCoder.build/Debug-appletvos/ObjectCoder.build/Objects-normal/arm64/_NSObjectDecoder+Unboxing.o -index-unit-output-path /ObjectCoder.build/Debug-appletvos/ObjectCoder.build/Objects-normal/arm64/UnkeyedContainer.o -index-unit-output-path /ObjectCoder.build/Debug-appletvos/ObjectCoder.build/Objects-normal/arm64/_NSObjectDecoder+Unboxing.o -index-store-path /Users/builder/builds/o86TiJKT/2/finestructure/swiftpackageindex-builder/spi-builder-workspace/.derivedData/Index.noindex/DataStore -index-system-modules

SwiftCompile normal arm64 /Users/builder/builds/o86TiJKT/2/finestructure/swiftpackageindex-builder/spi-builder-workspace/Sources/ObjectCoder/Decoder/_NSObjectDecoder+Unboxing.swift (in target 'ObjectCoder' from project 'ObjectCoder')
    cd /Users/builder/builds/o86TiJKT/2/finestructure/swiftpackageindex-builder/spi-builder-workspace
    /Applications/Xcode-15.0.0-Beta.app/Contents/Developer/Toolchains/XcodeDefault.xctoolchain/usr/bin/swift-frontend -c /Users/builder/builds/o86TiJKT/2/finestructure/swiftpackageindex-builder/spi-builder-workspace/Sources/ObjectCoder/AnyCodingKey.swift /Users/builder/builds/o86TiJKT/2/finestructure/swiftpackageindex-builder/spi-builder-workspace/Sources/ObjectCoder/Decoder/Container/KeyedContainer.swift -primary-file /Users/builder/builds/o86TiJKT/2/finestructure/swiftpackageindex-builder/spi-builder-workspace/Sources/ObjectCoder/Decoder/Container/UnkeyedContainer.swift -primary-file /Users/builder/builds/o86TiJKT/2/finestructure/swiftpackageindex-builder/spi-builder-workspace/Sources/ObjectCoder/Decoder/_NSObjectDecoder+Unboxing.swift /Users/builder/builds/o86TiJKT/2/finestructure/swiftpackageindex-builder/spi-builder-workspace/Sources/ObjectCoder/Decoder/_NSObjectDecoder.swift /Users/builder/builds/o86TiJKT/2/finestructure/swiftpackageindex-builder/spi-builder-workspace/Sources/ObjectCoder/Encoder/Container/ObjectEncoder+Boxing.swift /Users/builder/builds/o86TiJKT/2/finestructure/swiftpackageindex-builder/spi-builder-workspace/Sources/ObjectCoder/Encoder/Container/ObjectEncoder+KeyedContainer.swift /Users/builder/builds/o86TiJKT/2/finestructure/swiftpackageindex-builder/spi-builder-workspace/Sources/ObjectCoder/Encoder/Container/ObjectEncoder+SingleValueContainer.swift /Users/builder/builds/o86TiJKT/2/finestructure/swiftpackageindex-builder/spi-builder-workspace/Sources/ObjectCoder/Encoder/Container/ObjectEncoder+UnkeyedContainer.swift /Users/builder/builds/o86TiJKT/2/finestructure/swiftpackageindex-builder/spi-builder-workspace/Sources/ObjectCoder/Encoder/EncodingStorage.swift /Users/builder/builds/o86TiJKT/2/finestructure/swiftpackageindex-builder/spi-builder-workspace/Sources/ObjectCoder/Encoder/ObjectEncoder.swift -emit-dependencies-path /Users/builder/builds/o86TiJKT/2/finestructure/swiftpackageindex-builder/spi-builder-workspace/.derivedData/Build/Intermediates.noindex/ObjectCoder.build/Debug-appletvos/ObjectCoder.build/Objects-normal/arm64/UnkeyedContainer.d -emit-const-values-path /Users/builder/builds/o86TiJKT/2/finestructure/swiftpackageindex-builder/spi-builder-workspace/.derivedData/Build/Intermediates.noindex/ObjectCoder.build/Debug-appletvos/ObjectCoder.build/Objects-normal/arm64/UnkeyedContainer.swiftconstvalues -emit-reference-dependencies-path /Users/builder/builds/o86TiJKT/2/finestructure/swiftpackageindex-builder/spi-builder-workspace/.derivedData/Build/Intermediates.noindex/ObjectCoder.build/Debug-appletvos/ObjectCoder.build/Objects-normal/arm64/UnkeyedContainer.swiftdeps -serialize-diagnostics-path /Users/builder/builds/o86TiJKT/2/finestructure/swiftpackageindex-builder/spi-builder-workspace/.derivedData/Build/Intermediates.noindex/ObjectCoder.build/Debug-appletvos/ObjectCoder.build/Objects-normal/arm64/UnkeyedContainer.dia -emit-dependencies-path /Users/builder/builds/o86TiJKT/2/finestructure/swiftpackageindex-builder/spi-builder-workspace/.derivedData/Build/Intermediates.noindex/ObjectCoder.build/Debug-appletvos/ObjectCoder.build/Objects-normal/arm64/_NSObjectDecoder+Unboxing.d -emit-const-values-path /Users/builder/builds/o86TiJKT/2/finestructure/swiftpackageindex-builder/spi-builder-workspace/.derivedData/Build/Intermediates.noindex/ObjectCoder.build/Debug-appletvos/ObjectCoder.build/Objects-normal/arm64/_NSObjectDecoder+Unboxing.swiftconstvalues -emit-reference-dependencies-path /Users/builder/builds/o86TiJKT/2/finestructure/swiftpackageindex-builder/spi-builder-workspace/.derivedData/Build/Intermediates.noindex/ObjectCoder.build/Debug-appletvos/ObjectCoder.build/Objects-normal/arm64/_NSObjectDecoder+Unboxing.swiftdeps -serialize-diagnostics-path /Users/builder/builds/o86TiJKT/2/finestructure/swiftpackageindex-builder/spi-builder-workspace/.derivedData/Build/Intermediates.noindex/ObjectCoder.build/Debug-appletvos/ObjectCoder.build/Objects-normal/arm64/_NSObjectDecoder+Unboxing.dia -target arm64-apple-tvos12.0 -Xllvm -aarch64-use-tbi -enable-objc-interop -sdk /Applications/Xcode-15.0.0-Beta.app/Contents/Developer/Platforms/AppleTVOS.platform/Developer/SDKs/AppleTVOS17.0.sdk -I /Users/builder/builds/o86TiJKT/2/finestructure/swiftpackageindex-builder/spi-builder-workspace/.derivedData/Build/Products/Debug-appletvos -I /Applications/Xcode-15.0.0-Beta.app/Contents/Developer/Platforms/AppleTVOS.platform/Developer/usr/lib -F /Users/builder/builds/o86TiJKT/2/finestructure/swiftpackageindex-builder/spi-builder-workspace/.derivedData/Build/Products/Debug-appletvos -F /Applications/Xcode-15.0.0-Beta.app/Contents/Developer/Platforms/AppleTVOS.platform/Developer/Library/Frameworks -F /Applications/Xcode-15.0.0-Beta.app/Contents/Developer/Platforms/AppleTVOS.platform/Developer/SDKs/AppleTVOS17.0.sdk/Developer/Library/Frameworks -no-color-diagnostics -enable-testing -g -module-cache-path /Users/builder/builds/o86TiJKT/2/finestructure/swiftpackageindex-builder/spi-builder-workspace/.derivedData/ModuleCache.noindex -swift-version 5 -enforce-exclusivity\=checked -Onone -D SWIFT_PACKAGE -D DEBUG -D Xcode -serialize-debugging-options -const-gather-protocols-file /Users/builder/builds/o86TiJKT/2/finestructure/swiftpackageindex-builder/spi-builder-workspace/.derivedData/Build/Intermediates.noindex/ObjectCoder.build/Debug-appletvos/ObjectCoder.build/Objects-normal/arm64/ObjectCoder_const_extract_protocols.json -empty-abi-descriptor -plugin-path /Applications/Xcode-15.0.0-Beta.app/Contents/Developer/Toolchains/XcodeDefault.xctoolchain/usr/lib/swift/host/plugins -plugin-path /Applications/Xcode-15.0.0-Beta.app/Contents/Developer/Toolchains/XcodeDefault.xctoolchain/usr/local/lib/swift/host/plugins -validate-clang-modules-once -clang-build-session-file /Users/builder/builds/o86TiJKT/2/finestructure/swiftpackageindex-builder/spi-builder-workspace/.derivedData/ModuleCache.noindex/Session.modulevalidation -Xcc -working-directory -Xcc /Users/builder/builds/o86TiJKT/2/finestructure/swiftpackageindex-builder/spi-builder-workspace -resource-dir /Applications/Xcode-15.0.0-Beta.app/Contents/Developer/Toolchains/XcodeDefault.xctoolchain/usr/lib/swift -enable-anonymous-context-mangled-names -Xcc -ivfsstatcache -Xcc /Users/builder/builds/o86TiJKT/2/finestructure/swiftpackageindex-builder/spi-builder-workspace/.derivedData/SDKStatCaches.noindex/appletvos17.0-21J5273p-f1c542bf70c0c6d9321512ea4fae4f06.sdkstatcache -Xcc -I/Users/builder/builds/o86TiJKT/2/finestructure/swiftpackageindex-builder/spi-builder-workspace/.derivedData/Build/Intermediates.noindex/ObjectCoder.build/Debug-appletvos/ObjectCoder.build/swift-overrides.hmap -Xcc -I/Users/builder/builds/o86TiJKT/2/finestructure/swiftpackageindex-builder/spi-builder-workspace/.derivedData/Build/Products/Debug-appletvos/include -Xcc -I/Users/builder/builds/o86TiJKT/2/finestructure/swiftpackageindex-builder/spi-builder-workspace/.derivedData/Build/Intermediates.noindex/ObjectCoder.build/Debug-appletvos/ObjectCoder.build/DerivedSources-normal/arm64 -Xcc -I/Users/builder/builds/o86TiJKT/2/finestructure/swiftpackageindex-builder/spi-builder-workspace/.derivedData/Build/Intermediates.noindex/ObjectCoder.build/Debug-appletvos/ObjectCoder.build/DerivedSources/arm64 -Xcc -I/Users/builder/builds/o86TiJKT/2/finestructure/swiftpackageindex-builder/spi-builder-workspace/.derivedData/Build/Intermediates.noindex/ObjectCoder.build/Debug-appletvos/ObjectCoder.build/DerivedSources -Xcc -DSWIFT_PACKAGE -Xcc -DDEBUG\=1 -module-name ObjectCoder -frontend-parseable-output -disable-clang-spi -target-sdk-version 17.0 -target-sdk-name appletvos17.0 -o /Users/builder/builds/o86TiJKT/2/finestructure/swiftpackageindex-builder/spi-builder-workspace/.derivedData/Build/Intermediates.noindex/ObjectCoder.build/Debug-appletvos/ObjectCoder.build/Objects-normal/arm64/UnkeyedContainer.o -o /Users/builder/builds/o86TiJKT/2/finestructure/swiftpackageindex-builder/spi-builder-workspace/.derivedData/Build/Intermediates.noindex/ObjectCoder.build/Debug-appletvos/ObjectCoder.build/Objects-normal/arm64/_NSObjectDecoder+Unboxing.o -index-unit-output-path /ObjectCoder.build/Debug-appletvos/ObjectCoder.build/Objects-normal/arm64/UnkeyedContainer.o -index-unit-output-path /ObjectCoder.build/Debug-appletvos/ObjectCoder.build/Objects-normal/arm64/_NSObjectDecoder+Unboxing.o -index-store-path /Users/builder/builds/o86TiJKT/2/finestructure/swiftpackageindex-builder/spi-builder-workspace/.derivedData/Index.noindex/DataStore -index-system-modules

SwiftCompile normal arm64 Compiling\ ObjectEncoder+SingleValueContainer.swift /Users/builder/builds/o86TiJKT/2/finestructure/swiftpackageindex-builder/spi-builder-workspace/Sources/ObjectCoder/Encoder/Container/ObjectEncoder+SingleValueContainer.swift (in target 'ObjectCoder' from project 'ObjectCoder')
    cd /Users/builder/builds/o86TiJKT/2/finestructure/swiftpackageindex-builder/spi-builder-workspace
    builtin-swiftTaskExecution -- /Applications/Xcode-15.0.0-Beta.app/Contents/Developer/Toolchains/XcodeDefault.xctoolchain/usr/bin/swift-frontend -frontend -c /Users/builder/builds/o86TiJKT/2/finestructure/swiftpackageindex-builder/spi-builder-workspace/Sources/ObjectCoder/AnyCodingKey.swift /Users/builder/builds/o86TiJKT/2/finestructure/swiftpackageindex-builder/spi-builder-workspace/Sources/ObjectCoder/Decoder/Container/KeyedContainer.swift /Users/builder/builds/o86TiJKT/2/finestructure/swiftpackageindex-builder/spi-builder-workspace/Sources/ObjectCoder/Decoder/Container/UnkeyedContainer.swift /Users/builder/builds/o86TiJKT/2/finestructure/swiftpackageindex-builder/spi-builder-workspace/Sources/ObjectCoder/Decoder/_NSObjectDecoder+Unboxing.swift /Users/builder/builds/o86TiJKT/2/finestructure/swiftpackageindex-builder/spi-builder-workspace/Sources/ObjectCoder/Decoder/_NSObjectDecoder.swift /Users/builder/builds/o86TiJKT/2/finestructure/swiftpackageindex-builder/spi-builder-workspace/Sources/ObjectCoder/Encoder/Container/ObjectEncoder+Boxing.swift /Users/builder/builds/o86TiJKT/2/finestructure/swiftpackageindex-builder/spi-builder-workspace/Sources/ObjectCoder/Encoder/Container/ObjectEncoder+KeyedContainer.swift -primary-file /Users/builder/builds/o86TiJKT/2/finestructure/swiftpackageindex-builder/spi-builder-workspace/Sources/ObjectCoder/Encoder/Container/ObjectEncoder+SingleValueContainer.swift /Users/builder/builds/o86TiJKT/2/finestructure/swiftpackageindex-builder/spi-builder-workspace/Sources/ObjectCoder/Encoder/Container/ObjectEncoder+UnkeyedContainer.swift /Users/builder/builds/o86TiJKT/2/finestructure/swiftpackageindex-builder/spi-builder-workspace/Sources/ObjectCoder/Encoder/EncodingStorage.swift /Users/builder/builds/o86TiJKT/2/finestructure/swiftpackageindex-builder/spi-builder-workspace/Sources/ObjectCoder/Encoder/ObjectEncoder.swift -emit-dependencies-path /Users/builder/builds/o86TiJKT/2/finestructure/swiftpackageindex-builder/spi-builder-workspace/.derivedData/Build/Intermediates.noindex/ObjectCoder.build/Debug-appletvos/ObjectCoder.build/Objects-normal/arm64/ObjectEncoder+SingleValueContainer.d -emit-const-values-path /Users/builder/builds/o86TiJKT/2/finestructure/swiftpackageindex-builder/spi-builder-workspace/.derivedData/Build/Intermediates.noindex/ObjectCoder.build/Debug-appletvos/ObjectCoder.build/Objects-normal/arm64/ObjectEncoder+SingleValueContainer.swiftconstvalues -emit-reference-dependencies-path /Users/builder/builds/o86TiJKT/2/finestructure/swiftpackageindex-builder/spi-builder-workspace/.derivedData/Build/Intermediates.noindex/ObjectCoder.build/Debug-appletvos/ObjectCoder.build/Objects-normal/arm64/ObjectEncoder+SingleValueContainer.swiftdeps -serialize-diagnostics-path /Users/builder/builds/o86TiJKT/2/finestructure/swiftpackageindex-builder/spi-builder-workspace/.derivedData/Build/Intermediates.noindex/ObjectCoder.build/Debug-appletvos/ObjectCoder.build/Objects-normal/arm64/ObjectEncoder+SingleValueContainer.dia -target arm64-apple-tvos12.0 -Xllvm -aarch64-use-tbi -enable-objc-interop -sdk /Applications/Xcode-15.0.0-Beta.app/Contents/Developer/Platforms/AppleTVOS.platform/Developer/SDKs/AppleTVOS17.0.sdk -I /Users/builder/builds/o86TiJKT/2/finestructure/swiftpackageindex-builder/spi-builder-workspace/.derivedData/Build/Products/Debug-appletvos -I /Applications/Xcode-15.0.0-Beta.app/Contents/Developer/Platforms/AppleTVOS.platform/Developer/usr/lib -F /Users/builder/builds/o86TiJKT/2/finestructure/swiftpackageindex-builder/spi-builder-workspace/.derivedData/Build/Products/Debug-appletvos -F /Applications/Xcode-15.0.0-Beta.app/Contents/Developer/Platforms/AppleTVOS.platform/Developer/Library/Frameworks -F /Applications/Xcode-15.0.0-Beta.app/Contents/Developer/Platforms/AppleTVOS.platform/Developer/SDKs/AppleTVOS17.0.sdk/Developer/Library/Frameworks -no-color-diagnostics -enable-testing -g -module-cache-path /Users/builder/builds/o86TiJKT/2/finestructure/swiftpackageindex-builder/spi-builder-workspace/.derivedData/ModuleCache.noindex -swift-version 5 -enforce-exclusivity\=checked -Onone -D SWIFT_PACKAGE -D DEBUG -D Xcode -serialize-debugging-options -const-gather-protocols-file /Users/builder/builds/o86TiJKT/2/finestructure/swiftpackageindex-builder/spi-builder-workspace/.derivedData/Build/Intermediates.noindex/ObjectCoder.build/Debug-appletvos/ObjectCoder.build/Objects-normal/arm64/ObjectCoder_const_extract_protocols.json -empty-abi-descriptor -plugin-path /Applications/Xcode-15.0.0-Beta.app/Contents/Developer/Toolchains/XcodeDefault.xctoolchain/usr/lib/swift/host/plugins -plugin-path /Applications/Xcode-15.0.0-Beta.app/Contents/Developer/Toolchains/XcodeDefault.xctoolchain/usr/local/lib/swift/host/plugins -validate-clang-modules-once -clang-build-session-file /Users/builder/builds/o86TiJKT/2/finestructure/swiftpackageindex-builder/spi-builder-workspace/.derivedData/ModuleCache.noindex/Session.modulevalidation -Xcc -working-directory -Xcc /Users/builder/builds/o86TiJKT/2/finestructure/swiftpackageindex-builder/spi-builder-workspace -resource-dir /Applications/Xcode-15.0.0-Beta.app/Contents/Developer/Toolchains/XcodeDefault.xctoolchain/usr/lib/swift -enable-anonymous-context-mangled-names -Xcc -ivfsstatcache -Xcc /Users/builder/builds/o86TiJKT/2/finestructure/swiftpackageindex-builder/spi-builder-workspace/.derivedData/SDKStatCaches.noindex/appletvos17.0-21J5273p-f1c542bf70c0c6d9321512ea4fae4f06.sdkstatcache -Xcc -I/Users/builder/builds/o86TiJKT/2/finestructure/swiftpackageindex-builder/spi-builder-workspace/.derivedData/Build/Intermediates.noindex/ObjectCoder.build/Debug-
appletvos/ObjectCoder.build/swift-overrides.hmap -Xcc -I/Users/builder/builds/o86TiJKT/2/finestructure/swiftpackageindex-builder/spi-builder-workspace/.derivedData/Build/Products/Debug-appletvos/include -Xcc -I/Users/builder/builds/o86TiJKT/2/finestructure/swiftpackageindex-builder/spi-builder-workspace/.derivedData/Build/Intermediates.noindex/ObjectCoder.build/Debug-appletvos/ObjectCoder.build/DerivedSources-normal/arm64 -Xcc -I/Users/builder/builds/o86TiJKT/2/finestructure/swiftpackageindex-builder/spi-builder-workspace/.derivedData/Build/Intermediates.noindex/ObjectCoder.build/Debug-appletvos/ObjectCoder.build/DerivedSources/arm64 -Xcc -I/Users/builder/builds/o86TiJKT/2/finestructure/swiftpackageindex-builder/spi-builder-workspace/.derivedData/Build/Intermediates.noindex/ObjectCoder.build/Debug-appletvos/ObjectCoder.build/DerivedSources -Xcc -DSWIFT_PACKAGE -Xcc -DDEBUG\=1 -module-name ObjectCoder -frontend-parseable-output -disable-clang-spi -target-sdk-version 17.0 -target-sdk-name appletvos17.0 -o /Users/builder/builds/o86TiJKT/2/finestructure/swiftpackageindex-builder/spi-builder-workspace/.derivedData/Build/Intermediates.noindex/ObjectCoder.build/Debug-appletvos/ObjectCoder.build/Objects-normal/arm64/ObjectEncoder+SingleValueContainer.o -index-unit-output-path /ObjectCoder.build/Debug-appletvos/ObjectCoder.build/Objects-normal/arm64/ObjectEncoder+SingleValueContainer.o -index-store-path /Users/builder/builds/o86TiJKT/2/finestructure/swiftpackageindex-builder/spi-builder-workspace/.derivedData/Index.noindex/DataStore -index-system-modules

SwiftCompile normal arm64 /Users/builder/builds/o86TiJKT/2/finestructure/swiftpackageindex-builder/spi-builder-workspace/Sources/ObjectCoder/Encoder/Container/ObjectEncoder+SingleValueContainer.swift (in target 'ObjectCoder' from project 'ObjectCoder')
    cd /Users/builder/builds/o86TiJKT/2/finestructure/swiftpackageindex-builder/spi-builder-workspace
    /Applications/Xcode-15.0.0-Beta.app/Contents/Developer/Toolchains/XcodeDefault.xctoolchain/usr/bin/swift-frontend -c /Users/builder/builds/o86TiJKT/2/finestructure/swiftpackageindex-builder/spi-builder-workspace/Sources/ObjectCoder/AnyCodingKey.swift /Users/builder/builds/o86TiJKT/2/finestructure/swiftpackageindex-builder/spi-builder-workspace/Sources/ObjectCoder/Decoder/Container/KeyedContainer.swift /Users/builder/builds/o86TiJKT/2/finestructure/swiftpackageindex-builder/spi-builder-workspace/Sources/ObjectCoder/Decoder/Container/UnkeyedContainer.swift /Users/builder/builds/o86TiJKT/2/finestructure/swiftpackageindex-builder/spi-builder-workspace/Sources/ObjectCoder/Decoder/_NSObjectDecoder+Unboxing.swift /Users/builder/builds/o86TiJKT/2/finestructure/swiftpackageindex-builder/spi-builder-workspace/Sources/ObjectCoder/Decoder/_NSObjectDecoder.swift /Users/builder/builds/o86TiJKT/2/finestructure/swiftpackageindex-builder/spi-builder-workspace/Sources/ObjectCoder/Encoder/Container/ObjectEncoder+Boxing.swift /Users/builder/builds/o86TiJKT/2/finestructure/swiftpackageindex-builder/spi-builder-workspace/Sources/ObjectCoder/Encoder/Container/ObjectEncoder+KeyedContainer.swift -primary-file /Users/builder/builds/o86TiJKT/2/finestructure/swiftpackageindex-builder/spi-builder-workspace/Sources/ObjectCoder/Encoder/Container/ObjectEncoder+SingleValueContainer.swift /Users/builder/builds/o86TiJKT/2/finestructure/swiftpackageindex-builder/spi-builder-workspace/Sources/ObjectCoder/Encoder/Container/ObjectEncoder+UnkeyedContainer.swift /Users/builder/builds/o86TiJKT/2/finestructure/swiftpackageindex-builder/spi-builder-workspace/Sources/ObjectCoder/Encoder/EncodingStorage.swift /Users/builder/builds/o86TiJKT/2/finestructure/swiftpackageindex-builder/spi-builder-workspace/Sources/ObjectCoder/Encoder/ObjectEncoder.swift -emit-dependencies-path /Users/builder/builds/o86TiJKT/2/finestructure/swiftpackageindex-builder/spi-builder-workspace/.derivedData/Build/Intermediates.noindex/ObjectCoder.build/Debug-appletvos/ObjectCoder.build/Objects-normal/arm64/ObjectEncoder+SingleValueContainer.d -emit-const-values-path /Users/builder/builds/o86TiJKT/2/finestructure/swiftpackageindex-builder/spi-builder-workspace/.derivedData/Build/Intermediates.noindex/ObjectCoder.build/Debug-appletvos/ObjectCoder.build/Objects-normal/arm64/ObjectEncoder+SingleValueContainer.swiftconstvalues -emit-reference-dependencies-path /Users/builder/builds/o86TiJKT/2/finestructure/swiftpackageindex-builder/spi-builder-workspace/.derivedData/Build/Intermediates.noindex/ObjectCoder.build/Debug-appletvos/ObjectCoder.build/Objects-normal/arm64/ObjectEncoder+SingleValueContainer.swiftdeps -serialize-diagnostics-path /Users/builder/builds/o86TiJKT/2/finestructure/swiftpackageindex-builder/spi-builder-workspace/.derivedData/Build/Intermediates.noindex/ObjectCoder.build/Debug-appletvos/ObjectCoder.build/Objects-normal/arm64/ObjectEncoder+SingleValueContainer.dia -target arm64-apple-tvos12.0 -Xllvm -aarch64-use-tbi -enable-objc-interop -sdk /Applications/Xcode-15.0.0-Beta.app/Contents/Developer/Platforms/AppleTVOS.platform/Developer/SDKs/AppleTVOS17.0.sdk -I /Users/builder/builds/o86TiJKT/2/finestructure/swiftpackageindex-builder/spi-builder-workspace/.derivedData/Build/Products/Debug-appletvos -I /Applications/Xcode-15.0.0-Beta.app/Contents/Developer/Platforms/AppleTVOS.platform/Developer/usr/lib -F /Users/builder/builds/o86TiJKT/2/finestructure/swiftpackageindex-builder/spi-builder-workspace/.derivedData/Build/Products/Debug-appletvos -F /Applications/Xcode-15.0.0-Beta.app/Contents/Developer/Platforms/AppleTVOS.platform/Developer/Library/Frameworks -F /Applications/Xcode-15.0.0-Beta.app/Contents/Developer/Platforms/AppleTVOS.platform/Developer/SDKs/AppleTVOS17.0.sdk/Developer/Library/Frameworks -no-color-diagnostics -enable-testing -g -module-cache-path /Users/builder/builds/o86TiJKT/2/finestructure/swiftpackageindex-builder/spi-builder-workspace/.derivedData/ModuleCache.noindex -swift-version 5 -enforce-exclusivity\=checked -Onone -D SWIFT_PACKAGE -D DEBUG -D Xcode -serialize-debugging-options -const-gather-protocols-file /Users/builder/builds/o86TiJKT/2/finestructure/swiftpackageindex-builder/spi-builder-workspace/.derivedData/Build/Intermediates.noindex/ObjectCoder.build/Debug-appletvos/ObjectCoder.build/Objects-normal/arm64/ObjectCoder_const_extract_protocols.json -empty-abi-descriptor -plugin-path /Applications/Xcode-15.0.0-Beta.app/Contents/Developer/Toolchains/XcodeDefault.xctoolchain/usr/lib/swift/host/plugins -plugin-path /Applications/Xcode-15.0.0-Beta.app/Contents/Developer/Toolchains/XcodeDefault.xctoolchain/usr/local/lib/swift/host/plugins -validate-clang-modules-once -clang-build-session-file /Users/builder/builds/o86TiJKT/2/finestructure/swiftpackageindex-builder/spi-builder-workspace/.derivedData/ModuleCache.noindex/Session.modulevalidation -Xcc -working-directory -Xcc /Users/builder/builds/o86TiJKT/2/finestructure/swiftpackageindex-builder/spi-builder-workspace -resource-dir /Applications/Xcode-15.0.0-Beta.app/Contents/Developer/Toolchains/XcodeDefault.xctoolchain/usr/lib/swift -enable-anonymous-context-mangled-names -Xcc -ivfsstatcache -Xcc /Users/builder/builds/o86TiJKT/2/finestructure/swiftpackageindex-builder/spi-builder-workspace/.derivedData/SDKStatCaches.noindex/appletvos17.0-21J5273p-f1c542bf70c0c6d9321512ea4fae4f06.sdkstatcache -Xcc -I/Users/builder/builds/o86TiJKT/2/finestructure/swiftpackageindex-builder/spi-builder-workspace/.derivedData/Build/Intermediates.noindex/ObjectCoder.build/Debug-appletvos/ObjectCoder.build/swift-overrides.hmap -Xcc -I/Users/builder/builds/o86TiJKT/2/finestructure/swiftpackageindex-builder/spi-builder-workspace/.derivedData/Build/Products/Debug-appletvos/include -Xcc -I/Users/builder/builds/o86TiJKT/2/finestructure/swiftpackageindex-builder/spi-builder-workspace/.derivedData/Build/Intermediates.noindex/ObjectCoder.build/Debug-appletvos/ObjectCoder.build/DerivedSources-normal/arm64 -Xcc -I/Users/builder/builds/o86TiJKT/2/finestructure/swiftpackageindex-builder/spi-builder-workspace/.derivedData/Build/Intermediates.noindex/ObjectCoder.build/Debug-appletvos/ObjectCoder.build/DerivedSources/arm64 -Xcc -I/Users/builder/builds/o86TiJKT/2/finestructure/swiftpackageindex-builder/spi-builder-workspace/.derivedData/Build/Intermediates.noindex/ObjectCoder.build/Debug-appletvos/ObjectCoder.build/DerivedSources -Xcc -DSWIFT_PACKAGE -Xcc -DDEBUG\=1 -module-name ObjectCoder -frontend-parseable-output -disable-clang-spi -target-sdk-version 17.0 -target-sdk-name appletvos17.0 -o /Users/builder/builds/o86TiJKT/2/finestructure/swiftpackageindex-builder/spi-builder-workspace/.derivedData/Build/Intermediates.noindex/ObjectCoder.build/Debug-appletvos/ObjectCoder.build/Objects-normal/arm64/ObjectEncoder+SingleValueContainer.o -index-unit-output-path /ObjectCoder.build/Debug-appletvos/ObjectCoder.build/Objects-normal/arm64/ObjectEncoder+SingleValueContainer.o -index-store-path /Users/builder/builds/o86TiJKT/2/finestructure/swiftpackageindex-builder/spi-builder-workspace/.derivedData/Index.noindex/DataStore -index-system-modules

SwiftDriverJobDiscovery normal arm64 Emitting module for ObjectCoder (in target 'ObjectCoder' from project 'ObjectCoder')

SwiftCompile normal arm64 Compiling\ EncodingStorage.swift /Users/builder/builds/o86TiJKT/2/finestructure/swiftpackageindex-builder/spi-builder-workspace/Sources/ObjectCoder/Encoder/EncodingStorage.swift (in target 'ObjectCoder' from project 'ObjectCoder')
    cd /Users/builder/builds/o86TiJKT/2/finestructure/swiftpackageindex-builder/spi-builder-workspace
    builtin-swiftTaskExecution -- /Applications/Xcode-15.0.0-Beta.app/Contents/Developer/Toolchains/XcodeDefault.xctoolchain/usr/bin/swift-frontend -frontend -c /Users/builder/builds/o86TiJKT/2/finestructure/swiftpackageindex-builder/spi-builder-workspace/Sources/ObjectCoder/AnyCodingKey.swift /Users/builder/builds/o86TiJKT/2/finestructure/swiftpackageindex-builder/spi-builder-workspace/Sources/ObjectCoder/Decoder/Container/KeyedContainer.swift /Users/builder/builds/o86TiJKT/2/finestructure/swiftpackageindex-builder/spi-builder-workspace/Sources/ObjectCoder/Decoder/Container/UnkeyedContainer.swift /Users/builder/builds/o86TiJKT/2/finestructure/swiftpackageindex-builder/spi-builder-workspace/Sources/ObjectCoder/Decoder/_NSObjectDecoder+Unboxing.swift /Users/builder/builds/o86TiJKT/2/finestructure/swiftpackageindex-builder/spi-builder-workspace/Sources/ObjectCoder/Decoder/_NSObjectDecoder.swift /Users/builder/builds/o86TiJKT/2/finestructure/swiftpackageindex-builder/spi-builder-workspace/Sources/ObjectCoder/Encoder/Container/ObjectEncoder+Boxing.swift /Users/builder/builds/o86TiJKT/2/finestructure/swiftpackageindex-builder/spi-builder-workspace/Sources/ObjectCoder/Encoder/Container/ObjectEncoder+KeyedContainer.swift /Users/builder/builds/o86TiJKT/2/finestructure/swiftpackageindex-builder/spi-builder-workspace/Sources/ObjectCoder/Encoder/Container/ObjectEncoder+SingleValueContainer.swift /Users/builder/builds/o86TiJKT/2/finestructure/swiftpackageindex-builder/spi-builder-workspace/Sources/ObjectCoder/Encoder/Container/ObjectEncoder+UnkeyedContainer.swift -primary-file /Users/builder/builds/o86TiJKT/2/finestructure/swiftpackageindex-builder/spi-builder-workspace/Sources/ObjectCoder/Encoder/EncodingStorage.swift /Users/builder/builds/o86TiJKT/2/finestructure/swiftpackageindex-builder/spi-builder-workspace/Sources/ObjectCoder/Encoder/ObjectEncoder.swift -emit-dependencies-path /Users/builder/builds/o86TiJKT/2/finestructure/swiftpackageindex-builder/spi-builder-workspace/.derivedData/Build/Intermediates.noindex/ObjectCoder.build/Debug-appletvos/ObjectCoder.build/Objects-normal/arm64/EncodingStorage.d -emit-const-values-path /Users/builder/builds/o86TiJKT/2/finestructure/swiftpackageindex-builder/spi-builder-workspace/.derivedData/Build/Intermediates.noindex/ObjectCoder.build/Debug-appletvos/ObjectCoder.build/Objects-normal/arm64/EncodingStorage.swiftconstvalues -emit-reference-dependencies-path /Users/builder/builds/o86TiJKT/2/finestructure/swiftpackageindex-builder/spi-builder-workspace/.derivedData/Build/Intermediates.noindex/ObjectCoder.build/Debug-appletvos/ObjectCoder.build/Objects-normal/arm64/EncodingStorage.swiftdeps -serialize-diagnostics-path /Users/builder/builds/o86TiJKT/2/finestructure/swiftpackageindex-builder/spi-builder-workspace/.derivedData/Build/Intermediates.noindex/ObjectCoder.build/Debug-appletvos/ObjectCoder.build/Objects-normal/arm64/EncodingStorage.dia -target arm64-apple-tvos12.0 -Xllvm -aarch64-use-tbi -enable-objc-interop -sdk /Applications/Xcode-15.0.0-Beta.app/Contents/Developer/Platforms/AppleTVOS.platform/Developer/SDKs/AppleTVOS17.0.sdk -I /Users/builder/builds/o86TiJKT/2/finestructure/swiftpackageindex-builder/spi-builder-workspace/.derivedData/Build/Products/Debug-appletvos -I /Applications/Xcode-15.0.0-Beta.app/Contents/Developer/Platforms/AppleTVOS.platform/Developer/usr/lib -F /Users/builder/builds/o86TiJKT/2/finestructure/swiftpackageindex-builder/spi-builder-workspace/.derivedData/Build/Products/Debug-appletvos -F /Applications/Xcode-15.0.0-Beta.app/Contents/Developer/Platforms/AppleTVOS.platform/Developer/Library/Frameworks -F /Applications/Xcode-15.0.0-Beta.app/Contents/Developer/Platforms/AppleTVOS.platform/Developer/SDKs/AppleTVOS17.0.sdk/Developer/Library/Frameworks -no-color-diagnostics -enable-testing -g -module-cache-path /Users/builder/builds/o86TiJKT/2/finestructure/swiftpackageindex-builder/spi-builder-workspace/.derivedData/ModuleCache.noindex -swift-version 5 -enforce-exclusivity\=checked -Onone -D SWIFT_PACKAGE -D DEBUG -D Xcode -serialize-debugging-options -const-gather-protocols-file /Users/builder/builds/o86TiJKT/2/finestructure/swiftpackageindex-builder/spi-builder-workspace/.derivedData/Build/Intermediates.noindex/ObjectCoder.build/Debug-appletvos/ObjectCoder.build/Objects-normal/arm64/ObjectCoder_const_extract_protocols.json -empty-abi-descriptor -plugin-path /Applications/Xcode-15.0.0-Beta.app/Contents/Developer/Toolchains/XcodeDefault.xctoolchain/usr/lib/swift/host/plugins -plugin-path /Applications/Xcode-15.0.0-Beta.app/Contents/Developer/Toolchains/XcodeDefault.xctoolchain/usr/local/lib/swift/host/plugins -validate-clang-modules-once -clang-build-session-file /Users/builder/builds/o86TiJKT/2/finestructure/swiftpackageindex-builder/spi-builder-workspace/.derivedData/ModuleCache.noindex/Session.modulevalidation -Xcc -working-directory -Xcc /Users/builder/builds/o86TiJKT/2/finestructure/swiftpackageindex-builder/spi-builder-workspace -resource-dir /Applications/Xcode-15.0.0-Beta.app/Contents/Developer/Toolchains/XcodeDefault.xctoolchain/usr/lib/swift -enable-anonymous-context-mangled-names -Xcc -ivfsstatcache -Xcc /Users/builder/builds/o86TiJKT/2/finestructure/swiftpackageindex-builder/spi-builder-workspace/.derivedData/SDKStatCaches.noindex/appletvos17.0-21J5273p-f1c542bf70c0c6d9321512ea4fae4f06.sdkstatcache -Xcc -I/Users/builder/builds/o86TiJKT/2/finestructure/swiftpackageindex-builder/spi-builder-workspace/.derivedData/Build/Intermediates.noindex/ObjectCoder.build/Debug-appletvos/ObjectCoder.build/swift-overrides.hmap -Xcc -I/Users/builder/builds/o86TiJKT/2/finestructure/swiftpackageindex-builder/spi-builder-workspace/.derivedData/Build/Products/Debug-appletvos/include -Xcc -I/Users/builder/builds/o86TiJKT/2/finestructure/swiftpackageindex-builder/spi-builder-workspace/.derivedData/Build/Intermediates.noindex/ObjectCoder.build/Debug-appletvos/ObjectCoder.build/DerivedSources-normal/arm64 -Xcc -I/Users/builder/builds/o86TiJKT/2/finestructure/swiftpackageindex-builder/spi-builder-workspace/.derivedData/Build/Intermediates.noindex/ObjectCoder.build/Debug-appletvos/ObjectCoder.build/DerivedSources/arm64 -Xcc -I/Users/builder/builds/o86TiJKT/2/finestructure/swiftpackageindex-builder/spi-builder-workspace/.derivedData/Build/Intermediates.noindex/ObjectCoder.build/Debug-appletvos/ObjectCoder.build/DerivedSources -Xcc -DSWIFT_PACKAGE -Xcc -DDEBUG\=1 -module-name ObjectCoder -frontend-parseable-output -disable-clang-spi -target-sdk-version 17.0 -target-sdk-name appletvos17.0 -o /Users/builder/builds/o86TiJKT/2/finestructure/swiftpackageindex-builder/spi-builder-workspace/.derivedData/Build/Intermediates.noindex/ObjectCoder.build/Debug-appletvos/ObjectCoder.build/Objects-normal/arm64/EncodingStorage.o -index-unit-output-path /ObjectCoder.build/Debug-appletvos/
ObjectCoder.build/Objects-normal/arm64/EncodingStorage.o -index-store-path /Users/builder/builds/o86TiJKT/2/finestructure/swiftpackageindex-builder/spi-builder-workspace/.derivedData/Index.noindex/DataStore -index-system-modules

SwiftCompile normal arm64 /Users/builder/builds/o86TiJKT/2/finestructure/swiftpackageindex-builder/spi-builder-workspace/Sources/ObjectCoder/Encoder/EncodingStorage.swift (in target 'ObjectCoder' from project 'ObjectCoder')
    cd /Users/builder/builds/o86TiJKT/2/finestructure/swiftpackageindex-builder/spi-builder-workspace
    /Applications/Xcode-15.0.0-Beta.app/Contents/Developer/Toolchains/XcodeDefault.xctoolchain/usr/bin/swift-frontend -c /Users/builder/builds/o86TiJKT/2/finestructure/swiftpackageindex-builder/spi-builder-workspace/Sources/ObjectCoder/AnyCodingKey.swift /Users/builder/builds/o86TiJKT/2/finestructure/swiftpackageindex-builder/spi-builder-workspace/Sources/ObjectCoder/Decoder/Container/KeyedContainer.swift /Users/builder/builds/o86TiJKT/2/finestructure/swiftpackageindex-builder/spi-builder-workspace/Sources/ObjectCoder/Decoder/Container/UnkeyedContainer.swift /Users/builder/builds/o86TiJKT/2/finestructure/swiftpackageindex-builder/spi-builder-workspace/Sources/ObjectCoder/Decoder/_NSObjectDecoder+Unboxing.swift /Users/builder/builds/o86TiJKT/2/finestructure/swiftpackageindex-builder/spi-builder-workspace/Sources/ObjectCoder/Decoder/_NSObjectDecoder.swift /Users/builder/builds/o86TiJKT/2/finestructure/swiftpackageindex-builder/spi-builder-workspace/Sources/ObjectCoder/Encoder/Container/ObjectEncoder+Boxing.swift /Users/builder/builds/o86TiJKT/2/finestructure/swiftpackageindex-builder/spi-builder-workspace/Sources/ObjectCoder/Encoder/Container/ObjectEncoder+KeyedContainer.swift /Users/builder/builds/o86TiJKT/2/finestructure/swiftpackageindex-builder/spi-builder-workspace/Sources/ObjectCoder/Encoder/Container/ObjectEncoder+SingleValueContainer.swift /Users/builder/builds/o86TiJKT/2/finestructure/swiftpackageindex-builder/spi-builder-workspace/Sources/ObjectCoder/Encoder/Container/ObjectEncoder+UnkeyedContainer.swift -primary-file /Users/builder/builds/o86TiJKT/2/finestructure/swiftpackageindex-builder/spi-builder-workspace/Sources/ObjectCoder/Encoder/EncodingStorage.swift /Users/builder/builds/o86TiJKT/2/finestructure/swiftpackageindex-builder/spi-builder-workspace/Sources/ObjectCoder/Encoder/ObjectEncoder.swift -emit-dependencies-path /Users/builder/builds/o86TiJKT/2/finestructure/swiftpackageindex-builder/spi-builder-workspace/.derivedData/Build/Intermediates.noindex/ObjectCoder.build/Debug-appletvos/ObjectCoder.build/Objects-normal/arm64/EncodingStorage.d -emit-const-values-path /Users/builder/builds/o86TiJKT/2/finestructure/swiftpackageindex-builder/spi-builder-workspace/.derivedData/Build/Intermediates.noindex/ObjectCoder.build/Debug-appletvos/ObjectCoder.build/Objects-normal/arm64/EncodingStorage.swiftconstvalues -emit-reference-dependencies-path /Users/builder/builds/o86TiJKT/2/finestructure/swiftpackageindex-builder/spi-builder-workspace/.derivedData/Build/Intermediates.noindex/ObjectCoder.build/Debug-appletvos/ObjectCoder.build/Objects-normal/arm64/EncodingStorage.swiftdeps -serialize-diagnostics-path /Users/builder/builds/o86TiJKT/2/finestructure/swiftpackageindex-builder/spi-builder-workspace/.derivedData/Build/Intermediates.noindex/ObjectCoder.build/Debug-appletvos/ObjectCoder.build/Objects-normal/arm64/EncodingStorage.dia -target arm64-apple-tvos12.0 -Xllvm -aarch64-use-tbi -enable-objc-interop -sdk /Applications/Xcode-15.0.0-Beta.app/Contents/Developer/Platforms/AppleTVOS.platform/Developer/SDKs/AppleTVOS17.0.sdk -I /Users/builder/builds/o86TiJKT/2/finestructure/swiftpackageindex-builder/spi-builder-workspace/.derivedData/Build/Products/Debug-appletvos -I /Applications/Xcode-15.0.0-Beta.app/Contents/Developer/Platforms/AppleTVOS.platform/Developer/usr/lib -F /Users/builder/builds/o86TiJKT/2/finestructure/swiftpackageindex-builder/spi-builder-workspace/.derivedData/Build/Products/Debug-appletvos -F /Applications/Xcode-15.0.0-Beta.app/Contents/Developer/Platforms/AppleTVOS.platform/Developer/Library/Frameworks -F /Applications/Xcode-15.0.0-Beta.app/Contents/Developer/Platforms/AppleTVOS.platform/Developer/SDKs/AppleTVOS17.0.sdk/Developer/Library/Frameworks -no-color-diagnostics -enable-testing -g -module-cache-path /Users/builder/builds/o86TiJKT/2/finestructure/swiftpackageindex-builder/spi-builder-workspace/.derivedData/ModuleCache.noindex -swift-version 5 -enforce-exclusivity\=checked -Onone -D SWIFT_PACKAGE -D DEBUG -D Xcode -serialize-debugging-options -const-gather-protocols-file /Users/builder/builds/o86TiJKT/2/finestructure/swiftpackageindex-builder/spi-builder-workspace/.derivedData/Build/Intermediates.noindex/ObjectCoder.build/Debug-appletvos/ObjectCoder.build/Objects-normal/arm64/ObjectCoder_const_extract_protocols.json -empty-abi-descriptor -plugin-path /Applications/Xcode-15.0.0-Beta.app/Contents/Developer/Toolchains/XcodeDefault.xctoolchain/usr/lib/swift/host/plugins -plugin-path /Applications/Xcode-15.0.0-Beta.app/Contents/Developer/Toolchains/XcodeDefault.xctoolchain/usr/local/lib/swift/host/plugins -validate-clang-modules-once -clang-build-session-file /Users/builder/builds/o86TiJKT/2/finestructure/swiftpackageindex-builder/spi-builder-workspace/.derivedData/ModuleCache.noindex/Session.modulevalidation -Xcc -working-directory -Xcc /Users/builder/builds/o86TiJKT/2/finestructure/swiftpackageindex-builder/spi-builder-workspace -resource-dir /Applications/Xcode-15.0.0-Beta.app/Contents/Developer/Toolchains/XcodeDefault.xctoolchain/usr/lib/swift -enable-anonymous-context-mangled-names -Xcc -ivfsstatcache -Xcc /Users/builder/builds/o86TiJKT/2/finestructure/swiftpackageindex-builder/spi-builder-workspace/.derivedData/SDKStatCaches.noindex/appletvos17.0-21J5273p-f1c542bf70c0c6d9321512ea4fae4f06.sdkstatcache -Xcc -I/Users/builder/builds/o86TiJKT/2/finestructure/swiftpackageindex-builder/spi-builder-workspace/.derivedData/Build/Intermediates.noindex/ObjectCoder.build/Debug-appletvos/ObjectCoder.build/swift-overrides.hmap -Xcc -I/Users/builder/builds/o86TiJKT/2/finestructure/swiftpackageindex-builder/spi-builder-workspace/.derivedData/Build/Products/Debug-appletvos/include -Xcc -I/Users/builder/builds/o86TiJKT/2/finestructure/swiftpackageindex-builder/spi-builder-workspace/.derivedData/Build/Intermediates.noindex/ObjectCoder.build/Debug-appletvos/ObjectCoder.build/DerivedSources-normal/arm64 -Xcc -I/Users/builder/builds/o86TiJKT/2/finestructure/swiftpackageindex-builder/spi-builder-workspace/.derivedData/Build/Intermediates.noindex/ObjectCoder.build/Debug-appletvos/ObjectCoder.build/DerivedSources/arm64 -Xcc -I/Users/builder/builds/o86TiJKT/2/finestructure/swiftpackageindex-builder/spi-builder-workspace/.derivedData/Build/Intermediates.noindex/ObjectCoder.build/Debug-appletvos/ObjectCoder.build/DerivedSources -Xcc -DSWIFT_PACKAGE -Xcc -DDEBUG\=1 -module-name ObjectCoder -frontend-parseable-output -disable-clang-spi -target-sdk-version 17.0 -target-sdk-name appletvos17.0 -o /Users/builder/builds/o86TiJKT/2/finestructure/swiftpackageindex-builder/spi-builder-workspace/.derivedData/Build/Intermediates.noindex/ObjectCoder.build/Debug-appletvos/ObjectCoder.build/Objects-normal/arm64/EncodingStorage.o -index-unit-output-path /ObjectCoder.build/Debug-appletvos/ObjectCoder.build/Objects-normal/arm64/EncodingStorage.o -index-store-path /Users/builder/builds/o86TiJKT/2/finestructure/swiftpackageindex-builder/spi-builder-workspace/.derivedData/Index.noindex/DataStore -index-system-modules

SwiftDriver\ Compilation\ Requirements ObjectCoder normal arm64 com.apple.xcode.tools.swift.compiler (in target 'ObjectCoder' from project 'ObjectCoder')
    cd /Users/builder/builds/o86TiJKT/2/finestructure/swiftpackageindex-builder/spi-builder-workspace
    builtin-Swift-Compilation-Requirements -- /Applications/Xcode-15.0.0-Beta.app/Contents/Developer/Toolchains/XcodeDefault.xctoolchain/usr/bin/swiftc -module-name ObjectCoder -Onone -enforce-exclusivity\=checked @/Users/builder/builds/o86TiJKT/2/finestructure/swiftpackageindex-builder/spi-builder-workspace/.derivedData/Build/Intermediates.noindex/ObjectCoder.build/Debug-appletvos/ObjectCoder.build/Objects-normal/arm64/ObjectCoder.SwiftFileList -DSWIFT_PACKAGE -DDEBUG -DXcode -sdk /Applications/Xcode-15.0.0-Beta.app/Contents/Developer/Platforms/AppleTVOS.platform/Developer/SDKs/AppleTVOS17.0.sdk -target arm64-apple-tvos12.0 -g -module-cache-path /Users/builder/builds/o86TiJKT/2/finestructure/swiftpackageindex-builder/spi-builder-workspace/.derivedData/ModuleCache.noindex -Xfrontend -serialize-debugging-options -enable-testing -index-store-path /Users/builder/builds/o86TiJKT/2/finestructure/swiftpackageindex-builder/spi-builder-workspace/.derivedData/Index.noindex/DataStore -swift-version 5 -I /Users/builder/builds/o86TiJKT/2/finestructure/swiftpackageindex-builder/spi-builder-workspace/.derivedData/Build/Products/Debug-appletvos -I /Applications/Xcode-15.0.0-Beta.app/Contents/Developer/Platforms/AppleTVOS.platform/Developer/usr/lib -F /Users/builder/builds/o86TiJKT/2/finestructure/swiftpackageindex-builder/spi-builder-workspace/.derivedData/Build/Products/Debug-appletvos -F /Applications/Xcode-15.0.0-Beta.app/Contents/Developer/Platforms/AppleTVOS.platform/Developer/Library/Frameworks -F /Applications/Xcode-15.0.0-Beta.app/Contents/Developer/Platforms/AppleTVOS.platform/Developer/SDKs/AppleTVOS17.0.sdk/Developer/Library/Frameworks -c -j8 -enable-batch-mode -incremental -Xcc -ivfsstatcache -Xcc /Users/builder/builds/o86TiJKT/2/finestructure/swiftpackageindex-builder/spi-builder-workspace/.derivedData/SDKStatCaches.noindex/appletvos17.0-21J5273p-f1c542bf70c0c6d9321512ea4fae4f06.sdkstatcache -output-file-map /Users/builder/builds/o86TiJKT/2/finestructure/swiftpackageindex-builder/spi-builder-workspace/.derivedData/Build/Intermediates.noindex/ObjectCoder.build/Debug-appletvos/ObjectCoder.build/Objects-normal/arm64/ObjectCoder-OutputFileMap.json -use-frontend-parseable-output -save-temps -no-color-diagnostics -serialize-diagnostics -emit-dependencies -emit-module -emit-module-path /Users/builder/builds/o86TiJKT/2/finestructure/swiftpackageindex-builder/spi-builder-workspace/.derivedData/Build/Intermediates.noindex/ObjectCoder.build/Debug-appletvos/ObjectCoder.build/Objects-normal/arm64/ObjectCoder.swiftmodule -validate-clang-modules-once -clang-build-session-file /Users/builder/builds/o86TiJKT/2/finestructure/swiftpackageindex-builder/spi-builder-workspace/.derivedData/ModuleCache.noindex/Session.modulevalidation -Xcc -I/Users/builder/builds/o86TiJKT/2/finestructure/swiftpackageindex-builder/spi-builder-workspace/.derivedData/Build/Intermediates.noindex/ObjectCoder.build/Debug-appletvos/ObjectCoder.build/swift-overrides.hmap -emit-const-values -Xfrontend -const-gather-protocols-file -Xfrontend /Users/builder/builds/o86TiJKT/2/finestructure/swiftpackageindex-builder/spi-builder-workspace/.derivedData/Build/Intermediates.noindex/ObjectCoder.build/Debug-appletvos/ObjectCoder.build/Objects-normal/arm64/ObjectCoder_const_extract_protocols.json -Xcc -I/Users/builder/builds/o86TiJKT/2/finestructure/swiftpackageindex-builder/spi-builder-workspace/.derivedData/Build/Products/Debug-appletvos/include -Xcc -I/Users/builder/builds/o86TiJKT/2/finestructure/swiftpackageindex-builder/spi-builder-workspace/.derivedData/Build/Intermediates.noindex/ObjectCoder.build/Debug-appletvos/ObjectCoder.build/DerivedSources-normal/arm64 -Xcc -I/Users/builder/builds/o86TiJKT/2/finestructure/swiftpackageindex-builder/spi-builder-workspace/.derivedData/Build/Intermediates.noindex/ObjectCoder.build/Debug-appletvos/ObjectCoder.build/DerivedSources/arm64 -Xcc -I/Users/builder/builds/o86TiJKT/2/finestructure/swiftpackageindex-builder/spi-builder-workspace/.derivedData/Build/Intermediates.noindex/ObjectCoder.build/Debug-appletvos/ObjectCoder.build/DerivedSources -Xcc -DSWIFT_PACKAGE -Xcc -DDEBUG\=1 -emit-objc-header -emit-objc-header-path /Users/builder/builds/o86TiJKT/2/finestructure/swiftpackageindex-builder/spi-builder-workspace/.derivedData/Build/Intermediates.noindex/ObjectCoder.build/Debug-appletvos/ObjectCoder.build/Objects-normal/arm64/ObjectCoder-Swift.h -working-directory /Users/builder/builds/o86TiJKT/2/finestructure/swiftpackageindex-builder/spi-builder-workspace -experimental-emit-module-separately -disable-cmo

SwiftDriverJobDiscovery normal arm64 Compiling ObjectEncoder+UnkeyedContainer.swift (in target 'ObjectCoder' from project 'ObjectCoder')

SwiftDriverJobDiscovery normal arm64 Compiling UnkeyedContainer.swift, _NSObjectDecoder+Unboxing.swift (in target 'ObjectCoder' from project 'ObjectCoder')

SwiftDriverJobDiscovery normal arm64 Compiling ObjectEncoder+SingleValueContainer.swift (in target 'ObjectCoder' from project 'ObjectCoder')

SwiftDriverJobDiscovery normal arm64 Compiling ObjectEncoder+KeyedContainer.swift (in target 'ObjectCoder' from project 'ObjectCoder')

SwiftDriverJobDiscovery normal arm64 Compiling _NSObjectDecoder.swift, ObjectEncoder+Boxing.swift (in target 'ObjectCoder' from project 'ObjectCoder')

SwiftDriverJobDiscovery normal arm64 Compiling AnyCodingKey.swift, KeyedContainer.swift (in target 'ObjectCoder' from project 'ObjectCoder')

SwiftDriverJobDiscovery normal arm64 Compiling ObjectEncoder.swift (in target 'ObjectCoder' from project 'ObjectCoder')

SwiftMergeGeneratedHeaders /Users/builder/builds/o86TiJKT/2/finestructure/swiftpackageindex-builder/spi-builder-workspace/.derivedData/Build/Intermediates.noindex/GeneratedModuleMaps-appletvos/ObjectCoder-Swift.h /Users/builder/builds/o86TiJKT/2/finestructure/swiftpackageindex-builder/spi-builder-workspace/.derivedData/Build/Intermediates.noindex/ObjectCoder.build/Debug-appletvos/ObjectCoder.build/Objects-normal/arm64/ObjectCoder-Swift.h (in target 'ObjectCoder' from project 'ObjectCoder')
    cd /Users/builder/builds/o86TiJKT/2/finestructure/swiftpackageindex-builder/spi-builder-workspace
    builtin-swiftHeaderTool -arch arm64 /Users/builder/builds/o86TiJKT/2/finestructure/swiftpackageindex-builder/spi-builder-workspace/.derivedData/Build/Intermediates.noindex/ObjectCoder.build/Debug-appletvos/ObjectCoder.build/Objects-normal/arm64/ObjectCoder-Swift.h -o /Users/builder/builds/o86TiJKT/2/finestructure/swiftpackageindex-builder/spi-builder-workspace/.derivedData/Build/Intermediates.noindex/GeneratedModuleMaps-appletvos/ObjectCoder-Swift.h

Copy /Users/builder/builds/o86TiJKT/2/finestructure/swiftpackageindex-builder/spi-builder-workspace/.derivedData/Build/Products/Debug-appletvos/ObjectCoder.swiftmodule/arm64-apple-tvos.abi.json /Users/builder/builds/o86TiJKT/2/finestructure/swiftpackageindex-builder/spi-builder-workspace/.derivedData/Build/Intermediates.noindex/ObjectCoder.build/Debug-appletvos/ObjectCoder.build/Objects-normal/arm64/ObjectCoder.abi.json (in target 'ObjectCoder' from project 'ObjectCoder')
    cd /Users/builder/builds/o86TiJKT/2/finestructure/swiftpackageindex-builder/spi-builder-workspace
    builtin-copy -exclude .DS_Store -exclude CVS -exclude .svn -exclude .git -exclude .hg -resolve-src-symlinks -rename /Users/builder/builds/o86TiJKT/2/finestructure/swiftpackageindex-builder/spi-builder-workspace/.derivedData/Build/Intermediates.noindex/ObjectCoder.build/Debug-appletvos/ObjectCoder.build/Objects-normal/arm64/ObjectCoder.abi.json /Users/builder/builds/o86TiJKT/2/finestructure/swiftpackageindex-builder/spi-builder-workspace/.derivedData/Build/Products/Debug-appletvos/ObjectCoder.swiftmodule/arm64-apple-tvos.abi.json

Copy /Users/builder/builds/o86TiJKT/2/finestructure/swiftpackageindex-builder/spi-builder-workspace/.derivedData/Build/Products/Debug-appletvos/ObjectCoder.swiftmodule/arm64-apple-tvos.swiftdoc /Users/builder/builds/o86TiJKT/2/finestructure/swiftpackageindex-builder/spi-builder-workspace/.derivedData/Build/Intermediates.noindex/ObjectCoder.build/Debug-appletvos/ObjectCoder.build/Objects-normal/arm64/ObjectCoder.swiftdoc (in target 'ObjectCoder' from project 'ObjectCoder')
    cd /Users/builder/builds/o86TiJKT/2/finestructure/swiftpackageindex-builder/spi-builder-workspace
    builtin-copy -exclude .DS_Store -exclude CVS -exclude .svn -exclude .git -exclude .hg -resolve-src-symlinks -rename /Users/builder/builds/o86TiJKT/2/finestructure/swiftpackageindex-builder/spi-builder-workspace/.derivedData/Build/Intermediates.noindex/ObjectCoder.build/Debug-appletvos/ObjectCoder.build/Objects-normal/arm64/ObjectCoder.swiftdoc /Users/builder/builds/o86TiJKT/2/finestructure/swiftpackageindex-builder/spi-builder-workspace/.derivedData/Build/Products/Debug-appletvos/ObjectCoder.swiftmodule/arm64-apple-tvos.swiftdoc
Copy /Users/builder/builds/o86TiJKT/2/finestructure/swiftpackageindex-builder/spi-builder-workspace/.derivedData/Build/Products/Debug-appletvos/ObjectCoder.swiftmodule/arm64-apple-tvos.swiftmodule /Users/builder/builds/o86TiJKT/2/finestructure/swiftpackageindex-builder/spi-builder-workspace/.derivedData/Build/Intermediates.noindex/ObjectCoder.build/Debug-appletvos/ObjectCoder.build/Objects-normal/arm64/ObjectCoder.swiftmodule (in target 'ObjectCoder' from project 'ObjectCoder')
    cd /Users/builder/builds/o86TiJKT/2/finestructure/swiftpackageindex-builder/spi-builder-workspace
    builtin-copy -exclude .DS_Store -exclude CVS -exclude .svn -exclude .git -exclude .hg -resolve-src-symlinks -rename /Users/builder/builds/o86TiJKT/2/finestructure/swiftpackageindex-builder/spi-builder-workspace/.derivedData/Build/Intermediates.noindex/ObjectCoder.build/Debug-appletvos/ObjectCoder.build/Objects-normal/arm64/ObjectCoder.swiftmodule /Users/builder/builds/o86TiJKT/2/finestructure/swiftpackageindex-builder/spi-builder-workspace/.derivedData/Build/Products/Debug-appletvos/ObjectCoder.swiftmodule/arm64-apple-tvos.swiftmodule

Copy /Users/builder/builds/o86TiJKT/2/finestructure/swiftpackageindex-builder/spi-builder-workspace/.derivedData/Build/Products/Debug-appletvos/ObjectCoder.swiftmodule/Project/arm64-apple-tvos.swiftsourceinfo /Users/builder/builds/o86TiJKT/2/finestructure/swiftpackageindex-builder/spi-builder-workspace/.derivedData/Build/Intermediates.noindex/ObjectCoder.build/Debug-appletvos/ObjectCoder.build/Objects-normal/arm64/ObjectCoder.swiftsourceinfo (in target 'ObjectCoder' from project 'ObjectCoder')
    cd /Users/builder/builds/o86TiJKT/2/finestructure/swiftpackageindex-builder/spi-builder-workspace
    builtin-copy -exclude .DS_Store -exclude CVS -exclude .svn -exclude .git -exclude .hg -resolve-src-symlinks -rename /Users/builder/builds/o86TiJKT/2/finestructure/swiftpackageindex-builder/spi-builder-workspace/.derivedData/Build/Intermediates.noindex/ObjectCoder.build/Debug-appletvos/ObjectCoder.build/Objects-normal/arm64/ObjectCoder.swiftsourceinfo /Users/builder/builds/o86TiJKT/2/finestructure/swiftpackageindex-builder/spi-builder-workspace/.derivedData/Build/Products/Debug-appletvos/ObjectCoder.swiftmodule/Project/arm64-apple-tvos.swiftsourceinfo

WriteAuxiliaryFile /Users/builder/builds/o86TiJKT/2/finestructure/swiftpackageindex-builder/spi-builder-workspace/.derivedData/Build/Intermediates.noindex/ObjectCoder.build/Debug-appletvos/ObjectCoderTests.build/Objects-normal/arm64/ObjectCoderTests-OutputFileMap.json (in target 'ObjectCoderTests' from project 'ObjectCoder')
    cd /Users/builder/builds/o86TiJKT/2/finestructure/swiftpackageindex-builder/spi-builder-workspace
    write-file /Users/builder/builds/o86TiJKT/2/finestructure/swiftpackageindex-builder/spi-builder-workspace/.derivedData/Build/Intermediates.noindex/ObjectCoder.build/Debug-appletvos/ObjectCoderTests.build/Objects-normal/arm64/ObjectCoderTests-OutputFileMap.json

WriteAuxiliaryFile /Users/builder/builds/o86TiJKT/2/finestructure/swiftpackageindex-builder/spi-builder-workspace/.derivedData/Build/Intermediates.noindex/ObjectCoder.build/Debug-appletvos/ObjectCoderTests.build/Objects-normal/arm64/ObjectCoderTests.SwiftFileList (in target 'ObjectCoderTests' from project 'ObjectCoder')
    cd /Users/builder/builds/o86TiJKT/2/finestructure/swiftpackageindex-builder/spi-builder-workspace
    write-file /Users/builder/builds/o86TiJKT/2/finestructure/swiftpackageindex-builder/spi-builder-workspace/.derivedData/Build/Intermediates.noindex/ObjectCoder.build/Debug-appletvos/ObjectCoderTests.build/Objects-normal/arm64/ObjectCoderTests.SwiftFileList
WriteAuxiliaryFile /Users/builder/builds/o86TiJKT/2/finestructure/swiftpackageindex-builder/spi-builder-workspace/.derivedData/Build/Intermediates.noindex/ObjectCoder.build/Debug-appletvos/ObjectCoderTests.build/Objects-normal/arm64/ObjectCoderTests_const_extract_protocols.json (in target 'ObjectCoderTests' from project 'ObjectCoder')
    cd /Users/builder/builds/o86TiJKT/2/finestructure/swiftpackageindex-builder/spi-builder-workspace
    write-file /Users/builder/builds/o86TiJKT/2/finestructure/swiftpackageindex-builder/spi-builder-workspace/.derivedData/Build/Intermediates.noindex/ObjectCoder.build/Debug-appletvos/ObjectCoderTests.build/Objects-normal/arm64/ObjectCoderTests_const_extract_protocols.json
SwiftDriver ObjectCoderTests normal arm64 com.apple.xcode.tools.swift.compiler (in target 'ObjectCoderTests' from project 'ObjectCoder')
    cd /Users/builder/builds/o86TiJKT/2/finestructure/swiftpackageindex-builder/spi-builder-workspace
    builtin-SwiftDriver -- /Applications/Xcode-15.0.0-Beta.app/Contents/Developer/Toolchains/XcodeDefault.xctoolchain/usr/bin/swiftc -module-name ObjectCoderTests -Onone -enforce-exclusivity\=checked @/Users/builder/builds/o86TiJKT/2/finestructure/swiftpackageindex-builder/spi-builder-workspace/.derivedData/Build/Intermediates.noindex/ObjectCoder.build/Debug-appletvos/ObjectCoderTests.build/Objects-normal/arm64/ObjectCoderTests.SwiftFileList -DSWIFT_PACKAGE -DDEBUG -DXcode -sdk /Applications/Xcode-15.0.0-Beta.app/Contents/Developer/Platforms/AppleTVOS.platform/Developer/SDKs/AppleTVOS17.0.sdk -target arm64-apple-tvos12.0 -g -module-cache-path /Users/builder/builds/o86TiJKT/2/finestructure/swiftpackageindex-builder/spi-builder-workspace/.derivedData/ModuleCache.noindex -Xfrontend -serialize-debugging-options -enable-testing -index-store-path /Users/builder/builds/o86TiJKT/2/finestructure/swiftpackageindex-builder/spi-builder-workspace/.derivedData/Index.noindex/DataStore -swift-version 5 -I /Users/builder/builds/o86TiJKT/2/finestructure/swiftpackageindex-builder/spi-builder-workspace/.derivedData/Build/Products/Debug-appletvos -I /Applications/Xcode-15.0.0-Beta.app/Contents/Developer/Platforms/AppleTVOS.platform/Developer/usr/lib -F /Users/builder/builds/o86TiJKT/2/finestructure/swiftpackageindex-builder/spi-builder-workspace/.derivedData/Build/Products/Debug-appletvos/PackageFrameworks -F /Users/builder/builds/o86TiJKT/2/finestructure/swiftpackageindex-builder/spi-builder-workspace/.derivedData/Build/Products/Debug-appletvos -F /Applications/Xcode-15.0.0-Beta.app/Contents/Developer/Platforms/AppleTVOS.platform/Developer/Library/Frameworks -F /Applications/Xcode-15.0.0-Beta.app/Contents/Developer/Platforms/AppleTVOS.platform/Developer/SDKs/AppleTVOS17.0.sdk/Developer/Library/Frameworks -c -j8 -enable-batch-mode -incremental -Xcc -ivfsstatcache -Xcc /Users/builder/builds/o86TiJKT/2/finestructure/swiftpackageindex-builder/spi-builder-workspace/.derivedData/SDKStatCaches.noindex/appletvos17.0-21J5273p-f1c542bf70c0c6d9321512ea4fae4f06.sdkstatcache -output-file-map /Users/builder/builds/o86TiJKT/2/finestructure/swiftpackageindex-builder/spi-builder-workspace/.derivedData/Build/Intermediates.noindex/ObjectCoder.build/Debug-appletvos/ObjectCoderTests.build/Objects-normal/arm64/ObjectCoderTests-OutputFileMap.json -use-frontend-parseable-output -save-temps -no-color-diagnostics -serialize-diagnostics -emit-dependencies -emit-module -emit-module-path /Users/builder/builds/o86TiJKT/2/finestructure/swiftpackageindex-builder/spi-builder-workspace/.derivedData/Build/Intermediates.noindex/ObjectCoder.build/Debug-appletvos/ObjectCoderTests.build/Objects-normal/arm64/ObjectCoderTests.swiftmodule -validate-clang-modules-once -clang-build-session-file /Users/builder/builds/o86TiJKT/2/finestructure/swiftpackageindex-builder/spi-builder-workspace/.derivedData/ModuleCache.noindex/Session.modulevalidation -emit-const-values -Xfrontend -const-gather-protocols-file -Xfrontend /Users/builder/builds/o86TiJKT/2/finestructure/swiftpackageindex-builder/spi-builder-workspace/.derivedData/Build/Intermediates.noindex/ObjectCoder.build/Debug-appletvos/ObjectCoderTests.build/Objects-normal/arm64/ObjectCoderTests_const_extract_protocols.json -Xcc -I/Users/builder/builds/o86TiJKT/2/finestructure/swiftpackageindex-builder/spi-builder-workspace/.derivedData/Build/Products/Debug-appletvos/include -Xcc -I/Users/builder/builds/o86TiJKT/2/finestructure/swiftpackageindex-builder/spi-builder-workspace/.derivedData/Build/Intermediates.noindex/ObjectCoder.build/Debug-appletvos/ObjectCoderTests.build/DerivedSources-normal/arm64 -Xcc -I/Users/builder/builds/o86TiJKT/2/finestructure/swiftpackageindex-builder/spi-builder-workspace/.derivedData/Build/Intermediates.noindex/ObjectCoder.build/Debug-appletvos/ObjectCoderTests.build/DerivedSources/arm64 -Xcc -I/Users/builder/builds/o86TiJKT/2/finestructure/swiftpackageindex-builder/spi-builder-workspace/.derivedData/Build/Intermediates.noindex/ObjectCoder.build/Debug-appletvos/ObjectCoderTests.build/DerivedSources -Xcc -DSWIFT_PACKAGE -Xcc -DDEBUG\=1 -working-directory /Users/builder/builds/o86TiJKT/2/finestructure/swiftpackageindex-builder/spi-builder-workspace -experimental-emit-module-separately -disable-cmo
SwiftEmitModule normal arm64 Emitting\ module\ for\ ObjectCoderTests (in target 'ObjectCoderTests' from project 'ObjectCoder')
    cd /Users/builder/builds/o86TiJKT/2/finestructure/swiftpackageindex-builder/spi-builder-workspace
    builtin-swiftTaskExecution -- /Applications/Xcode-15.0.0-Beta.app/Contents/Developer/Toolchains/XcodeDefault.xctoolchain/usr/bin/swift-frontend -frontend -emit-module -experimental-skip-non-inlinable-function-bodies-without-types /Users/builder/builds/o86TiJKT/2/finestructure/swiftpackageindex-builder/spi-builder-workspace/Tests/ObjectCoderTests/NSObjectCoderTests.swift /Users/builder/builds/o86TiJKT/2/finestructure/swiftpackageindex-builder/spi-builder-workspace/Tests/ObjectCoderTests/XCTestManifests.swift -target arm64-apple-tvos12.0 -Xllvm -aarch64-use-tbi -enable-objc-interop -sdk /Applications/Xcode-15.0.0-Beta.app/Contents/Developer/Platforms/AppleTVOS.platform/Developer/SDKs/AppleTVOS17.0.sdk -I /Users/builder/builds/o86TiJKT/2/finestructure/swiftpackageindex-builder/spi-builder-workspace/.derivedData/Build/Products/Debug-appletvos -I /Applications/Xcode-15.0.0-Beta.app/Contents/Developer/Platforms/AppleTVOS.platform/Developer/usr/lib -F /Users/builder/builds/o86TiJKT/2/finestructure/swiftpackageindex-builder/spi-builder-workspace/.derivedData/Build/Products/Debug-appletvos/PackageFrameworks -F /Users/builder/builds/o86TiJKT/2/finestructure/swiftpackageindex-builder/spi-builder-workspace/.derivedData/Build/Products/Debug-appletvos -F /Applications/Xcode-15.0.0-Beta.app/Contents/Developer/Platforms/AppleTVOS.platform/Developer/Library/Frameworks -F /Applications/Xcode-15.0.0-Beta.app/Contents/Developer/Platforms/AppleTVOS.platform/Developer/SDKs/AppleTVOS17.0.sdk/Developer/Library/Frameworks -no-color-diagnostics -enable-testing -g -module-cache-path /Users/builder/builds/o86TiJKT/2/finestructure/swiftpackageindex-builder/spi-builder-workspace/.derivedData/ModuleCache.noindex -swift-version 5 -enforce-exclusivity\=checked -Onone -D SWIFT_PACKAGE -D DEBUG -D Xcode -serialize-debugging-options -const-gather-protocols-file /Users/builder/builds/o86TiJKT/2/finestructure/swiftpackageindex-builder/spi-builder-workspace/.derivedData/Build/Intermediates.noindex/ObjectCoder.build/Debug-appletvos/ObjectCoderTests.build/Objects-normal/arm64/ObjectCoderTests_const_extract_protocols.json -empty-abi-descriptor -plugin-path /Applications/Xcode-15.0.0-Beta.app/Contents/Developer/Toolchains/XcodeDefault.xctoolchain/usr/lib/swift/host/plugins -plugin-path /Applications/Xcode-15.0.0-Beta.app/Contents/Developer/Toolchains/XcodeDefault.xctoolchain/usr/local/lib/swift/host/plugins -validate-clang-modules-once -clang-build-session-file /Users/builder/builds/o86TiJKT/2/finestructure/swiftpackageindex-builder/spi-builder-workspace/.derivedData/ModuleCache.noindex/Session.modulevalidation -Xcc -working-directory -Xcc /Users/builder/builds/o86TiJKT/2/finestructure/swiftpackageindex-builder/spi-builder-workspace -resource-dir /Applications/Xcode-15.0.0-Beta.app/Contents/Developer/Toolchains/XcodeDefault.xctoolchain/usr/lib/swift -enable-anonymous-context-mangled-names -Xcc -ivfsstatcache -Xcc /Users/builder/builds/o86TiJKT/2/finestructure/swiftpackageindex-builder/spi-builder-workspace/.derivedData/SDKStatCaches.noindex/appletvos17.0-21J5273p-f1c542bf70c0c6d9321512ea4fae4f06.sdkstatcache -Xcc -I/Users/builder/builds/o86TiJKT/2/finestructure/swiftpackageindex-builder/spi-builder-workspace/.derivedData/Build/Products/Debug-appletvos/include -Xcc -I/Users/builder/builds/o86TiJKT/2/finestructure/swiftpackageindex-builder/spi-builder-workspace/.derivedData/Build/Intermediates.noindex/ObjectCoder.build/Debug-appletvos/ObjectCoderTests.build/DerivedSources-normal/arm64 -Xcc -I/Users/builder/builds/o86TiJKT/2/finestructure/swiftpackageindex-builder/spi-builder-workspace/.derivedData/Build/Intermediates.noindex/ObjectCoder.build/Debug-appletvos/ObjectCoderTests.build/DerivedSources/arm64 -Xcc -I/Users/builder/builds/o86TiJKT/2/finestructure/swiftpackageindex-builder/spi-builder-workspace/.derivedData/Build/Intermediates.noindex/ObjectCoder.build/Debug-appletvos/ObjectCoderTests.build/DerivedSources -Xcc -DSWIFT_PACKAGE -Xcc -DDEBUG\=1 -module-name ObjectCoderTests -disable-clang-spi -target-sdk-version 17.0 -target-sdk-name appletvos17.0 -emit-module-doc-path /Users/builder/builds/o86TiJKT/2/finestructure/swiftpackageindex-builder/spi-builder-workspace/.derivedData/Build/Intermediates.noindex/ObjectCoder.build/Debug-appletvos/ObjectCoderTests.build/Objects-normal/arm64/ObjectCoderTests.swiftdoc -emit-module-source-info-path /Users/builder/builds/o86TiJKT/2/finestructure/swiftpackageindex-builder/spi-builder-workspace/.derivedData/Build/Intermediates.noindex/ObjectCoder.build/Debug-appletvos/ObjectCoderTests.build/Objects-normal/arm64/ObjectCoderTests.swiftsourceinfo -serialize-diagnostics-path /Users/builder/builds/o86TiJKT/2/finestructure/swiftpackageindex-builder/spi-builder-workspace/.derivedData/Build/Intermediates.noindex/ObjectCoder.build/Debug-appletvos/ObjectCoderTests.build/Objects-normal/arm64/ObjectCoderTests-master-emit-module.dia -emit-dependencies-path /Users/builder/builds/o86TiJKT/2/finestructure/swiftpackageindex-builder/spi-builder-workspace/.derivedData/Build/Intermediates.noindex/ObjectCoder.build/Debug-appletvos/ObjectCoderTests.build/Objects-normal/arm64/ObjectCoderTests-master-emit-module.d -o /Users/builder/builds/o86TiJKT/2/finestructure/swiftpackageindex-builder/spi-builder-workspace/.derivedData/Build/Intermediates.noindex/ObjectCoder.build/Debug-appletvos/ObjectCoderTests.build/Objects-normal/arm64/ObjectCoderTests.swiftmodule -emit-abi-descriptor-path /Users/builder/builds/o86TiJKT/2/finestructure/swiftpackageindex-builder/spi-builder-workspace/.derivedData/Build/Intermediates.noindex/ObjectCoder.build/Debug-appletvos/ObjectCoderTests.build/Objects-normal/arm64/ObjectCoderTests.abi.json

SwiftCompile normal arm64 Compiling\ NSObjectCoderTests.swift /Users/builder/builds/o86TiJKT/2/finestructure/swiftpackageindex-builder/spi-builder-workspace/Tests/ObjectCoderTests/NSObjectCoderTests.swift (in target 'ObjectCoderTests' from project 'ObjectCoder')
    cd /Users/builder/builds/o86TiJKT/2/finestructure/swiftpackageindex-builder/spi-builder-workspace
    builtin-swiftTaskExecution -- /Applications/Xcode-15.0.0-Beta.app/Contents/Developer/Toolchains/XcodeDefault.xctoolchain/usr/bin/swift-frontend -frontend -c -primary-file /Users/builder/builds/o86TiJKT/2/finestructure/swiftpackageindex-builder/spi-builder-workspace/Tests/ObjectCoderTests/NSObjectCoderTests.swift /Users/builder/builds/o86TiJKT/2/finestructure/swiftpackageindex-builder/spi-builder-workspace/Tests/ObjectCoderTests/XCTestManifests.swift -emit-dependencies-path /Users/builder/builds/o86TiJKT/2/finestructure/swiftpackageindex-builder/spi-builder-workspace/.derivedData/Build/Intermediates.noindex/ObjectCoder.build/Debug-appletvos/ObjectCoderTests.build/Objects-normal/arm64/NSObjectCoderTests.d -emit-const-values-path /Users/builder/builds/o86TiJKT/2/finestructure/swiftpackageindex-builder/spi-builder-workspace/.derivedData/Build/Intermediates.noindex/ObjectCoder.build/Debug-appletvos/ObjectCoderTests.build/Objects-normal/arm64/NSObjectCoderTests.swiftconstvalues -emit-reference-dependencies-path /Users/builder/builds/o86TiJKT/2/finestructure/swiftpackageindex-builder/spi-builder-workspace/.derivedData/Build/Intermediates.noindex/ObjectCoder.build/Debug-appletvos/ObjectCoderTests.build/Objects-normal/arm64/NSObjectCoderTests.swiftdeps -serialize-diagnostics-path /Users/builder/builds/o86TiJKT/2/finestructure/swiftpackageindex-builder/spi-builder-workspace/.derivedData/Build/Intermediates.noindex/ObjectCoder.build/Debug-appletvos/ObjectCoderTests.build/Objects-normal/arm64/NSObjectCoderTests.dia -target arm64-apple-tvos12.0 -Xllvm -aarch64-use-tbi -enable-objc-interop -sdk /Applications/Xcode-15.0.0-Beta.app/Contents/Developer/Platforms/AppleTVOS.platform/Developer/SDKs/AppleTVOS17.0.sdk -I /Users/builder/builds/o86TiJKT/2/finestructure/swiftpackageindex-builder/spi-builder-workspace/.derivedData/Build/Products/Debug-appletvos -I /Applications/Xcode-15.0.0-Beta.app/Contents/Developer/Platforms/AppleTVOS.platform/Developer/usr/lib -F /Users/builder/builds/o86TiJKT/2/finestructure/swiftpackageindex-builder/spi-builder-workspace/.derivedData/Build/Products/Debug-appletvos/PackageFrameworks -F /Users/builder/builds/o86TiJKT/2/finestructure/swiftpackageindex-builder/spi-builder-workspace/.derivedData/Build/Products/Debug-appletvos -F /Applications/Xcode-15.0.0-Beta.app/Contents/Developer/Platforms/AppleTVOS.platform/Developer/Library/Frameworks -F /Applications/Xcode-15.0.0-Beta.app/Contents/Developer/Platforms/AppleTVOS.platform/Developer/SDKs/AppleTVOS17.0.sdk/Developer/Library/Frameworks -no-color-diagnostics -enable-testing -g -module-cache-path /Users/builder/builds/o86TiJKT/2/finestructure/swiftpackageindex-builder/spi-builder-workspace/.derivedData/ModuleCache.noindex -swift-version 5 -enforce-exclusivity\=checked -Onone -D SWIFT_PACKAGE -D DEBUG -D Xcode -serialize-debugging-options -const-gather-protocols-file /Users/builder/builds/o86TiJKT/2/finestructure/swiftpackageindex-builder/spi-builder-workspace/.derivedData/Build/Intermediates.noindex/ObjectCoder.build/Debug-appletvos/ObjectCoderTests.build/Objects-normal/arm64/ObjectCoderTests_const_extract_protocols.json -empty-abi-descriptor -plugin-path /Applications/Xcode-15.0.0-Beta.app/Contents/Developer/Toolchains/XcodeDefault.xctoolchain/usr/lib/swift/host/plugins -plugin-path /Applications/Xcode-15.0.0-Beta.app/Contents/Developer/Toolchains/XcodeDefault.xctoolchain/usr/local/lib/swift/host/plugins -validate-clang-modules-once -clang-build-session-file /Users/builder/builds/o86TiJKT/2/finestructure/swiftpackageindex-builder/spi-builder-workspace/.derivedData/ModuleCache.noindex/Session.modulevalidation -Xcc -working-directory -Xcc /Users/builder/builds/o86TiJKT/2/finestructure/swiftpackageindex-builder/spi-builder-workspace -resource-dir /Applications/Xcode-15.0.0-Beta.app/Contents/Developer/Toolchains/XcodeDefault.xctoolchain/usr/lib/swift -enable-anonymous-context-mangled-names -Xcc -ivfsstatcache -Xcc /Users/builder/builds/o86TiJKT/2/finestructure/swiftpackageindex-builder/spi-builder-workspace/.derivedData/SDKStatCaches.noindex/appletvos17.0-21J5273p-f1c542bf70c0c6d9321512ea4fae4f06.sdkstatcache -Xcc -I/Users/builder/builds/o86TiJKT/2/finestructure/swiftpackageindex-builder/spi-builder-workspace/.derivedData/Build/Products/Debug-appletvos/include -Xcc -I/Users/builder/builds/o86TiJKT/2/finestructure/swiftpackageindex-builder/spi-builder-workspace/.derivedData/Build/Intermediates.noindex/ObjectCoder.build/Debug-appletvos/ObjectCoderTests.build/DerivedSources-normal/arm64 -Xcc -I/Users/builder/builds/o86TiJKT/2/finestructure/swiftpackageindex-builder/spi-builder-workspace/.derivedData/Build/Intermediates.noindex/ObjectCoder.build/Debug-appletvos/ObjectCoderTests.build/DerivedSources/arm64 -Xcc -I/Users/builder/builds/o86TiJKT/2/finestructure/swiftpackageindex-builder/spi-builder-workspace/.derivedData/Build/Intermediates.noindex/ObjectCoder.build/Debug-appletvos/ObjectCoderTests.build/DerivedSources -Xcc -DSWIFT_PACKAGE -Xcc -DDEBUG\=1 -module-name ObjectCoderTests -frontend-parseable-output -disable-clang-spi -target-sdk-version 17.0 -target-sdk-name appletvos17.0 -o /Users/builder/builds/o86TiJKT/2/finestructure/swiftpackageindex-builder/spi-builder-workspace/.derivedData/Build/Intermediates.noindex/ObjectCoder.build/Debug-appletvos/ObjectCoderTests.build/Objects-normal/arm64/NSObjectCoderTests.o -index-unit-output-path /ObjectCoder.build/Debug-appletvos/ObjectCoderTests.build/Objects-normal/arm64/NSObjectCoderTests.o -index-store-path /Users/builder/builds/o86TiJKT/2/finestructure/swiftpackageindex-builder/spi-builder-workspace/.derivedData/Index.noindex/DataStore -index-system-modules
SwiftCompile normal arm64 /Users/builder/builds/o86TiJKT/2/finestructure/swiftpackageindex-builder/spi-builder-workspace/Tests/ObjectCoderTests/NSObjectCoderTests.swift (in target 'ObjectCoderTests' from project 'ObjectCoder')
    cd /Users/builder/builds/o86TiJKT/2/finestructure/swiftpackageindex-builder/spi-builder-workspace
    /Applications/Xcode-15.0.0-Beta.app/Contents/Developer/Toolchains/XcodeDefault.xctoolchain/usr/bin/swift-frontend -c -primary-file /Users/builder/builds/o86TiJKT/2/finestructure/swiftpackageindex-builder/spi-builder-workspace/Tests/ObjectCoderTests/NSObjectCoderTests.swift /Users/builder/builds/o86TiJKT/2/finestructure/swiftpackageindex-builder/spi-builder-workspace/Tests/ObjectCoderTests/XCTestManifests.swift -emit-dependencies-path /Users/builder/builds/o86TiJKT/2/finestructure/swiftpackageindex-builder/spi-builder-workspace/.derivedData/Build/Intermediates.noindex/ObjectCoder.build/Debug-appletvos/ObjectCoderTests.build/Objects-normal/arm64/NSObjectCoderTests.d -emit-const-values-path /Users/builder/builds/o86TiJKT/2/finestructure/swiftpackageindex-builder/spi-builder-workspace/.derivedData/Build/Intermediates.noindex/ObjectCoder.build/Debug-appletvos/ObjectCoderTests.build/Objects-normal/arm64/NSObjectCoderTests.swiftconstvalues -emit-reference-dependencies-path /Users/builder/builds/o86TiJKT/2/finestructure/swiftpackageindex-builder/spi-builder-workspace/.derivedData/Build/Intermediates.noindex/ObjectCoder.build/Debug-appletvos/ObjectCoderTests.build/Objects-normal/arm64/NSObjectCoderTests.swiftdeps -serialize-diagnostics-path /Users/builder/builds/o86TiJKT/2/finestructure/swiftpackageindex-builder/spi-builder-workspace/.derivedData/Build/Intermediates.noindex/ObjectCoder.build/Debug-appletvos/ObjectCoderTests.build/Objects-normal/arm64/NSObjectCoderTests.dia -target arm64-apple-tvos12.0 -Xllvm -aarch64-use-tbi -enable-objc-interop -sdk /Applications/Xcode-15.0.0-Beta.app/Contents/Developer/Platforms/AppleTVOS.platform/Developer/SDKs/AppleTVOS17.0.sdk -I /Users/builder/builds/o86TiJKT/2/finestructure/swiftpackageindex-builder/spi-builder-workspace/.derivedData/Build/Products/Debug-appletvos -I /Applications/Xcode-15.0.0-Beta.app/Contents/Developer/Platforms/AppleTVOS.platform/Developer/usr/lib -F /Users/builder/builds/o86TiJKT/2/finestructure/swiftpackageindex-builder/spi-builder-workspace/.derivedData/Build/Products/Debug-appletvos/PackageFrameworks -F /Users/builder/builds/o86TiJKT/2/finestructure/swiftpackageindex-builder/spi-builder-workspace/.derivedData/Build/Products/Debug-appletvos -F /Applications/Xcode-15.0.0-Beta.app/Contents/Developer/Platforms/AppleTVOS.platform/Developer/Library/Frameworks -F /Applications/Xcode-15.0.0-Beta.app/Contents/Developer/Platforms/AppleTVOS.platform/Developer/SDKs/AppleTVOS17.0.sdk/Developer/Library/Frameworks -no-color-diagnostics -enable-testing -g -module-cache-path /Users/builder/builds/o86TiJKT/2/finestructure/swiftpackageindex-builder/spi-builder-workspace/.derivedData/ModuleCache.noindex -swift-version 5 -enforce-exclusivity\=checked -Onone -D SWIFT_PACKAGE -D DEBUG -D Xcode -serialize-debugging-options -const-gather-protocols-file /Users/builder/builds/o86TiJKT/2/finestructure/swiftpackageindex-builder/spi-builder-workspace/.derivedData/Build/Intermediates.noindex/ObjectCoder.build/Debug-appletvos/ObjectCoderTests.build/Objects-normal/arm64/ObjectCoderTests_const_extract_protocols.json -empty-abi-descriptor -plugin-path /Applications/Xcode-15.0.0-Beta.app/Contents/Developer/Toolchains/XcodeDefault.xctoolchain/usr/lib/swift/host/plugins -plugin-path /Applications/Xcode-15.0.0-Beta.app/Contents/Developer/Toolchains/XcodeDefault.xctoolchain/usr/local/lib/swift/host/plugins -validate-clang-modules-once -clang-build-session-file /Users/builder/builds/o86TiJKT/2/finestructure/swiftpackageindex-builder/spi-builder-workspace/.derivedData/ModuleCache.noindex/Session.modulevalidation -Xcc -working-directory -Xcc /Users/builder/builds/o86TiJKT/2/finestructure/swiftpackageindex-builder/spi-builder-workspace -resource-dir /Applications/Xcode-15.0.0-Beta.app/Contents/Developer/Toolchains/XcodeDefault.xctoolchain/usr/lib/swift -enable-anonymous-context-mangled-names -Xcc -ivfsstatcache -Xcc /Users/builder/builds/o86TiJKT/2/finestructure/swiftpackageindex-builder/spi-builder-workspace/.derivedData/SDKStatCaches.noindex/appletvos17.0-21J5273p-f1c542bf70c0c6d9321512ea4fae4f06.sdkstatcache -Xcc -I/Users/builder/builds/o86TiJKT/2/finestructure/swiftpackageindex-builder/spi-builder-workspace/.derivedData/Build/Products/Debug-appletvos/include -Xcc -I/Users/builder/builds/o86TiJKT/2/finestructure/swiftpackageindex-builder/spi-builder-workspace/.derivedData/Build/Intermediates.noindex/ObjectCoder.build/Debug-appletvos/ObjectCoderTests.build/DerivedSources-normal/arm64 -Xcc -I/Users/builder/builds/o86TiJKT/2/finestructure/swiftpackageindex-builder/spi-builder-workspace/.derivedData/Build/Intermediates.noindex/ObjectCoder.build/Debug-appletvos/ObjectCoderTests.build/DerivedSources/arm64 -Xcc -I/Users/builder/builds/o86TiJKT/2/finestructure/swiftpackageindex-builder/spi-builder-workspace/.derivedData/Build/Intermediates.noindex/ObjectCoder.build/Debug-appletvos/ObjectCoderTests.build/DerivedSources -Xcc -DSWIFT_PACKAGE -Xcc -DDEBUG\=1 -module-name ObjectCoderTests -frontend-parseable-output -disable-clang-spi -target-sdk-version 17.0 -target-sdk-name appletvos17.0 -o /Users/builder/builds/o86TiJKT/2/finestructure/swiftpackageindex-builder/spi-builder-workspace/.derivedData/Build/Intermediates.noindex/ObjectCoder.build/Debug-appletvos/ObjectCoderTests.build/Objects-normal/arm64/NSObjectCoderTests.o -index-unit-output-path /ObjectCoder.build/Debug-appletvos/ObjectCoderTests.build/Objects-normal/arm64/NSObjectCoderTests.o -index-store-path /Users/builder/builds/o86TiJKT/2/finestructure/swiftpackageindex-builder/spi-builder-workspace/.derivedData/Index.noindex/DataStore -index-system-modules
/Users/builder/builds/o86TiJKT/2/finestructure/swiftpackageindex-builder/spi-builder-workspace/Tests/ObjectCoderTests/NSObjectCoderTests.swift:2:18: error: no such module 'NSObjectCoder'
@testable import NSObjectCoder
                 ^
SwiftCompile normal arm64 Compiling\ XCTestManifests.swift /Users/builder/builds/o86TiJKT/2/finestructure/swiftpackageindex-builder/spi-builder-workspace/Tests/ObjectCoderTests/XCTestManifests.swift (in target 'ObjectCoderTests' from project 'ObjectCoder')
    cd /Users/builder/builds/o86TiJKT/2/finestructure/swiftpackageindex-builder/spi-builder-workspace
    builtin-swiftTaskExecution -- /Applications/Xcode-15.0.0-Beta.app/Contents/Developer/Toolchains/XcodeDefault.xctoolchain/usr/bin/swift-frontend -frontend -c /Users/builder/builds/o86TiJKT/2/finestructure/swiftpackageindex-builder/spi-builder-workspace/Tests/ObjectCoderTests/NSObjectCoderTests.swift -primary-file /Users/builder/builds/o86TiJKT/2/finestructure/swiftpackageindex-builder/spi-builder-workspace/Tests/ObjectCoderTests/XCTestManifests.swift -emit-dependencies-path /Users/builder/builds/o86TiJKT/2/finestructure/swiftpackageindex-builder/spi-builder-workspace/.derivedData/Build/Intermediates.noindex/ObjectCoder.build/Debug-appletvos/ObjectCoderTests.build/Objects-normal/arm64/XCTestManifests.d -emit-const-values-path /Users/builder/builds/o86TiJKT/2/finestructure/swiftpackageindex-builder/spi-builder-workspace/.derivedData/Build/Intermediates.noindex/ObjectCoder.build/Debug-appletvos/ObjectCoderTests.build/Objects-normal/arm64/XCTestManifests.swiftconstvalues -emit-reference-dependencies-path /Users/builder/builds/o86TiJKT/2/finestructure/swiftpackageindex-builder/spi-builder-workspace/.derivedData/Build/Intermediates.noindex/ObjectCoder.build/Debug-appletvos/ObjectCoderTests.build/Objects-normal/arm64/XCTestManifests.swiftdeps -serialize-diagnostics-path /Users/builder/builds/o86TiJKT/2/finestructure/swiftpackageindex-builder/spi-builder-workspace/.derivedData/Build/Intermediates.noindex/ObjectCoder.build/Debug-appletvos/ObjectCoderTests.build/Objects-normal/arm64/XCTestManifests.dia -target arm64-apple-tvos12.0 -Xllvm -aarch64-use-tbi -enable-objc-interop -sdk /Applications/Xcode-15.0.0-Beta.app/Contents/Developer/Platforms/AppleTVOS.platform/Developer/SDKs/AppleTVOS17.0.sdk -I /Users/builder/builds/o86TiJKT/2/finestructure/swiftpackageindex-builder/spi-builder-workspace/.derivedData/Build/Products/Debug-appletvos -I /Applications/Xcode-15.0.0-Beta.app/Contents/Developer/Platforms/AppleTVOS.platform/Developer/usr/lib -F /Users/builder/builds/o86TiJKT/2/finestructure/swiftpackageindex-builder/spi-builder-workspace/.derivedData/Build/Products/Debug-appletvos/PackageFrameworks -F /Users/builder/builds/o86TiJKT/2/finestructure/swiftpackageindex-builder/spi-builder-workspace/.derivedData/Build/Products/Debug-appletvos -F /Applications/Xcode-15.0.0-Beta.app/Contents/Developer/Platforms/AppleTVOS.platform/Developer/Library/Frameworks -F /Applications/Xcode-15.0.0-Beta.app/Contents/Developer/Platforms/AppleTVOS.platform/Developer/SDKs/AppleTVOS17.0.sdk/Developer/Library/Frameworks -no-color-diagnostics -enable-testing -g -module-cache-path /Users/builder/builds/o86TiJKT/2/finestructure/swiftpackageindex-builder/spi-builder-workspace/.derivedData/ModuleCache.noindex -swift-version 5 -enforce-exclusivity\=checked -Onone -D SWIFT_PACKAGE -D DEBUG -D Xcode -serialize-debugging-options -const-gather-protocols-file /Users/builder/builds/o86TiJKT/2/finestructure/swiftpackageindex-builder/spi-builder-workspace/.derivedData/Build/Intermediates.noindex/ObjectCoder.build/Debug-appletvos/ObjectCoderTests.build/Objects-normal/arm64/ObjectCoderTests_const_extract_protocols.json -empty-abi-descriptor -plugin-path /Applications/Xcode-15.0.0-Beta.app/Contents/Developer/Toolchains/XcodeDefault.xctoolchain/usr/lib/swift/host/plugins -plugin-path /Applications/Xcode-15.0.0-Beta.app/Contents/Developer/Toolchains/XcodeDefault.xctoolchain/usr/local/lib/swift/host/plugins -validate-clang-modules-once -clang-build-session-file /Users/builder/builds/o86TiJKT/2/finestructure/swiftpackageindex-builder/spi-builder-workspace/.derivedData/ModuleCache.noindex/Session.modulevalidation -Xcc -working-directory -Xcc /Users/builder/builds/o86TiJKT/2/finestructure/swiftpackageindex-builder/spi-builder-workspace -resource-dir /Applications/Xcode-15.0.0-Beta.app/Contents/Developer/Toolchains/XcodeDefault.xctoolchain/usr/lib/swift -enable-anonymous-context-mangled-names -Xcc -ivfsstatcache -Xcc /Users/builder/builds/o86TiJKT/2/finestructure/swiftpackageindex-builder/spi-builder-workspace/.derivedData/SDKStatCaches.noindex/appletvos17.0-21J5273p-f1c542bf70c0c6d9321512ea4fae4f06.sdkstatcache -Xcc -I/Users/builder/builds/o86TiJKT/2/finestructure/swiftpackageindex-builder/spi-builder-workspace/.derivedData/Build/Products/Debug-appletvos/include -Xcc -I/Users/builder/builds/o86TiJKT/2/finestructure/swiftpackageindex-builder/spi-builder-workspace/.derivedData/Build/Intermediates.noindex/ObjectCoder.build/Debug-appletvos/ObjectCoderTests.build/DerivedSources-normal/arm64 -Xcc -I/Users/builder/builds/o86TiJKT/2/finestructure/swiftpackageindex-builder/spi-builder-workspace/.derivedData/Build/Intermediates.noindex/ObjectCoder.build/Debug-appletvos/ObjectCoderTests.build/DerivedSources/arm64 -Xcc -I/Users/builder/builds/o86TiJKT/2/finestructure/swiftpackageindex-builder/spi-builder-workspace/.derivedData/Build/Intermediates.noindex/ObjectCoder.build/Debug-appletvos/ObjectCoderTests.build/DerivedSources -Xcc -DSWIFT_PACKAGE -Xcc -DDEBUG\=1 -module-name ObjectCoderTests -frontend-parseable-output -disable-clang-spi -target-sdk-version 17.0 -target-sdk-name appletvos17.0 -o /Users/builder/builds/o86TiJKT/2/finestructure/swiftpackageindex-builder/spi-builder-workspace/.derivedData/Build/Intermediates.noindex/ObjectCoder.build/Debug-appletvos/ObjectCoderTests.build/Objects-normal/arm64/XCTestManifests.o -index-unit-output-path /ObjectCoder.build/Debug-appletvos/ObjectCoderTests.build/Objects-normal/arm64/XCTestManifests.o -index-store-path /Users/builder/builds/o86TiJKT/2/finestructure/swiftpackageindex-builder/spi-builder-workspace/.derivedData/Index.noindex/DataStore -index-system-modules

SwiftCompile normal arm64 /Users/builder/builds/o86TiJKT/2/finestructure/swiftpackageindex-builder/spi-builder-workspace/Tests/ObjectCoderTests/XCTestManifests.swift (in target 'ObjectCoderTests' from project 'ObjectCoder')
    cd /Users/builder/builds/o86TiJKT/2/finestructure/swiftpackageindex-builder/spi-builder-workspace
    /Applications/Xcode-15.0.0-Beta.app/Contents/Developer/Toolchains/XcodeDefault.xctoolchain/usr/bin/swift-frontend -c /Users/builder/builds/o86TiJKT/2/finestructure/swiftpackageindex-builder/spi-builder-workspace/Tests/ObjectCoderTests/NSObjectCoderTests.swift -primary-file /Users/builder/builds/o86TiJKT/2/finestructure/swiftpackageindex-builder/spi-builder-workspace/Tests/ObjectCoderTests/XCTestManifests.swift -emit-dependencies-path /Users/builder/builds/o86TiJKT/2/finestructure/swiftpackageindex-builder/spi-builder-workspace/.derivedData/Build/Intermediates.noindex/ObjectCoder.build/Debug-appletvos/ObjectCoderTests.build/Objects-normal/arm64/XCTestManifests.d -emit-const-values-path /Users/builder/builds/o86TiJKT/2/finestructure/swiftpackageindex-builder/spi-builder-workspace/.derivedData/Build/Intermediates.noindex/ObjectCoder.build/Debug-appletvos/ObjectCoderTests.build/Objects-normal/arm64/XCTestManifests.swiftconstvalues -emit-reference-dependencies-path /Users/builder/builds/o86TiJKT/2/finestructure/swiftpackageindex-builder/spi-builder-workspace/.derivedData/Build/Intermediates.noindex/ObjectCoder.build/Debug-appletvos/ObjectCoderTests.build/Objects-normal/arm64/XCTestManifests.swiftdeps -serialize-diagnostics-path /Users/builder/builds/o86TiJKT/2/finestructure/swiftpackageindex-builder/spi-builder-workspace/.derivedData/Build/Intermediates.noindex/ObjectCoder.build/Debug-appletvos/ObjectCoderTests.build/Objects-normal/arm64/XCTestManifests.dia -target arm64-apple-tvos12.0 -Xllvm -aarch64-use-tbi -enable-objc-interop -sdk /Applications/Xcode-15.0.0-Beta.app/Contents/Developer/Platforms/AppleTVOS.platform/Developer/SDKs/AppleTVOS17.0.sdk -I /Users/builder/builds/o86TiJKT/2/finestructure/swiftpackageindex-builder/spi-builder-workspace/.derivedData/Build/Products/Debug-appletvos -I /Applications/Xcode-15.0.0-Beta.app/Contents/Developer/Platforms/AppleTVOS.platform/Developer/usr/lib -F /Users/builder/builds/o86TiJKT/2/finestructure/swiftpackageindex-builder/spi-builder-workspace/.derivedData/Build/Products/Debug-appletvos/PackageFrameworks -F /Users/builder/builds/o86TiJKT/2/finestructure/swiftpackageindex-builder/spi-builder-workspace/.derivedData/Build/Products/Debug-appletvos -F /Applications/Xcode-15.0.0-Beta.app/Contents/Developer/Platforms/AppleTVOS.platform/Developer/Library/Frameworks -F /Applications/Xcode-15.0.0-Beta.app/Contents/Developer/Platforms/AppleTVOS.platform/Developer/SDKs/AppleTVOS17.0.sdk/Developer/Library/Frameworks -no-color-diagnostics -enable-testing -g -module-cache-path /Users/builder/builds/o86TiJKT/2/finestructure/swiftpackageindex-builder/spi-builder-workspace/.derivedData/ModuleCache.noindex -swift-version 5 -enforce-exclusivity\=checked -Onone -D SWIFT_PACKAGE -D DEBUG -D Xcode -serialize-debugging-options -const-gather-protocols-file /Users/builder/builds/o86TiJKT/2/finestructure/swiftpackageindex-builder/spi-builder-workspace/.derivedData/Build/Intermediates.noindex/ObjectCoder.build/Debug-appletvos/ObjectCoderTests.build/Objects-normal/arm64/ObjectCoderTests_const_extract_protocols.json -empty-abi-descriptor -plugin-path /Applications/Xcode-15.0.0-Beta.app/Contents/Developer/Toolchains/XcodeDefault.xctoolchain/usr/lib/swift/host/plugins -plugin-path /Applications/Xcode-15.0.0-Beta.app/Contents/Developer/Toolchains/XcodeDefault.xctoolchain/usr/local/lib/swift/host/plugins -validate-clang-modules-once -clang-build-session-file /Users/builder/builds/o86TiJKT/2/finestructure/swiftpackageindex-builder/spi-builder-workspace/.derivedData/ModuleCache.noindex/Session.modulevalidation -Xcc -working-directory -Xcc /Users/builder/builds/o86TiJKT/2/finestructure/swiftpackageindex-builder/spi-builder-workspace -resource-dir /Applications/Xcode-15.0.0-Beta.app/Contents/Developer/Toolchains/XcodeDefault.xctoolchain/usr/lib/swift -enable-anonymous-context-mangled-names -Xcc -ivfsstatcache -Xcc /Users/builder/builds/o86TiJKT/2/finestructure/swiftpackageindex-builder/spi-builder-workspace/.derivedData/SDKStatCaches.noindex/appletvos17.0-21J5273p-f1c542bf70c0c6d9321512ea4fae4f06.sdkstatcache -Xcc -I/Users/builder/builds/o86TiJKT/2/finestructure/swiftpackageindex-builder/spi-builder-workspace/.derivedData/Build/Products/Debug-appletvos/include -Xcc -I/Users/builder/builds/o86TiJKT/2/finestructure/swiftpackageindex-builder/spi-builder-workspace/.derivedData/Build/Intermediates.noindex/ObjectCoder.build/Debug-appletvos/ObjectCoderTests.build/DerivedSources-normal/arm64 -Xcc -I/Users/builder/builds/o86TiJKT/2/finestructure/swiftpackageindex-builder/spi-builder-workspace/.derivedData/Build/Intermediates.noindex/ObjectCoder.build/Debug-appletvos/ObjectCoderTests.build/DerivedSources/arm64 -Xcc -I/Users/builder/builds/o86TiJKT/2/finestructure/swiftpackageindex-builder/spi-builder-workspace/.derivedData/Build/Intermediates.noindex/ObjectCoder.build/Debug-appletvos/ObjectCoderTests.build/DerivedSources -Xcc -DSWIFT_PACKAGE -Xcc -DDEBUG\=1 -module-name ObjectCoderTests -frontend-parseable-output -disable-clang-spi -target-sdk-version 17.0 -target-sdk-name appletvos17.0 -o /Users/builder/builds/o86TiJKT/2/finestructure/swiftpackageindex-builder/spi-builder-workspace/.derivedData/Build/Intermediates.noindex/ObjectCoder.build/Debug-appletvos/ObjectCoderTests.build/Objects-normal/arm64/XCTestManifests.o -index-unit-output-path /ObjectCoder.build/Debug-appletvos/ObjectCoderTests.build/Objects-normal/arm64/XCTestManifests.o -index-store-path /Users/builder/builds/o86TiJKT/2/finestructure/swiftpackageindex-builder/spi-builder-workspace/.derivedData/Index.noindex/DataStore -index-system-modules

SwiftDriverJobDiscovery normal arm64 Compiling EncodingStorage.swift (in target 'ObjectCoder' from project 'ObjectCoder')
SwiftDriver\ Compilation ObjectCoder normal arm64 com.apple.xcode.tools.swift.compiler (in target 'ObjectCoder' from project 'ObjectCoder')
    cd /Users/builder/builds/o86TiJKT/2/finestructure/swiftpackageindex-builder/spi-builder-workspace
    builtin-Swift-Compilation -- /Applications/Xcode-15.0.0-Beta.app/Contents/Developer/Toolchains/XcodeDefault.xctoolchain/usr/bin/swiftc -module-name ObjectCoder -Onone -enforce-exclusivity\=checked @/Users/builder/builds/o86TiJKT/2/finestructure/swiftpackageindex-builder/spi-builder-workspace/.derivedData/Build/Intermediates.noindex/ObjectCoder.build/Debug-appletvos/ObjectCoder.build/Objects-normal/arm64/ObjectCoder.SwiftFileList -DSWIFT_PACKAGE -DDEBUG -DXcode -sdk /Applications/Xcode-15.0.0-Beta.app/Contents/Developer/Platforms/AppleTVOS.platform/Developer/SDKs/AppleTVOS17.0.sdk -target arm64-apple-tvos12.0 -g -module-cache-path /Users/builder/builds/o86TiJKT/2/finestructure/swiftpackageindex-builder/spi-builder-workspace/.derivedData/ModuleCache.noindex -Xfrontend -serialize-debugging-options -enable-testing -index-store-path /Users/builder/builds/o86TiJKT/2/finestructure/swiftpackageindex-builder/spi-builder-workspace/.derivedData/Index.noindex/DataStore -swift-version 5 -I /Users/builder/builds/o86TiJKT/2/finestructure/swiftpackageindex-builder/spi-builder-workspace/.derivedData/Build/Products/Debug-appletvos -I /Applications/Xcode-15.0.0-Beta.app/Contents/Developer/Platforms/AppleTVOS.platform/Developer/usr/lib -F /Users/builder/builds/o86TiJKT/2/finestructure/swiftpackageindex-builder/spi-builder-workspace/.derivedData/Build/Products/Debug-appletvos -F /Applications/Xcode-15.0.0-Beta.app/Contents/Developer/Platforms/AppleTVOS.platform/Developer/Library/Frameworks -F /Applications/Xcode-15.0.0-Beta.app/Contents/Developer/Platforms/AppleTVOS.platform/Developer/SDKs/AppleTVOS17.0.sdk/Developer/Library/Frameworks -c -j8 -enable-batch-mode -incremental -Xcc -ivfsstatcache -Xcc /Users/builder/builds/o86TiJKT/2/finestructure/swiftpackageindex-builder/spi-builder-workspace/.derivedData/SDKStatCaches.noindex/appletvos17.0-21J5273p-f1c542bf70c0c6d9321512ea4fae4f06.sdkstatcache -output-file-map /Users/builder/builds/o86TiJKT/2/finestructure/swiftpackageindex-builder/spi-builder-workspace/.derivedData/Build/Intermediates.noindex/ObjectCoder.build/Debug-appletvos/ObjectCoder.build/Objects-normal/arm64/ObjectCoder-OutputFileMap.json -use-frontend-parseable-output -save-temps -no-color-diagnostics -serialize-diagnostics -emit-dependencies -emit-module -emit-module-path /Users/builder/builds/o86TiJKT/2/finestructure/swiftpackageindex-builder/spi-builder-workspace/.derivedData/Build/Intermediates.noindex/ObjectCoder.build/Debug-appletvos/ObjectCoder.build/Objects-normal/arm64/ObjectCoder.swiftmodule -validate-clang-modules-once -clang-build-session-file /Users/builder/builds/o86TiJKT/2/finestructure/swiftpackageindex-builder/spi-builder-workspace/.derivedData/ModuleCache.noindex/Session.modulevalidation -Xcc -I/Users/builder/builds/o86TiJKT/2/finestructure/swiftpackageindex-builder/spi-builder-workspace/.derivedData/Build/Intermediates.noindex/ObjectCoder.build/Debug-appletvos/ObjectCoder.build/swift-overrides.hmap -emit-const-values -Xfrontend -const-gather-protocols-file -Xfrontend /Users/builder/builds/o86TiJKT/2/finestructure/swiftpackageindex-builder/spi-builder-workspace/.derivedData/Build/Intermediates.noindex/ObjectCoder.build/Debug-appletvos/ObjectCoder.build/Objects-normal/arm64/ObjectCoder_const_extract_protocols.json -Xcc -I/Users/builder/builds/o86TiJKT/2/finestructure/swiftpackageindex-builder/spi-builder-workspace/.derivedData/Build/Products/Debug-appletvos/include -Xcc -I/Users/builder/builds/o86TiJKT/2/finestructure/swiftpackageindex-builder/spi-builder-workspace/.derivedData/Build/Intermediates.noindex/ObjectCoder.build/Debug-appletvos/ObjectCoder.build/DerivedSources-normal/arm64 -Xcc -I/Users/builder/builds/o86TiJKT/2/finestructure/swiftpackageindex-builder/spi-builder-workspace/.derivedData/Build/Intermediates.noindex/ObjectCoder.build/Debug-appletvos/ObjectCoder.build/DerivedSources/arm64 -Xcc -I/Users/builder/builds/o86TiJKT/2/finestructure/swiftpackageindex-builder/spi-builder-workspace/.derivedData/Build/Intermediates.noindex/ObjectCoder.build/Debug-appletvos/ObjectCoder.build/DerivedSources -Xcc -DSWIFT_PACKAGE -Xcc -DDEBUG\=1 -emit-objc-header -emit-objc-header-path /Users/builder/builds/o86TiJKT/2/finestructure/swiftpackageindex-builder/spi-builder-workspace/.derivedData/Build/Intermediates.noindex/ObjectCoder.build/Debug-appletvos/ObjectCoder.build/Objects-normal/arm64/ObjectCoder-Swift.h -working-directory /Users/builder/builds/o86TiJKT/2/finestructure/swiftpackageindex-builder/spi-builder-workspace -experimental-emit-module-separately -disable-cmo
Ld /Users/builder/builds/o86TiJKT/2/finestructure/swiftpackageindex-builder/spi-builder-workspace/.derivedData/Build/Products/Debug-appletvos/ObjectCoder.o normal (in target 'ObjectCoder' from project 'ObjectCoder')
    cd /Users/builder/builds/o86TiJKT/2/finestructure/swiftpackageindex-builder/spi-builder-workspace
    /Applications/Xcode-15.0.0-Beta.app/Contents/Developer/Toolchains/XcodeDefault.xctoolchain/usr/bin/clang -Xlinker -reproducible -target arm64-apple-tvos12.0 -r -isysroot /Applications/Xcode-15.0.0-Beta.app/Contents/Developer/Platforms/AppleTVOS.platform/Developer/SDKs/AppleTVOS17.0.sdk -O0 -L/Users/builder/builds/o86TiJKT/2/finestructure/swiftpackageindex-builder/spi-builder-workspace/.derivedData/Build/Intermediates.noindex/EagerLinkingTBDs/Debug-appletvos -L/Users/builder/builds/o86TiJKT/2/finestructure/swiftpackageindex-builder/spi-builder-workspace/.derivedData/Build/Products/Debug-appletvos -L/Applications/Xcode-15.0.0-Beta.app/Contents/Developer/Platforms/AppleTVOS.platform/Developer/usr/lib -F/Users/builder/builds/o86TiJKT/2/finestructure/swiftpackageindex-builder/spi-builder-workspace/.derivedData/Build/Intermediates.noindex/EagerLinkingTBDs/Debug-appletvos -F/Users/builder/builds/o86TiJKT/2/finestructure/swiftpackageindex-builder/spi-builder-workspace/.derivedData/Build/Products/Debug-appletvos -F/Applications/Xcode-15.0.0-Beta.app/Contents/Developer/Platforms/AppleTVOS.platform/Developer/Library/Frameworks -iframework /Applications/Xcode-15.0.0-Beta.app/Contents/Developer/Platforms/AppleTVOS.platform/Developer/Library/Frameworks -iframework /Applications/Xcode-15.0.0-Beta.app/Contents/Developer/Platforms/AppleTVOS.platform/Developer/SDKs/AppleTVOS17.0.sdk/Developer/Library/Frameworks -filelist /Users/builder/builds/o86TiJKT/2/finestructure/swiftpackageindex-builder/spi-builder-workspace/.derivedData/Build/Intermediates.noindex/ObjectCoder.build/Debug-appletvos/ObjectCoder.build/Objects-normal/arm64/ObjectCoder.LinkFileList -nostdlib -Xlinker -object_path_lto -Xlinker /Users/builder/builds/o86TiJKT/2/finestructure/swiftpackageindex-builder/spi-builder-workspace/.derivedData/Build/Intermediates.noindex/ObjectCoder.build/Debug-appletvos/ObjectCoder.build/Objects-normal/arm64/ObjectCoder_lto.o -Xlinker -export_dynamic -Xlinker -no_deduplicate -fobjc-link-runtime -L/Applications/Xcode-15.0.0-Beta.app/Contents/Developer/Toolchains/XcodeDefault.xctoolchain/usr/lib/swift/appletvos -L/usr/lib/swift -Xlinker -add_ast_path -Xlinker /Users/builder/builds/o86TiJKT/2/finestructure/swiftpackageindex-builder/spi-builder-workspace/.derivedData/Build/Intermediates.noindex/ObjectCoder.build/Debug-appletvos/ObjectCoder.build/Objects-normal/arm64/ObjectCoder.swiftmodule -Xlinker -dependency_info -Xlinker /Users/builder/builds/o86TiJKT/2/finestructure/swiftpackageindex-builder/spi-builder-workspace/.derivedData/Build/Intermediates.noindex/ObjectCoder.build/Debug-appletvos/ObjectCoder.build/Objects-normal/arm64/ObjectCoder_dependency_info.dat -o /Users/builder/builds/o86TiJKT/2/finestructure/swiftpackageindex-builder/spi-builder-workspace/.derivedData/Build/Products/Debug-appletvos/ObjectCoder.o
RegisterExecutionPolicyException /Users/builder/builds/o86TiJKT/2/finestructure/swiftpackageindex-builder/spi-builder-workspace/.derivedData/Build/Products/Debug-appletvos/ObjectCoder.o (in target 'ObjectCoder' from project 'ObjectCoder')
    cd /Users/builder/builds/o86TiJKT/2/finestructure/swiftpackageindex-builder/spi-builder-workspace
    builtin-RegisterExecutionPolicyException /Users/builder/builds/o86TiJKT/2/finestructure/swiftpackageindex-builder/spi-builder-workspace/.derivedData/Build/Products/Debug-appletvos/ObjectCoder.o

WriteAuxiliaryFile /Users/builder/builds/o86TiJKT/2/finestructure/swiftpackageindex-builder/spi-builder-workspace/.derivedData/Build/Intermediates.noindex/ObjectCoder.build/Debug-appletvos/ObjectCoderTests.build/empty-ObjectCoderTests.plist (in target 'ObjectCoderTests' from project 'ObjectCoder')
    cd /Users/builder/builds/o86TiJKT/2/finestructure/swiftpackageindex-builder/spi-builder-workspace
    write-file /Users/builder/builds/o86TiJKT/2/finestructure/swiftpackageindex-builder/spi-builder-workspace/.derivedData/Build/Intermediates.noindex/ObjectCoder.build/Debug-appletvos/ObjectCoderTests.build/empty-ObjectCoderTests.plist
WriteAuxiliaryFile /Users/builder/builds/o86TiJKT/2/finestructure/swiftpackageindex-builder/spi-builder-workspace/.derivedData/Build/Intermediates.noindex/ObjectCoder.build/Debug-appletvos/ObjectCoderTests.build/Objects-normal/arm64/ObjectCoderTests.LinkFileList (in target 'ObjectCoderTests' from project 'ObjectCoder')
    cd /Users/builder/builds/o86TiJKT/2/finestructure/swiftpackageindex-builder/spi-builder-workspace
    write-file /Users/builder/builds/o86TiJKT/2/finestructure/swiftpackageindex-builder/spi-builder-workspace/.derivedData/Build/Intermediates.noindex/ObjectCoder.build/Debug-appletvos/ObjectCoderTests.build/Objects-normal/arm64/ObjectCoderTests.LinkFileList
ProcessInfoPlistFile /Users/builder/builds/o86TiJKT/2/finestructure/swiftpackageindex-builder/spi-builder-workspace/.derivedData/Build/Products/Debug-appletvos/ObjectCoderTests.xctest/Info.plist /Users/builder/builds/o86TiJKT/2/finestructure/swiftpackageindex-builder/spi-builder-workspace/.derivedData/Build/Intermediates.noindex/ObjectCoder.build/Debug-appletvos/ObjectCoderTests.build/empty-ObjectCoderTests.plist (in target 'ObjectCoderTests' from project 'ObjectCoder')
    cd /Users/builder/builds/o86TiJKT/2/finestructure/swiftpackageindex-builder/spi-builder-workspace
    builtin-infoPlistUtility /Users/builder/builds/o86TiJKT/2/finestructure/swiftpackageindex-builder/spi-builder-workspace/.derivedData/Build/Intermediates.noindex/ObjectCoder.build/Debug-appletvos/ObjectCoderTests.build/empty-ObjectCoderTests.plist -producttype com.apple.product-type.bundle.unit-test -expandbuildsettings -format binary -platform appletvos -o /Users/builder/builds/o86TiJKT/2/finestructure/swiftpackageindex-builder/spi-builder-workspace/.derivedData/Build/Products/Debug-appletvos/ObjectCoderTests.xctest/Info.plist
Resolve Package Graph
** BUILD FAILED **

The following build commands failed:
	SwiftCompile normal arm64 Compiling\ NSObjectCoderTests.swift /Users/builder/builds/o86TiJKT/2/finestructure/swiftpackageindex-builder/spi-builder-workspace/Tests/ObjectCoderTests/NSObjectCoderTests.swift (in target 'ObjectCoderTests' from project 'ObjectCoder')
	SwiftCompile normal arm64 /Users/builder/builds/o86TiJKT/2/finestructure/swiftpackageindex-builder/spi-builder-workspace/Tests/ObjectCoderTests/NSObjectCoderTests.swift (in target 'ObjectCoderTests' from project 'ObjectCoder')
(2 failures)
Retrying in 0 seconds ...
Building ... (attempt 2)
Command line invocation:
    /Applications/Xcode-15.0.0-Beta.app/Contents/Developer/usr/bin/xcodebuild -IDEClonedSourcePackagesDirPathOverride=/Users/builder/builds/o86TiJKT/2/finestructure/swiftpackageindex-builder/spi-builder-workspace/.dependencies -derivedDataPath /Users/builder/builds/o86TiJKT/2/finestructure/swiftpackageindex-builder/spi-builder-workspace/.derivedData build -scheme ObjectCoder -destination generic/platform=tvos

User defaults from command line:
    IDEClonedSourcePackagesDirPathOverride = /Users/builder/builds/o86TiJKT/2/finestructure/swiftpackageindex-builder/spi-builder-workspace/.dependencies
    IDEDerivedDataPathOverride = /Users/builder/builds/o86TiJKT/2/finestructure/swiftpackageindex-builder/spi-builder-workspace/.derivedData
    IDEPackageSupportUseBuiltinSCM = YES
Resolve Package Graph


Resolved source packages:
  ObjectCoder: /Users/builder/builds/o86TiJKT/2/finestructure/swiftpackageindex-builder/spi-builder-workspace
Prepare packages

Computing target dependency graph and provisioning inputs

Create build description

note: Building targets in dependency order
note: Target dependency graph (3 targets)
    Target 'ObjectCoderTests' in project 'ObjectCoder'
        ➜ Explicit dependency on target 'ObjectCoder' in project 'ObjectCoder'
    Target 'ObjectCoder' in project 'ObjectCoder'
        ➜ Explicit dependency on target 'ObjectCoder' in project 'ObjectCoder'
    Target 'ObjectCoder' in project 'ObjectCoder' (no dependencies)
ClangStatCache /Applications/Xcode-15.0.0-Beta.app/Contents/Developer/Toolchains/XcodeDefault.xctoolchain/usr/bin/clang-stat-cache /Applications/Xcode-15.0.0-Beta.app/Contents/Developer/Platforms/AppleTVOS.platform/Developer/SDKs/AppleTVOS17.0.sdk /Users/builder/builds/o86TiJKT/2/finestructure/swiftpackageindex-builder/spi-builder-workspace/.derivedData/SDKStatCaches.noindex/appletvos17.0-21J5273p-f1c542bf70c0c6d9321512ea4fae4f06.sdkstatcache
    cd /Users/builder/builds/o86TiJKT/2/finestructure/swiftpackageindex-builder/spi-builder-workspace/.swiftpm/xcode
    /Applications/Xcode-15.0.0-Beta.app/Contents/Developer/Toolchains/XcodeDefault.xctoolchain/usr/bin/clang-stat-cache /Applications/Xcode-15.0.0-Beta.app/Contents/Developer/Platforms/AppleTVOS.platform/Developer/SDKs/AppleTVOS17.0.sdk -o /Users/builder/builds/o86TiJKT/2/finestructure/swiftpackageindex-builder/spi-builder-workspace/.derivedData/SDKStatCaches.noindex/appletvos17.0-21J5273p-f1c542bf70c0c6d9321512ea4fae4f06.sdkstatcache

SwiftDriver ObjectCoderTests normal arm64 com.apple.xcode.tools.swift.compiler (in target 'ObjectCoderTests' from project 'ObjectCoder')
    cd /Users/builder/builds/o86TiJKT/2/finestructure/swiftpackageindex-builder/spi-builder-workspace
    builtin-SwiftDriver -- /Applications/Xcode-15.0.0-Beta.app/Contents/Developer/Toolchains/XcodeDefault.xctoolchain/usr/bin/swiftc -module-name ObjectCoderTests -Onone -enforce-exclusivity\=checked @/Users/builder/builds/o86TiJKT/2/finestructure/swiftpackageindex-builder/spi-builder-workspace/.derivedData/Build/Intermediates.noindex/ObjectCoder.build/Debug-appletvos/ObjectCoderTests.build/Objects-normal/arm64/ObjectCoderTests.SwiftFileList -DSWIFT_PACKAGE -DDEBUG -DXcode -sdk /Applications/Xcode-15.0.0-Beta.app/Contents/Developer/Platforms/AppleTVOS.platform/Developer/SDKs/AppleTVOS17.0.sdk -target arm64-apple-tvos12.0 -g -module-cache-path /Users/builder/builds/o86TiJKT/2/finestructure/swiftpackageindex-builder/spi-builder-workspace/.derivedData/ModuleCache.noindex -Xfrontend -serialize-debugging-options -enable-testing -index-store-path /Users/builder/builds/o86TiJKT/2/finestructure/swiftpackageindex-builder/spi-builder-workspace/.derivedData/Index.noindex/DataStore -swift-version 5 -I /Users/builder/builds/o86TiJKT/2/finestructure/swiftpackageindex-builder/spi-builder-workspace/.derivedData/Build/Products/Debug-appletvos -I /Applications/Xcode-15.0.0-Beta.app/Contents/Developer/Platforms/AppleTVOS.platform/Developer/usr/lib -F /Users/builder/builds/o86TiJKT/2/finestructure/swiftpackageindex-builder/spi-builder-workspace/.derivedData/Build/Products/Debug-appletvos/PackageFrameworks -F /Users/builder/builds/o86TiJKT/2/finestructure/swiftpackageindex-builder/spi-builder-workspace/.derivedData/Build/Products/Debug-appletvos -F /Applications/Xcode-15.0.0-Beta.app/Contents/Developer/Platforms/AppleTVOS.platform/Developer/Library/Frameworks -F /Applications/Xcode-15.0.0-Beta.app/Contents/Developer/Platforms/AppleTVOS.platform/Developer/SDKs/AppleTVOS17.0.sdk/Developer/Library/Frameworks -c -j8 -enable-batch-mode -incremental -Xcc -ivfsstatcache -Xcc /Users/builder/builds/o86TiJKT/2/finestructure/swiftpackageindex-builder/spi-builder-workspace/.derivedData/SDKStatCaches.noindex/appletvos17.0-21J5273p-f1c542bf70c0c6d9321512ea4fae4f06.sdkstatcache -output-file-map /Users/builder/builds/o86TiJKT/2/finestructure/swiftpackageindex-builder/spi-builder-workspace/.derivedData/Build/Intermediates.noindex/ObjectCoder.build/Debug-appletvos/ObjectCoderTests.build/Objects-normal/arm64/ObjectCoderTests-OutputFileMap.json -use-frontend-parseable-output -save-temps -no-color-diagnostics -serialize-diagnostics -emit-dependencies -emit-module -emit-module-path /Users/builder/builds/o86TiJKT/2/finestructure/swiftpackageindex-builder/spi-builder-workspace/.derivedData/Build/Intermediates.noindex/ObjectCoder.build/Debug-appletvos/ObjectCoderTests.build/Objects-normal/arm64/ObjectCoderTests.swiftmodule -validate-clang-modules-once -clang-build-session-file /Users/builder/builds/o86TiJKT/2/finestructure/swiftpackageindex-builder/spi-builder-workspace/.derivedData/ModuleCache.noindex/Session.modulevalidation -emit-const-values -Xfrontend -const-gather-protocols-file -Xfrontend /Users/builder/builds/o86TiJKT/2/finestructure/swiftpackageindex-builder/spi-builder-workspace/.derivedData/Build/Intermediates.noindex/ObjectCoder.build/Debug-appletvos/ObjectCoderTests.build/Objects-normal/arm64/ObjectCoderTests_const_extract_protocols.json -Xcc -I/Users/builder/builds/o86TiJKT/2/finestructure/swiftpackageindex-builder/spi-builder-workspace/.derivedData/Build/Products/Debug-appletvos/include -Xcc -I/Users/builder/builds/o86TiJKT/2/finestructure/swiftpackageindex-builder/spi-builder-workspace/.derivedData/Build/Intermediates.noindex/ObjectCoder.build/Debug-appletvos/ObjectCoderTests.build/DerivedSources-normal/arm64 -Xcc -I/Users/builder/builds/o86TiJKT/2/finestructure/swiftpackageindex-builder/spi-builder-workspace/.derivedData/Build/Intermediates.noindex/ObjectCoder.build/Debug-appletvos/ObjectCoderTests.build/DerivedSources/arm64 -Xcc -I/Users/builder/builds/o86TiJKT/2/finestructure/swiftpackageindex-builder/spi-builder-workspace/.derivedData/Build/Intermediates.noindex/ObjectCoder.build/Debug-appletvos/ObjectCoderTests.build/DerivedSources -Xcc -DSWIFT_PACKAGE -Xcc -DDEBUG\=1 -working-directory /Users/builder/builds/o86TiJKT/2/finestructure/swiftpackageindex-builder/spi-builder-workspace -experimental-emit-module-separately -disable-cmo

SwiftCompile normal arm64 Compiling\ XCTestManifests.swift /Users/builder/builds/o86TiJKT/2/finestructure/swiftpackageindex-builder/spi-builder-workspace/Tests/ObjectCoderTests/XCTestManifests.swift (in target 'ObjectCoderTests' from project 'ObjectCoder')
    cd /Users/builder/builds/o86TiJKT/2/finestructure/swiftpackageindex-builder/spi-builder-workspace
    builtin-swiftTaskExecution -- /Applications/Xcode-15.0.0-Beta.app/Contents/Developer/Toolchains/XcodeDefault.xctoolchain/usr/bin/swift-frontend -frontend -c /Users/builder/builds/o86TiJKT/2/finestructure/swiftpackageindex-builder/spi-builder-workspace/Tests/ObjectCoderTests/NSObjectCoderTests.swift -primary-file /Users/builder/builds/o86TiJKT/2/finestructure/swiftpackageindex-builder/spi-builder-workspace/Tests/ObjectCoderTests/XCTestManifests.swift -emit-dependencies-path /Users/builder/builds/o86TiJKT/2/finestructure/swiftpackageindex-builder/spi-builder-workspace/.derivedData/Build/Intermediates.noindex/ObjectCoder.build/Debug-appletvos/ObjectCoderTests.build/Objects-normal/arm64/XCTestManifests.d -emit-const-values-path /Users/builder/builds/o86TiJKT/2/finestructure/swiftpackageindex-builder/spi-builder-workspace/.derivedData/Build/Intermediates.noindex/ObjectCoder.build/Debug-appletvos/ObjectCoderTests.build/Objects-normal/arm64/XCTestManifests.swiftconstvalues -emit-reference-dependencies-path /Users/builder/builds/o86TiJKT/2/finestructure/swiftpackageindex-builder/spi-builder-workspace/.derivedData/Build/Intermediates.noindex/ObjectCoder.build/Debug-appletvos/ObjectCoderTests.build/Objects-normal/arm64/XCTestManifests.swiftdeps -serialize-diagnostics-path /Users/builder/builds/o86TiJKT/2/finestructure/swiftpackageindex-builder/spi-builder-workspace/.derivedData/Build/Intermediates.noindex/ObjectCoder.build/Debug-appletvos/ObjectCoderTests.build/Objects-normal/arm64/XCTestManifests.dia -target arm64-apple-tvos12.0 -Xllvm -aarch64-use-tbi -enable-objc-interop -sdk /Applications/Xcode-15.0.0-Beta.app/Contents/Developer/Platforms/AppleTVOS.platform/Developer/SDKs/AppleTVOS17.0.sdk -I /Users/builder/builds/o86TiJKT/2/finestructure/swiftpackageindex-builder/spi-builder-workspace/.derivedData/Build/Products/Debug-appletvos -I /Applications/Xcode-15.0.0-Beta.app/Contents/Developer/Platforms/AppleTVOS.platform/Developer/usr/lib -F /Users/builder/builds/o86TiJKT/2/finestructure/swiftpackageindex-builder/spi-builder-workspace/.derivedData/Build/Products/Debug-appletvos/PackageFrameworks -F /Users/builder/builds/o86TiJKT/2/finestructure/swiftpackageindex-builder/spi-builder-workspace/.derivedData/Build/Products/Debug-appletvos -F /Applications/Xcode-15.0.0-Beta.app/Contents/Developer/Platforms/AppleTVOS.platform/Developer/Library/Frameworks -F /Applications/Xcode-15.0.0-Beta.app/Contents/Developer/Platforms/AppleTVOS.platform/Developer/SDKs/AppleTVOS17.0.sdk/Developer/Library/Frameworks -no-color-diagnostics -enable-testing -g -module-cache-path /Users/builder/builds/o86TiJKT/2/finestructure/swiftpackageindex-builder/spi-builder-workspace/.derivedData/ModuleCache.noindex -swift-version 5 -enforce-exclusivity\=checked -Onone -D SWIFT_PACKAGE -D DEBUG -D Xcode -serialize-debugging-options -const-gather-protocols-file /Users/builder/builds/o86TiJKT/2/finestructure/swiftpackageindex-builder/spi-builder-workspace/.derivedData/Build/Intermediates.noindex/ObjectCoder.build/Debug-appletvos/ObjectCoderTests.build/Objects-normal/arm64/ObjectCoderTests_const_extract_protocols.json -empty-abi-descriptor -plugin-path /Applications/Xcode-15.0.0-Beta.app/Contents/Developer/Toolchains/XcodeDefault.xctoolchain/usr/lib/swift/host/plugins -plugin-path /Applications/Xcode-15.0.0-Beta.app/Contents/Developer/Toolchains/XcodeDefault.xctoolchain/usr/local/lib/swift/host/plugins -validate-clang-modules-once -clang-build-session-file /Users/builder/builds/o86TiJKT/2/finestructure/swiftpackageindex-builder/spi-builder-workspace/.derivedData/ModuleCache.noindex/Session.modulevalidation -Xcc -working-directory -Xcc /Users/builder/builds/o86TiJKT/2/finestructure/swiftpackageindex-builder/spi-builder-workspace -resource-dir /Applications/Xcode-15.0.0-Beta.app/Contents/Developer/Toolchains/XcodeDefault.xctoolchain/usr/lib/swift -enable-anonymous-context-mangled-names -Xcc -ivfsstatcache -Xcc /Users/builder/builds/o86TiJKT/2/finestructure/swiftpackageindex-builder/spi-builder-workspace/.derivedData/SDKStatCaches.noindex/appletvos17.0-21J5273p-f1c542bf70c0c6d9321512ea4fae4f06.sdkstatcache -Xcc -I/Users/builder/builds/o86TiJKT/2/finestructure/swiftpackageindex-builder/spi-builder-workspace/.derivedData/Build/Products/Debug-appletvos/include -Xcc -I/Users/builder/builds/o86TiJKT/2/finestructure/swiftpackageindex-builder/spi-builder-workspace/.derivedData/Build/Intermediates.noindex/ObjectCoder.build/Debug-appletvos/ObjectCoderTests.build/DerivedSources-normal/arm64 -Xcc -I/Users/builder/builds/o86TiJKT/2/finestructure/swiftpackageindex-builder/spi-builder-workspace/.derivedData/Build/Intermediates.noindex/ObjectCoder.build/Debug-appletvos/ObjectCoderTests.build/DerivedSources/arm64 -Xcc -I/Users/builder/builds/o86TiJKT/2/finestructure/swiftpackageindex-builder/spi-builder-workspace/.derivedData/Build/Intermediates.noindex/ObjectCoder.build/Debug-appletvos/ObjectCoderTests.build/DerivedSources -Xcc -DSWIFT_PACKAGE -Xcc -DDEBUG\=1 -module-name ObjectCoderTests -frontend-parseable-output -disable-clang-spi -target-sdk-version 17.0 -target-sdk-name appletvos17.0 -o /Users/builder/builds/o86TiJKT/2/finestructure/swiftpackageindex-builder/spi-builder-workspace/.derivedData/Build/Intermediates.noindex/ObjectCoder.build/Debug-appletvos/ObjectCoderTests.build/Objects-normal/arm64/XCTestManifests.o -index-unit-output-path /ObjectCoder.build/Debug-appletvos/ObjectCoderTests.build/Objects-normal/arm64/XCTestManifests.o -index-store-path /Users/builder/builds/o86TiJKT/2/finestructure/swiftpackageindex-builder/spi-builder-workspace/.derivedData/Index.noindex/DataStore -index-system-modules

SwiftCompile normal arm64 /Users/builder/builds/o86TiJKT/2/finestructure/swiftpackageindex-builder/spi-builder-workspace/Tests/ObjectCoderTests/XCTestManifests.swift (in target 'ObjectCoderTests' from project 'ObjectCoder')
    cd /Users/builder/builds/o86TiJKT/2/finestructure/swiftpackageindex-builder/spi-builder-workspace
    /Applications/Xcode-15.0.0-Beta.app/Contents/Developer/Toolchains/XcodeDefault.xctoolchain/usr/bin/swift-frontend -c /Users/builder/builds/o86TiJKT/2/finestructure/swiftpackageindex-builder/spi-builder-workspace/Tests/ObjectCoderTests/NSObjectCoderTests.swift -primary-file /Users/builder/builds/o86TiJKT/2/finestructure/swiftpackageindex-builder/spi-builder-workspace/Tests/ObjectCoderTests/XCTestManifests.swift -emit-dependencies-path /Users/builder/builds/o86TiJKT/2/finestructure/swiftpackageindex-builder/spi-builder-workspace/.derivedData/Build/Intermediates.noindex/ObjectCoder.build/Debug-appletvos/ObjectCoderTests.build/Objects-normal/arm64/XCTestManifests.d -emit-const-values-path /Users/builder/builds/o86TiJKT/2/finestructure/swiftpackageindex-builder/spi-builder-workspace/.derivedData/Build/Intermediates.noindex/ObjectCoder.build/Debug-appletvos/ObjectCoderTests.build/Objects-normal/arm64/XCTestManifests.swiftconstvalues -emit-reference-dependencies-path /Users/builder/builds/o86TiJKT/2/finestructure/swiftpackageindex-builder/spi-builder-workspace/.derivedData/Build/Intermediates.noindex/ObjectCoder.build/Debug-appletvos/ObjectCoderTests.build/Objects-normal/arm64/XCTestManifests.swiftdeps -serialize-diagnostics-path /Users/builder/builds/o86TiJKT/2/finestructure/swiftpackageindex-builder/spi-builder-workspace/.derivedData/Build/Intermediates.noindex/ObjectCoder.build/Debug-appletvos/ObjectCoderTests.build/Objects-normal/arm64/XCTestManifests.dia -target arm64-apple-tvos12.0 -Xllvm -aarch64-use-tbi -enable-objc-interop -sdk /Applications/Xcode-15.0.0-Beta.app/Contents/Developer/Platforms/AppleTVOS.platform/Developer/SDKs/AppleTVOS17.0.sdk -I /Users/builder/builds/o86TiJKT/2/finestructure/swiftpackageindex-builder/spi-builder-workspace/.derivedData/Build/Products/Debug-appletvos -I /Applications/Xcode-15.0.0-Beta.app/Contents/Developer/Platforms/AppleTVOS.platform/Developer/usr/lib -F /Users/builder/builds/o86TiJKT/2/finestructure/swiftpackageindex-builder/spi-builder-workspace/.derivedData/Build/Products/Debug-appletvos/PackageFrameworks -F /Users/builder/builds/o86TiJKT/2/finestructure/swiftpackageindex-builder/spi-builder-workspace/.derivedData/Build/Products/Debug-appletvos -F /Applications/Xcode-15.0.0-Beta.app/Contents/Developer/Platforms/AppleTVOS.platform/Developer/Library/Frameworks -F /Applications/Xcode-15.0.0-Beta.app/Contents/Developer/Platforms/AppleTVOS.platform/Developer/SDKs/AppleTVOS17.0.sdk/Developer/Library/Frameworks -no-color-diagnostics -enable-testing -g -module-cache-path /Users/builder/builds/o86TiJKT/2/finestructure/swiftpackageindex-builder/spi-builder-workspace/.derivedData/ModuleCache.noindex -swift-version 5 -enforce-exclusivity\=checked -Onone -D SWIFT_PACKAGE -D DEBUG -D Xcode -serialize-debugging-options -const-gather-protocols-file /Users/builder/builds/o86TiJKT/2/finestructure/swiftpackageindex-builder/spi-builder-workspace/.derivedData/Build/Intermediates.noindex/ObjectCoder.build/Debug-appletvos/ObjectCoderTests.build/Objects-normal/arm64/ObjectCoderTests_const_extract_protocols.json -empty-abi-descriptor -plugin-path /Applications/Xcode-15.0.0-Beta.app/Contents/Developer/Toolchains/XcodeDefault.xctoolchain/usr/lib/swift/host/plugins -plugin-path /Applications/Xcode-15.0.0-Beta.app/Contents/Developer/Toolchains/XcodeDefault.xctoolchain/usr/local/lib/swift/host/plugins -validate-clang-modules-once -clang-build-session-file /Users/builder/builds/o86TiJKT/2/finestructure/swiftpackageindex-builder/spi-builder-workspace/.derivedData/ModuleCache.noindex/Session.modulevalidation -Xcc -working-directory -Xcc /Users/builder/builds/o86TiJKT/2/finestructure/swiftpackageindex-builder/spi-builder-workspace -resource-dir /Applications/Xcode-15.0.0-Beta.app/Contents/Developer/Toolchains/XcodeDefault.xctoolchain/usr/lib/swift -enable-anonymous-context-mangled-names -Xcc -ivfsstatcache -Xcc /Users/builder/builds/o86TiJKT/2/finestructure/swiftpackageindex-builder/spi-builder-workspace/.derivedData/SDKStatCaches.noindex/appletvos17.0-21J5273p-f1c542bf70c0c6d9321512ea4fae4f06.sdkstatcache -Xcc -I/Users/builder/builds/o86TiJKT/2/finestructure/swiftpackageindex-builder/spi-builder-workspace/.derivedData/Build/Products/Debug-appletvos/include -Xcc -I/Users/builder/builds/o86TiJKT/2/finestructure/swiftpackageindex-builder/spi-builder-workspace/.derivedData/Build/Intermediates.noindex/ObjectCoder.build/Debug-appletvos/ObjectCoderTests.build/DerivedSources-normal/arm64 -Xcc -I/Users/builder/builds/o86TiJKT/2/finestructure/swiftpackageindex-builder/spi-builder-workspace/.derivedData/Build/Intermediates.noindex/ObjectCoder.build/Debug-appletvos/ObjectCoderTests.build/DerivedSources/arm64 -Xcc -I/Users/builder/builds/o86TiJKT/2/finestructure/swiftpackageindex-builder/spi-builder-workspace/.derivedData/Build/Intermediates.noindex/ObjectCoder.build/Debug-appletvos/ObjectCoderTests.build/DerivedSources -Xcc -DSWIFT_PACKAGE -Xcc -DDEBUG\=1 -module-name ObjectCoderTests -frontend-parseable-output -disable-clang-spi -target-sdk-version 17.0 -target-sdk-name appletvos17.0 -o /Users/builder/builds/o86TiJKT/2/finestructure/swiftpackageindex-builder/spi-builder-workspace/.derivedData/Build/Intermediates.noindex/ObjectCoder.build/Debug-appletvos/ObjectCoderTests.build/Objects-normal/arm64/XCTestManifests.o -index-unit-output-path /ObjectCoder.build/Debug-appletvos/ObjectCoderTests.build/Objects-normal/arm64/XCTestManifests.o -index-store-path /Users/builder/builds/o86TiJKT/2/finestructure/swiftpackageindex-builder/spi-builder-workspace/.derivedData/Index.noindex/DataStore -index-system-modules
/Users/builder/builds/o86TiJKT/2/finestructure/swiftpackageindex-builder/spi-builder-workspace/Tests/ObjectCoderTests/NSObjectCoderTests.swift:2:18: error: no such module 'NSObjectCoder'
@testable import NSObjectCoder
                 ^

SwiftCompile normal arm64 Compiling\ NSObjectCoderTests.swift /Users/builder/builds/o86TiJKT/2/finestructure/swiftpackageindex-builder/spi-builder-workspace/Tests/ObjectCoderTests/NSObjectCoderTests.swift (in target 'ObjectCoderTests' from project 'ObjectCoder')
    cd /Users/builder/builds/o86TiJKT/2/finestructure/swiftpackageindex-builder/spi-builder-workspace
    builtin-swiftTaskExecution -- /Applications/Xcode-15.0.0-Beta.app/Contents/Developer/Toolchains/XcodeDefault.xctoolchain/usr/bin/swift-frontend -frontend -c -primary-file /Users/builder/builds/o86TiJKT/2/finestructure/swiftpackageindex-builder/spi-builder-workspace/Tests/ObjectCoderTests/NSObjectCoderTests.swift /Users/builder/builds/o86TiJKT/2/finestructure/swiftpackageindex-builder/spi-builder-workspace/Tests/ObjectCoderTests/XCTestManifests.swift -emit-dependencies-path /Users/builder/builds/o86TiJKT/2/finestructure/swiftpackageindex-builder/spi-builder-workspace/.derivedData/Build/Intermediates.noindex/ObjectCoder.build/Debug-appletvos/ObjectCoderTests.build/Objects-normal/arm64/NSObjectCoderTests.d -emit-const-values-path /Users/builder/builds/o86TiJKT/2/finestructure/swiftpackageindex-builder/spi-builder-workspace/.derivedData/Build/Intermediates.noindex/ObjectCoder.build/Debug-appletvos/ObjectCoderTests.build/Objects-normal/arm64/NSObjectCoderTests.swiftconstvalues -emit-reference-dependencies-path /Users/builder/builds/o86TiJKT/2/finestructure/swiftpackageindex-builder/spi-builder-workspace/.derivedData/Build/Intermediates.noindex/ObjectCoder.build/Debug-appletvos/ObjectCoderTests.build/Objects-normal/arm64/NSObjectCoderTests.swiftdeps -serialize-diagnostics-path /Users/builder/builds/o86TiJKT/2/finestructure/swiftpackageindex-builder/spi-builder-workspace/.derivedData/Build/Intermediates.noindex/ObjectCoder.build/Debug-appletvos/ObjectCoderTests.build/Objects-normal/arm64/NSObjectCoderTests.dia -target arm64-apple-tvos12.0 -Xllvm -aarch64-use-tbi -enable-objc-interop -sdk /Applications/Xcode-15.0.0-Beta.app/Contents/Developer/Platforms/AppleTVOS.platform/Developer/SDKs/AppleTVOS17.0.sdk -I /Users/builder/builds/o86TiJKT/2/finestructure/swiftpackageindex-builder/spi-builder-workspace/.derivedData/Build/Products/Debug-appletvos -I /Applications/Xcode-15.0.0-Beta.app/Contents/Developer/Platforms/AppleTVOS.platform/Developer/usr/lib -F /Users/builder/builds/o86TiJKT/2/finestructure/swiftpackageindex-builder/spi-builder-workspace/.derivedData/Build/Products/Debug-appletvos/PackageFrameworks -F /Users/builder/builds/o86TiJKT/2/finestructure/swiftpackageindex-builder/spi-builder-workspace/.derivedData/Build/Products/Debug-appletvos -F /Applications/Xcode-15.0.0-Beta.app/Contents/Developer/Platforms/AppleTVOS.platform/Developer/Library/Frameworks -F /Applications/Xcode-15.0.0-Beta.app/Contents/Developer/Platforms/AppleTVOS.platform/Developer/SDKs/AppleTVOS17.0.sdk/Developer/Library/Frameworks -no-color-diagnostics -enable-testing -g -module-cache-path /Users/builder/builds/o86TiJKT/2/finestructure/swiftpackageindex-builder/spi-builder-workspace/.derivedData/ModuleCache.noindex -swift-version 5 -enforce-exclusivity\=checked -Onone -D SWIFT_PACKAGE -D DEBUG -D Xcode -serialize-debugging-options -const-gather-protocols-file /Users/builder/builds/o86TiJKT/2/finestructure/swiftpackageindex-builder/spi-builder-workspace/.derivedData/Build/Intermediates.noindex/ObjectCoder.build/Debug-appletvos/ObjectCoderTests.build/Objects-normal/arm64/ObjectCoderTests_const_extract_protocols.json -empty-abi-descriptor -plugin-path /Applications/Xcode-15.0.0-Beta.app/Contents/Developer/Toolchains/XcodeDefault.xctoolchain/usr/lib/swift/host/plugins -plugin-path /Applications/Xcode-15.0.0-Beta.app/Contents/Developer/Toolchains/XcodeDefault.xctoolchain/usr/local/lib/swift/host/plugins -validate-clang-modules-once -clang-build-session-file /Users/builder/builds/o86TiJKT/2/finestructure/swiftpackageindex-builder/spi-builder-workspace/.derivedData/ModuleCache.noindex/Session.modulevalidation -Xcc -working-directory -Xcc /Users/builder/builds/o86TiJKT/2/finestructure/swiftpackageindex-builder/spi-builder-workspace -resource-dir /Applications/Xcode-15.0.0-Beta.app/Contents/Developer/Toolchains/XcodeDefault.xctoolchain/usr/lib/swift -enable-anonymous-context-mangled-names -Xcc -ivfsstatcache -Xcc /Users/builder/builds/o86TiJKT/2/finestructure/swiftpackageindex-builder/spi-builder-workspace/.derivedData/SDKStatCaches.noindex/appletvos17.0-21J5273p-f1c542bf70c0c6d9321512ea4fae4f06.sdkstatcache -Xcc -I/Users/builder/builds/o86TiJKT/2/finestructure/swiftpackageindex-builder/spi-builder-workspace/.derivedData/Build/Products/Debug-appletvos/include -Xcc -I/Users/builder/builds/o86TiJKT/2/finestructure/swiftpackageindex-builder/spi-builder-workspace/.derivedData/Build/Intermediates.noindex/ObjectCoder.build/Debug-appletvos/ObjectCoderTests.build/DerivedSources-normal/arm64 -Xcc -I/Users/builder/builds/o86TiJKT/2/finestructure/swiftpackageindex-builder/spi-builder-workspace/.derivedData/Build/Intermediates.noindex/ObjectCoder.build/Debug-appletvos/ObjectCoderTests.build/DerivedSources/arm64 -Xcc -I/Users/builder/builds/o86TiJKT/2/finestructure/swiftpackageindex-builder/spi-builder-workspace/.derivedData/Build/Intermediates.noindex/ObjectCoder.build/Debug-appletvos/ObjectCoderTests.build/DerivedSources -Xcc -DSWIFT_PACKAGE -Xcc -DDEBUG\=1 -module-name ObjectCoderTests -frontend-parseable-output -disable-clang-spi -target-sdk-version 17.0 -target-sdk-name appletvos17.0 -o /Users/builder/builds/o86TiJKT/2/finestructure/swiftpackageindex-builder/spi-builder-workspace/.derivedData/Build/Intermediates.noindex/ObjectCoder.build/Debug-appletvos/ObjectCoderTests.build/Objects-normal/arm64/NSObjectCoderTests.o -index-unit-output-path /ObjectCoder.build/Debug-appletvos/ObjectCoderTests.build/Objects-normal/arm64/NSObjectCoderTests.o -index-store-path /Users/builder/builds/o86TiJKT/2/finestructure/swiftpackageindex-builder/spi-builder-workspace/.derivedData/Index.noindex/DataStore -index-system-modules
SwiftCompile normal arm64 /Users/builder/builds/o86TiJKT/2/finestructure/swiftpackageindex-builder/spi-builder-workspace/Tests/ObjectCoderTests/NSObjectCoderTests.swift (in target 'ObjectCoderTests' from project 'ObjectCoder')
    cd /Users/builder/builds/o86TiJKT/2/finestructure/swiftpackageindex-builder/spi-builder-workspace
    /Applications/Xcode-15.0.0-Beta.app/Contents/Developer/Toolchains/XcodeDefault.xctoolchain/usr/bin/swift-frontend -c -primary-file /Users/builder/builds/o86TiJKT/2/finestructure/swiftpackageindex-builder/spi-builder-workspace/Tests/ObjectCoderTests/NSObjectCoderTests.swift /Users/builder/builds/o86TiJKT/2/finestructure/swiftpackageindex-builder/spi-builder-workspace/Tests/ObjectCoderTests/XCTestManifests.swift -emit-dependencies-path /Users/builder/builds/o86TiJKT/2/finestructure/swiftpackageindex-builder/spi-builder-workspace/.derivedData/Build/Intermediates.noindex/ObjectCoder.build/Debug-appletvos/ObjectCoderTests.build/Objects-normal/arm64/NSObjectCoderTests.d -emit-const-values-path /Users/builder/builds/o86TiJKT/2/finestructure/swiftpackageindex-builder/spi-builder-workspace/.derivedData/Build/Intermediates.noindex/ObjectCoder.build/Debug-appletvos/ObjectCoderTests.build/Objects-normal/arm64/NSObjectCoderTests.swiftconstvalues -emit-reference-dependencies-path /Users/builder/builds/o86TiJKT/2/finestructure/swiftpackageindex-builder/spi-builder-workspace/.derivedData/Build/Intermediates.noindex/ObjectCoder.build/Debug-appletvos/ObjectCoderTests.build/Objects-normal/arm64/NSObjectCoderTests.swiftdeps -serialize-diagnostics-path /Users/builder/builds/o86TiJKT/2/finestructure/swiftpackageindex-builder/spi-builder-workspace/.derivedData/Build/Intermediates.noindex/ObjectCoder.build/Debug-appletvos/ObjectCoderTests.build/Objects-normal/arm64/NSObjectCoderTests.dia -target arm64-apple-tvos12.0 -Xllvm -aarch64-use-tbi -enable-objc-interop -sdk /Applications/Xcode-15.0.0-Beta.app/Contents/Developer/Platforms/AppleTVOS.platform/Developer/SDKs/AppleTVOS17.0.sdk -I /Users/builder/builds/o86TiJKT/2/finestructure/swiftpackageindex-builder/spi-builder-workspace/.derivedData/Build/Products/Debug-appletvos -I /Applications/Xcode-15.0.0-Beta.app/Contents/Developer/Platforms/AppleTVOS.platform/Developer/usr/lib -F /Users/builder/builds/o86TiJKT/2/finestructure/swiftpackageindex-builder/spi-builder-workspace/.derivedData/Build/Products/Debug-appletvos/PackageFrameworks -F /Users/builder/builds/o86TiJKT/2/finestructure/swiftpackageindex-builder/spi-builder-workspace/.derivedData/Build/Products/Debug-appletvos -F /Applications/Xcode-15.0.0-Beta.app/Contents/Developer/Platforms/AppleTVOS.platform/Developer/Library/Frameworks -F /Applications/Xcode-15.0.0-Beta.app/Contents/Developer/Platforms/AppleTVOS.platform/Developer/SDKs/AppleTVOS17.0.sdk/Developer/Library/Frameworks -no-color-diagnostics -enable-testing -g -module-cache-path /Users/builder/builds/o86TiJKT/2/finestructure/swiftpackageindex-builder/spi-builder-workspace/.derivedData/ModuleCache.noindex -swift-version 5 -enforce-exclusivity\=checked -Onone -D SWIFT_PACKAGE -D DEBUG -D Xcode -serialize-debugging-options -const-gather-protocols-file /Users/builder/builds/o86TiJKT/2/finestructure/swiftpackageindex-builder/spi-builder-workspace/.derivedData/Build/Intermediates.noindex/ObjectCoder.build/Debug-appletvos/ObjectCoderTests.build/Objects-normal/arm64/ObjectCoderTests_const_extract_protocols.json -empty-abi-descriptor -plugin-path /Applications/Xcode-15.0.0-Beta.app/Contents/Developer/Toolchains/XcodeDefault.xctoolchain/usr/lib/swift/host/plugins -plugin-path /Applications/Xcode-15.0.0-Beta.app/Contents/Developer/Toolchains/XcodeDefault.xctoolchain/usr/local/lib/swift/host/plugins -validate-clang-modules-once -clang-build-session-file /Users/builder/builds/o86TiJKT/2/finestructure/swiftpackageindex-builder/spi-builder-workspace/.derivedData/ModuleCache.noindex/Session.modulevalidation -Xcc -working-directory -Xcc /Users/builder/builds/o86TiJKT/2/finestructure/swiftpackageindex-builder/spi-builder-workspace -resource-dir /Applications/Xcode-15.0.0-Beta.app/Contents/Developer/Toolchains/XcodeDefault.xctoolchain/usr/lib/swift -enable-anonymous-context-mangled-names -Xcc -ivfsstatcache -Xcc /Users/builder/builds/o86TiJKT/2/finestructure/swiftpackageindex-builder/spi-builder-workspace/.derivedData/SDKStatCaches.noindex/appletvos17.0-21J5273p-f1c542bf70c0c6d9321512ea4fae4f06.sdkstatcache -Xcc -I/Users/builder/builds/o86TiJKT/2/finestructure/swiftpackageindex-builder/spi-builder-workspace/.derivedData/Build/Products/Debug-appletvos/include -Xcc -I/Users/builder/builds/o86TiJKT/2/finestructure/swiftpackageindex-builder/spi-builder-workspace/.derivedData/Build/Intermediates.noindex/ObjectCoder.build/Debug-appletvos/ObjectCoderTests.build/DerivedSources-normal/arm64 -Xcc -I/Users/builder/builds/o86TiJKT/2/finestructure/swiftpackageindex-builder/spi-builder-workspace/.derivedData/Build/Intermediates.noindex/ObjectCoder.build/Debug-appletvos/ObjectCoderTests.build/DerivedSources/arm64 -Xcc -I/Users/builder/builds/o86TiJKT/2/finestructure/swiftpackageindex-builder/spi-builder-workspace/.derivedData/Build/Intermediates.noindex/ObjectCoder.build/Debug-appletvos/ObjectCoderTests.build/DerivedSources -Xcc -DSWIFT_PACKAGE -Xcc -DDEBUG\=1 -module-name ObjectCoderTests -frontend-parseable-output -disable-clang-spi -target-sdk-version 17.0 -target-sdk-name appletvos17.0 -o /Users/builder/builds/o86TiJKT/2/finestructure/swiftpackageindex-builder/spi-builder-workspace/.derivedData/Build/Intermediates.noindex/ObjectCoder.build/Debug-appletvos/ObjectCoderTests.build/Objects-normal/arm64/NSObjectCoderTests.o -index-unit-output-path /ObjectCoder.build/Debug-appletvos/ObjectCoderTests.build/Objects-normal/arm64/NSObjectCoderTests.o -index-store-path /Users/builder/builds/o86TiJKT/2/finestructure/swiftpackageindex-builder/spi-builder-workspace/.derivedData/Index.noindex/DataStore -index-system-modules
/Users/builder/builds/o86TiJKT/2/finestructure/swiftpackageindex-builder/spi-builder-workspace/Tests/ObjectCoderTests/NSObjectCoderTests.swift:2:18: error: no such module 'NSObjectCoder'
@testable import NSObjectCoder
                 ^
SwiftEmitModule normal arm64 Emitting\ module\ for\ ObjectCoderTests (in target 'ObjectCoderTests' from project 'ObjectCoder')
    cd /Users/builder/builds/o86TiJKT/2/finestructure/swiftpackageindex-builder/spi-builder-workspace
    builtin-swiftTaskExecution -- /Applications/Xcode-15.0.0-Beta.app/Contents/Developer/Toolchains/XcodeDefault.xctoolchain/usr/bin/swift-frontend -frontend -emit-module -experimental-skip-non-inlinable-function-bodies-without-types /Users/builder/builds/o86TiJKT/2/finestructure/swiftpackageindex-builder/spi-builder-workspace/Tests/ObjectCoderTests/NSObjectCoderTests.swift /Users/builder/builds/o86TiJKT/2/finestructure/swiftpackageindex-builder/spi-builder-workspace/Tests/ObjectCoderTests/XCTestManifests.swift -target arm64-apple-tvos12.0 -Xllvm -aarch64-use-tbi -enable-objc-interop -sdk /Applications/Xcode-15.0.0-Beta.app/Contents/Developer/Platforms/AppleTVOS.platform/Developer/SDKs/AppleTVOS17.0.sdk -I /Users/builder/builds/o86TiJKT/2/finestructure/swiftpackageindex-builder/spi-builder-workspace/.derivedData/Build/Products/Debug-appletvos -I /Applications/Xcode-15.0.0-Beta.app/Contents/Developer/Platforms/AppleTVOS.platform/Developer/usr/lib -F /Users/builder/builds/o86TiJKT/2/finestructure/swiftpackageindex-builder/spi-builder-workspace/.derivedData/Build/Products/Debug-appletvos/PackageFrameworks -F /Users/builder/builds/o86TiJKT/2/finestructure/swiftpackageindex-builder/spi-builder-workspace/.derivedData/Build/Products/Debug-appletvos -F /Applications/Xcode-15.0.0-Beta.app/Contents/Developer/Platforms/AppleTVOS.platform/Developer/Library/Frameworks -F /Applications/Xcode-15.0.0-Beta.app/Contents/Developer/Platforms/AppleTVOS.platform/Developer/SDKs/AppleTVOS17.0.sdk/Developer/Library/Frameworks -no-color-diagnostics -enable-testing -g -module-cache-path /Users/builder/builds/o86TiJKT/2/finestructure/swiftpackageindex-builder/spi-builder-workspace/.derivedData/ModuleCache.noindex -swift-version 5 -enforce-exclusivity\=checked -Onone -D SWIFT_PACKAGE -D DEBUG -D Xcode -serialize-debugging-options -const-gather-protocols-file /Users/builder/builds/o86TiJKT/2/finestructure/swiftpackageindex-builder/spi-builder-workspace/.derivedData/Build/Intermediates.noindex/ObjectCoder.build/Debug-appletvos/ObjectCoderTests.build/Objects-normal/arm64/ObjectCoderTests_const_extract_protocols.json -empty-abi-descriptor -plugin-path /Applications/Xcode-15.0.0-Beta.app/Contents/Developer/Toolchains/XcodeDefault.xctoolchain/usr/lib/swift/host/plugins -plugin-path /Applications/Xcode-15.0.0-Beta.app/Contents/Developer/Toolchains/XcodeDefault.xctoolchain/usr/local/lib/swift/host/plugins -validate-clang-modules-once -clang-build-session-file /Users/builder/builds/o86TiJKT/2/finestructure/swiftpackageindex-builder/spi-builder-workspace/.derivedData/ModuleCache.noindex/Session.modulevalidation -Xcc -working-directory -Xcc /Users/builder/builds/o86TiJKT/2/finestructure/swiftpackageindex-builder/spi-builder-workspace -resource-dir /Applications/Xcode-15.0.0-Beta.app/Contents/Developer/Toolchains/XcodeDefault.xctoolchain/usr/lib/swift -enable-anonymous-context-mangled-names -Xcc -ivfsstatcache -Xcc /Users/builder/builds/o86TiJKT/2/finestructure/swiftpackageindex-builder/spi-builder-workspace/.derivedData/SDKStatCaches.noindex/appletvos17.0-21J5273p-f1c542bf70c0c6d9321512ea4fae4f06.sdkstatcache -Xcc -I/Users/builder/builds/o86TiJKT/2/finestructure/swiftpackageindex-builder/spi-builder-workspace/.derivedData/Build/Products/Debug-appletvos/include -Xcc -I/Users/builder/builds/o86TiJKT/2/finestructure/swiftpackageindex-builder/spi-builder-workspace/.derivedData/Build/Intermediates.noindex/ObjectCoder.build/Debug-appletvos/ObjectCoderTests.build/DerivedSources-normal/arm64 -Xcc -I/Users/builder/builds/o86TiJKT/2/finestructure/swiftpackageindex-builder/spi-builder-workspace/.derivedData/Build/Intermediates.noindex/ObjectCoder.build/Debug-appletvos/ObjectCoderTests.build/DerivedSources/arm64 -Xcc -I/Users/builder/builds/o86TiJKT/2/finestructure/swiftpackageindex-builder/spi-builder-workspace/.derivedData/Build/Intermediates.noindex/ObjectCoder.build/Debug-appletvos/ObjectCoderTests.build/DerivedSources -Xcc -DSWIFT_PACKAGE -Xcc -DDEBUG\=1 -module-name ObjectCoderTests -disable-clang-spi -target-sdk-version 17.0 -target-sdk-name appletvos17.0 -emit-module-doc-path /Users/builder/builds/o86TiJKT/2/finestructure/swiftpackageindex-builder/spi-builder-workspace/.derivedData/Build/Intermediates.noindex/ObjectCoder.build/Debug-appletvos/ObjectCoderTests.build/Objects-normal/arm64/ObjectCoderTests.swiftdoc -emit-module-source-info-path /Users/builder/builds/o86TiJKT/2/finestructure/swiftpackageindex-builder/spi-builder-workspace/.derivedData/Build/Intermediates.noindex/ObjectCoder.build/Debug-appletvos/ObjectCoderTests.build/Objects-normal/arm64/ObjectCoderTests.swiftsourceinfo -serialize-diagnostics-path /Users/builder/builds/o86TiJKT/2/finestructure/swiftpackageindex-builder/spi-builder-workspace/.derivedData/Build/Intermediates.noindex/ObjectCoder.build/Debug-appletvos/ObjectCoderTests.build/Objects-normal/arm64/ObjectCoderTests-master-emit-module.dia -emit-dependencies-path /Users/builder/builds/o86TiJKT/2/finestructure/swiftpackageindex-builder/spi-builder-workspace/.derivedData/Build/Intermediates.noindex/ObjectCoder.build/Debug-appletvos/ObjectCoderTests.build/Objects-normal/arm64/ObjectCoderTests-master-emit-module.d -o /Users/builder/builds/o86TiJKT/2/finestructure/swiftpackageindex-builder/spi-builder-workspace/.derivedData/Build/Intermediates.noindex/ObjectCoder.build/Debug-appletvos/ObjectCoderTests.build/Objects-normal/arm64/ObjectCoderTests.swiftmodule -emit-abi-descriptor-path /Users/builder/builds/o86TiJKT/2/finestructure/swiftpackageindex-builder/spi-builder-workspace/.derivedData/Build/Intermediates.noindex/ObjectCoder.build/Debug-appletvos/ObjectCoderTests.build/Objects-normal/arm64/ObjectCoderTests.abi.json
/Users/builder/builds/o86TiJKT/2/finestructure/swiftpackageindex-builder/spi-builder-workspace/Tests/ObjectCoderTests/NSObjectCoderTests.swift:2:18: error: no such module 'NSObjectCoder'
@testable import NSObjectCoder
                 ^
** BUILD FAILED **


The following build commands failed:
	SwiftCompile normal arm64 /Users/builder/builds/o86TiJKT/2/finestructure/swiftpackageindex-builder/spi-builder-workspace/Tests/ObjectCoderTests/XCTestManifests.swift (in target 'ObjectCoderTests' from project 'ObjectCoder')
	SwiftCompile normal arm64 Compiling\ XCTestManifests.swift /Users/builder/builds/o86TiJKT/2/finestructure/swiftpackageindex-builder/spi-builder-workspace/Tests/ObjectCoderTests/XCTestManifests.swift (in target 'ObjectCoderTests' from project 'ObjectCoder')
	SwiftCompile normal arm64 /Users/builder/builds/o86TiJKT/2/finestructure/swiftpackageindex-builder/spi-builder-workspace/Tests/ObjectCoderTests/NSObjectCoderTests.swift (in target 'ObjectCoderTests' from project 'ObjectCoder')
	SwiftEmitModule normal arm64 Emitting\ module\ for\ ObjectCoderTests (in target 'ObjectCoderTests' from project 'ObjectCoder')
(4 failures)
Retrying in 0 seconds ...
BUILD FAILURE 5.9 tvos

Build Machine: Mac 5