Build Information
Failed to build SGLImage, reference master (7aa96e), with Swift 6.4 for macOS (Xcode) using Xcode 27.0 on 15 Sep 2026 22:34:35 UTC.
Build Command
env DEVELOPER_DIR=/Applications/Xcode-27.0.0-Release.Candidate.app xcrun xcodebuild -IDEClonedSourcePackagesDirPathOverride=$PWD/.dependencies -skipMacroValidation -skipPackagePluginValidation -derivedDataPath $PWD/.derivedData build -scheme SGLImage-Package -destination platform=macOS,arch=arm64Build Log
========================================
RunAll
========================================
Builder version: 5.1.0
Interrupt handler set up.
========================================
Checkout
========================================
Clone URL: https://github.com/SwiftGL/Image.git
Reference: master
Initialized empty Git repository in /Users/admin/builder/spi-builder-workspace/.git/
From https://github.com/SwiftGL/Image
* branch master -> FETCH_HEAD
* [new branch] master -> origin/master
HEAD is now at 7aa96e7 Renamed podspec.
Cloned https://github.com/SwiftGL/Image.git
Revision (git rev-parse @):
7aa96e7548baa8d06619b97a1906012193f6eff8
SUCCESS checkout https://github.com/SwiftGL/Image.git at master
========================================
Build
========================================
Selected platform: macosXcodebuild
Swift version: 6.4
Building package at path: $PWD
https://github.com/SwiftGL/Image.git
Command line invocation:
/Applications/Xcode-27.0.0-Release.Candidate.app/Contents/Developer/usr/bin/xcodebuild -IDEClonedSourcePackagesDirPathOverride=/Users/admin/builder/spi-builder-workspace/.dependencies -resolvePackageDependencies
resolved source packages:
{
"dependencies" : [
],
"manifest_display_name" : "SGLImage",
"name" : "SGLImage",
"path" : "/Users/admin/builder/spi-builder-workspace",
"platforms" : [
],
"products" : [
{
"name" : "SGLImage",
"targets" : [
"SGLImage"
],
"type" : {
"library" : [
"automatic"
]
}
}
],
"targets" : [
{
"c99name" : "SGLImageTests",
"module_type" : "SwiftTarget",
"name" : "SGLImageTests",
"path" : "Tests/SGLImageTests",
"sources" : [
"SwiftGLresImage.swift"
],
"target_dependencies" : [
"SGLImage"
],
"type" : "test"
},
{
"c99name" : "SGLImage",
"module_type" : "SwiftTarget",
"name" : "SGLImage",
"path" : "Sources/SGLImage",
"product_memberships" : [
"SGLImage"
],
"sources" : [
"Image.swift",
"ImageBMP.swift",
"ImageGIF.swift",
"ImageLoader.swift",
"ImagePNG.swift",
"Inflate.swift"
],
"type" : "library"
}
],
"tools_version" : "4.0"
}
{
"project" : {
"configurations" : [
"Debug",
"Release"
],
"name" : "SGLImage",
"schemes" : [
"SGLImage-Package",
"SGLImagePackageDescription",
"SGLImagePackageTests"
],
"targets" : [
"SGLImagePackageDescription",
"SGLImageTests",
"SGLImage",
"SGLImagePackageTests"
]
}
}
Running build ...
env DEVELOPER_DIR=/Applications/Xcode-27.0.0-Release.Candidate.app xcrun xcodebuild -IDEClonedSourcePackagesDirPathOverride=$PWD/.dependencies -skipMacroValidation -skipPackagePluginValidation -derivedDataPath $PWD/.derivedData build -scheme SGLImage-Package -destination platform=macOS,arch=arm64
Command line invocation:
/Applications/Xcode-27.0.0-Release.Candidate.app/Contents/Developer/usr/bin/xcodebuild -IDEClonedSourcePackagesDirPathOverride=/Users/admin/builder/spi-builder-workspace/.dependencies -skipMacroValidation -skipPackagePluginValidation -derivedDataPath /Users/admin/builder/spi-builder-workspace/.derivedData build -scheme SGLImage-Package -destination platform=macOS,arch=arm64
ComputePackagePrebuildTargetDependencyGraph
Prepare packages
CreateBuildRequest
SendProjectDescription
CreateBuildOperation
ComputeTargetDependencyGraph
note: Building targets in dependency order
note: Target dependency graph (1 target)
Target 'SGLImage' in project 'SGLImage' (no dependencies)
GatherProvisioningInputs
CreateBuildDescription
ExecuteExternalTool /Applications/Xcode-27.0.0-Release.Candidate.app/Contents/Developer/Toolchains/XcodeDefault.xctoolchain/usr/bin/clang -v -E -dM -isysroot /Applications/Xcode-27.0.0-Release.Candidate.app/Contents/Developer/Platforms/MacOSX.platform/Developer/SDKs/MacOSX27.0.sdk -x c -c /dev/null
ExecuteExternalTool /Applications/Xcode-27.0.0-Release.Candidate.app/Contents/Developer/Toolchains/XcodeDefault.xctoolchain/usr/bin/swiftc --version
ExecuteExternalTool /Applications/Xcode-27.0.0-Release.Candidate.app/Contents/Developer/Toolchains/XcodeDefault.xctoolchain/usr/bin/ld -version_details
Build description signature: 548dda1a56f69ca3420c3ac686a6fc41
Build description path: /Users/admin/builder/spi-builder-workspace/.derivedData/Build/Intermediates.noindex/XCBuildData/548dda1a56f69ca3420c3ac686a6fc41.xcbuilddata
/Users/admin/builder/spi-builder-workspace/SGLImage.xcodeproj: error: The macOS deployment target 'MACOSX_DEPLOYMENT_TARGET' is set to 10.10, but the range of supported deployment target versions is 12.0 to 27.0.x. (in target 'SGLImage' from project 'SGLImage')
** BUILD FAILED **
The following build commands failed:
Building project SGLImage with scheme SGLImage-Package
(1 failure)
Command line invocation:
/Applications/Xcode-27.0.0-Release.Candidate.app/Contents/Developer/usr/bin/xcodebuild -IDEClonedSourcePackagesDirPathOverride=/Users/admin/builder/spi-builder-workspace/.dependencies -resolvePackageDependencies
resolved source packages:
{
"dependencies" : [
],
"manifest_display_name" : "SGLImage",
"name" : "SGLImage",
"path" : "/Users/admin/builder/spi-builder-workspace",
"platforms" : [
],
"products" : [
{
"name" : "SGLImage",
"targets" : [
"SGLImage"
],
"type" : {
"library" : [
"automatic"
]
}
}
],
"targets" : [
{
"c99name" : "SGLImageTests",
"module_type" : "SwiftTarget",
"name" : "SGLImageTests",
"path" : "Tests/SGLImageTests",
"sources" : [
"SwiftGLresImage.swift"
],
"target_dependencies" : [
"SGLImage"
],
"type" : "test"
},
{
"c99name" : "SGLImage",
"module_type" : "SwiftTarget",
"name" : "SGLImage",
"path" : "Sources/SGLImage",
"product_memberships" : [
"SGLImage"
],
"sources" : [
"Image.swift",
"ImageBMP.swift",
"ImageGIF.swift",
"ImageLoader.swift",
"ImagePNG.swift",
"Inflate.swift"
],
"type" : "library"
}
],
"tools_version" : "4.0"
}
{
"project" : {
"configurations" : [
"Debug",
"Release"
],
"name" : "SGLImage",
"schemes" : [
"SGLImage-Package",
"SGLImagePackageDescription",
"SGLImagePackageTests"
],
"targets" : [
"SGLImagePackageDescription",
"SGLImageTests",
"SGLImage",
"SGLImagePackageTests"
]
}
}
Running build ...
env DEVELOPER_DIR=/Applications/Xcode-27.0.0-Release.Candidate.app xcrun xcodebuild -IDEClonedSourcePackagesDirPathOverride=$PWD/.dependencies -skipMacroValidation -skipPackagePluginValidation -derivedDataPath $PWD/.derivedData build -scheme SGLImage-Package -destination platform=macOS,arch=arm64
Command line invocation:
/Applications/Xcode-27.0.0-Release.Candidate.app/Contents/Developer/usr/bin/xcodebuild -IDEClonedSourcePackagesDirPathOverride=/Users/admin/builder/spi-builder-workspace/.dependencies -skipMacroValidation -skipPackagePluginValidation -derivedDataPath /Users/admin/builder/spi-builder-workspace/.derivedData build -scheme SGLImage-Package -destination platform=macOS,arch=arm64
ComputePackagePrebuildTargetDependencyGraph
Prepare packages
CreateBuildRequest
SendProjectDescription
CreateBuildOperation
ComputeTargetDependencyGraph
note: Building targets in dependency order
note: Target dependency graph (1 target)
Target 'SGLImage' in project 'SGLImage' (no dependencies)
GatherProvisioningInputs
CreateBuildDescription
/Users/admin/builder/spi-builder-workspace/SGLImage.xcodeproj: error: The macOS deployment target 'MACOSX_DEPLOYMENT_TARGET' is set to 10.10, but the range of supported deployment target versions is 12.0 to 27.0.x. (in target 'SGLImage' from project 'SGLImage')
** BUILD FAILED **
The following build commands failed:
Building project SGLImage with scheme SGLImage-Package
(1 failure)
BUILD FAILURE 6.4 macosXcodebuild