The Swift Package Index logo.Swift Package Index

Build Information

Failed to build swift-openapi-hummingbird, reference 2.1.0 (3a7da5), with Swift 6.2 for Wasm on 30 Sep 2026 10:32:54 UTC.

Build Command

bash -c docker run --pull=always --rm -v "checkouts-54344843-1":/host -w "$PWD" -e JAVA_HOME="/root/.sdkman/candidates/java/current" -e SPI_BUILD="1" -e SPI_PROCESSING="1" registry.gitlab.com/saguaro1/spi-images:wasm-6.2-latest swift build --swift-sdk swift-6.2-RELEASE_wasm 2>&1

Build Log

========================================
RunAll
========================================
Builder version: 5.1.1
Interrupt handler set up.
========================================
Checkout
========================================
Clone URL: https://github.com/hummingbird-project/swift-openapi-hummingbird.git
Reference: 2.1.0
Initialized empty Git repository in /host/spi-builder-workspace/.git/
hint: Using 'master' as the name for the initial branch. This default branch name
hint: is subject to change. To configure the initial branch name to use in all
hint: of your new repositories, which will suppress this warning, call:
hint:
hint: 	git config --global init.defaultBranch <name>
hint:
hint: Names commonly chosen instead of 'master' are 'main', 'trunk' and
hint: 'development'. The just-created branch can be renamed via this command:
hint:
hint: 	git branch -m <name>
From https://github.com/hummingbird-project/swift-openapi-hummingbird
 * tag               2.1.0      -> FETCH_HEAD
HEAD is now at 3a7da50 Strip Foundation/Clean up (#27)
Cloned https://github.com/hummingbird-project/swift-openapi-hummingbird.git
Revision (git rev-parse @):
3a7da5097f1e610c5984e422fd2ec5a26f325c02
SPI manifest file found: $PWD/.spi.yml
SUCCESS checkout https://github.com/hummingbird-project/swift-openapi-hummingbird.git at 2.1.0
========================================
Build
========================================
Selected platform:         wasm
Swift version:             6.2
Building package at path:  $PWD
https://github.com/hummingbird-project/swift-openapi-hummingbird.git
Running build ...
bash -c docker run --pull=always --rm -v "checkouts-54344843-1":/host -w "$PWD" -e JAVA_HOME="/root/.sdkman/candidates/java/current" -e SPI_BUILD="1" -e SPI_PROCESSING="1" registry.gitlab.com/saguaro1/spi-images:wasm-6.2-latest swift build --swift-sdk swift-6.2-RELEASE_wasm 2>&1
wasm-6.2-latest: Pulling from saguaro1/spi-images
Digest: sha256:ff44196b45f83e5a0a99a627b185f548850d9bc1242e3dee2178fb1570812fe8
Status: Image is up to date for registry.gitlab.com/saguaro1/spi-images:wasm-6.2-latest
Fetching https://github.com/apple/swift-openapi-runtime.git
Fetching https://github.com/hummingbird-project/hummingbird.git
[1/6998] Fetching swift-openapi-runtime
[4900/35477] Fetching swift-openapi-runtime, hummingbird
Fetched https://github.com/apple/swift-openapi-runtime.git from cache (0.61s)
[4272/28479] Fetching hummingbird
Fetched https://github.com/hummingbird-project/hummingbird.git from cache (0.94s)
Computing version for https://github.com/hummingbird-project/hummingbird.git
Computed https://github.com/hummingbird-project/hummingbird.git at 2.27.0 (1.16s)
Fetching https://github.com/swift-server/async-http-client.git
Fetching https://github.com/swift-server/swift-service-lifecycle.git
Fetching https://github.com/apple/swift-nio-transport-services.git
Fetching https://github.com/apple/swift-nio-extras.git
Fetching https://github.com/apple/swift-metrics.git
Fetching https://github.com/apple/swift-nio-ssl.git
[1/3523] Fetching swift-metrics
[2221/6372] Fetching swift-metrics, swift-service-lifecycle
Fetched https://github.com/apple/swift-metrics.git from cache (0.50s)
[941/2849] Fetching swift-service-lifecycle
Fetching https://github.com/apple/swift-log.git
[2850/5716] Fetching swift-service-lifecycle, swift-nio-transport-services
[3023/12409] Fetching swift-service-lifecycle, swift-nio-transport-services, swift-nio-extras
[6454/28807] Fetching swift-service-lifecycle, swift-nio-transport-services, swift-nio-extras, async-http-client
[28808/45670] Fetching swift-service-lifecycle, swift-nio-transport-services, swift-nio-extras, async-http-client, swift-nio-ssl
[29989/53835] Fetching swift-service-lifecycle, swift-nio-transport-services, swift-nio-extras, async-http-client, swift-nio-ssl, swift-log
Fetched https://github.com/apple/swift-nio-transport-services.git from cache (1.02s)
[30348/50968] Fetching swift-service-lifecycle, swift-nio-extras, async-http-client, swift-nio-ssl, swift-log
Fetching https://github.com/apple/swift-collections.git
Fetched https://github.com/swift-server/async-http-client.git from cache (1.03s)
[14359/34570] Fetching swift-service-lifecycle, swift-nio-extras, swift-nio-ssl, swift-log
Fetched https://github.com/apple/swift-nio-extras.git from cache (1.03s)
[7747/27877] Fetching swift-service-lifecycle, swift-nio-ssl, swift-log
Fetching https://github.com/apple/swift-nio.git
Fetching https://github.com/apple/swift-http-types.git
Fetched https://github.com/apple/swift-log.git from cache (0.66s)
Fetching https://github.com/apple/swift-distributed-tracing.git
[7740/19712] Fetching swift-service-lifecycle, swift-nio-ssl
[19713/21651] Fetching swift-service-lifecycle, swift-nio-ssl, swift-http-types
[21536/28077] Fetching swift-service-lifecycle, swift-nio-ssl, swift-http-types, swift-distributed-tracing
Fetched https://github.com/swift-server/swift-service-lifecycle.git from cache (1.65s)
Fetching https://github.com/apple/swift-configuration.git
[18790/25228] Fetching swift-nio-ssl, swift-http-types, swift-distributed-tracing
Fetched https://github.com/apple/swift-nio-ssl.git from cache (1.66s)
[2068/8365] Fetching swift-http-types, swift-distributed-tracing
Fetching https://github.com/apple/swift-atomics.git
Fetched https://github.com/apple/swift-http-types.git from cache (0.66s)
[964/6426] Fetching swift-distributed-tracing
Fetching https://github.com/apple/swift-async-algorithms.git
Fetched https://github.com/apple/swift-distributed-tracing.git from cache (0.70s)
Fetching https://github.com/apple/swift-nio-http2.git
[1/28069] Fetching swift-collections
[7861/114276] Fetching swift-collections, swift-nio
[7862/118089] Fetching swift-collections, swift-nio, swift-configuration
[23637/124881] Fetching swift-collections, swift-nio, swift-configuration, swift-async-algorithms
Fetched https://github.com/apple/swift-configuration.git from cache (0.57s)
[25246/121068] Fetching swift-collections, swift-nio, swift-async-algorithms
[34481/122953] Fetching swift-collections, swift-nio, swift-async-algorithms, swift-atomics
Fetched https://github.com/apple/swift-async-algorithms.git from cache (0.61s)
[31831/116161] Fetching swift-collections, swift-nio, swift-atomics
Fetched https://github.com/apple/swift-atomics.git from cache (0.75s)
[59104/114276] Fetching swift-collections, swift-nio
[60829/126531] Fetching swift-collections, swift-nio, swift-nio-http2
Fetched https://github.com/apple/swift-collections.git from cache (1.64s)
[59209/98462] Fetching swift-nio, swift-nio-http2
Fetched https://github.com/apple/swift-nio-http2.git from cache (1.21s)
[64408/86207] Fetching swift-nio
Fetched https://github.com/apple/swift-nio.git from cache (3.70s)
Computing version for https://github.com/apple/swift-nio-http2.git
Computed https://github.com/apple/swift-nio-http2.git at 1.46.0 (4.96s)
Computing version for https://github.com/apple/swift-log.git
Computed https://github.com/apple/swift-log.git at 1.15.1 (0.16s)
Computing version for https://github.com/apple/swift-openapi-runtime.git
Computed https://github.com/apple/swift-openapi-runtime.git at 1.12.2 (0.16s)
Computing version for https://github.com/apple/swift-http-types.git
Computed https://github.com/apple/swift-http-types.git at 1.8.0 (0.18s)
Computing version for https://github.com/apple/swift-metrics.git
Computed https://github.com/apple/swift-metrics.git at 2.11.0 (0.15s)
Computing version for https://github.com/apple/swift-configuration.git
Computed https://github.com/apple/swift-configuration.git at 1.2.1 (0.79s)
Fetching https://github.com/apple/swift-system
[1/6986] Fetching swift-system
Fetched https://github.com/apple/swift-system from cache (0.67s)
Computing version for https://github.com/apple/swift-nio-extras.git
Computed https://github.com/apple/swift-nio-extras.git at 1.35.1 (1.09s)
Fetching https://github.com/apple/swift-certificates.git
Fetching https://github.com/apple/swift-asn1.git
Fetching https://github.com/apple/swift-algorithms.git
Fetching https://github.com/apple/swift-http-structured-headers.git
[1/1253] Fetching swift-http-structured-headers
[1254/3239] Fetching swift-http-structured-headers, swift-asn1
[1791/9398] Fetching swift-http-structured-headers, swift-asn1, swift-algorithms
[9399/16996] Fetching swift-http-structured-headers, swift-asn1, swift-algorithms, swift-certificates
Fetched https://github.com/apple/swift-http-structured-headers.git from cache (0.56s)
Fetched https://github.com/apple/swift-asn1.git from cache (0.56s)
Fetched https://github.com/apple/swift-algorithms.git from cache (0.56s)
[152/7598] Fetching swift-certificates
Fetched https://github.com/apple/swift-certificates.git from cache (0.67s)
Computing version for https://github.com/apple/swift-algorithms.git
Computed https://github.com/apple/swift-algorithms.git at 1.2.1 (1.57s)
Fetching https://github.com/apple/swift-numerics.git
[1/6651] Fetching swift-numerics
Fetched https://github.com/apple/swift-numerics.git from cache (1.41s)
Computing version for https://github.com/apple/swift-atomics.git
Computed https://github.com/apple/swift-atomics.git at 1.3.1 (1.77s)
Computing version for https://github.com/apple/swift-distributed-tracing.git
Computed https://github.com/apple/swift-distributed-tracing.git at 1.5.0 (0.17s)
Fetching https://github.com/apple/swift-service-context.git
[1/1405] Fetching swift-service-context
Fetched https://github.com/apple/swift-service-context.git from cache (0.52s)
Computing version for https://github.com/apple/swift-service-context.git
Computed https://github.com/apple/swift-service-context.git at 1.3.0 (0.68s)
Computing version for https://github.com/apple/swift-numerics.git
Computed https://github.com/apple/swift-numerics.git at 1.1.1 (0.15s)
Computing version for https://github.com/swift-server/swift-service-lifecycle.git
Computed https://github.com/swift-server/swift-service-lifecycle.git at 2.12.0 (0.15s)
Computing version for https://github.com/apple/swift-async-algorithms.git
Computed https://github.com/apple/swift-async-algorithms.git at 1.1.6 (0.20s)
Computing version for https://github.com/apple/swift-collections.git
Computed https://github.com/apple/swift-collections.git at 1.7.1 (0.24s)
Computing version for https://github.com/apple/swift-nio.git
Computed https://github.com/apple/swift-nio.git at 2.103.0 (0.35s)
Computing version for https://github.com/apple/swift-http-structured-headers.git
Computed https://github.com/apple/swift-http-structured-headers.git at 1.7.0 (0.15s)
Computing version for https://github.com/apple/swift-asn1.git
Computed https://github.com/apple/swift-asn1.git at 1.7.3 (0.17s)
Computing version for https://github.com/apple/swift-nio-ssl.git
Computed https://github.com/apple/swift-nio-ssl.git at 2.37.5 (0.20s)
Computing version for https://github.com/apple/swift-nio-transport-services.git
Computed https://github.com/apple/swift-nio-transport-services.git at 1.28.0 (0.17s)
Computing version for https://github.com/swift-server/async-http-client.git
Computed https://github.com/swift-server/async-http-client.git at 1.36.2 (0.18s)
Computing version for https://github.com/apple/swift-certificates.git
Computed https://github.com/apple/swift-certificates.git at 1.21.0 (0.23s)
Fetching https://github.com/apple/swift-crypto.git
[1/18572] Fetching swift-crypto
Fetched https://github.com/apple/swift-crypto.git from cache (1.57s)
Computing version for https://github.com/apple/swift-system
Computed https://github.com/apple/swift-system at 1.8.1 (1.77s)
Computing version for https://github.com/apple/swift-crypto.git
Computed https://github.com/apple/swift-crypto.git at 5.0.0 (0.53s)
Creating working copy for https://github.com/swift-server/swift-service-lifecycle.git
Working copy of https://github.com/swift-server/swift-service-lifecycle.git resolved at 2.12.0
Creating working copy for https://github.com/apple/swift-atomics.git
Working copy of https://github.com/apple/swift-atomics.git resolved at 1.3.1
Creating working copy for https://github.com/apple/swift-numerics.git
Working copy of https://github.com/apple/swift-numerics.git resolved at 1.1.1
Creating working copy for https://github.com/swift-server/async-http-client.git
Working copy of https://github.com/swift-server/async-http-client.git resolved at 1.36.2
Creating working copy for https://github.com/apple/swift-crypto.git
Working copy of https://github.com/apple/swift-crypto.git resolved at 5.0.0
Creating working copy for https://github.com/apple/swift-log.git
Working copy of https://github.com/apple/swift-log.git resolved at 1.15.1
Creating working copy for https://github.com/apple/swift-nio.git
Working copy of https://github.com/apple/swift-nio.git resolved at 2.103.0
Creating working copy for https://github.com/apple/swift-async-algorithms.git
Working copy of https://github.com/apple/swift-async-algorithms.git resolved at 1.1.6
Creating working copy for https://github.com/apple/swift-nio-http2.git
Working copy of https://github.com/apple/swift-nio-http2.git resolved at 1.46.0
Creating working copy for https://github.com/apple/swift-collections.git
Working copy of https://github.com/apple/swift-collections.git resolved at 1.7.1
Creating working copy for https://github.com/apple/swift-distributed-tracing.git
Working copy of https://github.com/apple/swift-distributed-tracing.git resolved at 1.5.0
Creating working copy for https://github.com/apple/swift-nio-extras.git
Working copy of https://github.com/apple/swift-nio-extras.git resolved at 1.35.1
Creating working copy for https://github.com/hummingbird-project/hummingbird.git
Working copy of https://github.com/hummingbird-project/hummingbird.git resolved at 2.27.0
Creating working copy for https://github.com/apple/swift-openapi-runtime.git
Working copy of https://github.com/apple/swift-openapi-runtime.git resolved at 1.12.2
Creating working copy for https://github.com/apple/swift-algorithms.git
Working copy of https://github.com/apple/swift-algorithms.git resolved at 1.2.1
Creating working copy for https://github.com/apple/swift-asn1.git
Working copy of https://github.com/apple/swift-asn1.git resolved at 1.7.3
Creating working copy for https://github.com/apple/swift-http-types.git
Working copy of https://github.com/apple/swift-http-types.git resolved at 1.8.0
Creating working copy for https://github.com/apple/swift-system
Working copy of https://github.com/apple/swift-system resolved at 1.8.1
Creating working copy for https://github.com/apple/swift-configuration.git
Working copy of https://github.com/apple/swift-configuration.git resolved at 1.2.1
Creating working copy for https://github.com/apple/swift-service-context.git
Working copy of https://github.com/apple/swift-service-context.git resolved at 1.3.0
Creating working copy for https://github.com/apple/swift-http-structured-headers.git
Working copy of https://github.com/apple/swift-http-structured-headers.git resolved at 1.7.0
Creating working copy for https://github.com/apple/swift-metrics.git
Working copy of https://github.com/apple/swift-metrics.git resolved at 2.11.0
Creating working copy for https://github.com/apple/swift-nio-ssl.git
Working copy of https://github.com/apple/swift-nio-ssl.git resolved at 2.37.5
Creating working copy for https://github.com/apple/swift-certificates.git
Working copy of https://github.com/apple/swift-certificates.git resolved at 1.21.0
Creating working copy for https://github.com/apple/swift-nio-transport-services.git
Working copy of https://github.com/apple/swift-nio-transport-services.git resolved at 1.28.0
Building for debugging...
[0/53] Write sources
[35/53] Compiling CNIOWindows WSAStartup.c
[35/53] Compiling CNIOWASI CNIOWASI.c
[35/53] Compiling CNIOWindows shim.c
[38/53] Compiling _CWASI _CWASI.c
[39/53] Compiling CNIOPosix event_loop_id.c
[40/53] Compiling CSystem shims.c
[41/53] Compiling CNIOLinux shim.c
[42/53] Compiling _AtomicsShims.c
[43/53] Compiling CNIOOpenBSD shim.c
[44/53] Compiling CNIOLinux liburing_shims.c
[45/53] Compiling CNIODarwin shim.c
[46/53] Compiling CNIOFreeBSD shim.c
[47/53] Compiling CNIOLLHTTP c_nio_http.c
[48/53] Compiling CNIOLLHTTP c_nio_api.c
[49/53] Write swift-version-24593BA9C3E375BF.txt
[50/110] Compiling CNIOLLHTTP c_nio_llhttp.c
[52/138] Emitting module InternalCollectionsUtilities
[52/141] Compiling c-nioatomics.c
[53/151] Compiling c-atomics.c
[55/156] Emitting module CoreMetrics
[56/156] Compiling Logging Logger+With.swift
[57/157] Compiling InternalCollectionsUtilities Iterable+CopyContents.swift
[58/157] Compiling InternalCollectionsUtilities Iterable+Equality.swift
[59/157] Compiling InternalCollectionsUtilities LifetimeOverride.swift
[60/157] Compiling InternalCollectionsUtilities MutableRef.swift
[61/157] Compiling InternalCollectionsUtilities FixedWidthInteger+roundUpToPowerOfTwo.swift
[62/157] Compiling InternalCollectionsUtilities Integer rank.swift
[63/157] Compiling InternalCollectionsUtilities UInt+first and last set bit.swift
[64/157] Compiling InternalCollectionsUtilities UInt+reversed.swift
[65/157] Compiling Logging LoggingSystem.swift
[66/157] Compiling HTTPTypes HTTP2ErrorCode.swift
[67/157] Compiling HTTPTypes HTTP3ErrorCode.swift
[68/157] Compiling HTTPTypes HTTPField.swift
[69/157] Compiling HTTPTypes HTTPFieldName.swift
[70/157] Compiling InternalCollectionsUtilities MutableSpan+Extras.swift
[71/157] Compiling InternalCollectionsUtilities OutputSpan+Extras.swift
[72/157] Compiling InternalCollectionsUtilities RandomAccessCollection+Offsets.swift
[73/157] Compiling InternalCollectionsUtilities Span+Extras.swift
[74/157] Emitting module _NIOBase64
[75/157] Compiling _NIOBase64 Base64.swift
[77/158] Compiling ServiceContextModule ServiceContext.swift
[78/158] Compiling InternalCollectionsUtilities UnsafeRawBufferPointer+Extras.swift
[79/158] Compiling InternalCollectionsUtilities _SortedCollection.swift
[80/158] Compiling InternalCollectionsUtilities _UniqueCollection.swift
[81/158] Compiling _NIODataStructures PriorityQueue.swift
[82/158] Compiling _NIODataStructures _TinyArray.swift
[83/158] Compiling Logging Logger+Attributes.swift
[86/158] Compiling InternalCollectionsUtilities Strideable+LimitHelpers.swift
[87/158] Compiling InternalCollectionsUtilities String+Padding.swift
[88/158] Compiling InternalCollectionsUtilities TemporaryAllocation.swift
[89/158] Compiling InternalCollectionsUtilities _UnsafeBitSet+Index.swift
[90/158] Compiling InternalCollectionsUtilities _UnsafeBitSet+_Word.swift
[91/158] Compiling InternalCollectionsUtilities _UnsafeBitSet.swift
[92/158] Compiling InternalCollectionsUtilities UnsafeBufferPointer+Extras.swift
[93/158] Compiling InternalCollectionsUtilities UnsafeMutableBufferPointer+Extras.swift
[94/158] Compiling InternalCollectionsUtilities UnsafeMutablePointer+Extras.swift
[95/158] Compiling InternalCollectionsUtilities UnsafeMutableRawBufferPointer+Extras.swift
[96/158] Compiling InternalCollectionsUtilities UnsafePointer+Extras.swift
[103/164] Compiling ServiceContextModule ServiceContextKey.swift
[104/164] Emitting module ServiceContextModule
[107/181] Compiling Instrumentation NoOpInstrument.swift
[108/181] Emitting module Instrumentation
[109/181] Compiling ConcurrencyHelpers LockedValueBox.swift
[110/181] Compiling Instrumentation MultiplexInstrument.swift
[111/181] Compiling Logging Logger.swift
[112/181] Compiling CoreMetrics MappingMetricsFactory.swift
[113/181] Compiling CoreMetrics WithMetricsFactory.swift
[114/181] Compiling CoreMetrics Metrics.swift
[115/181] Emitting module ConcurrencyHelpers
[116/181] Emitting module NIOConcurrencyHelpers
[117/181] Compiling HTTPTypes HTTPRequest.swift
[118/182] Compiling Instrumentation Instrument.swift
[124/182] Compiling Logging MetadataProvider.swift
[125/182] Compiling HTTPTypes HTTPParsedFields.swift
[126/182] Compiling HTTPTypes HTTPRequest+URL.swift
[127/182] Emitting module Logging
[128/182] Compiling Instrumentation Locks.swift
[133/182] Compiling ConcurrencyHelpers Lock.swift
[134/183] Compiling Instrumentation InstrumentationSystem.swift
[135/185] Compiling SystemPackage Backcompat.swift
[136/185] Compiling SystemPackage CInterop.swift
[137/185] Compiling SystemPackage Constants.swift
[138/185] Compiling SystemPackage Exports.swift
[139/185] Compiling SystemPackage Mocking.swift
[144/185] Compiling SystemPackage PlatformString.swift
[145/185] Compiling NIOConcurrencyHelpers lock.swift
[151/185] Compiling NIOConcurrencyHelpers NIOAtomic.swift
[152/185] Compiling CoreMetrics Locks.swift
[153/186] Emitting module SystemPackage
[170/186] Compiling _NIODataStructures Heap.swift
[171/188] Emitting module _NIODataStructures
[172/198] Compiling HTTPTypes HTTPFields.swift
[174/202] Compiling NIOConcurrencyHelpers NIOLockedValueBox.swift
[175/202] Compiling NIOConcurrencyHelpers NIOLock.swift
[176/202] Compiling NIOConcurrencyHelpers atomics.swift
[177/202] Compiling NIOConcurrencyHelpers NIOThreadPoolWorkAvailable.swift
[178/202] Emitting module SpanPreview
[179/202] Compiling SpanPreview OutputSpan+InputSpanHelpers.swift
[180/216] Compiling SpanPreview MutableSpan+InputSpanHelpers.swift
[181/216] Compiling SpanPreview InputSpan.swift
[183/249] Compiling OrderedCollections _HashTable+Bucket.swift
[184/249] Compiling OrderedCollections _HashTable+BucketIterator.swift
[185/253] Compiling HTTPTypes HTTPFieldValue.swift
[187/263] Compiling UnixSignals UnixSignalsSequence.swift
[188/281] Emitting module HTTPTypes
[189/281] Emitting module Tracing
[190/282] Emitting module UnixSignals
[191/282] Compiling UnixSignals UnixSignal.swift
[192/283] Compiling Tracing TracingTime.swift
[194/325] Compiling Metrics Metrics.swift
[195/325] Emitting module Metrics
[197/326] Compiling Tracing WithTracer.swift
[198/326] Compiling Tracing TracerProtocol.swift
[199/326] Compiling Tracing TracerProtocol+Legacy.swift
[200/326] Compiling Tracing Tracer.swift
[201/326] Compiling DequeModule RigidDeque+ContainerOperations.swift
[202/326] Compiling DequeModule RigidDeque+Deprecations.swift
[203/328] Compiling DequeModule Deque._Storage.swift
[204/328] Compiling DequeModule Deque._UnsafeHandle.swift
[205/328] Compiling HTTPTypes HTTPResponse.swift
[207/329] Compiling DequeModule Deque+Descriptions.swift
[208/329] Compiling DequeModule Deque+Equatable.swift
[209/329] Compiling DequeModule RigidDeque+Append.swift
[210/329] Compiling DequeModule RigidDeque+Consumption.swift
[211/329] Compiling DequeModule UniqueDeque+ContainerOperations.swift
[212/329] Compiling DequeModule UniqueDeque+Deprecations.swift
[213/329] Compiling DequeModule UniqueDeque+Descriptions.swift
[214/329] Compiling DequeModule UniqueDeque+Equatable.swift
[215/329] Compiling DequeModule UniqueDeque+Hashable.swift
[216/329] Compiling DequeModule UniqueDeque+Initializers.swift
[217/329] Compiling DequeModule UniqueDeque+Insertions.swift
[218/329] Compiling DequeModule UniqueDeque+Iterable.swift
[219/329] Compiling DequeModule UniqueDeque+Prepend.swift
[220/329] Compiling DequeModule UniqueDeque+Removals.swift
[221/329] Compiling DequeModule RigidDeque+Prepend.swift
[222/329] Compiling DequeModule RigidDeque+Removals.swift
[223/329] Compiling DequeModule RigidDeque+Replacements.swift
[224/333] Compiling DequeModule Deque+Extras.swift
[225/333] Compiling DequeModule Deque+Hashable.swift
[226/333] Compiling DequeModule Deque+Testing.swift
[227/337] Compiling OrderedCollections OrderedSet+Partial SetAlgebra isSuperset.swift
[228/337] Compiling OrderedCollections OrderedSet+Partial SetAlgebra subtract.swift
[229/337] Compiling OrderedCollections OrderedSet+Partial SetAlgebra subtracting.swift
[230/337] Compiling OrderedCollections OrderedSet+Partial SetAlgebra symmetricDifference.swift
[231/337] Compiling OrderedCollections OrderedSet+Partial SetAlgebra union.swift
[232/337] Compiling OrderedCollections OrderedSet+Partial SetAlgebra+Basics.swift
[233/337] Compiling OrderedCollections OrderedSet+RandomAccessCollection.swift
[234/337] Compiling OrderedCollections OrderedSet+ReserveCapacity.swift
[235/337] Compiling DequeModule Deque+Codable.swift
[236/337] Compiling DequeModule Deque+Collection.swift
[237/337] Compiling DequeModule Deque+CustomReflectable.swift
[239/363] Compiling OpenAPIRuntime RuntimeError.swift
[240/363] Compiling OpenAPIRuntime ServerError.swift
[241/401] Compiling OpenAPIRuntime URIValueFromNodeDecoder+Unkeyed.swift
[242/401] Compiling OpenAPIRuntime UndocumentedPayload.swift
[243/401] Compiling OpenAPIRuntime WarningSuppressingAnnotations.swift
[244/401] Compiling OpenAPIRuntime CodableExtensions.swift
[245/401] Compiling OpenAPIRuntime Configuration.swift
[246/401] Compiling OpenAPIRuntime Converter+Client.swift
[247/401] Compiling OpenAPIRuntime ServerSentEventsDecoding.swift
[248/401] Compiling OpenAPIRuntime ServerSentEventsEncoding.swift
[249/401] Compiling OpenAPIRuntime AsyncSequenceCommon.swift
[250/401] Compiling OpenAPIRuntime OpenAPIMIMEType+Multipart.swift
[251/401] Compiling OpenAPIRuntime URICodeCodingKey.swift
[252/406] Compiling Tracing NoOpTracer.swift
[253/406] Compiling Tracing SpanProtocol.swift
[254/406] Compiling Tracing InstrumentationSystem+Tracing.swift
[255/407] Compiling OpenAPIRuntime CodingErrors.swift
[258/407] Compiling OpenAPIRuntime JSONLinesDecoding.swift
[259/407] Compiling OpenAPIRuntime JSONLinesEncoding.swift
[260/407] Compiling OpenAPIRuntime JSONSequenceDecoding.swift
[261/407] Compiling OpenAPIRuntime JSONSequenceEncoding.swift
[262/407] Compiling OpenAPIRuntime ServerSentEvents.swift
[264/407] Compiling OpenAPIRuntime OpenAPIMIMEType.swift
[265/407] Compiling OpenAPIRuntime OpenAPIValue.swift
[266/407] Compiling OpenAPIRuntime PrettyStringConvertible.swift
[267/407] Compiling OpenAPIRuntime ErrorExtensions.swift
[268/407] Compiling OpenAPIRuntime FoundationExtensions.swift
[269/407] Compiling OpenAPIRuntime ParameterStyles.swift
[276/407] Compiling OpenAPIRuntime URICoderConfiguration.swift
[277/407] Compiling OpenAPIRuntime URIEncodedNode.swift
[278/407] Compiling OpenAPIRuntime URIParsedTypes.swift
[279/407] Compiling OpenAPIRuntime URIDecoder.swift
[280/407] Compiling OpenAPIRuntime URIValueFromNodeDecoder+Keyed.swift
[281/407] Compiling OpenAPIRuntime URIValueFromNodeDecoder+Single.swift
[282/407] Compiling OpenAPIRuntime Acceptable.swift
[283/407] Compiling OpenAPIRuntime Base64EncodedData.swift
[284/407] Compiling OpenAPIRuntime ByteUtilities.swift
[285/407] Compiling OpenAPIRuntime ContentDisposition.swift
[286/407] Compiling OpenAPIRuntime CopyOnWriteBox.swift
[287/407] Compiling OpenAPIRuntime Lock.swift
[300/407] Compiling OpenAPIRuntime ServerVariable.swift
[301/407] Compiling OpenAPIRuntime URLExtensions.swift
[302/407] Compiling OpenAPIRuntime Deprecated.swift
[303/407] Compiling OpenAPIRuntime ClientError.swift
[319/407] Compiling DequeModule UniqueDeque+Replacements.swift
[320/407] Compiling DequeModule UniqueDeque.swift
[321/407] Compiling DequeModule _DequeSlot.swift
[322/407] Compiling DequeModule _UnsafeDequeHandle.swift
[323/407] Compiling DequeModule _UnsafeDequeSegments.swift
[324/407] Compiling OpenAPIRuntime MultipartBytesToFramesSequence.swift
[325/407] Compiling OpenAPIRuntime MultipartFramesToBytesSequence.swift
[326/407] Compiling OpenAPIRuntime ErrorHandlingMiddleware.swift
[327/407] Compiling OpenAPIRuntime HTTPBody.swift
[328/407] Compiling OpenAPIRuntime QuerySpaceNormalizingMiddleware.swift
[329/407] Compiling OpenAPIRuntime SendableMetatype.swift
[330/407] Compiling OpenAPIRuntime ServerTransport.swift
[331/407] Compiling OpenAPIRuntime UniversalClient.swift
[332/407] Compiling OpenAPIRuntime UniversalServer.swift
[333/407] Emitting module Atomics
[343/415] Emitting module OpenAPIRuntime
[344/415] Emitting module OrderedCollections
[346/416] Compiling OpenAPIRuntime ClientTransport.swift
[347/416] Compiling OpenAPIRuntime CurrencyTypes.swift
[376/417] Emitting module DequeModule
[399/417] Compiling OpenAPIRuntime MultipartFramesToRawPartsSequence.swift
[400/417] Compiling OpenAPIRuntime MultipartInternalTypes.swift
[401/417] Compiling OpenAPIRuntime MultipartPublicTypes.swift
[402/417] Compiling OpenAPIRuntime MultipartPublicTypesExtensions.swift
[403/417] Compiling OpenAPIRuntime MultipartRawPartsToFramesSequence.swift
[404/417] Compiling OpenAPIRuntime MultipartValidation.swift
[405/417] Compiling OpenAPIRuntime URIValueFromNodeDecoder.swift
[406/417] Compiling OpenAPIRuntime URIEncoder.swift
[407/417] Compiling OpenAPIRuntime URIValueToNodeEncoder+Keyed.swift
[408/417] Compiling OpenAPIRuntime URIValueToNodeEncoder+Single.swift
[409/417] Compiling OpenAPIRuntime URIValueToNodeEncoder+Unkeyed.swift
[410/417] Compiling OpenAPIRuntime URIValueToNodeEncoder.swift
[411/417] Compiling OpenAPIRuntime URIParser.swift
[412/417] Compiling OpenAPIRuntime URISerializer.swift
[420/536] Compiling NIOCore NIOCoreSendableMetatype.swift
[421/536] Compiling NIOCore NIODecodedAsyncSequence.swift
[422/536] Compiling NIOCore NIOLoopBound.swift
[423/536] Compiling NIOCore NIOPooledRecvBufferAllocator.swift
[424/536] Compiling NIOCore NIOScheduledCallback.swift
[425/536] Compiling NIOCore NIOSendable.swift
[426/536] Compiling NIOCore NIOSplitLinesMessageDecoder.swift
[427/536] Compiling NIOCore NIOTransportAccessibleChannelCore.swift
[428/536] Compiling NIOCore RecvByteBufferAllocator.swift
[429/544] Compiling NIOCore SingleStepByteToMessageDecoder.swift
[430/544] Compiling NIOCore SocketAddresses.swift
[431/544] Compiling NIOCore SocketOptionProvider.swift
[432/544] Compiling NIOCore SystemCallHelpers.swift
[433/544] Compiling NIOCore TimeAmount+Duration.swift
[434/544] Compiling NIOCore TypeAssistedChannelHandler.swift
[435/544] Compiling NIOCore UniversalBootstrapSupport.swift
[436/544] Compiling NIOCore Utilities.swift
[437/544] Compiling AsyncAlgorithms AsyncCombineLatest3Sequence.swift
[438/544] Compiling AsyncAlgorithms CombineLatestStateMachine.swift
[439/544] Compiling NIOCore IntegerTypes.swift
[440/544] Compiling NIOCore Interfaces.swift
[441/544] Compiling AsyncAlgorithms DebounceStateMachine.swift
[442/544] Compiling AsyncAlgorithms DebounceStorage.swift
[443/544] Compiling AsyncAlgorithms Dictionary.swift
[444/544] Compiling NIOCore NIOAny.swift
[445/544] Compiling NIOCore NIOCloseOnErrorHandler.swift
[446/544] Compiling NIOCore EventLoopFuture+Deprecated.swift
[447/544] Compiling NIOCore EventLoopFuture+WithEventLoop.swift
[448/544] Compiling NIOCore EventLoopFuture.swift
[449/544] Compiling NIOCore FileDescriptor.swift
[450/544] Compiling NIOCore FileHandle.swift
[451/544] Compiling NIOCore FileRegion.swift
[452/544] Compiling NIOCore GlobalSingletons.swift
[453/544] Compiling NIOCore IO.swift
[454/544] Compiling NIOCore IOData.swift
[455/544] Compiling NIOCore CircularBuffer.swift
[456/544] Compiling NIOCore Codec.swift
[457/544] Compiling NIOCore ConvenienceOptionSupport.swift
[458/544] Compiling NIOCore DeadChannel.swift
[459/544] Compiling NIOCore DispatchQueue+WithFuture.swift
[460/544] Compiling NIOCore EventLoop+Deprecated.swift
[461/544] Compiling NIOCore EventLoop+SerialExecutor.swift
[462/544] Compiling NIOCore EventLoop.swift
[463/544] Compiling NIOCore EventLoopFuture+AssumeIsolated.swift
[471/551] Compiling NIOCore NIOAsyncSequenceProducerStrategies.swift
[472/551] Compiling NIOCore NIOAsyncWriter.swift
[479/551] Compiling NIOCore AddressedEnvelope.swift
[480/551] Compiling NIOCore AsyncAwaitSupport.swift
[481/551] Compiling NIOCore AsyncChannel.swift
[482/551] Compiling NIOCore AsyncChannelHandler.swift
[483/551] Compiling NIOCore AsyncChannelInboundStream.swift
[484/551] Compiling NIOCore AsyncChannelOutboundWriter.swift
[485/551] Compiling NIOCore NIOAsyncSequenceProducer.swift
[486/551] Emitting module AsyncAlgorithms
[494/551] Compiling NIOCore ByteBuffer-core.swift
[495/551] Compiling NIOCore ByteBuffer-hex.swift
[496/551] Compiling NIOCore ByteBuffer-int.swift
[497/551] Compiling NIOCore ByteBuffer-lengthPrefix.swift
[498/551] Compiling NIOCore ByteBuffer-multi-int.swift
[499/551] Compiling NIOCore ByteBuffer-quicBinaryEncodingStrategy.swift
[500/551] Compiling NIOCore ByteBuffer-views.swift
[501/551] Compiling NIOCore Channel.swift
[505/551] Compiling NIOCore NIOThrowingAsyncSequenceProducer.swift
[506/551] Compiling NIOCore BSDSocketAPI.swift
[507/551] Compiling NIOCore ByteBuffer-aux.swift
[508/551] Compiling NIOCore ByteBuffer-binaryEncodedLengthPrefix.swift
[509/551] Compiling NIOCore ByteBuffer-conversions.swift
[510/551] Compiling NIOCore ChannelHandler.swift
[511/551] Compiling NIOCore ChannelHandlers.swift
[512/551] Compiling NIOCore ChannelInvoker.swift
[513/551] Compiling NIOCore ChannelOption.swift
[514/551] Compiling NIOCore ChannelPipeline.swift
[517/551] Compiling AsyncAlgorithms Rethrow.swift
[518/551] Compiling AsyncAlgorithms SetAlgebra.swift
[519/551] Compiling AsyncAlgorithms UnsafeTransfer.swift
[520/551] Compiling AsyncAlgorithms AsyncZip2Sequence.swift
[521/551] Compiling AsyncAlgorithms AsyncZip3Sequence.swift
[522/551] Compiling AsyncAlgorithms ZipStateMachine.swift
[523/551] Compiling AsyncAlgorithms ZipStorage.swift
[525/561] Compiling ServiceLifecycle Service.swift
[526/562] Emitting module ServiceLifecycle
[527/562] Compiling ServiceLifecycle ServiceGroupConfiguration.swift
[528/562] Compiling ServiceLifecycle ServiceRunnerError.swift
[529/562] Compiling ServiceLifecycle AsyncCancelOnGracefulShutdownSequence.swift
[530/562] Compiling ServiceLifecycle AsyncGracefulShutdownSequence.swift
[531/562] Compiling ServiceLifecycle ClosureService.swift
[532/562] Compiling ServiceLifecycle CancellationWaiter.swift
[533/562] Compiling ServiceLifecycle GracefulShutdown.swift
[534/562] Compiling ServiceLifecycle ServiceGroup.swift
[563/563] Emitting module NIOCore
[565/640] Compiling NIOEmbedded AsyncTestingEventLoop.swift
[566/640] Compiling NIOEmbedded AsyncTestingChannel.swift
error: emit-module command failed with exit code 1 (use -v to see invocation)
[567/640] Emitting module NIOPosix
/host/spi-builder-workspace/.build/checkouts/swift-nio/Sources/NIOPosix/BaseSocketChannel+AccessibleTransport.swift:17:11: error: cannot find type 'BaseSocketChannel' in scope
15 | import NIOCore
16 |
17 | extension BaseSocketChannel where SocketType: BaseSocket {
   |           `- error: cannot find type 'BaseSocketChannel' in scope
18 |     /// The underlying transport type backing this channel.
19 |     typealias Transport = NIOBSDSocket.Handle
/host/spi-builder-workspace/.build/checkouts/swift-nio/Sources/NIOPosix/BaseSocketChannel+AccessibleTransport.swift:27:11: error: cannot find type 'BaseSocketChannel' in scope
25 | }
26 |
27 | extension BaseSocketChannel where SocketType: PipePair {
   |           `- error: cannot find type 'BaseSocketChannel' in scope
28 |     /// The underlying transport type backing this channel.
29 |     typealias Transport = NIOBSDSocket.PipeHandle
/host/spi-builder-workspace/.build/checkouts/swift-nio/Sources/NIOPosix/BaseSocketChannel+AccessibleTransport.swift:42:11: error: cannot find type 'SocketChannel' in scope
40 | }
41 |
42 | extension SocketChannel: NIOTransportAccessibleChannelCore {}
   |           `- error: cannot find type 'SocketChannel' in scope
43 | extension ServerSocketChannel: NIOTransportAccessibleChannelCore {}
44 | extension DatagramChannel: NIOTransportAccessibleChannelCore {}
/host/spi-builder-workspace/.build/checkouts/swift-nio/Sources/NIOPosix/BaseSocketChannel+AccessibleTransport.swift:43:11: error: cannot find type 'ServerSocketChannel' in scope
41 |
42 | extension SocketChannel: NIOTransportAccessibleChannelCore {}
43 | extension ServerSocketChannel: NIOTransportAccessibleChannelCore {}
   |           `- error: cannot find type 'ServerSocketChannel' in scope
44 | extension DatagramChannel: NIOTransportAccessibleChannelCore {}
45 | extension PipeChannel: NIOTransportAccessibleChannelCore {}
/host/spi-builder-workspace/.build/checkouts/swift-nio/Sources/NIOPosix/BaseSocketChannel+AccessibleTransport.swift:44:11: error: cannot find type 'DatagramChannel' in scope
42 | extension SocketChannel: NIOTransportAccessibleChannelCore {}
43 | extension ServerSocketChannel: NIOTransportAccessibleChannelCore {}
44 | extension DatagramChannel: NIOTransportAccessibleChannelCore {}
   |           `- error: cannot find type 'DatagramChannel' in scope
45 | extension PipeChannel: NIOTransportAccessibleChannelCore {}
46 |
/host/spi-builder-workspace/.build/checkouts/swift-nio/Sources/NIOPosix/BaseSocketChannel+AccessibleTransport.swift:45:11: error: cannot find type 'PipeChannel' in scope
43 | extension ServerSocketChannel: NIOTransportAccessibleChannelCore {}
44 | extension DatagramChannel: NIOTransportAccessibleChannelCore {}
45 | extension PipeChannel: NIOTransportAccessibleChannelCore {}
   |           `- error: cannot find type 'PipeChannel' in scope
46 |
[568/647] Compiling NIOHTTPTypes NIOHTTPTypes.swift
[569/647] Emitting module NIOHTTPTypes
[570/647] Compiling NIOPosix SelectorWSAPoll.swift
[571/647] Compiling NIOPosix ServerSocket.swift
[572/647] Compiling NIOPosix Socket.swift
[573/647] Compiling NIOPosix SocketChannel.swift
[574/647] Compiling NIOPosix SocketProtocols.swift
[575/647] Compiling NIOPosix StructuredConcurrencyHelpers.swift
[576/647] Compiling NIOPosix System.swift
[577/647] Compiling NIOPosix BaseStreamSocketChannel.swift
[578/647] Compiling NIOPosix Bootstrap.swift
[579/647] Compiling NIOPosix ControlMessage.swift
[580/647] Compiling NIOPosix DatagramVectorReadManager.swift
[581/647] Compiling NIOPosix Errors+Any.swift
[582/647] Compiling NIOPosix FileDescriptor.swift
[583/647] Compiling NIOPosix GetaddrinfoResolver.swift
[584/647] Compiling NIOPosix HappyEyeballs.swift
[585/647] Compiling NIOPosix IO.swift
[586/647] Compiling NIOPosix IntegerBitPacking.swift
[587/647] Compiling NIOPosix IntegerTypes.swift
[588/647] Compiling NIOPosix Linux.swift
[589/647] Compiling NIOPosix LinuxCPUSet.swift
[590/647] Compiling NIOPosix LinuxUring.swift
[591/647] Compiling NIOPosix MultiThreadedEventLoopGroup.swift
[592/647] Compiling NIOPosix NIOPosixSendableMetatype.swift
[593/647] Compiling NIOPosix NIORandomizedDNSResolver.swift
[594/647] Compiling NIOPosix NIOThreadPool.swift
[595/647] Compiling NIOPosix NonBlockingFileIO.swift
[596/647] Compiling NIOPosix PendingDatagramWritesManager.swift
[597/647] Compiling NIOPosix PendingWritesManager.swift
[598/647] Compiling NIOPosix BSDSocketAPICommon.swift
/host/spi-builder-workspace/.build/checkouts/swift-nio/Sources/NIOPosix/BaseSocketChannel+AccessibleTransport.swift:17:11: error: cannot find type 'BaseSocketChannel' in scope
15 | import NIOCore
16 |
17 | extension BaseSocketChannel where SocketType: BaseSocket {
   |           `- error: cannot find type 'BaseSocketChannel' in scope
18 |     /// The underlying transport type backing this channel.
19 |     typealias Transport = NIOBSDSocket.Handle
/host/spi-builder-workspace/.build/checkouts/swift-nio/Sources/NIOPosix/BaseSocketChannel+AccessibleTransport.swift:27:11: error: cannot find type 'BaseSocketChannel' in scope
25 | }
26 |
27 | extension BaseSocketChannel where SocketType: PipePair {
   |           `- error: cannot find type 'BaseSocketChannel' in scope
28 |     /// The underlying transport type backing this channel.
29 |     typealias Transport = NIOBSDSocket.PipeHandle
/host/spi-builder-workspace/.build/checkouts/swift-nio/Sources/NIOPosix/BaseSocketChannel+AccessibleTransport.swift:42:11: error: cannot find type 'SocketChannel' in scope
40 | }
41 |
42 | extension SocketChannel: NIOTransportAccessibleChannelCore {}
   |           `- error: cannot find type 'SocketChannel' in scope
43 | extension ServerSocketChannel: NIOTransportAccessibleChannelCore {}
44 | extension DatagramChannel: NIOTransportAccessibleChannelCore {}
/host/spi-builder-workspace/.build/checkouts/swift-nio/Sources/NIOPosix/BaseSocketChannel+AccessibleTransport.swift:43:11: error: cannot find type 'ServerSocketChannel' in scope
41 |
42 | extension SocketChannel: NIOTransportAccessibleChannelCore {}
43 | extension ServerSocketChannel: NIOTransportAccessibleChannelCore {}
   |           `- error: cannot find type 'ServerSocketChannel' in scope
44 | extension DatagramChannel: NIOTransportAccessibleChannelCore {}
45 | extension PipeChannel: NIOTransportAccessibleChannelCore {}
/host/spi-builder-workspace/.build/checkouts/swift-nio/Sources/NIOPosix/BaseSocketChannel+AccessibleTransport.swift:44:11: error: cannot find type 'DatagramChannel' in scope
42 | extension SocketChannel: NIOTransportAccessibleChannelCore {}
43 | extension ServerSocketChannel: NIOTransportAccessibleChannelCore {}
44 | extension DatagramChannel: NIOTransportAccessibleChannelCore {}
   |           `- error: cannot find type 'DatagramChannel' in scope
45 | extension PipeChannel: NIOTransportAccessibleChannelCore {}
46 |
/host/spi-builder-workspace/.build/checkouts/swift-nio/Sources/NIOPosix/BaseSocketChannel+AccessibleTransport.swift:45:11: error: cannot find type 'PipeChannel' in scope
43 | extension ServerSocketChannel: NIOTransportAccessibleChannelCore {}
44 | extension DatagramChannel: NIOTransportAccessibleChannelCore {}
45 | extension PipeChannel: NIOTransportAccessibleChannelCore {}
   |           `- error: cannot find type 'PipeChannel' in scope
46 |
/host/spi-builder-workspace/.build/checkouts/swift-nio/Sources/NIOPosix/BaseSocketChannel+AccessibleTransport.swift:17:29: error: 'where' clause cannot be applied to a non-generic top-level declaration
15 | import NIOCore
16 |
17 | extension BaseSocketChannel where SocketType: BaseSocket {
   |                             `- error: 'where' clause cannot be applied to a non-generic top-level declaration
18 |     /// The underlying transport type backing this channel.
19 |     typealias Transport = NIOBSDSocket.Handle
/host/spi-builder-workspace/.build/checkouts/swift-nio/Sources/NIOPosix/BaseSocketChannel+AccessibleTransport.swift:27:29: error: 'where' clause cannot be applied to a non-generic top-level declaration
25 | }
26 |
27 | extension BaseSocketChannel where SocketType: PipePair {
   |                             `- error: 'where' clause cannot be applied to a non-generic top-level declaration
28 |     /// The underlying transport type backing this channel.
29 |     typealias Transport = NIOBSDSocket.PipeHandle
[599/647] Compiling NIOPosix BSDSocketAPIPosix.swift
/host/spi-builder-workspace/.build/checkouts/swift-nio/Sources/NIOPosix/BaseSocketChannel+AccessibleTransport.swift:17:11: error: cannot find type 'BaseSocketChannel' in scope
15 | import NIOCore
16 |
17 | extension BaseSocketChannel where SocketType: BaseSocket {
   |           `- error: cannot find type 'BaseSocketChannel' in scope
18 |     /// The underlying transport type backing this channel.
19 |     typealias Transport = NIOBSDSocket.Handle
/host/spi-builder-workspace/.build/checkouts/swift-nio/Sources/NIOPosix/BaseSocketChannel+AccessibleTransport.swift:27:11: error: cannot find type 'BaseSocketChannel' in scope
25 | }
26 |
27 | extension BaseSocketChannel where SocketType: PipePair {
   |           `- error: cannot find type 'BaseSocketChannel' in scope
28 |     /// The underlying transport type backing this channel.
29 |     typealias Transport = NIOBSDSocket.PipeHandle
/host/spi-builder-workspace/.build/checkouts/swift-nio/Sources/NIOPosix/BaseSocketChannel+AccessibleTransport.swift:42:11: error: cannot find type 'SocketChannel' in scope
40 | }
41 |
42 | extension SocketChannel: NIOTransportAccessibleChannelCore {}
   |           `- error: cannot find type 'SocketChannel' in scope
43 | extension ServerSocketChannel: NIOTransportAccessibleChannelCore {}
44 | extension DatagramChannel: NIOTransportAccessibleChannelCore {}
/host/spi-builder-workspace/.build/checkouts/swift-nio/Sources/NIOPosix/BaseSocketChannel+AccessibleTransport.swift:43:11: error: cannot find type 'ServerSocketChannel' in scope
41 |
42 | extension SocketChannel: NIOTransportAccessibleChannelCore {}
43 | extension ServerSocketChannel: NIOTransportAccessibleChannelCore {}
   |           `- error: cannot find type 'ServerSocketChannel' in scope
44 | extension DatagramChannel: NIOTransportAccessibleChannelCore {}
45 | extension PipeChannel: NIOTransportAccessibleChannelCore {}
/host/spi-builder-workspace/.build/checkouts/swift-nio/Sources/NIOPosix/BaseSocketChannel+AccessibleTransport.swift:44:11: error: cannot find type 'DatagramChannel' in scope
42 | extension SocketChannel: NIOTransportAccessibleChannelCore {}
43 | extension ServerSocketChannel: NIOTransportAccessibleChannelCore {}
44 | extension DatagramChannel: NIOTransportAccessibleChannelCore {}
   |           `- error: cannot find type 'DatagramChannel' in scope
45 | extension PipeChannel: NIOTransportAccessibleChannelCore {}
46 |
/host/spi-builder-workspace/.build/checkouts/swift-nio/Sources/NIOPosix/BaseSocketChannel+AccessibleTransport.swift:45:11: error: cannot find type 'PipeChannel' in scope
43 | extension ServerSocketChannel: NIOTransportAccessibleChannelCore {}
44 | extension DatagramChannel: NIOTransportAccessibleChannelCore {}
45 | extension PipeChannel: NIOTransportAccessibleChannelCore {}
   |           `- error: cannot find type 'PipeChannel' in scope
46 |
/host/spi-builder-workspace/.build/checkouts/swift-nio/Sources/NIOPosix/BaseSocketChannel+AccessibleTransport.swift:17:29: error: 'where' clause cannot be applied to a non-generic top-level declaration
15 | import NIOCore
16 |
17 | extension BaseSocketChannel where SocketType: BaseSocket {
   |                             `- error: 'where' clause cannot be applied to a non-generic top-level declaration
18 |     /// The underlying transport type backing this channel.
19 |     typealias Transport = NIOBSDSocket.Handle
/host/spi-builder-workspace/.build/checkouts/swift-nio/Sources/NIOPosix/BaseSocketChannel+AccessibleTransport.swift:27:29: error: 'where' clause cannot be applied to a non-generic top-level declaration
25 | }
26 |
27 | extension BaseSocketChannel where SocketType: PipePair {
   |                             `- error: 'where' clause cannot be applied to a non-generic top-level declaration
28 |     /// The underlying transport type backing this channel.
29 |     typealias Transport = NIOBSDSocket.PipeHandle
[600/647] Compiling NIOPosix BSDSocketAPIWindows.swift
/host/spi-builder-workspace/.build/checkouts/swift-nio/Sources/NIOPosix/BaseSocketChannel+AccessibleTransport.swift:17:11: error: cannot find type 'BaseSocketChannel' in scope
15 | import NIOCore
16 |
17 | extension BaseSocketChannel where SocketType: BaseSocket {
   |           `- error: cannot find type 'BaseSocketChannel' in scope
18 |     /// The underlying transport type backing this channel.
19 |     typealias Transport = NIOBSDSocket.Handle
/host/spi-builder-workspace/.build/checkouts/swift-nio/Sources/NIOPosix/BaseSocketChannel+AccessibleTransport.swift:27:11: error: cannot find type 'BaseSocketChannel' in scope
25 | }
26 |
27 | extension BaseSocketChannel where SocketType: PipePair {
   |           `- error: cannot find type 'BaseSocketChannel' in scope
28 |     /// The underlying transport type backing this channel.
29 |     typealias Transport = NIOBSDSocket.PipeHandle
/host/spi-builder-workspace/.build/checkouts/swift-nio/Sources/NIOPosix/BaseSocketChannel+AccessibleTransport.swift:42:11: error: cannot find type 'SocketChannel' in scope
40 | }
41 |
42 | extension SocketChannel: NIOTransportAccessibleChannelCore {}
   |           `- error: cannot find type 'SocketChannel' in scope
43 | extension ServerSocketChannel: NIOTransportAccessibleChannelCore {}
44 | extension DatagramChannel: NIOTransportAccessibleChannelCore {}
/host/spi-builder-workspace/.build/checkouts/swift-nio/Sources/NIOPosix/BaseSocketChannel+AccessibleTransport.swift:43:11: error: cannot find type 'ServerSocketChannel' in scope
41 |
42 | extension SocketChannel: NIOTransportAccessibleChannelCore {}
43 | extension ServerSocketChannel: NIOTransportAccessibleChannelCore {}
   |           `- error: cannot find type 'ServerSocketChannel' in scope
44 | extension DatagramChannel: NIOTransportAccessibleChannelCore {}
45 | extension PipeChannel: NIOTransportAccessibleChannelCore {}
/host/spi-builder-workspace/.build/checkouts/swift-nio/Sources/NIOPosix/BaseSocketChannel+AccessibleTransport.swift:44:11: error: cannot find type 'DatagramChannel' in scope
42 | extension SocketChannel: NIOTransportAccessibleChannelCore {}
43 | extension ServerSocketChannel: NIOTransportAccessibleChannelCore {}
44 | extension DatagramChannel: NIOTransportAccessibleChannelCore {}
   |           `- error: cannot find type 'DatagramChannel' in scope
45 | extension PipeChannel: NIOTransportAccessibleChannelCore {}
46 |
/host/spi-builder-workspace/.build/checkouts/swift-nio/Sources/NIOPosix/BaseSocketChannel+AccessibleTransport.swift:45:11: error: cannot find type 'PipeChannel' in scope
43 | extension ServerSocketChannel: NIOTransportAccessibleChannelCore {}
44 | extension DatagramChannel: NIOTransportAccessibleChannelCore {}
45 | extension PipeChannel: NIOTransportAccessibleChannelCore {}
   |           `- error: cannot find type 'PipeChannel' in scope
46 |
/host/spi-builder-workspace/.build/checkouts/swift-nio/Sources/NIOPosix/BaseSocketChannel+AccessibleTransport.swift:17:29: error: 'where' clause cannot be applied to a non-generic top-level declaration
15 | import NIOCore
16 |
17 | extension BaseSocketChannel where SocketType: BaseSocket {
   |                             `- error: 'where' clause cannot be applied to a non-generic top-level declaration
18 |     /// The underlying transport type backing this channel.
19 |     typealias Transport = NIOBSDSocket.Handle
/host/spi-builder-workspace/.build/checkouts/swift-nio/Sources/NIOPosix/BaseSocketChannel+AccessibleTransport.swift:27:29: error: 'where' clause cannot be applied to a non-generic top-level declaration
25 | }
26 |
27 | extension BaseSocketChannel where SocketType: PipePair {
   |                             `- error: 'where' clause cannot be applied to a non-generic top-level declaration
28 |     /// The underlying transport type backing this channel.
29 |     typealias Transport = NIOBSDSocket.PipeHandle
[601/647] Compiling NIOPosix BaseSocket.swift
/host/spi-builder-workspace/.build/checkouts/swift-nio/Sources/NIOPosix/BaseSocketChannel+AccessibleTransport.swift:17:11: error: cannot find type 'BaseSocketChannel' in scope
15 | import NIOCore
16 |
17 | extension BaseSocketChannel where SocketType: BaseSocket {
   |           `- error: cannot find type 'BaseSocketChannel' in scope
18 |     /// The underlying transport type backing this channel.
19 |     typealias Transport = NIOBSDSocket.Handle
/host/spi-builder-workspace/.build/checkouts/swift-nio/Sources/NIOPosix/BaseSocketChannel+AccessibleTransport.swift:27:11: error: cannot find type 'BaseSocketChannel' in scope
25 | }
26 |
27 | extension BaseSocketChannel where SocketType: PipePair {
   |           `- error: cannot find type 'BaseSocketChannel' in scope
28 |     /// The underlying transport type backing this channel.
29 |     typealias Transport = NIOBSDSocket.PipeHandle
/host/spi-builder-workspace/.build/checkouts/swift-nio/Sources/NIOPosix/BaseSocketChannel+AccessibleTransport.swift:42:11: error: cannot find type 'SocketChannel' in scope
40 | }
41 |
42 | extension SocketChannel: NIOTransportAccessibleChannelCore {}
   |           `- error: cannot find type 'SocketChannel' in scope
43 | extension ServerSocketChannel: NIOTransportAccessibleChannelCore {}
44 | extension DatagramChannel: NIOTransportAccessibleChannelCore {}
/host/spi-builder-workspace/.build/checkouts/swift-nio/Sources/NIOPosix/BaseSocketChannel+AccessibleTransport.swift:43:11: error: cannot find type 'ServerSocketChannel' in scope
41 |
42 | extension SocketChannel: NIOTransportAccessibleChannelCore {}
43 | extension ServerSocketChannel: NIOTransportAccessibleChannelCore {}
   |           `- error: cannot find type 'ServerSocketChannel' in scope
44 | extension DatagramChannel: NIOTransportAccessibleChannelCore {}
45 | extension PipeChannel: NIOTransportAccessibleChannelCore {}
/host/spi-builder-workspace/.build/checkouts/swift-nio/Sources/NIOPosix/BaseSocketChannel+AccessibleTransport.swift:44:11: error: cannot find type 'DatagramChannel' in scope
42 | extension SocketChannel: NIOTransportAccessibleChannelCore {}
43 | extension ServerSocketChannel: NIOTransportAccessibleChannelCore {}
44 | extension DatagramChannel: NIOTransportAccessibleChannelCore {}
   |           `- error: cannot find type 'DatagramChannel' in scope
45 | extension PipeChannel: NIOTransportAccessibleChannelCore {}
46 |
/host/spi-builder-workspace/.build/checkouts/swift-nio/Sources/NIOPosix/BaseSocketChannel+AccessibleTransport.swift:45:11: error: cannot find type 'PipeChannel' in scope
43 | extension ServerSocketChannel: NIOTransportAccessibleChannelCore {}
44 | extension DatagramChannel: NIOTransportAccessibleChannelCore {}
45 | extension PipeChannel: NIOTransportAccessibleChannelCore {}
   |           `- error: cannot find type 'PipeChannel' in scope
46 |
/host/spi-builder-workspace/.build/checkouts/swift-nio/Sources/NIOPosix/BaseSocketChannel+AccessibleTransport.swift:17:29: error: 'where' clause cannot be applied to a non-generic top-level declaration
15 | import NIOCore
16 |
17 | extension BaseSocketChannel where SocketType: BaseSocket {
   |                             `- error: 'where' clause cannot be applied to a non-generic top-level declaration
18 |     /// The underlying transport type backing this channel.
19 |     typealias Transport = NIOBSDSocket.Handle
/host/spi-builder-workspace/.build/checkouts/swift-nio/Sources/NIOPosix/BaseSocketChannel+AccessibleTransport.swift:27:29: error: 'where' clause cannot be applied to a non-generic top-level declaration
25 | }
26 |
27 | extension BaseSocketChannel where SocketType: PipePair {
   |                             `- error: 'where' clause cannot be applied to a non-generic top-level declaration
28 |     /// The underlying transport type backing this channel.
29 |     typealias Transport = NIOBSDSocket.PipeHandle
[602/647] Compiling NIOPosix BaseSocketChannel+AccessibleTransport.swift
/host/spi-builder-workspace/.build/checkouts/swift-nio/Sources/NIOPosix/BaseSocketChannel+AccessibleTransport.swift:17:11: error: cannot find type 'BaseSocketChannel' in scope
15 | import NIOCore
16 |
17 | extension BaseSocketChannel where SocketType: BaseSocket {
   |           `- error: cannot find type 'BaseSocketChannel' in scope
18 |     /// The underlying transport type backing this channel.
19 |     typealias Transport = NIOBSDSocket.Handle
/host/spi-builder-workspace/.build/checkouts/swift-nio/Sources/NIOPosix/BaseSocketChannel+AccessibleTransport.swift:27:11: error: cannot find type 'BaseSocketChannel' in scope
25 | }
26 |
27 | extension BaseSocketChannel where SocketType: PipePair {
   |           `- error: cannot find type 'BaseSocketChannel' in scope
28 |     /// The underlying transport type backing this channel.
29 |     typealias Transport = NIOBSDSocket.PipeHandle
/host/spi-builder-workspace/.build/checkouts/swift-nio/Sources/NIOPosix/BaseSocketChannel+AccessibleTransport.swift:42:11: error: cannot find type 'SocketChannel' in scope
40 | }
41 |
42 | extension SocketChannel: NIOTransportAccessibleChannelCore {}
   |           `- error: cannot find type 'SocketChannel' in scope
43 | extension ServerSocketChannel: NIOTransportAccessibleChannelCore {}
44 | extension DatagramChannel: NIOTransportAccessibleChannelCore {}
/host/spi-builder-workspace/.build/checkouts/swift-nio/Sources/NIOPosix/BaseSocketChannel+AccessibleTransport.swift:43:11: error: cannot find type 'ServerSocketChannel' in scope
41 |
42 | extension SocketChannel: NIOTransportAccessibleChannelCore {}
43 | extension ServerSocketChannel: NIOTransportAccessibleChannelCore {}
   |           `- error: cannot find type 'ServerSocketChannel' in scope
44 | extension DatagramChannel: NIOTransportAccessibleChannelCore {}
45 | extension PipeChannel: NIOTransportAccessibleChannelCore {}
/host/spi-builder-workspace/.build/checkouts/swift-nio/Sources/NIOPosix/BaseSocketChannel+AccessibleTransport.swift:44:11: error: cannot find type 'DatagramChannel' in scope
42 | extension SocketChannel: NIOTransportAccessibleChannelCore {}
43 | extension ServerSocketChannel: NIOTransportAccessibleChannelCore {}
44 | extension DatagramChannel: NIOTransportAccessibleChannelCore {}
   |           `- error: cannot find type 'DatagramChannel' in scope
45 | extension PipeChannel: NIOTransportAccessibleChannelCore {}
46 |
/host/spi-builder-workspace/.build/checkouts/swift-nio/Sources/NIOPosix/BaseSocketChannel+AccessibleTransport.swift:45:11: error: cannot find type 'PipeChannel' in scope
43 | extension ServerSocketChannel: NIOTransportAccessibleChannelCore {}
44 | extension DatagramChannel: NIOTransportAccessibleChannelCore {}
45 | extension PipeChannel: NIOTransportAccessibleChannelCore {}
   |           `- error: cannot find type 'PipeChannel' in scope
46 |
/host/spi-builder-workspace/.build/checkouts/swift-nio/Sources/NIOPosix/BaseSocketChannel+AccessibleTransport.swift:17:29: error: 'where' clause cannot be applied to a non-generic top-level declaration
15 | import NIOCore
16 |
17 | extension BaseSocketChannel where SocketType: BaseSocket {
   |                             `- error: 'where' clause cannot be applied to a non-generic top-level declaration
18 |     /// The underlying transport type backing this channel.
19 |     typealias Transport = NIOBSDSocket.Handle
/host/spi-builder-workspace/.build/checkouts/swift-nio/Sources/NIOPosix/BaseSocketChannel+AccessibleTransport.swift:27:29: error: 'where' clause cannot be applied to a non-generic top-level declaration
25 | }
26 |
27 | extension BaseSocketChannel where SocketType: PipePair {
   |                             `- error: 'where' clause cannot be applied to a non-generic top-level declaration
28 |     /// The underlying transport type backing this channel.
29 |     typealias Transport = NIOBSDSocket.PipeHandle
[603/647] Compiling NIOPosix BaseSocketChannel+SocketOptionProvider.swift
/host/spi-builder-workspace/.build/checkouts/swift-nio/Sources/NIOPosix/BaseSocketChannel+AccessibleTransport.swift:17:11: error: cannot find type 'BaseSocketChannel' in scope
15 | import NIOCore
16 |
17 | extension BaseSocketChannel where SocketType: BaseSocket {
   |           `- error: cannot find type 'BaseSocketChannel' in scope
18 |     /// The underlying transport type backing this channel.
19 |     typealias Transport = NIOBSDSocket.Handle
/host/spi-builder-workspace/.build/checkouts/swift-nio/Sources/NIOPosix/BaseSocketChannel+AccessibleTransport.swift:27:11: error: cannot find type 'BaseSocketChannel' in scope
25 | }
26 |
27 | extension BaseSocketChannel where SocketType: PipePair {
   |           `- error: cannot find type 'BaseSocketChannel' in scope
28 |     /// The underlying transport type backing this channel.
29 |     typealias Transport = NIOBSDSocket.PipeHandle
/host/spi-builder-workspace/.build/checkouts/swift-nio/Sources/NIOPosix/BaseSocketChannel+AccessibleTransport.swift:42:11: error: cannot find type 'SocketChannel' in scope
40 | }
41 |
42 | extension SocketChannel: NIOTransportAccessibleChannelCore {}
   |           `- error: cannot find type 'SocketChannel' in scope
43 | extension ServerSocketChannel: NIOTransportAccessibleChannelCore {}
44 | extension DatagramChannel: NIOTransportAccessibleChannelCore {}
/host/spi-builder-workspace/.build/checkouts/swift-nio/Sources/NIOPosix/BaseSocketChannel+AccessibleTransport.swift:43:11: error: cannot find type 'ServerSocketChannel' in scope
41 |
42 | extension SocketChannel: NIOTransportAccessibleChannelCore {}
43 | extension ServerSocketChannel: NIOTransportAccessibleChannelCore {}
   |           `- error: cannot find type 'ServerSocketChannel' in scope
44 | extension DatagramChannel: NIOTransportAccessibleChannelCore {}
45 | extension PipeChannel: NIOTransportAccessibleChannelCore {}
/host/spi-builder-workspace/.build/checkouts/swift-nio/Sources/NIOPosix/BaseSocketChannel+AccessibleTransport.swift:44:11: error: cannot find type 'DatagramChannel' in scope
42 | extension SocketChannel: NIOTransportAccessibleChannelCore {}
43 | extension ServerSocketChannel: NIOTransportAccessibleChannelCore {}
44 | extension DatagramChannel: NIOTransportAccessibleChannelCore {}
   |           `- error: cannot find type 'DatagramChannel' in scope
45 | extension PipeChannel: NIOTransportAccessibleChannelCore {}
46 |
/host/spi-builder-workspace/.build/checkouts/swift-nio/Sources/NIOPosix/BaseSocketChannel+AccessibleTransport.swift:45:11: error: cannot find type 'PipeChannel' in scope
43 | extension ServerSocketChannel: NIOTransportAccessibleChannelCore {}
44 | extension DatagramChannel: NIOTransportAccessibleChannelCore {}
45 | extension PipeChannel: NIOTransportAccessibleChannelCore {}
   |           `- error: cannot find type 'PipeChannel' in scope
46 |
/host/spi-builder-workspace/.build/checkouts/swift-nio/Sources/NIOPosix/BaseSocketChannel+AccessibleTransport.swift:17:29: error: 'where' clause cannot be applied to a non-generic top-level declaration
15 | import NIOCore
16 |
17 | extension BaseSocketChannel where SocketType: BaseSocket {
   |                             `- error: 'where' clause cannot be applied to a non-generic top-level declaration
18 |     /// The underlying transport type backing this channel.
19 |     typealias Transport = NIOBSDSocket.Handle
/host/spi-builder-workspace/.build/checkouts/swift-nio/Sources/NIOPosix/BaseSocketChannel+AccessibleTransport.swift:27:29: error: 'where' clause cannot be applied to a non-generic top-level declaration
25 | }
26 |
27 | extension BaseSocketChannel where SocketType: PipePair {
   |                             `- error: 'where' clause cannot be applied to a non-generic top-level declaration
28 |     /// The underlying transport type backing this channel.
29 |     typealias Transport = NIOBSDSocket.PipeHandle
[604/647] Compiling NIOPosix BaseSocketChannel.swift
/host/spi-builder-workspace/.build/checkouts/swift-nio/Sources/NIOPosix/BaseSocketChannel+AccessibleTransport.swift:17:11: error: cannot find type 'BaseSocketChannel' in scope
15 | import NIOCore
16 |
17 | extension BaseSocketChannel where SocketType: BaseSocket {
   |           `- error: cannot find type 'BaseSocketChannel' in scope
18 |     /// The underlying transport type backing this channel.
19 |     typealias Transport = NIOBSDSocket.Handle
/host/spi-builder-workspace/.build/checkouts/swift-nio/Sources/NIOPosix/BaseSocketChannel+AccessibleTransport.swift:27:11: error: cannot find type 'BaseSocketChannel' in scope
25 | }
26 |
27 | extension BaseSocketChannel where SocketType: PipePair {
   |           `- error: cannot find type 'BaseSocketChannel' in scope
28 |     /// The underlying transport type backing this channel.
29 |     typealias Transport = NIOBSDSocket.PipeHandle
/host/spi-builder-workspace/.build/checkouts/swift-nio/Sources/NIOPosix/BaseSocketChannel+AccessibleTransport.swift:42:11: error: cannot find type 'SocketChannel' in scope
40 | }
41 |
42 | extension SocketChannel: NIOTransportAccessibleChannelCore {}
   |           `- error: cannot find type 'SocketChannel' in scope
43 | extension ServerSocketChannel: NIOTransportAccessibleChannelCore {}
44 | extension DatagramChannel: NIOTransportAccessibleChannelCore {}
/host/spi-builder-workspace/.build/checkouts/swift-nio/Sources/NIOPosix/BaseSocketChannel+AccessibleTransport.swift:43:11: error: cannot find type 'ServerSocketChannel' in scope
41 |
42 | extension SocketChannel: NIOTransportAccessibleChannelCore {}
43 | extension ServerSocketChannel: NIOTransportAccessibleChannelCore {}
   |           `- error: cannot find type 'ServerSocketChannel' in scope
44 | extension DatagramChannel: NIOTransportAccessibleChannelCore {}
45 | extension PipeChannel: NIOTransportAccessibleChannelCore {}
/host/spi-builder-workspace/.build/checkouts/swift-nio/Sources/NIOPosix/BaseSocketChannel+AccessibleTransport.swift:44:11: error: cannot find type 'DatagramChannel' in scope
42 | extension SocketChannel: NIOTransportAccessibleChannelCore {}
43 | extension ServerSocketChannel: NIOTransportAccessibleChannelCore {}
44 | extension DatagramChannel: NIOTransportAccessibleChannelCore {}
   |           `- error: cannot find type 'DatagramChannel' in scope
45 | extension PipeChannel: NIOTransportAccessibleChannelCore {}
46 |
/host/spi-builder-workspace/.build/checkouts/swift-nio/Sources/NIOPosix/BaseSocketChannel+AccessibleTransport.swift:45:11: error: cannot find type 'PipeChannel' in scope
43 | extension ServerSocketChannel: NIOTransportAccessibleChannelCore {}
44 | extension DatagramChannel: NIOTransportAccessibleChannelCore {}
45 | extension PipeChannel: NIOTransportAccessibleChannelCore {}
   |           `- error: cannot find type 'PipeChannel' in scope
46 |
/host/spi-builder-workspace/.build/checkouts/swift-nio/Sources/NIOPosix/BaseSocketChannel+AccessibleTransport.swift:17:29: error: 'where' clause cannot be applied to a non-generic top-level declaration
15 | import NIOCore
16 |
17 | extension BaseSocketChannel where SocketType: BaseSocket {
   |                             `- error: 'where' clause cannot be applied to a non-generic top-level declaration
18 |     /// The underlying transport type backing this channel.
19 |     typealias Transport = NIOBSDSocket.Handle
/host/spi-builder-workspace/.build/checkouts/swift-nio/Sources/NIOPosix/BaseSocketChannel+AccessibleTransport.swift:27:29: error: 'where' clause cannot be applied to a non-generic top-level declaration
25 | }
26 |
27 | extension BaseSocketChannel where SocketType: PipePair {
   |                             `- error: 'where' clause cannot be applied to a non-generic top-level declaration
28 |     /// The underlying transport type backing this channel.
29 |     typealias Transport = NIOBSDSocket.PipeHandle
[605/647] Compiling NIOPosix Selectable.swift
[606/647] Compiling NIOPosix SelectableChannel.swift
[607/647] Compiling NIOPosix SelectableEventLoop.swift
[608/647] Compiling NIOPosix SelectorEpoll.swift
[609/647] Compiling NIOPosix SelectorGeneric.swift
[610/647] Compiling NIOPosix SelectorKqueue.swift
[611/647] Compiling NIOPosix SelectorUring.swift
[612/647] Compiling NIOPosix PipeChannel.swift
[613/647] Compiling NIOPosix PipePair.swift
[614/647] Compiling NIOPosix Pool.swift
[615/647] Compiling NIOPosix PosixSingletons+ConcurrencyTakeOver.swift
[616/647] Compiling NIOPosix PosixSingletons.swift
[617/647] Compiling NIOPosix RawSocketBootstrap.swift
[618/647] Compiling NIOPosix Resolver.swift
[619/648] Compiling NIOPosix Thread.swift
[620/648] Compiling NIOPosix ThreadPosix.swift
[621/648] Compiling NIOPosix ThreadWindows.swift
[622/648] Compiling NIOPosix Utilities.swift
[623/648] Compiling NIOPosix VsockAddress.swift
[624/648] Compiling NIOPosix VsockChannelEvents.swift
[625/648] Compiling NIOPosix Windows.swift
[627/648] Compiling NIOFoundationEssentialsCompat Codable+ByteBuffer.swift
[628/648] Emitting module NIOEmbedded
[629/648] Emitting module NIOFoundationEssentialsCompat
BUILD FAILURE 6.2 wasm