Build Information
Failed to build union-buttons, reference v2.1.18 (3ee2b1), with Swift 6.4 for watchOS using Xcode 27.0 on 23 Sep 2026 01:14:17 UTC.
Build Command
env DEVELOPER_DIR=/Applications/Xcode-27.0.0-Release.Candidate.app xcrun xcodebuild -IDEClonedSourcePackagesDirPathOverride=$PWD/.dependencies -skipMacroValidation -skipPackagePluginValidation -derivedDataPath $PWD/.derivedData build -scheme union-buttons -destination generic/platform=watchOSBuild Log
========================================
RunAll
========================================
Builder version: 5.1.0
Interrupt handler set up.
========================================
Checkout
========================================
Clone URL: https://github.com/unionst/union-buttons.git
Reference: v2.1.18
Initialized empty Git repository in /Users/admin/builder/spi-builder-workspace/.git/
From https://github.com/unionst/union-buttons
* tag v2.1.18 -> FETCH_HEAD
HEAD is now at 3ee2b17 TransportButtonStyle: the play/pause press bloom as a reusable style
Cloned https://github.com/unionst/union-buttons.git
Revision (git rev-parse @):
3ee2b1728597bbe4e076a72295b12f854e8c9df6
SUCCESS checkout https://github.com/unionst/union-buttons.git at v2.1.18
========================================
Build
========================================
Selected platform: watchOS
Swift version: 6.4
Building package at path: $PWD
https://github.com/unionst/union-buttons.git
Command line invocation:
/Applications/Xcode-27.0.0-Release.Candidate.app/Contents/Developer/usr/bin/xcodebuild -IDEClonedSourcePackagesDirPathOverride=/Users/admin/builder/spi-builder-workspace/.dependencies -resolvePackageDependencies
Resolve Package Graph
Fetching from https://github.com/unionst/union-haptics.git
Fetching from https://github.com/unionst/union-gestures.git
Creating working copy of package ‘union-gestures’
Checking out 1.0.1 of package ‘union-gestures’
Creating working copy of package ‘union-haptics’
Checking out 1.2.1 of package ‘union-haptics’
Resolve Package Graph
Resolved source packages:
union-buttons: /Users/admin/builder/spi-builder-workspace
union-haptics: https://github.com/unionst/union-haptics.git @ 1.2.1
union-gestures: https://github.com/unionst/union-gestures.git @ 1.0.1
resolved source packages: union-buttons, union-haptics, union-gestures
2026-09-22 21:13:35.584 xcodebuild[525:2994] [MT] IDERunDestination: Supported platforms for the buildables in the current scheme is empty.
{
"dependencies" : [
{
"identity" : "union-haptics",
"requirement" : {
"range" : [
{
"lower_bound" : "1.2.1",
"upper_bound" : "2.0.0"
}
]
},
"type" : "sourceControl",
"url" : "https://github.com/unionst/union-haptics.git"
},
{
"identity" : "union-gestures",
"requirement" : {
"range" : [
{
"lower_bound" : "1.0.1",
"upper_bound" : "2.0.0"
}
]
},
"type" : "sourceControl",
"url" : "https://github.com/unionst/union-gestures.git"
}
],
"manifest_display_name" : "union-buttons",
"name" : "union-buttons",
"path" : "/Users/admin/builder/spi-builder-workspace",
"platforms" : [
{
"name" : "ios",
"version" : "18.0"
}
],
"products" : [
{
"name" : "UnionButtons",
"targets" : [
"UnionButtons"
],
"type" : {
"library" : [
"automatic"
]
}
}
],
"targets" : [
{
"c99name" : "UnionButtons",
"module_type" : "SwiftTarget",
"name" : "UnionButtons",
"path" : "Sources/UnionButtons",
"product_dependencies" : [
"UnionHaptics",
"UnionGestures"
],
"product_memberships" : [
"UnionButtons"
],
"sources" : [
"BindingButtonStyle.swift",
"BouncyButtonStyle.swift",
"HapticButtonStyle.swift",
"HapticOpacityButtonStyle.swift",
"ListButton.swift",
"ListPrimitiveButtonStyle.swift",
"Menu Button/GlobalTouchHandler.swift",
"Menu Button/GlobalTouchTracker.swift",
"Menu Button/MenuButtonStyle.swift",
"Menu Button/MenuButtonStyleView.swift",
"NickButtonStyle.swift",
"NothingButtonStyle.swift",
"TransportButtonStyle.swift",
"UnionButtonStyle.swift",
"Util/CGPoint+Distance.swift",
"View+AllowsSwipeToDismiss.swift"
],
"type" : "library"
}
],
"tools_version" : "6.1"
}
{
"workspace" : {
"name" : "union-buttons",
"schemes" : [
"union-buttons"
]
}
}
2026-09-22 21:14:08.256 xcodebuild[696:4106] [MT] IDERunDestination: Supported platforms for the buildables in the current scheme is empty.
Running build ...
env DEVELOPER_DIR=/Applications/Xcode-27.0.0-Release.Candidate.app xcrun xcodebuild -IDEClonedSourcePackagesDirPathOverride=$PWD/.dependencies -skipMacroValidation -skipPackagePluginValidation -derivedDataPath $PWD/.derivedData build -scheme union-buttons -destination generic/platform=watchOS
Command line invocation:
/Applications/Xcode-27.0.0-Release.Candidate.app/Contents/Developer/usr/bin/xcodebuild -IDEClonedSourcePackagesDirPathOverride=/Users/admin/builder/spi-builder-workspace/.dependencies -skipMacroValidation -skipPackagePluginValidation -derivedDataPath /Users/admin/builder/spi-builder-workspace/.derivedData build -scheme union-buttons -destination generic/platform=watchOS
Resolve Package Graph
Resolve Package Graph
Resolved source packages:
union-buttons: /Users/admin/builder/spi-builder-workspace
union-haptics: https://github.com/unionst/union-haptics.git @ 1.2.1
union-gestures: https://github.com/unionst/union-gestures.git @ 1.0.1
ComputePackagePrebuildTargetDependencyGraph
Prepare packages
CreateBuildRequest
SendProjectDescription
CreateBuildOperation
ComputeTargetDependencyGraph
note: Building targets in dependency order
note: Target dependency graph (6 targets)
Target 'UnionButtons-product' in project 'union-buttons'
➜ Explicit dependency on target 'UnionButtons' in project 'union-buttons'
➜ Explicit dependency on target 'UnionHaptics-product' in project 'union-haptics'
➜ Explicit dependency on target 'UnionGestures-product' in project 'union-gestures'
Target 'UnionButtons' in project 'union-buttons'
➜ Explicit dependency on target 'UnionHaptics-product' in project 'union-haptics'
➜ Explicit dependency on target 'UnionGestures-product' in project 'union-gestures'
Target 'UnionGestures-product' in project 'union-gestures'
➜ Explicit dependency on target 'UnionGestures' in project 'union-gestures'
Target 'UnionGestures' in project 'union-gestures' (no dependencies)
Target 'UnionHaptics-product' in project 'union-haptics'
➜ Explicit dependency on target 'UnionHaptics' in project 'union-haptics'
Target 'UnionHaptics' in project 'union-haptics' (no dependencies)
GatherProvisioningInputs
CreateBuildDescription
ExecuteExternalTool /Applications/Xcode-27.0.0-Release.Candidate.app/Contents/Developer/Toolchains/XcodeDefault.xctoolchain/usr/bin/clang -v -E -dM -isysroot /Applications/Xcode-27.0.0-Release.Candidate.app/Contents/Developer/Platforms/WatchOS.platform/Developer/SDKs/WatchOS27.0.sdk -x c -c /dev/null
ExecuteExternalTool /Applications/Xcode-27.0.0-Release.Candidate.app/Contents/Developer/Toolchains/XcodeDefault.xctoolchain/usr/bin/swiftc --version
ExecuteExternalTool /Applications/Xcode-27.0.0-Release.Candidate.app/Contents/Developer/Toolchains/XcodeDefault.xctoolchain/usr/bin/ld -version_details
Build description signature: b5cfa094eeed2892e617bbd9d3280463
Build description path: /Users/admin/builder/spi-builder-workspace/.derivedData/Build/Intermediates.noindex/XCBuildData/b5cfa094eeed2892e617bbd9d3280463.xcbuilddata
CreateBuildDirectory /Users/admin/builder/spi-builder-workspace/.derivedData/ModuleCache.noindex
cd /Users/admin/builder/spi-builder-workspace/.swiftpm/xcode
builtin-create-build-directory /Users/admin/builder/spi-builder-workspace/.derivedData/ModuleCache.noindex
CreateBuildDirectory /Users/admin/builder/spi-builder-workspace/.derivedData/CompilationCache.noindex
cd /Users/admin/builder/spi-builder-workspace/.swiftpm/xcode
builtin-create-build-directory /Users/admin/builder/spi-builder-workspace/.derivedData/CompilationCache.noindex
CreateBuildDirectory /Users/admin/builder/spi-builder-workspace/.derivedData/SDKExplicitPrecompiledModules
cd /Users/admin/builder/spi-builder-workspace/.swiftpm/xcode
builtin-create-build-directory /Users/admin/builder/spi-builder-workspace/.derivedData/SDKExplicitPrecompiledModules
ClangStatCache /Applications/Xcode-27.0.0-Release.Candidate.app/Contents/Developer/Toolchains/XcodeDefault.xctoolchain/usr/bin/clang-stat-cache /Applications/Xcode-27.0.0-Release.Candidate.app/Contents/Developer/Platforms/WatchOS.platform/Developer/SDKs/WatchOS27.0.sdk /Users/admin/builder/spi-builder-workspace/.derivedData/SDKStatCaches.noindex/watchos27.0-24R360-e829b21a6f8c9b70876ba0858053c04477534ef55a1706bf4c1112bbb242f0a2.sdkstatcache
cd /Users/admin/builder/spi-builder-workspace/.swiftpm/xcode
/Applications/Xcode-27.0.0-Release.Candidate.app/Contents/Developer/Toolchains/XcodeDefault.xctoolchain/usr/bin/clang-stat-cache /Applications/Xcode-27.0.0-Release.Candidate.app/Contents/Developer/Platforms/WatchOS.platform/Developer/SDKs/WatchOS27.0.sdk -o /Users/admin/builder/spi-builder-workspace/.derivedData/SDKStatCaches.noindex/watchos27.0-24R360-e829b21a6f8c9b70876ba0858053c04477534ef55a1706bf4c1112bbb242f0a2.sdkstatcache
CreateBuildDirectory /Users/admin/builder/spi-builder-workspace/.derivedData/Build/Intermediates.noindex
cd /Users/admin/builder/spi-builder-workspace/.swiftpm/xcode
builtin-create-build-directory /Users/admin/builder/spi-builder-workspace/.derivedData/Build/Intermediates.noindex
CreateBuildDirectory /Users/admin/builder/spi-builder-workspace/.derivedData/Build/Products
cd /Users/admin/builder/spi-builder-workspace/.swiftpm/xcode
builtin-create-build-directory /Users/admin/builder/spi-builder-workspace/.derivedData/Build/Products
CreateBuildDirectory /Users/admin/builder/spi-builder-workspace/.derivedData/Build/Intermediates.noindex/SwiftExplicitPrecompiledModules
cd /Users/admin/builder/spi-builder-workspace/.swiftpm/xcode
builtin-create-build-directory /Users/admin/builder/spi-builder-workspace/.derivedData/Build/Intermediates.noindex/SwiftExplicitPrecompiledModules
CreateBuildDirectory /Users/admin/builder/spi-builder-workspace/.derivedData/Build/Intermediates.noindex/PrecompiledHeaders
cd /Users/admin/builder/spi-builder-workspace/.swiftpm/xcode
builtin-create-build-directory /Users/admin/builder/spi-builder-workspace/.derivedData/Build/Intermediates.noindex/PrecompiledHeaders
CreateBuildDirectory /Users/admin/builder/spi-builder-workspace/.derivedData/Build/Intermediates.noindex/ExplicitPrecompiledModules
cd /Users/admin/builder/spi-builder-workspace/.swiftpm/xcode
builtin-create-build-directory /Users/admin/builder/spi-builder-workspace/.derivedData/Build/Intermediates.noindex/ExplicitPrecompiledModules
CreateBuildDirectory /Users/admin/builder/spi-builder-workspace/.derivedData/Build/Intermediates.noindex/EagerLinkingTBDs/Debug-watchos
cd /Users/admin/builder/spi-builder-workspace/.swiftpm/xcode
builtin-create-build-directory /Users/admin/builder/spi-builder-workspace/.derivedData/Build/Intermediates.noindex/EagerLinkingTBDs/Debug-watchos
CreateBuildDirectory /Users/admin/builder/spi-builder-workspace/.derivedData/Build/Products/Debug-watchos
cd /Users/admin/builder/spi-builder-workspace/.swiftpm/xcode
builtin-create-build-directory /Users/admin/builder/spi-builder-workspace/.derivedData/Build/Products/Debug-watchos
CreateBuildDirectory /Users/admin/builder/spi-builder-workspace/.derivedData/Build/Products/Debug-watchos/PackageFrameworks
cd /Users/admin/builder/spi-builder-workspace/.swiftpm/xcode
builtin-create-build-directory /Users/admin/builder/spi-builder-workspace/.derivedData/Build/Products/Debug-watchos/PackageFrameworks
WriteAuxiliaryFile /Users/admin/builder/spi-builder-workspace/.derivedData/Build/Intermediates.noindex/union-haptics.build/Debug-watchos/UnionHaptics-t.build/UnionHaptics.DependencyMetadataFileList (in target 'UnionHaptics' from project 'union-haptics')
cd /Users/admin/builder/spi-builder-workspace/.dependencies/checkouts/union-haptics
write-file /Users/admin/builder/spi-builder-workspace/.derivedData/Build/Intermediates.noindex/union-haptics.build/Debug-watchos/UnionHaptics-t.build/UnionHaptics.DependencyMetadataFileList
WriteAuxiliaryFile /Users/admin/builder/spi-builder-workspace/.derivedData/Build/Intermediates.noindex/union-haptics.build/Debug-watchos/UnionHaptics-t.build/UnionHaptics.DependencyStaticMetadataFileList (in target 'UnionHaptics' from project 'union-haptics')
cd /Users/admin/builder/spi-builder-workspace/.dependencies/checkouts/union-haptics
write-file /Users/admin/builder/spi-builder-workspace/.derivedData/Build/Intermediates.noindex/union-haptics.build/Debug-watchos/UnionHaptics-t.build/UnionHaptics.DependencyStaticMetadataFileList
WriteAuxiliaryFile /Users/admin/builder/spi-builder-workspace/.derivedData/Build/Intermediates.noindex/union-haptics.build/Debug-watchos/UnionHaptics-t.build/UnionHaptics.modulemap (in target 'UnionHaptics' from project 'union-haptics')
cd /Users/admin/builder/spi-builder-workspace/.dependencies/checkouts/union-haptics
write-file /Users/admin/builder/spi-builder-workspace/.derivedData/Build/Intermediates.noindex/union-haptics.build/Debug-watchos/UnionHaptics-t.build/UnionHaptics.modulemap
WriteAuxiliaryFile /Users/admin/builder/spi-builder-workspace/.derivedData/Build/Intermediates.noindex/union-haptics.build/Debug-watchos/UnionHaptics-t.build/Objects-normal/arm64_32/UnionHaptics.LinkFileList (in target 'UnionHaptics' from project 'union-haptics')
cd /Users/admin/builder/spi-builder-workspace/.dependencies/checkouts/union-haptics
write-file /Users/admin/builder/spi-builder-workspace/.derivedData/Build/Intermediates.noindex/union-haptics.build/Debug-watchos/UnionHaptics-t.build/Objects-normal/arm64_32/UnionHaptics.LinkFileList
WriteAuxiliaryFile /Users/admin/builder/spi-builder-workspace/.derivedData/Build/Intermediates.noindex/union-haptics.build/Debug-watchos/UnionHaptics-t.build/Objects-normal/arm64_32/UnionHaptics.SwiftConstValuesFileList (in target 'UnionHaptics' from project 'union-haptics')
cd /Users/admin/builder/spi-builder-workspace/.dependencies/checkouts/union-haptics
write-file /Users/admin/builder/spi-builder-workspace/.derivedData/Build/Intermediates.noindex/union-haptics.build/Debug-watchos/UnionHaptics-t.build/Objects-normal/arm64_32/UnionHaptics.SwiftConstValuesFileList
WriteAuxiliaryFile /Users/admin/builder/spi-builder-workspace/.derivedData/Build/Intermediates.noindex/union-haptics.build/Debug-watchos/UnionHaptics-t.build/Objects-normal/arm64_32/UnionHaptics-OutputFileMap.json (in target 'UnionHaptics' from project 'union-haptics')
cd /Users/admin/builder/spi-builder-workspace/.dependencies/checkouts/union-haptics
write-file /Users/admin/builder/spi-builder-workspace/.derivedData/Build/Intermediates.noindex/union-haptics.build/Debug-watchos/UnionHaptics-t.build/Objects-normal/arm64_32/UnionHaptics-OutputFileMap.json
WriteAuxiliaryFile /Users/admin/builder/spi-builder-workspace/.derivedData/Build/Intermediates.noindex/union-haptics.build/Debug-watchos/UnionHaptics-t.build/Objects-normal/arm64_32/UnionHaptics.SwiftFileList (in target 'UnionHaptics' from project 'union-haptics')
cd /Users/admin/builder/spi-builder-workspace/.dependencies/checkouts/union-haptics
write-file /Users/admin/builder/spi-builder-workspace/.derivedData/Build/Intermediates.noindex/union-haptics.build/Debug-watchos/UnionHaptics-t.build/Objects-normal/arm64_32/UnionHaptics.SwiftFileList
WriteAuxiliaryFile /Users/admin/builder/spi-builder-workspace/.derivedData/Build/Intermediates.noindex/union-haptics.build/Debug-watchos/UnionHaptics-t.build/Objects-normal/arm64_32/UnionHaptics_const_extract_protocols.json (in target 'UnionHaptics' from project 'union-haptics')
cd /Users/admin/builder/spi-builder-workspace/.dependencies/checkouts/union-haptics
write-file /Users/admin/builder/spi-builder-workspace/.derivedData/Build/Intermediates.noindex/union-haptics.build/Debug-watchos/UnionHaptics-t.build/Objects-normal/arm64_32/UnionHaptics_const_extract_protocols.json
WriteAuxiliaryFile /Users/admin/builder/spi-builder-workspace/.derivedData/Build/Intermediates.noindex/union-haptics.build/Debug-watchos/UnionHaptics-t.build/Objects-normal/arm64/UnionHaptics.LinkFileList (in target 'UnionHaptics' from project 'union-haptics')
cd /Users/admin/builder/spi-builder-workspace/.dependencies/checkouts/union-haptics
write-file /Users/admin/builder/spi-builder-workspace/.derivedData/Build/Intermediates.noindex/union-haptics.build/Debug-watchos/UnionHaptics-t.build/Objects-normal/arm64/UnionHaptics.LinkFileList
WriteAuxiliaryFile /Users/admin/builder/spi-builder-workspace/.derivedData/Build/Intermediates.noindex/union-haptics.build/Debug-watchos/UnionHaptics-t.build/Objects-normal/arm64/UnionHaptics.SwiftFileList (in target 'UnionHaptics' from project 'union-haptics')
cd /Users/admin/builder/spi-builder-workspace/.dependencies/checkouts/union-haptics
write-file /Users/admin/builder/spi-builder-workspace/.derivedData/Build/Intermediates.noindex/union-haptics.build/Debug-watchos/UnionHaptics-t.build/Objects-normal/arm64/UnionHaptics.SwiftFileList
WriteAuxiliaryFile /Users/admin/builder/spi-builder-workspace/.derivedData/Build/Intermediates.noindex/union-haptics.build/Debug-watchos/UnionHaptics-t.build/Objects-normal/arm64/UnionHaptics-OutputFileMap.json (in target 'UnionHaptics' from project 'union-haptics')
cd /Users/admin/builder/spi-builder-workspace/.dependencies/checkouts/union-haptics
write-file /Users/admin/builder/spi-builder-workspace/.derivedData/Build/Intermediates.noindex/union-haptics.build/Debug-watchos/UnionHaptics-t.build/Objects-normal/arm64/UnionHaptics-OutputFileMap.json
WriteAuxiliaryFile /Users/admin/builder/spi-builder-workspace/.derivedData/Build/Intermediates.noindex/union-haptics.build/Debug-watchos/UnionHaptics-t.build/Objects-normal/arm64/UnionHaptics_const_extract_protocols.json (in target 'UnionHaptics' from project 'union-haptics')
cd /Users/admin/builder/spi-builder-workspace/.dependencies/checkouts/union-haptics
write-file /Users/admin/builder/spi-builder-workspace/.derivedData/Build/Intermediates.noindex/union-haptics.build/Debug-watchos/UnionHaptics-t.build/Objects-normal/arm64/UnionHaptics_const_extract_protocols.json
WriteAuxiliaryFile /Users/admin/builder/spi-builder-workspace/.derivedData/Build/Intermediates.noindex/union-haptics.build/Debug-watchos/UnionHaptics-t.build/Objects-normal/arm64/UnionHaptics.SwiftConstValuesFileList (in target 'UnionHaptics' from project 'union-haptics')
cd /Users/admin/builder/spi-builder-workspace/.dependencies/checkouts/union-haptics
write-file /Users/admin/builder/spi-builder-workspace/.derivedData/Build/Intermediates.noindex/union-haptics.build/Debug-watchos/UnionHaptics-t.build/Objects-normal/arm64/UnionHaptics.SwiftConstValuesFileList
Copy /Users/admin/builder/spi-builder-workspace/.derivedData/Build/Intermediates.noindex/GeneratedModuleMaps-watchos/UnionHaptics.modulemap /Users/admin/builder/spi-builder-workspace/.derivedData/Build/Intermediates.noindex/union-haptics.build/Debug-watchos/UnionHaptics-t.build/UnionHaptics.modulemap (in target 'UnionHaptics' from project 'union-haptics')
cd /Users/admin/builder/spi-builder-workspace/.dependencies/checkouts/union-haptics
builtin-copy -exclude .DS_Store -exclude CVS -exclude .svn -exclude .git -exclude .hg -resolve-src-symlinks /Users/admin/builder/spi-builder-workspace/.derivedData/Build/Intermediates.noindex/union-haptics.build/Debug-watchos/UnionHaptics-t.build/UnionHaptics.modulemap /Users/admin/builder/spi-builder-workspace/.derivedData/Build/Intermediates.noindex/GeneratedModuleMaps-watchos
WriteAuxiliaryFile /Users/admin/builder/spi-builder-workspace/.derivedData/Build/Intermediates.noindex/union-gestures.build/Debug-watchos/UnionGestures-t.build/UnionGestures.modulemap (in target 'UnionGestures' from project 'union-gestures')
cd /Users/admin/builder/spi-builder-workspace/.dependencies/checkouts/union-gestures
write-file /Users/admin/builder/spi-builder-workspace/.derivedData/Build/Intermediates.noindex/union-gestures.build/Debug-watchos/UnionGestures-t.build/UnionGestures.modulemap
WriteAuxiliaryFile /Users/admin/builder/spi-builder-workspace/.derivedData/Build/Intermediates.noindex/union-gestures.build/Debug-watchos/UnionGestures-t.build/UnionGestures.DependencyMetadataFileList (in target 'UnionGestures' from project 'union-gestures')
cd /Users/admin/builder/spi-builder-workspace/.dependencies/checkouts/union-gestures
write-file /Users/admin/builder/spi-builder-workspace/.derivedData/Build/Intermediates.noindex/union-gestures.build/Debug-watchos/UnionGestures-t.build/UnionGestures.DependencyMetadataFileList
WriteAuxiliaryFile /Users/admin/builder/spi-builder-workspace/.derivedData/Build/Intermediates.noindex/union-gestures.build/Debug-watchos/UnionGestures-t.build/UnionGestures.DependencyStaticMetadataFileList (in target 'UnionGestures' from project 'union-gestures')
cd /Users/admin/builder/spi-builder-workspace/.dependencies/checkouts/union-gestures
write-file /Users/admin/builder/spi-builder-workspace/.derivedData/Build/Intermediates.noindex/union-gestures.build/Debug-watchos/UnionGestures-t.build/UnionGestures.DependencyStaticMetadataFileList
WriteAuxiliaryFile /Users/admin/builder/spi-builder-workspace/.derivedData/Build/Intermediates.noindex/union-gestures.build/Debug-watchos/UnionGestures-t.build/Objects-normal/arm64_32/UnionGestures_const_extract_protocols.json (in target 'UnionGestures' from project 'union-gestures')
cd /Users/admin/builder/spi-builder-workspace/.dependencies/checkouts/union-gestures
write-file /Users/admin/builder/spi-builder-workspace/.derivedData/Build/Intermediates.noindex/union-gestures.build/Debug-watchos/UnionGestures-t.build/Objects-normal/arm64_32/UnionGestures_const_extract_protocols.json
WriteAuxiliaryFile /Users/admin/builder/spi-builder-workspace/.derivedData/Build/Intermediates.noindex/union-gestures.build/Debug-watchos/UnionGestures-t.build/Objects-normal/arm64_32/UnionGestures.SwiftFileList (in target 'UnionGestures' from project 'union-gestures')
cd /Users/admin/builder/spi-builder-workspace/.dependencies/checkouts/union-gestures
write-file /Users/admin/builder/spi-builder-workspace/.derivedData/Build/Intermediates.noindex/union-gestures.build/Debug-watchos/UnionGestures-t.build/Objects-normal/arm64_32/UnionGestures.SwiftFileList
WriteAuxiliaryFile /Users/admin/builder/spi-builder-workspace/.derivedData/Build/Intermediates.noindex/union-gestures.build/Debug-watchos/UnionGestures-t.build/Objects-normal/arm64_32/UnionGestures.SwiftConstValuesFileList (in target 'UnionGestures' from project 'union-gestures')
cd /Users/admin/builder/spi-builder-workspace/.dependencies/checkouts/union-gestures
write-file /Users/admin/builder/spi-builder-workspace/.derivedData/Build/Intermediates.noindex/union-gestures.build/Debug-watchos/UnionGestures-t.build/Objects-normal/arm64_32/UnionGestures.SwiftConstValuesFileList
WriteAuxiliaryFile /Users/admin/builder/spi-builder-workspace/.derivedData/Build/Intermediates.noindex/union-gestures.build/Debug-watchos/UnionGestures-t.build/Objects-normal/arm64_32/UnionGestures.LinkFileList (in target 'UnionGestures' from project 'union-gestures')
cd /Users/admin/builder/spi-builder-workspace/.dependencies/checkouts/union-gestures
write-file /Users/admin/builder/spi-builder-workspace/.derivedData/Build/Intermediates.noindex/union-gestures.build/Debug-watchos/UnionGestures-t.build/Objects-normal/arm64_32/UnionGestures.LinkFileList
WriteAuxiliaryFile /Users/admin/builder/spi-builder-workspace/.derivedData/Build/Intermediates.noindex/union-gestures.build/Debug-watchos/UnionGestures-t.build/Objects-normal/arm64_32/UnionGestures-OutputFileMap.json (in target 'UnionGestures' from project 'union-gestures')
cd /Users/admin/builder/spi-builder-workspace/.dependencies/checkouts/union-gestures
write-file /Users/admin/builder/spi-builder-workspace/.derivedData/Build/Intermediates.noindex/union-gestures.build/Debug-watchos/UnionGestures-t.build/Objects-normal/arm64_32/UnionGestures-OutputFileMap.json
WriteAuxiliaryFile /Users/admin/builder/spi-builder-workspace/.derivedData/Build/Intermediates.noindex/union-gestures.build/Debug-watchos/UnionGestures-t.build/Objects-normal/arm64/UnionGestures.SwiftConstValuesFileList (in target 'UnionGestures' from project 'union-gestures')
cd /Users/admin/builder/spi-builder-workspace/.dependencies/checkouts/union-gestures
write-file /Users/admin/builder/spi-builder-workspace/.derivedData/Build/Intermediates.noindex/union-gestures.build/Debug-watchos/UnionGestures-t.build/Objects-normal/arm64/UnionGestures.SwiftConstValuesFileList
WriteAuxiliaryFile /Users/admin/builder/spi-builder-workspace/.derivedData/Build/Intermediates.noindex/union-gestures.build/Debug-watchos/UnionGestures-t.build/Objects-normal/arm64/UnionGestures_const_extract_protocols.json (in target 'UnionGestures' from project 'union-gestures')
cd /Users/admin/builder/spi-builder-workspace/.dependencies/checkouts/union-gestures
write-file /Users/admin/builder/spi-builder-workspace/.derivedData/Build/Intermediates.noindex/union-gestures.build/Debug-watchos/UnionGestures-t.build/Objects-normal/arm64/UnionGestures_const_extract_protocols.json
WriteAuxiliaryFile /Users/admin/builder/spi-builder-workspace/.derivedData/Build/Intermediates.noindex/union-gestures.build/Debug-watchos/UnionGestures-t.build/Objects-normal/arm64/UnionGestures.SwiftFileList (in target 'UnionGestures' from project 'union-gestures')
cd /Users/admin/builder/spi-builder-workspace/.dependencies/checkouts/union-gestures
write-file /Users/admin/builder/spi-builder-workspace/.derivedData/Build/Intermediates.noindex/union-gestures.build/Debug-watchos/UnionGestures-t.build/Objects-normal/arm64/UnionGestures.SwiftFileList
WriteAuxiliaryFile /Users/admin/builder/spi-builder-workspace/.derivedData/Build/Intermediates.noindex/union-gestures.build/Debug-watchos/UnionGestures-t.build/Objects-normal/arm64/UnionGestures-OutputFileMap.json (in target 'UnionGestures' from project 'union-gestures')
cd /Users/admin/builder/spi-builder-workspace/.dependencies/checkouts/union-gestures
write-file /Users/admin/builder/spi-builder-workspace/.derivedData/Build/Intermediates.noindex/union-gestures.build/Debug-watchos/UnionGestures-t.build/Objects-normal/arm64/UnionGestures-OutputFileMap.json
WriteAuxiliaryFile /Users/admin/builder/spi-builder-workspace/.derivedData/Build/Intermediates.noindex/union-gestures.build/Debug-watchos/UnionGestures-t.build/Objects-normal/arm64/UnionGestures.LinkFileList (in target 'UnionGestures' from project 'union-gestures')
cd /Users/admin/builder/spi-builder-workspace/.dependencies/checkouts/union-gestures
write-file /Users/admin/builder/spi-builder-workspace/.derivedData/Build/Intermediates.noindex/union-gestures.build/Debug-watchos/UnionGestures-t.build/Objects-normal/arm64/UnionGestures.LinkFileList
Copy /Users/admin/builder/spi-builder-workspace/.derivedData/Build/Intermediates.noindex/GeneratedModuleMaps-watchos/UnionGestures.modulemap /Users/admin/builder/spi-builder-workspace/.derivedData/Build/Intermediates.noindex/union-gestures.build/Debug-watchos/UnionGestures-t.build/UnionGestures.modulemap (in target 'UnionGestures' from project 'union-gestures')
cd /Users/admin/builder/spi-builder-workspace/.dependencies/checkouts/union-gestures
builtin-copy -exclude .DS_Store -exclude CVS -exclude .svn -exclude .git -exclude .hg -resolve-src-symlinks /Users/admin/builder/spi-builder-workspace/.derivedData/Build/Intermediates.noindex/union-gestures.build/Debug-watchos/UnionGestures-t.build/UnionGestures.modulemap /Users/admin/builder/spi-builder-workspace/.derivedData/Build/Intermediates.noindex/GeneratedModuleMaps-watchos
WriteAuxiliaryFile /Users/admin/builder/spi-builder-workspace/.derivedData/Build/Intermediates.noindex/union-buttons.build/Debug-watchos/UnionButtons-t.build/UnionButtons.modulemap (in target 'UnionButtons' from project 'union-buttons')
cd /Users/admin/builder/spi-builder-workspace
write-file /Users/admin/builder/spi-builder-workspace/.derivedData/Build/Intermediates.noindex/union-buttons.build/Debug-watchos/UnionButtons-t.build/UnionButtons.modulemap
WriteAuxiliaryFile /Users/admin/builder/spi-builder-workspace/.derivedData/Build/Intermediates.noindex/union-buttons.build/Debug-watchos/UnionButtons-t.build/UnionButtons.DependencyStaticMetadataFileList (in target 'UnionButtons' from project 'union-buttons')
cd /Users/admin/builder/spi-builder-workspace
write-file /Users/admin/builder/spi-builder-workspace/.derivedData/Build/Intermediates.noindex/union-buttons.build/Debug-watchos/UnionButtons-t.build/UnionButtons.DependencyStaticMetadataFileList
WriteAuxiliaryFile /Users/admin/builder/spi-builder-workspace/.derivedData/Build/Intermediates.noindex/union-buttons.build/Debug-watchos/UnionButtons-t.build/UnionButtons.DependencyMetadataFileList (in target 'UnionButtons' from project 'union-buttons')
cd /Users/admin/builder/spi-builder-workspace
write-file /Users/admin/builder/spi-builder-workspace/.derivedData/Build/Intermediates.noindex/union-buttons.build/Debug-watchos/UnionButtons-t.build/UnionButtons.DependencyMetadataFileList
WriteAuxiliaryFile /Users/admin/builder/spi-builder-workspace/.derivedData/Build/Intermediates.noindex/union-buttons.build/Debug-watchos/UnionButtons-t.build/Objects-normal/arm64_32/UnionButtons.LinkFileList (in target 'UnionButtons' from project 'union-buttons')
cd /Users/admin/builder/spi-builder-workspace
write-file /Users/admin/builder/spi-builder-workspace/.derivedData/Build/Intermediates.noindex/union-buttons.build/Debug-watchos/UnionButtons-t.build/Objects-normal/arm64_32/UnionButtons.LinkFileList
WriteAuxiliaryFile /Users/admin/builder/spi-builder-workspace/.derivedData/Build/Intermediates.noindex/union-buttons.build/Debug-watchos/UnionButtons-t.build/Objects-normal/arm64_32/UnionButtons.SwiftConstValuesFileList (in target 'UnionButtons' from project 'union-buttons')
cd /Users/admin/builder/spi-builder-workspace
write-file /Users/admin/builder/spi-builder-workspace/.derivedData/Build/Intermediates.noindex/union-buttons.build/Debug-watchos/UnionButtons-t.build/Objects-normal/arm64_32/UnionButtons.SwiftConstValuesFileList
WriteAuxiliaryFile /Users/admin/builder/spi-builder-workspace/.derivedData/Build/Intermediates.noindex/union-buttons.build/Debug-watchos/UnionButtons-t.build/Objects-normal/arm64_32/UnionButtons-OutputFileMap.json (in target 'UnionButtons' from project 'union-buttons')
cd /Users/admin/builder/spi-builder-workspace
write-file /Users/admin/builder/spi-builder-workspace/.derivedData/Build/Intermediates.noindex/union-buttons.build/Debug-watchos/UnionButtons-t.build/Objects-normal/arm64_32/UnionButtons-OutputFileMap.json
WriteAuxiliaryFile /Users/admin/builder/spi-builder-workspace/.derivedData/Build/Intermediates.noindex/union-buttons.build/Debug-watchos/UnionButtons-t.build/Objects-normal/arm64_32/UnionButtons_const_extract_protocols.json (in target 'UnionButtons' from project 'union-buttons')
cd /Users/admin/builder/spi-builder-workspace
write-file /Users/admin/builder/spi-builder-workspace/.derivedData/Build/Intermediates.noindex/union-buttons.build/Debug-watchos/UnionButtons-t.build/Objects-normal/arm64_32/UnionButtons_const_extract_protocols.json
WriteAuxiliaryFile /Users/admin/builder/spi-builder-workspace/.derivedData/Build/Intermediates.noindex/union-buttons.build/Debug-watchos/UnionButtons-t.build/Objects-normal/arm64_32/UnionButtons.SwiftFileList (in target 'UnionButtons' from project 'union-buttons')
cd /Users/admin/builder/spi-builder-workspace
write-file /Users/admin/builder/spi-builder-workspace/.derivedData/Build/Intermediates.noindex/union-buttons.build/Debug-watchos/UnionButtons-t.build/Objects-normal/arm64_32/UnionButtons.SwiftFileList
WriteAuxiliaryFile /Users/admin/builder/spi-builder-workspace/.derivedData/Build/Intermediates.noindex/union-buttons.build/Debug-watchos/UnionButtons-t.build/Objects-normal/arm64/UnionButtons.SwiftFileList (in target 'UnionButtons' from project 'union-buttons')
cd /Users/admin/builder/spi-builder-workspace
write-file /Users/admin/builder/spi-builder-workspace/.derivedData/Build/Intermediates.noindex/union-buttons.build/Debug-watchos/UnionButtons-t.build/Objects-normal/arm64/UnionButtons.SwiftFileList
WriteAuxiliaryFile /Users/admin/builder/spi-builder-workspace/.derivedData/Build/Intermediates.noindex/union-buttons.build/Debug-watchos/UnionButtons-t.build/Objects-normal/arm64/UnionButtons_const_extract_protocols.json (in target 'UnionButtons' from project 'union-buttons')
cd /Users/admin/builder/spi-builder-workspace
write-file /Users/admin/builder/spi-builder-workspace/.derivedData/Build/Intermediates.noindex/union-buttons.build/Debug-watchos/UnionButtons-t.build/Objects-normal/arm64/UnionButtons_const_extract_protocols.json
WriteAuxiliaryFile /Users/admin/builder/spi-builder-workspace/.derivedData/Build/Intermediates.noindex/union-buttons.build/Debug-watchos/UnionButtons-t.build/Objects-normal/arm64/UnionButtons.SwiftConstValuesFileList (in target 'UnionButtons' from project 'union-buttons')
cd /Users/admin/builder/spi-builder-workspace
write-file /Users/admin/builder/spi-builder-workspace/.derivedData/Build/Intermediates.noindex/union-buttons.build/Debug-watchos/UnionButtons-t.build/Objects-normal/arm64/UnionButtons.SwiftConstValuesFileList
WriteAuxiliaryFile /Users/admin/builder/spi-builder-workspace/.derivedData/Build/Intermediates.noindex/union-buttons.build/Debug-watchos/UnionButtons-t.build/Objects-normal/arm64/UnionButtons.LinkFileList (in target 'UnionButtons' from project 'union-buttons')
cd /Users/admin/builder/spi-builder-workspace
write-file /Users/admin/builder/spi-builder-workspace/.derivedData/Build/Intermediates.noindex/union-buttons.build/Debug-watchos/UnionButtons-t.build/Objects-normal/arm64/UnionButtons.LinkFileList
Copy /Users/admin/builder/spi-builder-workspace/.derivedData/Build/Intermediates.noindex/GeneratedModuleMaps-watchos/UnionButtons.modulemap /Users/admin/builder/spi-builder-workspace/.derivedData/Build/Intermediates.noindex/union-buttons.build/Debug-watchos/UnionButtons-t.build/UnionButtons.modulemap (in target 'UnionButtons' from project 'union-buttons')
cd /Users/admin/builder/spi-builder-workspace
builtin-copy -exclude .DS_Store -exclude CVS -exclude .svn -exclude .git -exclude .hg -resolve-src-symlinks /Users/admin/builder/spi-builder-workspace/.derivedData/Build/Intermediates.noindex/union-buttons.build/Debug-watchos/UnionButtons-t.build/UnionButtons.modulemap /Users/admin/builder/spi-builder-workspace/.derivedData/Build/Intermediates.noindex/GeneratedModuleMaps-watchos
WriteAuxiliaryFile /Users/admin/builder/spi-builder-workspace/.derivedData/Build/Intermediates.noindex/union-buttons.build/Debug-watchos/UnionButtons-t.build/Objects-normal/arm64/UnionButtons-OutputFileMap.json (in target 'UnionButtons' from project 'union-buttons')
cd /Users/admin/builder/spi-builder-workspace
write-file /Users/admin/builder/spi-builder-workspace/.derivedData/Build/Intermediates.noindex/union-buttons.build/Debug-watchos/UnionButtons-t.build/Objects-normal/arm64/UnionButtons-OutputFileMap.json
SwiftDriver UnionHaptics normal arm64_32 com.apple.xcode.tools.swift.compiler (in target 'UnionHaptics' from project 'union-haptics')
cd /Users/admin/builder/spi-builder-workspace/.swiftpm/xcode
builtin-SwiftDriver -- /Applications/Xcode-27.0.0-Release.Candidate.app/Contents/Developer/Toolchains/XcodeDefault.xctoolchain/usr/bin/swiftc -parse-as-library -module-name UnionHaptics -Onone @/Users/admin/builder/spi-builder-workspace/.derivedData/Build/Intermediates.noindex/union-haptics.build/Debug-watchos/UnionHaptics-t.build/Objects-normal/arm64_32/UnionHaptics.SwiftFileList -DSWIFT_PACKAGE -DDEBUG -DSWIFT_MODULE_RESOURCE_BUNDLE_UNAVAILABLE -DXcode -plugin-path /Applications/Xcode-27.0.0-Release.Candidate.app/Contents/Developer/Toolchains/XcodeDefault.xctoolchain/usr/lib/swift/host/plugins/testing -enable-experimental-feature DebugDescriptionMacro -sdk /Applications/Xcode-27.0.0-Release.Candidate.app/Contents/Developer/Platforms/WatchOS.platform/Developer/SDKs/WatchOS27.0.sdk -target arm64_32-apple-watchos10.0 -g -module-cache-path /Users/admin/builder/spi-builder-workspace/.derivedData/ModuleCache.noindex -Xfrontend -serialize-debugging-options -enable-testing -suppress-warnings -index-store-path /Users/admin/builder/spi-builder-workspace/.derivedData/Index.noindex/DataStore -Xcc -D_LIBCPP_HARDENING_MODE\=_LIBCPP_HARDENING_MODE_DEBUG -swift-version 6 -I /Users/admin/builder/spi-builder-workspace/.derivedData/Build/Products/Debug-watchos -Isystem /Applications/Xcode-27.0.0-Release.Candidate.app/Contents/Developer/Platforms/WatchOS.platform/Developer/usr/lib -F /Users/admin/builder/spi-builder-workspace/.derivedData/Build/Products/Debug-watchos -F /Applications/Xcode-27.0.0-Release.Candidate.app/Contents/Developer/Platforms/WatchOS.platform/Developer/Library/Frameworks -F /Applications/Xcode-27.0.0-Release.Candidate.app/Contents/Developer/Platforms/WatchOS.platform/Developer/SDKs/WatchOS27.0.sdk/Developer/Library/Frameworks -c -j10 -enable-batch-mode -incremental -Xcc -ivfsstatcache -Xcc /Users/admin/builder/spi-builder-workspace/.derivedData/SDKStatCaches.noindex/watchos27.0-24R360-e829b21a6f8c9b70876ba0858053c04477534ef55a1706bf4c1112bbb242f0a2.sdkstatcache -output-file-map /Users/admin/builder/spi-builder-workspace/.derivedData/Build/Intermediates.noindex/union-haptics.build/Debug-watchos/UnionHaptics-t.build/Objects-normal/arm64_32/UnionHaptics-OutputFileMap.json -save-temps -no-color-diagnostics -explicit-module-build -module-cache-path /Users/admin/builder/spi-builder-workspace/.derivedData/Build/Intermediates.noindex/SwiftExplicitPrecompiledModules -clang-scanner-module-cache-path /Users/admin/builder/spi-builder-workspace/.derivedData/ModuleCache.noindex -sdk-module-cache-path /Users/admin/builder/spi-builder-workspace/.derivedData/SDKExplicitPrecompiledModules -emit-dependencies -emit-module -emit-module-path /Users/admin/builder/spi-builder-workspace/.derivedData/Build/Intermediates.noindex/union-haptics.build/Debug-watchos/UnionHaptics-t.build/Objects-normal/arm64_32/UnionHaptics.swiftmodule -serialize-diagnostics -dependency-scan-serialize-diagnostics-path /Users/admin/builder/spi-builder-workspace/.derivedData/Build/Intermediates.noindex/union-haptics.build/Debug-watchos/UnionHaptics-t.build/Objects-normal/arm64_32/UnionHaptics-dependency-scan.dia -user-module-version 1.2.1 -validate-clang-modules-once -clang-build-session-file /Users/admin/builder/spi-builder-workspace/.derivedData/ModuleCache.noindex/Session.modulevalidation -Xcc -fmodules-prune-interval\=86400 -Xcc -fmodules-prune-after\=345600 -package-name union_haptics -emit-const-values -const-gather-protocols-list /Users/admin/builder/spi-builder-workspace/.derivedData/Build/Intermediates.noindex/union-haptics.build/Debug-watchos/UnionHaptics-t.build/Objects-normal/arm64_32/UnionHaptics_const_extract_protocols.json -Xcc -I/Users/admin/builder/spi-builder-workspace/.derivedData/Build/Products/Debug-watchos/include -Xcc -I/Users/admin/builder/spi-builder-workspace/.derivedData/Build/Intermediates.noindex/union-haptics.build/Debug-watchos/UnionHaptics-t.build/DerivedSources-normal/arm64_32 -Xcc -I/Users/admin/builder/spi-builder-workspace/.derivedData/Build/Intermediates.noindex/union-haptics.build/Debug-watchos/UnionHaptics-t.build/DerivedSources/arm64_32 -Xcc -I/Users/admin/builder/spi-builder-workspace/.derivedData/Build/Intermediates.noindex/union-haptics.build/Debug-watchos/UnionHaptics-t.build/DerivedSources -Xcc -DSWIFT_PACKAGE -Xcc -DDEBUG\=1 -emit-objc-header -emit-objc-header-path /Users/admin/builder/spi-builder-workspace/.derivedData/Build/Intermediates.noindex/union-haptics.build/Debug-watchos/UnionHaptics-t.build/Objects-normal/arm64_32/UnionHaptics-Swift.h -working-directory /Users/admin/builder/spi-builder-workspace/.swiftpm/xcode -experimental-emit-module-separately -disable-cmo
/Users/admin/builder/spi-builder-workspace/.dependencies/checkouts/union-haptics/Sources/union-haptics/Haptics.swift:9:8: error: Unable to resolve module dependency: 'CoreHaptics' (in target 'UnionHaptics' from project 'union-haptics')
note: A dependency of main module 'UnionHaptics'
/Users/admin/builder/spi-builder-workspace/.dependencies/checkouts/union-haptics/Sources/union-haptics/Haptics.swift:9:8: note: A dependency of main module 'UnionHaptics'
import CoreHaptics
^ (in target 'UnionHaptics' from project 'union-haptics')
SwiftDriver UnionHaptics normal arm64 com.apple.xcode.tools.swift.compiler (in target 'UnionHaptics' from project 'union-haptics')
cd /Users/admin/builder/spi-builder-workspace/.swiftpm/xcode
builtin-SwiftDriver -- /Applications/Xcode-27.0.0-Release.Candidate.app/Contents/Developer/Toolchains/XcodeDefault.xctoolchain/usr/bin/swiftc -parse-as-library -module-name UnionHaptics -Onone @/Users/admin/builder/spi-builder-workspace/.derivedData/Build/Intermediates.noindex/union-haptics.build/Debug-watchos/UnionHaptics-t.build/Objects-normal/arm64/UnionHaptics.SwiftFileList -DSWIFT_PACKAGE -DDEBUG -DSWIFT_MODULE_RESOURCE_BUNDLE_UNAVAILABLE -DXcode -plugin-path /Applications/Xcode-27.0.0-Release.Candidate.app/Contents/Developer/Toolchains/XcodeDefault.xctoolchain/usr/lib/swift/host/plugins/testing -enable-experimental-feature DebugDescriptionMacro -sdk /Applications/Xcode-27.0.0-Release.Candidate.app/Contents/Developer/Platforms/WatchOS.platform/Developer/SDKs/WatchOS27.0.sdk -target arm64-apple-watchos10.0 -g -module-cache-path /Users/admin/builder/spi-builder-workspace/.derivedData/ModuleCache.noindex -Xfrontend -serialize-debugging-options -enable-testing -suppress-warnings -index-store-path /Users/admin/builder/spi-builder-workspace/.derivedData/Index.noindex/DataStore -Xcc -D_LIBCPP_HARDENING_MODE\=_LIBCPP_HARDENING_MODE_DEBUG -swift-version 6 -I /Users/admin/builder/spi-builder-workspace/.derivedData/Build/Products/Debug-watchos -Isystem /Applications/Xcode-27.0.0-Release.Candidate.app/Contents/Developer/Platforms/WatchOS.platform/Developer/usr/lib -F /Users/admin/builder/spi-builder-workspace/.derivedData/Build/Products/Debug-watchos -F /Applications/Xcode-27.0.0-Release.Candidate.app/Contents/Developer/Platforms/WatchOS.platform/Developer/Library/Frameworks -F /Applications/Xcode-27.0.0-Release.Candidate.app/Contents/Developer/Platforms/WatchOS.platform/Developer/SDKs/WatchOS27.0.sdk/Developer/Library/Frameworks -c -j10 -enable-batch-mode -incremental -Xcc -ivfsstatcache -Xcc /Users/admin/builder/spi-builder-workspace/.derivedData/SDKStatCaches.noindex/watchos27.0-24R360-e829b21a6f8c9b70876ba0858053c04477534ef55a1706bf4c1112bbb242f0a2.sdkstatcache -output-file-map /Users/admin/builder/spi-builder-workspace/.derivedData/Build/Intermediates.noindex/union-haptics.build/Debug-watchos/UnionHaptics-t.build/Objects-normal/arm64/UnionHaptics-OutputFileMap.json -save-temps -no-color-diagnostics -explicit-module-build -module-cache-path /Users/admin/builder/spi-builder-workspace/.derivedData/Build/Intermediates.noindex/SwiftExplicitPrecompiledModules -clang-scanner-module-cache-path /Users/admin/builder/spi-builder-workspace/.derivedData/ModuleCache.noindex -sdk-module-cache-path /Users/admin/builder/spi-builder-workspace/.derivedData/SDKExplicitPrecompiledModules -emit-dependencies -emit-module -emit-module-path /Users/admin/builder/spi-builder-workspace/.derivedData/Build/Intermediates.noindex/union-haptics.build/Debug-watchos/UnionHaptics-t.build/Objects-normal/arm64/UnionHaptics.swiftmodule -serialize-diagnostics -dependency-scan-serialize-diagnostics-path /Users/admin/builder/spi-builder-workspace/.derivedData/Build/Intermediates.noindex/union-haptics.build/Debug-watchos/UnionHaptics-t.build/Objects-normal/arm64/UnionHaptics-dependency-scan.dia -user-module-version 1.2.1 -validate-clang-modules-once -clang-build-session-file /Users/admin/builder/spi-builder-workspace/.derivedData/ModuleCache.noindex/Session.modulevalidation -Xcc -fmodules-prune-interval\=86400 -Xcc -fmodules-prune-after\=345600 -package-name union_haptics -emit-const-values -const-gather-protocols-list /Users/admin/builder/spi-builder-workspace/.derivedData/Build/Intermediates.noindex/union-haptics.build/Debug-watchos/UnionHaptics-t.build/Objects-normal/arm64/UnionHaptics_const_extract_protocols.json -Xcc -I/Users/admin/builder/spi-builder-workspace/.derivedData/Build/Products/Debug-watchos/include -Xcc -I/Users/admin/builder/spi-builder-workspace/.derivedData/Build/Intermediates.noindex/union-haptics.build/Debug-watchos/UnionHaptics-t.build/DerivedSources-normal/arm64 -Xcc -I/Users/admin/builder/spi-builder-workspace/.derivedData/Build/Intermediates.noindex/union-haptics.build/Debug-watchos/UnionHaptics-t.build/DerivedSources/arm64 -Xcc -I/Users/admin/builder/spi-builder-workspace/.derivedData/Build/Intermediates.noindex/union-haptics.build/Debug-watchos/UnionHaptics-t.build/DerivedSources -Xcc -DSWIFT_PACKAGE -Xcc -DDEBUG\=1 -emit-objc-header -emit-objc-header-path /Users/admin/builder/spi-builder-workspace/.derivedData/Build/Intermediates.noindex/union-haptics.build/Debug-watchos/UnionHaptics-t.build/Objects-normal/arm64/UnionHaptics-Swift.h -working-directory /Users/admin/builder/spi-builder-workspace/.swiftpm/xcode -experimental-emit-module-separately -disable-cmo
/Users/admin/builder/spi-builder-workspace/.dependencies/checkouts/union-haptics/Sources/union-haptics/Haptics.swift:9:8: error: Unable to resolve module dependency: 'CoreHaptics' (in target 'UnionHaptics' from project 'union-haptics')
note: A dependency of main module 'UnionHaptics'
/Users/admin/builder/spi-builder-workspace/.dependencies/checkouts/union-haptics/Sources/union-haptics/Haptics.swift:9:8: note: A dependency of main module 'UnionHaptics'
import CoreHaptics
^ (in target 'UnionHaptics' from project 'union-haptics')
SwiftDriver UnionGestures normal arm64 com.apple.xcode.tools.swift.compiler (in target 'UnionGestures' from project 'union-gestures')
cd /Users/admin/builder/spi-builder-workspace/.swiftpm/xcode
builtin-SwiftDriver -- /Applications/Xcode-27.0.0-Release.Candidate.app/Contents/Developer/Toolchains/XcodeDefault.xctoolchain/usr/bin/swiftc -parse-as-library -module-name UnionGestures -Onone @/Users/admin/builder/spi-builder-workspace/.derivedData/Build/Intermediates.noindex/union-gestures.build/Debug-watchos/UnionGestures-t.build/Objects-normal/arm64/UnionGestures.SwiftFileList -DSWIFT_PACKAGE -DDEBUG -DSWIFT_MODULE_RESOURCE_BUNDLE_UNAVAILABLE -DXcode -plugin-path /Applications/Xcode-27.0.0-Release.Candidate.app/Contents/Developer/Toolchains/XcodeDefault.xctoolchain/usr/lib/swift/host/plugins/testing -enable-experimental-feature DebugDescriptionMacro -sdk /Applications/Xcode-27.0.0-Release.Candidate.app/Contents/Developer/Platforms/WatchOS.platform/Developer/SDKs/WatchOS27.0.sdk -target arm64-apple-watchos10.0 -g -module-cache-path /Users/admin/builder/spi-builder-workspace/.derivedData/ModuleCache.noindex -Xfrontend -serialize-debugging-options -enable-testing -suppress-warnings -index-store-path /Users/admin/builder/spi-builder-workspace/.derivedData/Index.noindex/DataStore -Xcc -D_LIBCPP_HARDENING_MODE\=_LIBCPP_HARDENING_MODE_DEBUG -swift-version 6 -I /Users/admin/builder/spi-builder-workspace/.derivedData/Build/Products/Debug-watchos -Isystem /Applications/Xcode-27.0.0-Release.Candidate.app/Contents/Developer/Platforms/WatchOS.platform/Developer/usr/lib -F /Users/admin/builder/spi-builder-workspace/.derivedData/Build/Products/Debug-watchos -F /Applications/Xcode-27.0.0-Release.Candidate.app/Contents/Developer/Platforms/WatchOS.platform/Developer/Library/Frameworks -F /Applications/Xcode-27.0.0-Release.Candidate.app/Contents/Developer/Platforms/WatchOS.platform/Developer/SDKs/WatchOS27.0.sdk/Developer/Library/Frameworks -c -j10 -enable-batch-mode -incremental -Xcc -ivfsstatcache -Xcc /Users/admin/builder/spi-builder-workspace/.derivedData/SDKStatCaches.noindex/watchos27.0-24R360-e829b21a6f8c9b70876ba0858053c04477534ef55a1706bf4c1112bbb242f0a2.sdkstatcache -output-file-map /Users/admin/builder/spi-builder-workspace/.derivedData/Build/Intermediates.noindex/union-gestures.build/Debug-watchos/UnionGestures-t.build/Objects-normal/arm64/UnionGestures-OutputFileMap.json -save-temps -no-color-diagnostics -explicit-module-build -module-cache-path /Users/admin/builder/spi-builder-workspace/.derivedData/Build/Intermediates.noindex/SwiftExplicitPrecompiledModules -clang-scanner-module-cache-path /Users/admin/builder/spi-builder-workspace/.derivedData/ModuleCache.noindex -sdk-module-cache-path /Users/admin/builder/spi-builder-workspace/.derivedData/SDKExplicitPrecompiledModules -emit-dependencies -emit-module -emit-module-path /Users/admin/builder/spi-builder-workspace/.derivedData/Build/Intermediates.noindex/union-gestures.build/Debug-watchos/UnionGestures-t.build/Objects-normal/arm64/UnionGestures.swiftmodule -serialize-diagnostics -dependency-scan-serialize-diagnostics-path /Users/admin/builder/spi-builder-workspace/.derivedData/Build/Intermediates.noindex/union-gestures.build/Debug-watchos/UnionGestures-t.build/Objects-normal/arm64/UnionGestures-dependency-scan.dia -user-module-version 1.0.1 -validate-clang-modules-once -clang-build-session-file /Users/admin/builder/spi-builder-workspace/.derivedData/ModuleCache.noindex/Session.modulevalidation -Xcc -fmodules-prune-interval\=86400 -Xcc -fmodules-prune-after\=345600 -package-name union_gestures -emit-const-values -const-gather-protocols-list /Users/admin/builder/spi-builder-workspace/.derivedData/Build/Intermediates.noindex/union-gestures.build/Debug-watchos/UnionGestures-t.build/Objects-normal/arm64/UnionGestures_const_extract_protocols.json -Xcc -I/Users/admin/builder/spi-builder-workspace/.derivedData/Build/Products/Debug-watchos/include -Xcc -I/Users/admin/builder/spi-builder-workspace/.derivedData/Build/Intermediates.noindex/union-gestures.build/Debug-watchos/UnionGestures-t.build/DerivedSources-normal/arm64 -Xcc -I/Users/admin/builder/spi-builder-workspace/.derivedData/Build/Intermediates.noindex/union-gestures.build/Debug-watchos/UnionGestures-t.build/DerivedSources/arm64 -Xcc -I/Users/admin/builder/spi-builder-workspace/.derivedData/Build/Intermediates.noindex/union-gestures.build/Debug-watchos/UnionGestures-t.build/DerivedSources -Xcc -DSWIFT_PACKAGE -Xcc -DDEBUG\=1 -emit-objc-header -emit-objc-header-path /Users/admin/builder/spi-builder-workspace/.derivedData/Build/Intermediates.noindex/union-gestures.build/Debug-watchos/UnionGestures-t.build/Objects-normal/arm64/UnionGestures-Swift.h -working-directory /Users/admin/builder/spi-builder-workspace/.swiftpm/xcode -experimental-emit-module-separately -disable-cmo
SwiftDriver UnionGestures normal arm64_32 com.apple.xcode.tools.swift.compiler (in target 'UnionGestures' from project 'union-gestures')
cd /Users/admin/builder/spi-builder-workspace/.swiftpm/xcode
builtin-SwiftDriver -- /Applications/Xcode-27.0.0-Release.Candidate.app/Contents/Developer/Toolchains/XcodeDefault.xctoolchain/usr/bin/swiftc -parse-as-library -module-name UnionGestures -Onone @/Users/admin/builder/spi-builder-workspace/.derivedData/Build/Intermediates.noindex/union-gestures.build/Debug-watchos/UnionGestures-t.build/Objects-normal/arm64_32/UnionGestures.SwiftFileList -DSWIFT_PACKAGE -DDEBUG -DSWIFT_MODULE_RESOURCE_BUNDLE_UNAVAILABLE -DXcode -plugin-path /Applications/Xcode-27.0.0-Release.Candidate.app/Contents/Developer/Toolchains/XcodeDefault.xctoolchain/usr/lib/swift/host/plugins/testing -enable-experimental-feature DebugDescriptionMacro -sdk /Applications/Xcode-27.0.0-Release.Candidate.app/Contents/Developer/Platforms/WatchOS.platform/Developer/SDKs/WatchOS27.0.sdk -target arm64_32-apple-watchos10.0 -g -module-cache-path /Users/admin/builder/spi-builder-workspace/.derivedData/ModuleCache.noindex -Xfrontend -serialize-debugging-options -enable-testing -suppress-warnings -index-store-path /Users/admin/builder/spi-builder-workspace/.derivedData/Index.noindex/DataStore -Xcc -D_LIBCPP_HARDENING_MODE\=_LIBCPP_HARDENING_MODE_DEBUG -swift-version 6 -I /Users/admin/builder/spi-builder-workspace/.derivedData/Build/Products/Debug-watchos -Isystem /Applications/Xcode-27.0.0-Release.Candidate.app/Contents/Developer/Platforms/WatchOS.platform/Developer/usr/lib -F /Users/admin/builder/spi-builder-workspace/.derivedData/Build/Products/Debug-watchos -F /Applications/Xcode-27.0.0-Release.Candidate.app/Contents/Developer/Platforms/WatchOS.platform/Developer/Library/Frameworks -F /Applications/Xcode-27.0.0-Release.Candidate.app/Contents/Developer/Platforms/WatchOS.platform/Developer/SDKs/WatchOS27.0.sdk/Developer/Library/Frameworks -c -j10 -enable-batch-mode -incremental -Xcc -ivfsstatcache -Xcc /Users/admin/builder/spi-builder-workspace/.derivedData/SDKStatCaches.noindex/watchos27.0-24R360-e829b21a6f8c9b70876ba0858053c04477534ef55a1706bf4c1112bbb242f0a2.sdkstatcache -output-file-map /Users/admin/builder/spi-builder-workspace/.derivedData/Build/Intermediates.noindex/union-gestures.build/Debug-watchos/UnionGestures-t.build/Objects-normal/arm64_32/UnionGestures-OutputFileMap.json -save-temps -no-color-diagnostics -explicit-module-build -module-cache-path /Users/admin/builder/spi-builder-workspace/.derivedData/Build/Intermediates.noindex/SwiftExplicitPrecompiledModules -clang-scanner-module-cache-path /Users/admin/builder/spi-builder-workspace/.derivedData/ModuleCache.noindex -sdk-module-cache-path /Users/admin/builder/spi-builder-workspace/.derivedData/SDKExplicitPrecompiledModules -emit-dependencies -emit-module -emit-module-path /Users/admin/builder/spi-builder-workspace/.derivedData/Build/Intermediates.noindex/union-gestures.build/Debug-watchos/UnionGestures-t.build/Objects-normal/arm64_32/UnionGestures.swiftmodule -serialize-diagnostics -dependency-scan-serialize-diagnostics-path /Users/admin/builder/spi-builder-workspace/.derivedData/Build/Intermediates.noindex/union-gestures.build/Debug-watchos/UnionGestures-t.build/Objects-normal/arm64_32/UnionGestures-dependency-scan.dia -user-module-version 1.0.1 -validate-clang-modules-once -clang-build-session-file /Users/admin/builder/spi-builder-workspace/.derivedData/ModuleCache.noindex/Session.modulevalidation -Xcc -fmodules-prune-interval\=86400 -Xcc -fmodules-prune-after\=345600 -package-name union_gestures -emit-const-values -const-gather-protocols-list /Users/admin/builder/spi-builder-workspace/.derivedData/Build/Intermediates.noindex/union-gestures.build/Debug-watchos/UnionGestures-t.build/Objects-normal/arm64_32/UnionGestures_const_extract_protocols.json -Xcc -I/Users/admin/builder/spi-builder-workspace/.derivedData/Build/Products/Debug-watchos/include -Xcc -I/Users/admin/builder/spi-builder-workspace/.derivedData/Build/Intermediates.noindex/union-gestures.build/Debug-watchos/UnionGestures-t.build/DerivedSources-normal/arm64_32 -Xcc -I/Users/admin/builder/spi-builder-workspace/.derivedData/Build/Intermediates.noindex/union-gestures.build/Debug-watchos/UnionGestures-t.build/DerivedSources/arm64_32 -Xcc -I/Users/admin/builder/spi-builder-workspace/.derivedData/Build/Intermediates.noindex/union-gestures.build/Debug-watchos/UnionGestures-t.build/DerivedSources -Xcc -DSWIFT_PACKAGE -Xcc -DDEBUG\=1 -emit-objc-header -emit-objc-header-path /Users/admin/builder/spi-builder-workspace/.derivedData/Build/Intermediates.noindex/union-gestures.build/Debug-watchos/UnionGestures-t.build/Objects-normal/arm64_32/UnionGestures-Swift.h -working-directory /Users/admin/builder/spi-builder-workspace/.swiftpm/xcode -experimental-emit-module-separately -disable-cmo
PruneExplicitPrecompiledModules /Users/admin/builder/spi-builder-workspace/.derivedData/Build/Intermediates.noindex/ExplicitPrecompiledModules
PruneExplicitPrecompiledModules /Users/admin/builder/spi-builder-workspace/.derivedData/SDKExplicitPrecompiledModules
PruneExplicitPrecompiledModules /Users/admin/builder/spi-builder-workspace/.derivedData/Build/Intermediates.noindex/SwiftExplicitPrecompiledModules
2026-09-22 21:14:10.659 xcodebuild[697:4150] [MT] IDERunDestination: Supported platforms for the buildables in the current scheme is empty.
** BUILD FAILED **
The following build commands failed:
SwiftDriver UnionHaptics normal arm64_32 com.apple.xcode.tools.swift.compiler (in target 'UnionHaptics' from project 'union-haptics')
SwiftDriver UnionHaptics normal arm64 com.apple.xcode.tools.swift.compiler (in target 'UnionHaptics' from project 'union-haptics')
Building workspace union-buttons with scheme union-buttons
(3 failures)
Command line invocation:
/Applications/Xcode-27.0.0-Release.Candidate.app/Contents/Developer/usr/bin/xcodebuild -IDEClonedSourcePackagesDirPathOverride=/Users/admin/builder/spi-builder-workspace/.dependencies -resolvePackageDependencies
Resolve Package Graph
Resolved source packages:
union-buttons: /Users/admin/builder/spi-builder-workspace
union-gestures: https://github.com/unionst/union-gestures.git @ 1.0.1
union-haptics: https://github.com/unionst/union-haptics.git @ 1.2.1
resolved source packages: union-buttons, union-gestures, union-haptics
2026-09-22 21:14:14.316 xcodebuild[729:4651] [MT] IDERunDestination: Supported platforms for the buildables in the current scheme is empty.
{
"dependencies" : [
{
"identity" : "union-haptics",
"requirement" : {
"range" : [
{
"lower_bound" : "1.2.1",
"upper_bound" : "2.0.0"
}
]
},
"type" : "sourceControl",
"url" : "https://github.com/unionst/union-haptics.git"
},
{
"identity" : "union-gestures",
"requirement" : {
"range" : [
{
"lower_bound" : "1.0.1",
"upper_bound" : "2.0.0"
}
]
},
"type" : "sourceControl",
"url" : "https://github.com/unionst/union-gestures.git"
}
],
"manifest_display_name" : "union-buttons",
"name" : "union-buttons",
"path" : "/Users/admin/builder/spi-builder-workspace",
"platforms" : [
{
"name" : "ios",
"version" : "18.0"
}
],
"products" : [
{
"name" : "UnionButtons",
"targets" : [
"UnionButtons"
],
"type" : {
"library" : [
"automatic"
]
}
}
],
"targets" : [
{
"c99name" : "UnionButtons",
"module_type" : "SwiftTarget",
"name" : "UnionButtons",
"path" : "Sources/UnionButtons",
"product_dependencies" : [
"UnionHaptics",
"UnionGestures"
],
"product_memberships" : [
"UnionButtons"
],
"sources" : [
"BindingButtonStyle.swift",
"BouncyButtonStyle.swift",
"HapticButtonStyle.swift",
"HapticOpacityButtonStyle.swift",
"ListButton.swift",
"ListPrimitiveButtonStyle.swift",
"Menu Button/GlobalTouchHandler.swift",
"Menu Button/GlobalTouchTracker.swift",
"Menu Button/MenuButtonStyle.swift",
"Menu Button/MenuButtonStyleView.swift",
"NickButtonStyle.swift",
"NothingButtonStyle.swift",
"TransportButtonStyle.swift",
"UnionButtonStyle.swift",
"Util/CGPoint+Distance.swift",
"View+AllowsSwipeToDismiss.swift"
],
"type" : "library"
}
],
"tools_version" : "6.1"
}
{
"workspace" : {
"name" : "union-buttons",
"schemes" : [
"union-buttons"
]
}
}
2026-09-22 21:14:15.599 xcodebuild[757:4871] [MT] IDERunDestination: Supported platforms for the buildables in the current scheme is empty.
Running build ...
env DEVELOPER_DIR=/Applications/Xcode-27.0.0-Release.Candidate.app xcrun xcodebuild -IDEClonedSourcePackagesDirPathOverride=$PWD/.dependencies -skipMacroValidation -skipPackagePluginValidation -derivedDataPath $PWD/.derivedData build -scheme union-buttons -destination generic/platform=watchOS
Command line invocation:
/Applications/Xcode-27.0.0-Release.Candidate.app/Contents/Developer/usr/bin/xcodebuild -IDEClonedSourcePackagesDirPathOverride=/Users/admin/builder/spi-builder-workspace/.dependencies -skipMacroValidation -skipPackagePluginValidation -derivedDataPath /Users/admin/builder/spi-builder-workspace/.derivedData build -scheme union-buttons -destination generic/platform=watchOS
Resolve Package Graph
Resolved source packages:
union-gestures: https://github.com/unionst/union-gestures.git @ 1.0.1
union-haptics: https://github.com/unionst/union-haptics.git @ 1.2.1
union-buttons: /Users/admin/builder/spi-builder-workspace
ComputePackagePrebuildTargetDependencyGraph
Prepare packages
CreateBuildRequest
SendProjectDescription
CreateBuildOperation
ComputeTargetDependencyGraph
note: Building targets in dependency order
note: Target dependency graph (6 targets)
Target 'UnionButtons-product' in project 'union-buttons'
➜ Explicit dependency on target 'UnionButtons' in project 'union-buttons'
➜ Explicit dependency on target 'UnionHaptics-product' in project 'union-haptics'
➜ Explicit dependency on target 'UnionGestures-product' in project 'union-gestures'
Target 'UnionButtons' in project 'union-buttons'
➜ Explicit dependency on target 'UnionHaptics-product' in project 'union-haptics'
➜ Explicit dependency on target 'UnionGestures-product' in project 'union-gestures'
Target 'UnionGestures-product' in project 'union-gestures'
➜ Explicit dependency on target 'UnionGestures' in project 'union-gestures'
Target 'UnionGestures' in project 'union-gestures' (no dependencies)
Target 'UnionHaptics-product' in project 'union-haptics'
➜ Explicit dependency on target 'UnionHaptics' in project 'union-haptics'
Target 'UnionHaptics' in project 'union-haptics' (no dependencies)
GatherProvisioningInputs
CreateBuildDescription
ClangStatCache /Applications/Xcode-27.0.0-Release.Candidate.app/Contents/Developer/Toolchains/XcodeDefault.xctoolchain/usr/bin/clang-stat-cache /Applications/Xcode-27.0.0-Release.Candidate.app/Contents/Developer/Platforms/WatchOS.platform/Developer/SDKs/WatchOS27.0.sdk /Users/admin/builder/spi-builder-workspace/.derivedData/SDKStatCaches.noindex/watchos27.0-24R360-e829b21a6f8c9b70876ba0858053c04477534ef55a1706bf4c1112bbb242f0a2.sdkstatcache
cd /Users/admin/builder/spi-builder-workspace/.swiftpm/xcode
/Applications/Xcode-27.0.0-Release.Candidate.app/Contents/Developer/Toolchains/XcodeDefault.xctoolchain/usr/bin/clang-stat-cache /Applications/Xcode-27.0.0-Release.Candidate.app/Contents/Developer/Platforms/WatchOS.platform/Developer/SDKs/WatchOS27.0.sdk -o /Users/admin/builder/spi-builder-workspace/.derivedData/SDKStatCaches.noindex/watchos27.0-24R360-e829b21a6f8c9b70876ba0858053c04477534ef55a1706bf4c1112bbb242f0a2.sdkstatcache
SwiftDriver UnionHaptics normal arm64 com.apple.xcode.tools.swift.compiler (in target 'UnionHaptics' from project 'union-haptics')
cd /Users/admin/builder/spi-builder-workspace/.swiftpm/xcode
builtin-SwiftDriver -- /Applications/Xcode-27.0.0-Release.Candidate.app/Contents/Developer/Toolchains/XcodeDefault.xctoolchain/usr/bin/swiftc -parse-as-library -module-name UnionHaptics -Onone @/Users/admin/builder/spi-builder-workspace/.derivedData/Build/Intermediates.noindex/union-haptics.build/Debug-watchos/UnionHaptics-t.build/Objects-normal/arm64/UnionHaptics.SwiftFileList -DSWIFT_PACKAGE -DDEBUG -DSWIFT_MODULE_RESOURCE_BUNDLE_UNAVAILABLE -DXcode -plugin-path /Applications/Xcode-27.0.0-Release.Candidate.app/Contents/Developer/Toolchains/XcodeDefault.xctoolchain/usr/lib/swift/host/plugins/testing -enable-experimental-feature DebugDescriptionMacro -sdk /Applications/Xcode-27.0.0-Release.Candidate.app/Contents/Developer/Platforms/WatchOS.platform/Developer/SDKs/WatchOS27.0.sdk -target arm64-apple-watchos10.0 -g -module-cache-path /Users/admin/builder/spi-builder-workspace/.derivedData/ModuleCache.noindex -Xfrontend -serialize-debugging-options -enable-testing -suppress-warnings -index-store-path /Users/admin/builder/spi-builder-workspace/.derivedData/Index.noindex/DataStore -Xcc -D_LIBCPP_HARDENING_MODE\=_LIBCPP_HARDENING_MODE_DEBUG -swift-version 6 -I /Users/admin/builder/spi-builder-workspace/.derivedData/Build/Products/Debug-watchos -Isystem /Applications/Xcode-27.0.0-Release.Candidate.app/Contents/Developer/Platforms/WatchOS.platform/Developer/usr/lib -F /Users/admin/builder/spi-builder-workspace/.derivedData/Build/Products/Debug-watchos -F /Applications/Xcode-27.0.0-Release.Candidate.app/Contents/Developer/Platforms/WatchOS.platform/Developer/Library/Frameworks -F /Applications/Xcode-27.0.0-Release.Candidate.app/Contents/Developer/Platforms/WatchOS.platform/Developer/SDKs/WatchOS27.0.sdk/Developer/Library/Frameworks -c -j10 -enable-batch-mode -incremental -Xcc -ivfsstatcache -Xcc /Users/admin/builder/spi-builder-workspace/.derivedData/SDKStatCaches.noindex/watchos27.0-24R360-e829b21a6f8c9b70876ba0858053c04477534ef55a1706bf4c1112bbb242f0a2.sdkstatcache -output-file-map /Users/admin/builder/spi-builder-workspace/.derivedData/Build/Intermediates.noindex/union-haptics.build/Debug-watchos/UnionHaptics-t.build/Objects-normal/arm64/UnionHaptics-OutputFileMap.json -save-temps -no-color-diagnostics -explicit-module-build -module-cache-path /Users/admin/builder/spi-builder-workspace/.derivedData/Build/Intermediates.noindex/SwiftExplicitPrecompiledModules -clang-scanner-module-cache-path /Users/admin/builder/spi-builder-workspace/.derivedData/ModuleCache.noindex -sdk-module-cache-path /Users/admin/builder/spi-builder-workspace/.derivedData/SDKExplicitPrecompiledModules -emit-dependencies -emit-module -emit-module-path /Users/admin/builder/spi-builder-workspace/.derivedData/Build/Intermediates.noindex/union-haptics.build/Debug-watchos/UnionHaptics-t.build/Objects-normal/arm64/UnionHaptics.swiftmodule -serialize-diagnostics -dependency-scan-serialize-diagnostics-path /Users/admin/builder/spi-builder-workspace/.derivedData/Build/Intermediates.noindex/union-haptics.build/Debug-watchos/UnionHaptics-t.build/Objects-normal/arm64/UnionHaptics-dependency-scan.dia -user-module-version 1.2.1 -validate-clang-modules-once -clang-build-session-file /Users/admin/builder/spi-builder-workspace/.derivedData/ModuleCache.noindex/Session.modulevalidation -Xcc -fmodules-prune-interval\=86400 -Xcc -fmodules-prune-after\=345600 -package-name union_haptics -emit-const-values -const-gather-protocols-list /Users/admin/builder/spi-builder-workspace/.derivedData/Build/Intermediates.noindex/union-haptics.build/Debug-watchos/UnionHaptics-t.build/Objects-normal/arm64/UnionHaptics_const_extract_protocols.json -Xcc -I/Users/admin/builder/spi-builder-workspace/.derivedData/Build/Products/Debug-watchos/include -Xcc -I/Users/admin/builder/spi-builder-workspace/.derivedData/Build/Intermediates.noindex/union-haptics.build/Debug-watchos/UnionHaptics-t.build/DerivedSources-normal/arm64 -Xcc -I/Users/admin/builder/spi-builder-workspace/.derivedData/Build/Intermediates.noindex/union-haptics.build/Debug-watchos/UnionHaptics-t.build/DerivedSources/arm64 -Xcc -I/Users/admin/builder/spi-builder-workspace/.derivedData/Build/Intermediates.noindex/union-haptics.build/Debug-watchos/UnionHaptics-t.build/DerivedSources -Xcc -DSWIFT_PACKAGE -Xcc -DDEBUG\=1 -emit-objc-header -emit-objc-header-path /Users/admin/builder/spi-builder-workspace/.derivedData/Build/Intermediates.noindex/union-haptics.build/Debug-watchos/UnionHaptics-t.build/Objects-normal/arm64/UnionHaptics-Swift.h -working-directory /Users/admin/builder/spi-builder-workspace/.swiftpm/xcode -experimental-emit-module-separately -disable-cmo
/Users/admin/builder/spi-builder-workspace/.dependencies/checkouts/union-haptics/Sources/union-haptics/Haptics.swift:9:8: error: Unable to resolve module dependency: 'CoreHaptics' (in target 'UnionHaptics' from project 'union-haptics')
note: A dependency of main module 'UnionHaptics'
/Users/admin/builder/spi-builder-workspace/.dependencies/checkouts/union-haptics/Sources/union-haptics/Haptics.swift:9:8: note: A dependency of main module 'UnionHaptics'
import CoreHaptics
^ (in target 'UnionHaptics' from project 'union-haptics')
SwiftDriver UnionGestures normal arm64 com.apple.xcode.tools.swift.compiler (in target 'UnionGestures' from project 'union-gestures')
cd /Users/admin/builder/spi-builder-workspace/.swiftpm/xcode
builtin-SwiftDriver -- /Applications/Xcode-27.0.0-Release.Candidate.app/Contents/Developer/Toolchains/XcodeDefault.xctoolchain/usr/bin/swiftc -parse-as-library -module-name UnionGestures -Onone @/Users/admin/builder/spi-builder-workspace/.derivedData/Build/Intermediates.noindex/union-gestures.build/Debug-watchos/UnionGestures-t.build/Objects-normal/arm64/UnionGestures.SwiftFileList -DSWIFT_PACKAGE -DDEBUG -DSWIFT_MODULE_RESOURCE_BUNDLE_UNAVAILABLE -DXcode -plugin-path /Applications/Xcode-27.0.0-Release.Candidate.app/Contents/Developer/Toolchains/XcodeDefault.xctoolchain/usr/lib/swift/host/plugins/testing -enable-experimental-feature DebugDescriptionMacro -sdk /Applications/Xcode-27.0.0-Release.Candidate.app/Contents/Developer/Platforms/WatchOS.platform/Developer/SDKs/WatchOS27.0.sdk -target arm64-apple-watchos10.0 -g -module-cache-path /Users/admin/builder/spi-builder-workspace/.derivedData/ModuleCache.noindex -Xfrontend -serialize-debugging-options -enable-testing -suppress-warnings -index-store-path /Users/admin/builder/spi-builder-workspace/.derivedData/Index.noindex/DataStore -Xcc -D_LIBCPP_HARDENING_MODE\=_LIBCPP_HARDENING_MODE_DEBUG -swift-version 6 -I /Users/admin/builder/spi-builder-workspace/.derivedData/Build/Products/Debug-watchos -Isystem /Applications/Xcode-27.0.0-Release.Candidate.app/Contents/Developer/Platforms/WatchOS.platform/Developer/usr/lib -F /Users/admin/builder/spi-builder-workspace/.derivedData/Build/Products/Debug-watchos -F /Applications/Xcode-27.0.0-Release.Candidate.app/Contents/Developer/Platforms/WatchOS.platform/Developer/Library/Frameworks -F /Applications/Xcode-27.0.0-Release.Candidate.app/Contents/Developer/Platforms/WatchOS.platform/Developer/SDKs/WatchOS27.0.sdk/Developer/Library/Frameworks -c -j10 -enable-batch-mode -incremental -Xcc -ivfsstatcache -Xcc /Users/admin/builder/spi-builder-workspace/.derivedData/SDKStatCaches.noindex/watchos27.0-24R360-e829b21a6f8c9b70876ba0858053c04477534ef55a1706bf4c1112bbb242f0a2.sdkstatcache -output-file-map /Users/admin/builder/spi-builder-workspace/.derivedData/Build/Intermediates.noindex/union-gestures.build/Debug-watchos/UnionGestures-t.build/Objects-normal/arm64/UnionGestures-OutputFileMap.json -save-temps -no-color-diagnostics -explicit-module-build -module-cache-path /Users/admin/builder/spi-builder-workspace/.derivedData/Build/Intermediates.noindex/SwiftExplicitPrecompiledModules -clang-scanner-module-cache-path /Users/admin/builder/spi-builder-workspace/.derivedData/ModuleCache.noindex -sdk-module-cache-path /Users/admin/builder/spi-builder-workspace/.derivedData/SDKExplicitPrecompiledModules -emit-dependencies -emit-module -emit-module-path /Users/admin/builder/spi-builder-workspace/.derivedData/Build/Intermediates.noindex/union-gestures.build/Debug-watchos/UnionGestures-t.build/Objects-normal/arm64/UnionGestures.swiftmodule -serialize-diagnostics -dependency-scan-serialize-diagnostics-path /Users/admin/builder/spi-builder-workspace/.derivedData/Build/Intermediates.noindex/union-gestures.build/Debug-watchos/UnionGestures-t.build/Objects-normal/arm64/UnionGestures-dependency-scan.dia -user-module-version 1.0.1 -validate-clang-modules-once -clang-build-session-file /Users/admin/builder/spi-builder-workspace/.derivedData/ModuleCache.noindex/Session.modulevalidation -Xcc -fmodules-prune-interval\=86400 -Xcc -fmodules-prune-after\=345600 -package-name union_gestures -emit-const-values -const-gather-protocols-list /Users/admin/builder/spi-builder-workspace/.derivedData/Build/Intermediates.noindex/union-gestures.build/Debug-watchos/UnionGestures-t.build/Objects-normal/arm64/UnionGestures_const_extract_protocols.json -Xcc -I/Users/admin/builder/spi-builder-workspace/.derivedData/Build/Products/Debug-watchos/include -Xcc -I/Users/admin/builder/spi-builder-workspace/.derivedData/Build/Intermediates.noindex/union-gestures.build/Debug-watchos/UnionGestures-t.build/DerivedSources-normal/arm64 -Xcc -I/Users/admin/builder/spi-builder-workspace/.derivedData/Build/Intermediates.noindex/union-gestures.build/Debug-watchos/UnionGestures-t.build/DerivedSources/arm64 -Xcc -I/Users/admin/builder/spi-builder-workspace/.derivedData/Build/Intermediates.noindex/union-gestures.build/Debug-watchos/UnionGestures-t.build/DerivedSources -Xcc -DSWIFT_PACKAGE -Xcc -DDEBUG\=1 -emit-objc-header -emit-objc-header-path /Users/admin/builder/spi-builder-workspace/.derivedData/Build/Intermediates.noindex/union-gestures.build/Debug-watchos/UnionGestures-t.build/Objects-normal/arm64/UnionGestures-Swift.h -working-directory /Users/admin/builder/spi-builder-workspace/.swiftpm/xcode -experimental-emit-module-separately -disable-cmo
SwiftDriver UnionHaptics normal arm64_32 com.apple.xcode.tools.swift.compiler (in target 'UnionHaptics' from project 'union-haptics')
cd /Users/admin/builder/spi-builder-workspace/.swiftpm/xcode
builtin-SwiftDriver -- /Applications/Xcode-27.0.0-Release.Candidate.app/Contents/Developer/Toolchains/XcodeDefault.xctoolchain/usr/bin/swiftc -parse-as-library -module-name UnionHaptics -Onone @/Users/admin/builder/spi-builder-workspace/.derivedData/Build/Intermediates.noindex/union-haptics.build/Debug-watchos/UnionHaptics-t.build/Objects-normal/arm64_32/UnionHaptics.SwiftFileList -DSWIFT_PACKAGE -DDEBUG -DSWIFT_MODULE_RESOURCE_BUNDLE_UNAVAILABLE -DXcode -plugin-path /Applications/Xcode-27.0.0-Release.Candidate.app/Contents/Developer/Toolchains/XcodeDefault.xctoolchain/usr/lib/swift/host/plugins/testing -enable-experimental-feature DebugDescriptionMacro -sdk /Applications/Xcode-27.0.0-Release.Candidate.app/Contents/Developer/Platforms/WatchOS.platform/Developer/SDKs/WatchOS27.0.sdk -target arm64_32-apple-watchos10.0 -g -module-cache-path /Users/admin/builder/spi-builder-workspace/.derivedData/ModuleCache.noindex -Xfrontend -serialize-debugging-options -enable-testing -suppress-warnings -index-store-path /Users/admin/builder/spi-builder-workspace/.derivedData/Index.noindex/DataStore -Xcc -D_LIBCPP_HARDENING_MODE\=_LIBCPP_HARDENING_MODE_DEBUG -swift-version 6 -I /Users/admin/builder/spi-builder-workspace/.derivedData/Build/Products/Debug-watchos -Isystem /Applications/Xcode-27.0.0-Release.Candidate.app/Contents/Developer/Platforms/WatchOS.platform/Developer/usr/lib -F /Users/admin/builder/spi-builder-workspace/.derivedData/Build/Products/Debug-watchos -F /Applications/Xcode-27.0.0-Release.Candidate.app/Contents/Developer/Platforms/WatchOS.platform/Developer/Library/Frameworks -F /Applications/Xcode-27.0.0-Release.Candidate.app/Contents/Developer/Platforms/WatchOS.platform/Developer/SDKs/WatchOS27.0.sdk/Developer/Library/Frameworks -c -j10 -enable-batch-mode -incremental -Xcc -ivfsstatcache -Xcc /Users/admin/builder/spi-builder-workspace/.derivedData/SDKStatCaches.noindex/watchos27.0-24R360-e829b21a6f8c9b70876ba0858053c04477534ef55a1706bf4c1112bbb242f0a2.sdkstatcache -output-file-map /Users/admin/builder/spi-builder-workspace/.derivedData/Build/Intermediates.noindex/union-haptics.build/Debug-watchos/UnionHaptics-t.build/Objects-normal/arm64_32/UnionHaptics-OutputFileMap.json -save-temps -no-color-diagnostics -explicit-module-build -module-cache-path /Users/admin/builder/spi-builder-workspace/.derivedData/Build/Intermediates.noindex/SwiftExplicitPrecompiledModules -clang-scanner-module-cache-path /Users/admin/builder/spi-builder-workspace/.derivedData/ModuleCache.noindex -sdk-module-cache-path /Users/admin/builder/spi-builder-workspace/.derivedData/SDKExplicitPrecompiledModules -emit-dependencies -emit-module -emit-module-path /Users/admin/builder/spi-builder-workspace/.derivedData/Build/Intermediates.noindex/union-haptics.build/Debug-watchos/UnionHaptics-t.build/Objects-normal/arm64_32/UnionHaptics.swiftmodule -serialize-diagnostics -dependency-scan-serialize-diagnostics-path /Users/admin/builder/spi-builder-workspace/.derivedData/Build/Intermediates.noindex/union-haptics.build/Debug-watchos/UnionHaptics-t.build/Objects-normal/arm64_32/UnionHaptics-dependency-scan.dia -user-module-version 1.2.1 -validate-clang-modules-once -clang-build-session-file /Users/admin/builder/spi-builder-workspace/.derivedData/ModuleCache.noindex/Session.modulevalidation -Xcc -fmodules-prune-interval\=86400 -Xcc -fmodules-prune-after\=345600 -package-name union_haptics -emit-const-values -const-gather-protocols-list /Users/admin/builder/spi-builder-workspace/.derivedData/Build/Intermediates.noindex/union-haptics.build/Debug-watchos/UnionHaptics-t.build/Objects-normal/arm64_32/UnionHaptics_const_extract_protocols.json -Xcc -I/Users/admin/builder/spi-builder-workspace/.derivedData/Build/Products/Debug-watchos/include -Xcc -I/Users/admin/builder/spi-builder-workspace/.derivedData/Build/Intermediates.noindex/union-haptics.build/Debug-watchos/UnionHaptics-t.build/DerivedSources-normal/arm64_32 -Xcc -I/Users/admin/builder/spi-builder-workspace/.derivedData/Build/Intermediates.noindex/union-haptics.build/Debug-watchos/UnionHaptics-t.build/DerivedSources/arm64_32 -Xcc -I/Users/admin/builder/spi-builder-workspace/.derivedData/Build/Intermediates.noindex/union-haptics.build/Debug-watchos/UnionHaptics-t.build/DerivedSources -Xcc -DSWIFT_PACKAGE -Xcc -DDEBUG\=1 -emit-objc-header -emit-objc-header-path /Users/admin/builder/spi-builder-workspace/.derivedData/Build/Intermediates.noindex/union-haptics.build/Debug-watchos/UnionHaptics-t.build/Objects-normal/arm64_32/UnionHaptics-Swift.h -working-directory /Users/admin/builder/spi-builder-workspace/.swiftpm/xcode -experimental-emit-module-separately -disable-cmo
/Users/admin/builder/spi-builder-workspace/.dependencies/checkouts/union-haptics/Sources/union-haptics/Haptics.swift:9:8: error: Unable to resolve module dependency: 'CoreHaptics' (in target 'UnionHaptics' from project 'union-haptics')
note: A dependency of main module 'UnionHaptics'
/Users/admin/builder/spi-builder-workspace/.dependencies/checkouts/union-haptics/Sources/union-haptics/Haptics.swift:9:8: note: A dependency of main module 'UnionHaptics'
import CoreHaptics
^ (in target 'UnionHaptics' from project 'union-haptics')
SwiftDriver UnionGestures normal arm64_32 com.apple.xcode.tools.swift.compiler (in target 'UnionGestures' from project 'union-gestures')
cd /Users/admin/builder/spi-builder-workspace/.swiftpm/xcode
builtin-SwiftDriver -- /Applications/Xcode-27.0.0-Release.Candidate.app/Contents/Developer/Toolchains/XcodeDefault.xctoolchain/usr/bin/swiftc -parse-as-library -module-name UnionGestures -Onone @/Users/admin/builder/spi-builder-workspace/.derivedData/Build/Intermediates.noindex/union-gestures.build/Debug-watchos/UnionGestures-t.build/Objects-normal/arm64_32/UnionGestures.SwiftFileList -DSWIFT_PACKAGE -DDEBUG -DSWIFT_MODULE_RESOURCE_BUNDLE_UNAVAILABLE -DXcode -plugin-path /Applications/Xcode-27.0.0-Release.Candidate.app/Contents/Developer/Toolchains/XcodeDefault.xctoolchain/usr/lib/swift/host/plugins/testing -enable-experimental-feature DebugDescriptionMacro -sdk /Applications/Xcode-27.0.0-Release.Candidate.app/Contents/Developer/Platforms/WatchOS.platform/Developer/SDKs/WatchOS27.0.sdk -target arm64_32-apple-watchos10.0 -g -module-cache-path /Users/admin/builder/spi-builder-workspace/.derivedData/ModuleCache.noindex -Xfrontend -serialize-debugging-options -enable-testing -suppress-warnings -index-store-path /Users/admin/builder/spi-builder-workspace/.derivedData/Index.noindex/DataStore -Xcc -D_LIBCPP_HARDENING_MODE\=_LIBCPP_HARDENING_MODE_DEBUG -swift-version 6 -I /Users/admin/builder/spi-builder-workspace/.derivedData/Build/Products/Debug-watchos -Isystem /Applications/Xcode-27.0.0-Release.Candidate.app/Contents/Developer/Platforms/WatchOS.platform/Developer/usr/lib -F /Users/admin/builder/spi-builder-workspace/.derivedData/Build/Products/Debug-watchos -F /Applications/Xcode-27.0.0-Release.Candidate.app/Contents/Developer/Platforms/WatchOS.platform/Developer/Library/Frameworks -F /Applications/Xcode-27.0.0-Release.Candidate.app/Contents/Developer/Platforms/WatchOS.platform/Developer/SDKs/WatchOS27.0.sdk/Developer/Library/Frameworks -c -j10 -enable-batch-mode -incremental -Xcc -ivfsstatcache -Xcc /Users/admin/builder/spi-builder-workspace/.derivedData/SDKStatCaches.noindex/watchos27.0-24R360-e829b21a6f8c9b70876ba0858053c04477534ef55a1706bf4c1112bbb242f0a2.sdkstatcache -output-file-map /Users/admin/builder/spi-builder-workspace/.derivedData/Build/Intermediates.noindex/union-gestures.build/Debug-watchos/UnionGestures-t.build/Objects-normal/arm64_32/UnionGestures-OutputFileMap.json -save-temps -no-color-diagnostics -explicit-module-build -module-cache-path /Users/admin/builder/spi-builder-workspace/.derivedData/Build/Intermediates.noindex/SwiftExplicitPrecompiledModules -clang-scanner-module-cache-path /Users/admin/builder/spi-builder-workspace/.derivedData/ModuleCache.noindex -sdk-module-cache-path /Users/admin/builder/spi-builder-workspace/.derivedData/SDKExplicitPrecompiledModules -emit-dependencies -emit-module -emit-module-path /Users/admin/builder/spi-builder-workspace/.derivedData/Build/Intermediates.noindex/union-gestures.build/Debug-watchos/UnionGestures-t.build/Objects-normal/arm64_32/UnionGestures.swiftmodule -serialize-diagnostics -dependency-scan-serialize-diagnostics-path /Users/admin/builder/spi-builder-workspace/.derivedData/Build/Intermediates.noindex/union-gestures.build/Debug-watchos/UnionGestures-t.build/Objects-normal/arm64_32/UnionGestures-dependency-scan.dia -user-module-version 1.0.1 -validate-clang-modules-once -clang-build-session-file /Users/admin/builder/spi-builder-workspace/.derivedData/ModuleCache.noindex/Session.modulevalidation -Xcc -fmodules-prune-interval\=86400 -Xcc -fmodules-prune-after\=345600 -package-name union_gestures -emit-const-values -const-gather-protocols-list /Users/admin/builder/spi-builder-workspace/.derivedData/Build/Intermediates.noindex/union-gestures.build/Debug-watchos/UnionGestures-t.build/Objects-normal/arm64_32/UnionGestures_const_extract_protocols.json -Xcc -I/Users/admin/builder/spi-builder-workspace/.derivedData/Build/Products/Debug-watchos/include -Xcc -I/Users/admin/builder/spi-builder-workspace/.derivedData/Build/Intermediates.noindex/union-gestures.build/Debug-watchos/UnionGestures-t.build/DerivedSources-normal/arm64_32 -Xcc -I/Users/admin/builder/spi-builder-workspace/.derivedData/Build/Intermediates.noindex/union-gestures.build/Debug-watchos/UnionGestures-t.build/DerivedSources/arm64_32 -Xcc -I/Users/admin/builder/spi-builder-workspace/.derivedData/Build/Intermediates.noindex/union-gestures.build/Debug-watchos/UnionGestures-t.build/DerivedSources -Xcc -DSWIFT_PACKAGE -Xcc -DDEBUG\=1 -emit-objc-header -emit-objc-header-path /Users/admin/builder/spi-builder-workspace/.derivedData/Build/Intermediates.noindex/union-gestures.build/Debug-watchos/UnionGestures-t.build/Objects-normal/arm64_32/UnionGestures-Swift.h -working-directory /Users/admin/builder/spi-builder-workspace/.swiftpm/xcode -experimental-emit-module-separately -disable-cmo
PruneExplicitPrecompiledModules /Users/admin/builder/spi-builder-workspace/.derivedData/SDKExplicitPrecompiledModules
PruneExplicitPrecompiledModules /Users/admin/builder/spi-builder-workspace/.derivedData/Build/Intermediates.noindex/ExplicitPrecompiledModules
PruneExplicitPrecompiledModules /Users/admin/builder/spi-builder-workspace/.derivedData/Build/Intermediates.noindex/SwiftExplicitPrecompiledModules
2026-09-22 21:14:16.625 xcodebuild[758:4897] [MT] IDERunDestination: Supported platforms for the buildables in the current scheme is empty.
** BUILD FAILED **
The following build commands failed:
SwiftDriver UnionHaptics normal arm64 com.apple.xcode.tools.swift.compiler (in target 'UnionHaptics' from project 'union-haptics')
SwiftDriver UnionHaptics normal arm64_32 com.apple.xcode.tools.swift.compiler (in target 'UnionHaptics' from project 'union-haptics')
Building workspace union-buttons with scheme union-buttons
(3 failures)
BUILD FAILURE 6.4 watchOS