The Swift Package Index logo.Swift Package Index

Build Information

Failed to build FaceSDK, reference 8.4.5062 (2c7933), with Swift 6.3 for tvOS using Xcode 26.4 on 8 Oct 2026 17:40:32 UTC.

Build Command

env DEVELOPER_DIR=/Applications/Xcode-26.5.0.app xcrun xcodebuild -IDEClonedSourcePackagesDirPathOverride=$PWD/.dependencies -skipMacroValidation -skipPackagePluginValidation -derivedDataPath $PWD/.derivedData build -scheme FaceSDK -destination generic/platform=tvOS

Build Log

========================================
RunAll
========================================
Builder version: 5.1.1
Interrupt handler set up.
========================================
Checkout
========================================
Clone URL: https://github.com/regulaforensics/FaceSDK-Swift-Package.git
Reference: 8.4.5062
Initialized empty Git repository in /Users/admin/builder/spi-builder-workspace/.git/
From https://github.com/regulaforensics/FaceSDK-Swift-Package
 * tag               8.4.5062   -> FETCH_HEAD
HEAD is now at 2c7933c Release 8.4.5062
Cloned https://github.com/regulaforensics/FaceSDK-Swift-Package.git
Revision (git rev-parse @):
2c7933c7d163bd980a07425b00668face88f7145
SUCCESS checkout https://github.com/regulaforensics/FaceSDK-Swift-Package.git at 8.4.5062
========================================
Build
========================================
Selected platform:         tvOS
Swift version:             6.3
Building package at path:  $PWD
https://github.com/regulaforensics/FaceSDK-Swift-Package.git
Command line invocation:
    /Applications/Xcode-26.5.0.app/Contents/Developer/usr/bin/xcodebuild -IDEClonedSourcePackagesDirPathOverride=/Users/admin/builder/spi-builder-workspace/.dependencies -resolvePackageDependencies
Resolve Package Graph
Fetching from https://github.com/regulaforensics/RegulaCommon-Swift-Package.git
Creating working copy of package ‘RegulaCommon-Swift-Package’
Checking out 9.9.2925 of package ‘RegulaCommon-Swift-Package’
Resolve Package Graph
Resolved source packages:
  FaceSDK: /Users/admin/builder/spi-builder-workspace
  RegulaCommon: https://github.com/regulaforensics/RegulaCommon-Swift-Package.git @ 9.9.2925
resolved source packages: FaceSDK, RegulaCommon
2026-10-08 13:40:18.458 xcodebuild[537:3098] [MT] IDERunDestination: Supported platforms for the buildables in the current scheme is empty.
{
  "dependencies" : [
    {
      "identity" : "regulacommon-swift-package",
      "requirement" : {
        "exact" : [
          "9.9.2925"
        ]
      },
      "type" : "sourceControl",
      "url" : "https://github.com/regulaforensics/RegulaCommon-Swift-Package.git"
    }
  ],
  "manifest_display_name" : "FaceSDK",
  "name" : "FaceSDK",
  "path" : "/Users/admin/builder/spi-builder-workspace",
  "platforms" : [
    {
      "name" : "ios",
      "version" : "15.0"
    }
  ],
  "products" : [
    {
      "name" : "FaceSDK",
      "targets" : [
        "FaceSDKCommon"
      ],
      "type" : {
        "library" : [
          "automatic"
        ]
      }
    }
  ],
  "targets" : [
    {
      "c99name" : "FaceSDKCommon",
      "module_type" : "SwiftTarget",
      "name" : "FaceSDKCommon",
      "path" : "Sources",
      "product_dependencies" : [
        "RegulaCommon"
      ],
      "product_memberships" : [
        "FaceSDK"
      ],
      "sources" : [
        "dummy.swift"
      ],
      "target_dependencies" : [
        "FaceSDK"
      ],
      "type" : "library"
    },
    {
      "c99name" : "FaceSDK",
      "module_type" : "BinaryTarget",
      "name" : "FaceSDK",
      "path" : "remote/archive/FaceSDK-8.4.5062.zip",
      "product_memberships" : [
        "FaceSDK"
      ],
      "sources" : [
      ],
      "type" : "binary"
    }
  ],
  "tools_version" : "5.5"
}
{
  "workspace" : {
    "name" : "spi-builder-workspace",
    "schemes" : [
      "FaceSDK"
    ]
  }
}
2026-10-08 13:40:26.313 xcodebuild[712:4126] [MT] IDERunDestination: Supported platforms for the buildables in the current scheme is empty.
Running build ...
env DEVELOPER_DIR=/Applications/Xcode-26.5.0.app xcrun xcodebuild -IDEClonedSourcePackagesDirPathOverride=$PWD/.dependencies -skipMacroValidation -skipPackagePluginValidation -derivedDataPath $PWD/.derivedData build -scheme FaceSDK -destination generic/platform=tvOS
Command line invocation:
    /Applications/Xcode-26.5.0.app/Contents/Developer/usr/bin/xcodebuild -IDEClonedSourcePackagesDirPathOverride=/Users/admin/builder/spi-builder-workspace/.dependencies -skipMacroValidation -skipPackagePluginValidation -derivedDataPath /Users/admin/builder/spi-builder-workspace/.derivedData build -scheme FaceSDK -destination generic/platform=tvOS
Resolve Package Graph
Resolve Package Graph
Resolved source packages:
  FaceSDK: /Users/admin/builder/spi-builder-workspace
  RegulaCommon: https://github.com/regulaforensics/RegulaCommon-Swift-Package.git @ 9.9.2925
ComputePackagePrebuildTargetDependencyGraph
Prepare packages
CreateBuildRequest
SendProjectDescription
CreateBuildOperation
ComputeTargetDependencyGraph
note: Building targets in dependency order
note: Target dependency graph (3 targets)
    Target 'FaceSDK' in project 'FaceSDK'
        ➜ Explicit dependency on target 'FaceSDKCommon' in project 'FaceSDK'
        ➜ Explicit dependency on target 'RegulaCommon' in project 'RegulaCommon'
    Target 'FaceSDKCommon' in project 'FaceSDK'
        ➜ Explicit dependency on target 'RegulaCommon' in project 'RegulaCommon'
    Target 'RegulaCommon' in project 'RegulaCommon' (no dependencies)
GatherProvisioningInputs
CreateBuildDescription
ExecuteExternalTool /Applications/Xcode-26.5.0.app/Contents/Developer/Toolchains/XcodeDefault.xctoolchain/usr/bin/clang -v -E -dM -isysroot /Applications/Xcode-26.5.0.app/Contents/Developer/Platforms/AppleTVOS.platform/Developer/SDKs/AppleTVOS26.5.sdk -x c -c /dev/null
ExecuteExternalTool /Applications/Xcode-26.5.0.app/Contents/Developer/Toolchains/XcodeDefault.xctoolchain/usr/bin/swiftc --version
ExecuteExternalTool /Applications/Xcode-26.5.0.app/Contents/Developer/Toolchains/XcodeDefault.xctoolchain/usr/bin/ld -version_details
Build description signature: 2ff3ad43aeb1840c54a98528638ef2b8
Build description path: /Users/admin/builder/spi-builder-workspace/.derivedData/Build/Intermediates.noindex/XCBuildData/2ff3ad43aeb1840c54a98528638ef2b8.xcbuilddata
/Users/admin/builder/spi-builder-workspace/.dependencies/artifacts/spi-builder-workspace/FaceSDK/FaceSDK.xcframework:1:1: error: While building for tvOS, no library for this platform was found in '/Users/admin/builder/spi-builder-workspace/.dependencies/artifacts/spi-builder-workspace/FaceSDK/FaceSDK.xcframework'. (in target 'FaceSDKCommon' from project 'FaceSDK')
/Users/admin/builder/spi-builder-workspace/.dependencies/artifacts/regulacommon-swift-package/RegulaCommon/RegulaCommon.xcframework:1:1: error: While building for tvOS, no library for this platform was found in '/Users/admin/builder/spi-builder-workspace/.dependencies/artifacts/regulacommon-swift-package/RegulaCommon/RegulaCommon.xcframework'. (in target 'FaceSDKCommon' from project 'FaceSDK')
/Users/admin/builder/spi-builder-workspace/.dependencies/artifacts/spi-builder-workspace/FaceSDK/FaceSDK.xcframework:1:1: error: While building for tvOS, no library for this platform was found in '/Users/admin/builder/spi-builder-workspace/.dependencies/artifacts/spi-builder-workspace/FaceSDK/FaceSDK.xcframework'. (in target 'FaceSDK' from project 'FaceSDK')
/Users/admin/builder/spi-builder-workspace/.dependencies/artifacts/regulacommon-swift-package/RegulaCommon/RegulaCommon.xcframework:1:1: error: While building for tvOS, no library for this platform was found in '/Users/admin/builder/spi-builder-workspace/.dependencies/artifacts/regulacommon-swift-package/RegulaCommon/RegulaCommon.xcframework'. (in target 'FaceSDK' from project 'FaceSDK')
/Users/admin/builder/spi-builder-workspace/.dependencies/artifacts/regulacommon-swift-package/RegulaCommon/RegulaCommon.xcframework:1:1: error: While building for tvOS, no library for this platform was found in '/Users/admin/builder/spi-builder-workspace/.dependencies/artifacts/regulacommon-swift-package/RegulaCommon/RegulaCommon.xcframework'. (in target 'FaceSDK' from project 'FaceSDK')
/Users/admin/builder/spi-builder-workspace/.dependencies/artifacts/regulacommon-swift-package/RegulaCommon/RegulaCommon.xcframework:1:1: error: While building for tvOS, no library for this platform was found in '/Users/admin/builder/spi-builder-workspace/.dependencies/artifacts/regulacommon-swift-package/RegulaCommon/RegulaCommon.xcframework'. (in target 'RegulaCommon' from project 'RegulaCommon')
2026-10-08 13:40:28.308 xcodebuild[719:4188] [MT] IDERunDestination: Supported platforms for the buildables in the current scheme is empty.
** BUILD FAILED **
The following build commands failed:
	Building workspace spi-builder-workspace with scheme FaceSDK
(1 failure)
Command line invocation:
    /Applications/Xcode-26.5.0.app/Contents/Developer/usr/bin/xcodebuild -IDEClonedSourcePackagesDirPathOverride=/Users/admin/builder/spi-builder-workspace/.dependencies -resolvePackageDependencies
Resolve Package Graph
Resolved source packages:
  FaceSDK: /Users/admin/builder/spi-builder-workspace
  RegulaCommon: https://github.com/regulaforensics/RegulaCommon-Swift-Package.git @ 9.9.2925
resolved source packages: FaceSDK, RegulaCommon
2026-10-08 13:40:30.213 xcodebuild[743:4335] [MT] IDERunDestination: Supported platforms for the buildables in the current scheme is empty.
{
  "dependencies" : [
    {
      "identity" : "regulacommon-swift-package",
      "requirement" : {
        "exact" : [
          "9.9.2925"
        ]
      },
      "type" : "sourceControl",
      "url" : "https://github.com/regulaforensics/RegulaCommon-Swift-Package.git"
    }
  ],
  "manifest_display_name" : "FaceSDK",
  "name" : "FaceSDK",
  "path" : "/Users/admin/builder/spi-builder-workspace",
  "platforms" : [
    {
      "name" : "ios",
      "version" : "15.0"
    }
  ],
  "products" : [
    {
      "name" : "FaceSDK",
      "targets" : [
        "FaceSDKCommon"
      ],
      "type" : {
        "library" : [
          "automatic"
        ]
      }
    }
  ],
  "targets" : [
    {
      "c99name" : "FaceSDKCommon",
      "module_type" : "SwiftTarget",
      "name" : "FaceSDKCommon",
      "path" : "Sources",
      "product_dependencies" : [
        "RegulaCommon"
      ],
      "product_memberships" : [
        "FaceSDK"
      ],
      "sources" : [
        "dummy.swift"
      ],
      "target_dependencies" : [
        "FaceSDK"
      ],
      "type" : "library"
    },
    {
      "c99name" : "FaceSDK",
      "module_type" : "BinaryTarget",
      "name" : "FaceSDK",
      "path" : "remote/archive/FaceSDK-8.4.5062.zip",
      "product_memberships" : [
        "FaceSDK"
      ],
      "sources" : [
      ],
      "type" : "binary"
    }
  ],
  "tools_version" : "5.5"
}
{
  "workspace" : {
    "name" : "spi-builder-workspace",
    "schemes" : [
      "FaceSDK"
    ]
  }
}
2026-10-08 13:40:31.308 xcodebuild[753:4402] [MT] IDERunDestination: Supported platforms for the buildables in the current scheme is empty.
Running build ...
env DEVELOPER_DIR=/Applications/Xcode-26.5.0.app xcrun xcodebuild -IDEClonedSourcePackagesDirPathOverride=$PWD/.dependencies -skipMacroValidation -skipPackagePluginValidation -derivedDataPath $PWD/.derivedData build -scheme FaceSDK -destination generic/platform=tvOS
Command line invocation:
    /Applications/Xcode-26.5.0.app/Contents/Developer/usr/bin/xcodebuild -IDEClonedSourcePackagesDirPathOverride=/Users/admin/builder/spi-builder-workspace/.dependencies -skipMacroValidation -skipPackagePluginValidation -derivedDataPath /Users/admin/builder/spi-builder-workspace/.derivedData build -scheme FaceSDK -destination generic/platform=tvOS
Resolve Package Graph
Resolved source packages:
  FaceSDK: /Users/admin/builder/spi-builder-workspace
  RegulaCommon: https://github.com/regulaforensics/RegulaCommon-Swift-Package.git @ 9.9.2925
ComputePackagePrebuildTargetDependencyGraph
Prepare packages
CreateBuildRequest
SendProjectDescription
CreateBuildOperation
ComputeTargetDependencyGraph
note: Building targets in dependency order
note: Target dependency graph (3 targets)
    Target 'FaceSDK' in project 'FaceSDK'
        ➜ Explicit dependency on target 'FaceSDKCommon' in project 'FaceSDK'
        ➜ Explicit dependency on target 'RegulaCommon' in project 'RegulaCommon'
    Target 'FaceSDKCommon' in project 'FaceSDK'
        ➜ Explicit dependency on target 'RegulaCommon' in project 'RegulaCommon'
    Target 'RegulaCommon' in project 'RegulaCommon' (no dependencies)
GatherProvisioningInputs
CreateBuildDescription
ExecuteExternalTool /Applications/Xcode-26.5.0.app/Contents/Developer/Toolchains/XcodeDefault.xctoolchain/usr/bin/clang -v -E -dM -isysroot /Applications/Xcode-26.5.0.app/Contents/Developer/Platforms/AppleTVOS.platform/Developer/SDKs/AppleTVOS26.5.sdk -x c -c /dev/null
ExecuteExternalTool /Applications/Xcode-26.5.0.app/Contents/Developer/Toolchains/XcodeDefault.xctoolchain/usr/bin/swiftc --version
ExecuteExternalTool /Applications/Xcode-26.5.0.app/Contents/Developer/Toolchains/XcodeDefault.xctoolchain/usr/bin/ld -version_details
Build description signature: 2ff3ad43aeb1840c54a98528638ef2b8
Build description path: /Users/admin/builder/spi-builder-workspace/.derivedData/Build/Intermediates.noindex/XCBuildData/2ff3ad43aeb1840c54a98528638ef2b8.xcbuilddata
/Users/admin/builder/spi-builder-workspace/.dependencies/artifacts/regulacommon-swift-package/RegulaCommon/RegulaCommon.xcframework:1:1: error: While building for tvOS, no library for this platform was found in '/Users/admin/builder/spi-builder-workspace/.dependencies/artifacts/regulacommon-swift-package/RegulaCommon/RegulaCommon.xcframework'. (in target 'RegulaCommon' from project 'RegulaCommon')
/Users/admin/builder/spi-builder-workspace/.dependencies/artifacts/spi-builder-workspace/FaceSDK/FaceSDK.xcframework:1:1: error: While building for tvOS, no library for this platform was found in '/Users/admin/builder/spi-builder-workspace/.dependencies/artifacts/spi-builder-workspace/FaceSDK/FaceSDK.xcframework'. (in target 'FaceSDK' from project 'FaceSDK')
/Users/admin/builder/spi-builder-workspace/.dependencies/artifacts/regulacommon-swift-package/RegulaCommon/RegulaCommon.xcframework:1:1: error: While building for tvOS, no library for this platform was found in '/Users/admin/builder/spi-builder-workspace/.dependencies/artifacts/regulacommon-swift-package/RegulaCommon/RegulaCommon.xcframework'. (in target 'FaceSDK' from project 'FaceSDK')
/Users/admin/builder/spi-builder-workspace/.dependencies/artifacts/regulacommon-swift-package/RegulaCommon/RegulaCommon.xcframework:1:1: error: While building for tvOS, no library for this platform was found in '/Users/admin/builder/spi-builder-workspace/.dependencies/artifacts/regulacommon-swift-package/RegulaCommon/RegulaCommon.xcframework'. (in target 'FaceSDK' from project 'FaceSDK')
/Users/admin/builder/spi-builder-workspace/.dependencies/artifacts/spi-builder-workspace/FaceSDK/FaceSDK.xcframework:1:1: error: While building for tvOS, no library for this platform was found in '/Users/admin/builder/spi-builder-workspace/.dependencies/artifacts/spi-builder-workspace/FaceSDK/FaceSDK.xcframework'. (in target 'FaceSDKCommon' from project 'FaceSDK')
/Users/admin/builder/spi-builder-workspace/.dependencies/artifacts/regulacommon-swift-package/RegulaCommon/RegulaCommon.xcframework:1:1: error: While building for tvOS, no library for this platform was found in '/Users/admin/builder/spi-builder-workspace/.dependencies/artifacts/regulacommon-swift-package/RegulaCommon/RegulaCommon.xcframework'. (in target 'FaceSDKCommon' from project 'FaceSDK')
2026-10-08 13:40:32.115 xcodebuild[756:4433] [MT] IDERunDestination: Supported platforms for the buildables in the current scheme is empty.
** BUILD FAILED **
The following build commands failed:
	Building workspace spi-builder-workspace with scheme FaceSDK
(1 failure)
BUILD FAILURE 6.3 tvOS