The Swift Package Index logo.Swift Package Index

Build Information

Failed to build RudderKit, reference master (983c3b), with Swift 6.4 for Android on 21 Sep 2026 12:49:54 UTC.

Build Command

bash -c docker run --pull=always --rm -v "checkouts-54344845-0":/host -w "$PWD" -e JAVA_HOME="/root/.sdkman/candidates/java/current" -e SPI_BUILD="1" -e SPI_PROCESSING="1" registry.gitlab.com/saguaro1/spi-images:android-6.4-latest swift build --swift-sdk aarch64-unknown-linux-android28 2>&1

Build Log

========================================
RunAll
========================================
Builder version: 5.1.0
Interrupt handler set up.
========================================
Checkout
========================================
Clone URL: https://github.com/rudderlabs/rudder-ios-kit.git
Reference: master
Initialized empty Git repository in /host/spi-builder-workspace/.git/
hint: Using 'master' as the name for the initial branch. This default branch name
hint: is subject to change. To configure the initial branch name to use in all
hint: of your new repositories, which will suppress this warning, call:
hint:
hint: 	git config --global init.defaultBranch <name>
hint:
hint: Names commonly chosen instead of 'master' are 'main', 'trunk' and
hint: 'development'. The just-created branch can be renamed via this command:
hint:
hint: 	git branch -m <name>
From https://github.com/rudderlabs/rudder-ios-kit
 * branch            master     -> FETCH_HEAD
 * [new branch]      master     -> origin/master
HEAD is now at 983c3b8 chore(docs): add deprecation notice to README (#29)
Cloned https://github.com/rudderlabs/rudder-ios-kit.git
Revision (git rev-parse @):
983c3b8cc1124484cd539a682ffc3982591518b7
SUCCESS checkout https://github.com/rudderlabs/rudder-ios-kit.git at master
========================================
Build
========================================
Selected platform:         android
Swift version:             6.4
Building package at path:  $PWD
https://github.com/rudderlabs/rudder-ios-kit.git
Running build ...
bash -c docker run --pull=always --rm -v "checkouts-54344845-0":/host -w "$PWD" -e JAVA_HOME="/root/.sdkman/candidates/java/current" -e SPI_BUILD="1" -e SPI_PROCESSING="1" registry.gitlab.com/saguaro1/spi-images:android-6.4-latest swift build --swift-sdk aarch64-unknown-linux-android28 2>&1
android-6.4-latest: Pulling from saguaro1/spi-images
Digest: sha256:abadcff584c273feba50641b454858d377ba30b35ea7287a94f45ebd8afd0ea0
Status: Image is up to date for registry.gitlab.com/saguaro1/spi-images:android-6.4-latest
Building for debugging...
[Planning deferred tasks]
error: SwiftCompile normal aarch64 failed with a nonzero exit code. Command line:     cd /host

/host/spi-builder-workspace/Sources/Classes/Logger.swift:67:2: error: Objective-C interoperability is disabled
65 | }
66 |
67 | @objc(RudderLogger)
   |  `- error: Objective-C interoperability is disabled
68 | public class ObjCLogger: NSObject {
69 |     @objc
/host/spi-builder-workspace/Sources/Classes/Logger.swift:69:6: error: Objective-C interoperability is disabled
67 | @objc(RudderLogger)
68 | public class ObjCLogger: NSObject {
69 |     @objc
   |      `- error: Objective-C interoperability is disabled
70 |     public static var logLevel: LogLevel {
71 |         set {
/host/spi-builder-workspace/Sources/Classes/Logger.swift:79:6: error: Objective-C interoperability is disabled
77 |     }
78 |
79 |     @objc
   |      `- error: Objective-C interoperability is disabled
80 |     public static func logDebug(_ message: String) {
81 |         Logger.logDebug(message, function: nil, line: nil)
/host/spi-builder-workspace/Sources/Classes/Logger.swift:84:6: error: Objective-C interoperability is disabled
82 |     }
83 |
84 |     @objc
   |      `- error: Objective-C interoperability is disabled
85 |     public static func logInfo(_ message: String) {
86 |         Logger.logInfo(message, function: nil, line: nil)
/host/spi-builder-workspace/Sources/Classes/Logger.swift:89:6: error: Objective-C interoperability is disabled
87 |     }
88 |
89 |     @objc
   |      `- error: Objective-C interoperability is disabled
90 |     public static func logWarning(_ message: String) {
91 |         Logger.logWarning(message, function: nil, line: nil)
/host/spi-builder-workspace/Sources/Classes/Logger.swift:94:6: error: Objective-C interoperability is disabled
92 |     }
93 |
94 |     @objc
   |      `- error: Objective-C interoperability is disabled
95 |     public static func logError(_ message: String) {
96 |         Logger.logError(message, function: nil, line: nil)
Failed frontend command:
/root/.local/share/swiftly/toolchains/6.4.x-snapshot-2026-09-04/usr/bin/swift-frontend -frontend -emit-module -experimental-skip-non-inlinable-function-bodies-without-types /host/spi-builder-workspace/Sources/Classes/Data+Ext.swift /host/spi-builder-workspace/Sources/Classes/JSON.swift /host/spi-builder-workspace/Sources/Classes/Logger.swift /host/spi-builder-workspace/Sources/Classes/RepeatingTimer.swift -target aarch64-unknown-linux-android28 -Xllvm -aarch64-use-tbi -disable-objc-interop -sdk /android-ndk/android-ndk-r27d/toolchains/llvm/prebuilt/linux-x86_64/sysroot -sysroot /android-ndk/android-ndk-r27d/toolchains/llvm/prebuilt/linux-x86_64/sysroot -I /host/spi-builder-workspace/.build/out/Products/Debug-android-aarch64 -module-cache-path /host/spi-builder-workspace/.build/out/ModuleCache.noindex -color-diagnostics -Xcc -fcolor-diagnostics -enable-testing -g -debug-info-format\=dwarf -dwarf-version\=4 -swift-version 5 -Onone -D SWIFT_PACKAGE -D DEBUG -D SWIFT_MODULE_RESOURCE_BUNDLE_UNAVAILABLE -D Xcode -serialize-debugging-options -enable-experimental-feature DebugDescriptionMacro -empty-abi-descriptor -external-plugin-path /root/.local/share/swiftly/toolchains/6.4.x-snapshot-2026-09-04/usr/lib/swift/host/plugins/testing\#/root/.local/share/swiftly/toolchains/6.4.x-snapshot-2026-09-04/usr/bin/swift-plugin-server -validate-clang-modules-once -clang-build-session-file /host/spi-builder-workspace/.build/out/ModuleCache.noindex/Session.modulevalidation -Xcc -working-directory -Xcc /host -resource-dir /root/.swiftpm/swift-sdks/swift-6.4.x-DEVELOPMENT-SNAPSHOT-2026-09-04-a_android.artifactbundle/swift-android/swift-resources/usr/lib/swift-aarch64 -enable-anonymous-context-mangled-names -file-compilation-dir /host -Xcc -resource-dir -Xcc /android-ndk/android-ndk-r27d/toolchains/llvm/prebuilt/linux-x86_64/lib/clang/18 -Xcc -fno-omit-frame-pointer -Xcc -D_LIBCPP_HARDENING_MODE\=_LIBCPP_HARDENING_MODE_DEBUG -Xcc -fmodules-prune-interval\=86400 -Xcc -fmodules-prune-after\=345600 -Xcc -I/host/spi-builder-workspace/.build/out/Products/Debug-android-aarch64/include -Xcc -I/host/spi-builder-workspace/.build/out/Intermediates.noindex/RudderKit.build/Debug-android-aarch64/RudderKit-t.build/DerivedSources-normal/aarch64 -Xcc -I/host/spi-builder-workspace/.build/out/Intermediates.noindex/RudderKit.build/Debug-android-aarch64/RudderKit-t.build/DerivedSources/aarch64 -Xcc -I/host/spi-builder-workspace/.build/out/Intermediates.noindex/RudderKit.build/Debug-android-aarch64/RudderKit-t.build/DerivedSources -Xcc -DSWIFT_PACKAGE -Xcc -DDEBUG\=1 -no-auto-bridging-header-chaining -module-name RudderKit -const-gather-protocols-file /host/spi-builder-workspace/.build/out/Intermediates.noindex/RudderKit.build/Debug-android-aarch64/RudderKit-t.build/Objects-normal/aarch64/RudderKit_const_extract_protocols.json -in-process-plugin-server-path /root/.local/share/swiftly/toolchains/6.4.x-snapshot-2026-09-04/usr/lib/swift/host/libSwiftInProcPluginServer.so -plugin-path /root/.local/share/swiftly/toolchains/6.4.x-snapshot-2026-09-04/usr/lib/swift/host/plugins -plugin-path /root/.local/share/swiftly/toolchains/6.4.x-snapshot-2026-09-04/usr/local/lib/swift/host/plugins -emit-module-doc-path /host/spi-builder-workspace/.build/out/Intermediates.noindex/RudderKit.build/Debug-android-aarch64/RudderKit-t.build/Objects-normal/aarch64/Modules/RudderKit.swiftdoc -emit-module-source-info-path /host/spi-builder-workspace/.build/out/Intermediates.noindex/RudderKit.build/Debug-android-aarch64/RudderKit-t.build/Objects-normal/aarch64/Modules/RudderKit.swiftsourceinfo -emit-objc-header-path /host/spi-builder-workspace/.build/out/Intermediates.noindex/RudderKit.build/Debug-android-aarch64/RudderKit-t.build/Objects-normal/aarch64/RudderKit-Swift.h -serialize-diagnostics-path /host/spi-builder-workspace/.build/out/Intermediates.noindex/RudderKit.build/Debug-android-aarch64/RudderKit-t.build/Objects-normal/aarch64/RudderKit-primary-emit-module.dia -emit-dependencies-path /host/spi-builder-workspace/.build/out/Intermediates.noindex/RudderKit.build/Debug-android-aarch64/RudderKit-t.build/Objects-normal/aarch64/RudderKit-primary-emit-module.d -parse-as-library -o /host/spi-builder-workspace/.build/out/Intermediates.noindex/RudderKit.build/Debug-android-aarch64/RudderKit-t.build/Objects-normal/aarch64/Modules/RudderKit.swiftmodule
error: Build failed
BUILD FAILURE 6.4 android