The Swift Package Index logo.Swift Package Index

Build Information

Failed to build DZNEmptyDataSet, reference master (9bffa6), with Swift 6.4 for watchOS using Xcode 27.0 on 20 Sep 2026 23:04:50 UTC.

Build Command

env DEVELOPER_DIR=/Applications/Xcode-27.0.0-Release.Candidate.app xcrun xcodebuild -IDEClonedSourcePackagesDirPathOverride=$PWD/.dependencies -skipMacroValidation -skipPackagePluginValidation -derivedDataPath $PWD/.derivedData build -scheme DZNEmptyDataSet -destination generic/platform=watchOS

Build Log

========================================
RunAll
========================================
Builder version: 5.1.0
Interrupt handler set up.
========================================
Checkout
========================================
Clone URL: https://github.com/dzenbot/DZNEmptyDataSet.git
Reference: master
Initialized empty Git repository in /Users/admin/builder/spi-builder-workspace/.git/
From https://github.com/dzenbot/DZNEmptyDataSet
 * branch            master     -> FETCH_HEAD
 * [new branch]      master     -> origin/master
HEAD is now at 9bffa69 Merge pull request #469 from Jeehut/master
Cloned https://github.com/dzenbot/DZNEmptyDataSet.git
Revision (git rev-parse @):
9bffa69a83a9fa58a14b3cf43cb6dd8a63774179
SUCCESS checkout https://github.com/dzenbot/DZNEmptyDataSet.git at master
========================================
Build
========================================
Selected platform:         watchOS
Swift version:             6.4
Building package at path:  $PWD
https://github.com/dzenbot/DZNEmptyDataSet.git
Command line invocation:
    /Applications/Xcode-27.0.0-Release.Candidate.app/Contents/Developer/usr/bin/xcodebuild -IDEClonedSourcePackagesDirPathOverride=/Users/admin/builder/spi-builder-workspace/.dependencies -resolvePackageDependencies
Resolve Package Graph
Resolve Package Graph
Resolved source packages:
  DZNEmptyDataSet: /Users/admin/builder/spi-builder-workspace
resolved source packages: DZNEmptyDataSet
2026-09-20 19:03:59.746 xcodebuild[559:3045] [MT] IDERunDestination: Supported platforms for the buildables in the current scheme is empty.
{
  "dependencies" : [
  ],
  "manifest_display_name" : "DZNEmptyDataSet",
  "name" : "DZNEmptyDataSet",
  "path" : "/Users/admin/builder/spi-builder-workspace",
  "platforms" : [
    {
      "name" : "ios",
      "version" : "9.0"
    },
    {
      "name" : "tvos",
      "version" : "9.0"
    }
  ],
  "products" : [
    {
      "name" : "DZNEmptyDataSet",
      "targets" : [
        "DZNEmptyDataSet"
      ],
      "type" : {
        "library" : [
          "automatic"
        ]
      }
    }
  ],
  "targets" : [
    {
      "c99name" : "DZNEmptyDataSet",
      "module_type" : "ClangTarget",
      "name" : "DZNEmptyDataSet",
      "path" : ".",
      "product_memberships" : [
        "DZNEmptyDataSet"
      ],
      "sources" : [
        "Source/UIScrollView+EmptyDataSet.m"
      ],
      "type" : "library"
    }
  ],
  "tools_version" : "5.0"
}
{
  "workspace" : {
    "name" : "DZNEmptyDataSet",
    "schemes" : [
      "DZNEmptyDataSet"
    ]
  }
}
2026-09-20 19:04:40.748 xcodebuild[657:3992] [MT] IDERunDestination: Supported platforms for the buildables in the current scheme is empty.
Running build ...
env DEVELOPER_DIR=/Applications/Xcode-27.0.0-Release.Candidate.app xcrun xcodebuild -IDEClonedSourcePackagesDirPathOverride=$PWD/.dependencies -skipMacroValidation -skipPackagePluginValidation -derivedDataPath $PWD/.derivedData build -scheme DZNEmptyDataSet -destination generic/platform=watchOS
Command line invocation:
    /Applications/Xcode-27.0.0-Release.Candidate.app/Contents/Developer/usr/bin/xcodebuild -IDEClonedSourcePackagesDirPathOverride=/Users/admin/builder/spi-builder-workspace/.dependencies -skipMacroValidation -skipPackagePluginValidation -derivedDataPath /Users/admin/builder/spi-builder-workspace/.derivedData build -scheme DZNEmptyDataSet -destination generic/platform=watchOS
Resolve Package Graph
Resolved source packages:
  DZNEmptyDataSet: /Users/admin/builder/spi-builder-workspace
ComputePackagePrebuildTargetDependencyGraph
Prepare packages
CreateBuildRequest
SendProjectDescription
CreateBuildOperation
ComputeTargetDependencyGraph
note: Building targets in dependency order
note: Target dependency graph (2 targets)
    Target 'DZNEmptyDataSet-product' in project 'DZNEmptyDataSet'
        ➜ Explicit dependency on target 'DZNEmptyDataSet' in project 'DZNEmptyDataSet'
    Target 'DZNEmptyDataSet' in project 'DZNEmptyDataSet' (no dependencies)
GatherProvisioningInputs
CreateBuildDescription
ExecuteExternalTool /Applications/Xcode-27.0.0-Release.Candidate.app/Contents/Developer/Toolchains/XcodeDefault.xctoolchain/usr/bin/clang -v -E -dM -isysroot /Applications/Xcode-27.0.0-Release.Candidate.app/Contents/Developer/Platforms/WatchOS.platform/Developer/SDKs/WatchOS27.0.sdk -x c -c /dev/null
ExecuteExternalTool /Applications/Xcode-27.0.0-Release.Candidate.app/Contents/Developer/Toolchains/XcodeDefault.xctoolchain/usr/bin/clang -v -E -dM -arch arm64 -isysroot /Applications/Xcode-27.0.0-Release.Candidate.app/Contents/Developer/Platforms/WatchOS.platform/Developer/SDKs/WatchOS27.0.sdk -x objective-c -c /dev/null
ExecuteExternalTool /Applications/Xcode-27.0.0-Release.Candidate.app/Contents/Developer/Toolchains/XcodeDefault.xctoolchain/usr/bin/clang -v -E -dM -arch arm64 -isysroot /Applications/Xcode-27.0.0-Release.Candidate.app/Contents/Developer/Platforms/WatchOS.platform/Developer/SDKs/WatchOS27.0.sdk -x c -c /dev/null
ExecuteExternalTool /Applications/Xcode-27.0.0-Release.Candidate.app/Contents/Developer/Toolchains/XcodeDefault.xctoolchain/usr/bin/ld -version_details
ExecuteExternalTool /Applications/Xcode-27.0.0-Release.Candidate.app/Contents/Developer/Toolchains/XcodeDefault.xctoolchain/usr/bin/clang -v -E -dM -arch arm64_32 -isysroot /Applications/Xcode-27.0.0-Release.Candidate.app/Contents/Developer/Platforms/WatchOS.platform/Developer/SDKs/WatchOS27.0.sdk -x objective-c -c /dev/null
ExecuteExternalTool /Applications/Xcode-27.0.0-Release.Candidate.app/Contents/Developer/Toolchains/XcodeDefault.xctoolchain/usr/bin/clang -v -E -dM -arch arm64_32 -isysroot /Applications/Xcode-27.0.0-Release.Candidate.app/Contents/Developer/Platforms/WatchOS.platform/Developer/SDKs/WatchOS27.0.sdk -x c -c /dev/null
Build description signature: 3e1ff21ac37dfa98a60012b19b33c693
Build description path: /Users/admin/builder/spi-builder-workspace/.derivedData/Build/Intermediates.noindex/XCBuildData/3e1ff21ac37dfa98a60012b19b33c693.xcbuilddata
CreateBuildDirectory /Users/admin/builder/spi-builder-workspace/.derivedData/ModuleCache.noindex
    cd /Users/admin/builder/spi-builder-workspace/.swiftpm/xcode
    builtin-create-build-directory /Users/admin/builder/spi-builder-workspace/.derivedData/ModuleCache.noindex
CreateBuildDirectory /Users/admin/builder/spi-builder-workspace/.derivedData/SDKExplicitPrecompiledModules
    cd /Users/admin/builder/spi-builder-workspace/.swiftpm/xcode
    builtin-create-build-directory /Users/admin/builder/spi-builder-workspace/.derivedData/SDKExplicitPrecompiledModules
CreateBuildDirectory /Users/admin/builder/spi-builder-workspace/.derivedData/CompilationCache.noindex
    cd /Users/admin/builder/spi-builder-workspace/.swiftpm/xcode
    builtin-create-build-directory /Users/admin/builder/spi-builder-workspace/.derivedData/CompilationCache.noindex
CreateBuildDirectory /Users/admin/builder/spi-builder-workspace/.derivedData/Build/Intermediates.noindex
    cd /Users/admin/builder/spi-builder-workspace/.swiftpm/xcode
    builtin-create-build-directory /Users/admin/builder/spi-builder-workspace/.derivedData/Build/Intermediates.noindex
CreateBuildDirectory /Users/admin/builder/spi-builder-workspace/.derivedData/Build/Products
    cd /Users/admin/builder/spi-builder-workspace/.swiftpm/xcode
    builtin-create-build-directory /Users/admin/builder/spi-builder-workspace/.derivedData/Build/Products
ClangStatCache /Applications/Xcode-27.0.0-Release.Candidate.app/Contents/Developer/Toolchains/XcodeDefault.xctoolchain/usr/bin/clang-stat-cache /Applications/Xcode-27.0.0-Release.Candidate.app/Contents/Developer/Platforms/WatchOS.platform/Developer/SDKs/WatchOS27.0.sdk /Users/admin/builder/spi-builder-workspace/.derivedData/SDKStatCaches.noindex/watchos27.0-24R360-e829b21a6f8c9b70876ba0858053c04477534ef55a1706bf4c1112bbb242f0a2.sdkstatcache
    cd /Users/admin/builder/spi-builder-workspace/.swiftpm/xcode
    /Applications/Xcode-27.0.0-Release.Candidate.app/Contents/Developer/Toolchains/XcodeDefault.xctoolchain/usr/bin/clang-stat-cache /Applications/Xcode-27.0.0-Release.Candidate.app/Contents/Developer/Platforms/WatchOS.platform/Developer/SDKs/WatchOS27.0.sdk -o /Users/admin/builder/spi-builder-workspace/.derivedData/SDKStatCaches.noindex/watchos27.0-24R360-e829b21a6f8c9b70876ba0858053c04477534ef55a1706bf4c1112bbb242f0a2.sdkstatcache
CreateBuildDirectory /Users/admin/builder/spi-builder-workspace/.derivedData/Build/Intermediates.noindex/SwiftExplicitPrecompiledModules
    cd /Users/admin/builder/spi-builder-workspace/.swiftpm/xcode
    builtin-create-build-directory /Users/admin/builder/spi-builder-workspace/.derivedData/Build/Intermediates.noindex/SwiftExplicitPrecompiledModules
CreateBuildDirectory /Users/admin/builder/spi-builder-workspace/.derivedData/Build/Intermediates.noindex/PrecompiledHeaders
    cd /Users/admin/builder/spi-builder-workspace/.swiftpm/xcode
    builtin-create-build-directory /Users/admin/builder/spi-builder-workspace/.derivedData/Build/Intermediates.noindex/PrecompiledHeaders
CreateBuildDirectory /Users/admin/builder/spi-builder-workspace/.derivedData/Build/Intermediates.noindex/ExplicitPrecompiledModules
    cd /Users/admin/builder/spi-builder-workspace/.swiftpm/xcode
    builtin-create-build-directory /Users/admin/builder/spi-builder-workspace/.derivedData/Build/Intermediates.noindex/ExplicitPrecompiledModules
CreateBuildDirectory /Users/admin/builder/spi-builder-workspace/.derivedData/Build/Products/Debug-watchos
    cd /Users/admin/builder/spi-builder-workspace/.swiftpm/xcode
    builtin-create-build-directory /Users/admin/builder/spi-builder-workspace/.derivedData/Build/Products/Debug-watchos
CreateBuildDirectory /Users/admin/builder/spi-builder-workspace/.derivedData/Build/Intermediates.noindex/EagerLinkingTBDs/Debug-watchos
    cd /Users/admin/builder/spi-builder-workspace/.swiftpm/xcode
    builtin-create-build-directory /Users/admin/builder/spi-builder-workspace/.derivedData/Build/Intermediates.noindex/EagerLinkingTBDs/Debug-watchos
CreateBuildDirectory /Users/admin/builder/spi-builder-workspace/.derivedData/Build/Products/Debug-watchos/PackageFrameworks
    cd /Users/admin/builder/spi-builder-workspace/.swiftpm/xcode
    builtin-create-build-directory /Users/admin/builder/spi-builder-workspace/.derivedData/Build/Products/Debug-watchos/PackageFrameworks
WriteAuxiliaryFile /Users/admin/builder/spi-builder-workspace/.derivedData/Build/Intermediates.noindex/DZNEmptyDataSet.build/Debug-watchos/DZNEmptyDataSet-t.build/DZNEmptyDataSet.DependencyMetadataFileList (in target 'DZNEmptyDataSet' from project 'DZNEmptyDataSet')
    cd /Users/admin/builder/spi-builder-workspace
    write-file /Users/admin/builder/spi-builder-workspace/.derivedData/Build/Intermediates.noindex/DZNEmptyDataSet.build/Debug-watchos/DZNEmptyDataSet-t.build/DZNEmptyDataSet.DependencyMetadataFileList
WriteAuxiliaryFile /Users/admin/builder/spi-builder-workspace/.derivedData/Build/Intermediates.noindex/DZNEmptyDataSet.build/Debug-watchos/DZNEmptyDataSet-t.build/DZNEmptyDataSet.DependencyStaticMetadataFileList (in target 'DZNEmptyDataSet' from project 'DZNEmptyDataSet')
    cd /Users/admin/builder/spi-builder-workspace
    write-file /Users/admin/builder/spi-builder-workspace/.derivedData/Build/Intermediates.noindex/DZNEmptyDataSet.build/Debug-watchos/DZNEmptyDataSet-t.build/DZNEmptyDataSet.DependencyStaticMetadataFileList
WriteAuxiliaryFile /Users/admin/builder/spi-builder-workspace/.derivedData/Build/Intermediates.noindex/DZNEmptyDataSet.build/Debug-watchos/DZNEmptyDataSet-t.build/DZNEmptyDataSet.modulemap (in target 'DZNEmptyDataSet' from project 'DZNEmptyDataSet')
    cd /Users/admin/builder/spi-builder-workspace
    write-file /Users/admin/builder/spi-builder-workspace/.derivedData/Build/Intermediates.noindex/DZNEmptyDataSet.build/Debug-watchos/DZNEmptyDataSet-t.build/DZNEmptyDataSet.modulemap
WriteAuxiliaryFile /Users/admin/builder/spi-builder-workspace/.derivedData/Build/Intermediates.noindex/DZNEmptyDataSet.build/Debug-watchos/DZNEmptyDataSet-t.build/Objects-normal/arm64_32/DZNEmptyDataSet.LinkFileList (in target 'DZNEmptyDataSet' from project 'DZNEmptyDataSet')
    cd /Users/admin/builder/spi-builder-workspace
    write-file /Users/admin/builder/spi-builder-workspace/.derivedData/Build/Intermediates.noindex/DZNEmptyDataSet.build/Debug-watchos/DZNEmptyDataSet-t.build/Objects-normal/arm64_32/DZNEmptyDataSet.LinkFileList
WriteAuxiliaryFile /Users/admin/builder/spi-builder-workspace/.derivedData/Build/Intermediates.noindex/DZNEmptyDataSet.build/Debug-watchos/DZNEmptyDataSet-t.build/Objects-normal/arm64_32/e6072d4f65d7061329687fe24e3d63a7-common-args.resp (in target 'DZNEmptyDataSet' from project 'DZNEmptyDataSet')
    cd /Users/admin/builder/spi-builder-workspace
    write-file /Users/admin/builder/spi-builder-workspace/.derivedData/Build/Intermediates.noindex/DZNEmptyDataSet.build/Debug-watchos/DZNEmptyDataSet-t.build/Objects-normal/arm64_32/e6072d4f65d7061329687fe24e3d63a7-common-args.resp
-fobjc-arc -fmodules -gmodules '-fmodules-cache-path=/Users/admin/builder/spi-builder-workspace/.derivedData/ModuleCache.noindex' '-fmodule-name=DZNEmptyDataSet' -fpascal-strings -O0 -DSWIFT_PACKAGE '-DDEBUG=1' '-DOBJC_OLD_DISPATCH_PROTOTYPES=1' -g -I/Users/admin/builder/spi-builder-workspace/.derivedData/Build/Products/Debug-watchos/include -I/Users/admin/builder/spi-builder-workspace/Source -I/Users/admin/builder/spi-builder-workspace/.derivedData/Build/Intermediates.noindex/DZNEmptyDataSet.build/Debug-watchos/DZNEmptyDataSet-t.build/DerivedSources-normal/arm64_32 -I/Users/admin/builder/spi-builder-workspace/.derivedData/Build/Intermediates.noindex/DZNEmptyDataSet.build/Debug-watchos/DZNEmptyDataSet-t.build/DerivedSources/arm64_32 -I/Users/admin/builder/spi-builder-workspace/.derivedData/Build/Intermediates.noindex/DZNEmptyDataSet.build/Debug-watchos/DZNEmptyDataSet-t.build/DerivedSources -F/Users/admin/builder/spi-builder-workspace/.derivedData/Build/Products/Debug-watchos -iframework /Applications/Xcode-27.0.0-Release.Candidate.app/Contents/Developer/Platforms/WatchOS.platform/Developer/Library/Frameworks -iframework /Applications/Xcode-27.0.0-Release.Candidate.app/Contents/Developer/Platforms/WatchOS.platform/Developer/SDKs/WatchOS27.0.sdk/Developer/Library/Frameworks -DXcode
WriteAuxiliaryFile /Users/admin/builder/spi-builder-workspace/.derivedData/Build/Intermediates.noindex/DZNEmptyDataSet.build/Debug-watchos/DZNEmptyDataSet-t.build/Objects-normal/arm64/DZNEmptyDataSet.LinkFileList (in target 'DZNEmptyDataSet' from project 'DZNEmptyDataSet')
    cd /Users/admin/builder/spi-builder-workspace
    write-file /Users/admin/builder/spi-builder-workspace/.derivedData/Build/Intermediates.noindex/DZNEmptyDataSet.build/Debug-watchos/DZNEmptyDataSet-t.build/Objects-normal/arm64/DZNEmptyDataSet.LinkFileList
WriteAuxiliaryFile /Users/admin/builder/spi-builder-workspace/.derivedData/Build/Intermediates.noindex/DZNEmptyDataSet.build/Debug-watchos/DZNEmptyDataSet-t.build/Objects-normal/arm64/e6072d4f65d7061329687fe24e3d63a7-common-args.resp (in target 'DZNEmptyDataSet' from project 'DZNEmptyDataSet')
    cd /Users/admin/builder/spi-builder-workspace
    write-file /Users/admin/builder/spi-builder-workspace/.derivedData/Build/Intermediates.noindex/DZNEmptyDataSet.build/Debug-watchos/DZNEmptyDataSet-t.build/Objects-normal/arm64/e6072d4f65d7061329687fe24e3d63a7-common-args.resp
-fobjc-arc -fmodules -gmodules '-fmodules-cache-path=/Users/admin/builder/spi-builder-workspace/.derivedData/ModuleCache.noindex' '-fmodule-name=DZNEmptyDataSet' -fpascal-strings -O0 -DSWIFT_PACKAGE '-DDEBUG=1' '-DOBJC_OLD_DISPATCH_PROTOTYPES=1' -g -I/Users/admin/builder/spi-builder-workspace/.derivedData/Build/Products/Debug-watchos/include -I/Users/admin/builder/spi-builder-workspace/Source -I/Users/admin/builder/spi-builder-workspace/.derivedData/Build/Intermediates.noindex/DZNEmptyDataSet.build/Debug-watchos/DZNEmptyDataSet-t.build/DerivedSources-normal/arm64 -I/Users/admin/builder/spi-builder-workspace/.derivedData/Build/Intermediates.noindex/DZNEmptyDataSet.build/Debug-watchos/DZNEmptyDataSet-t.build/DerivedSources/arm64 -I/Users/admin/builder/spi-builder-workspace/.derivedData/Build/Intermediates.noindex/DZNEmptyDataSet.build/Debug-watchos/DZNEmptyDataSet-t.build/DerivedSources -F/Users/admin/builder/spi-builder-workspace/.derivedData/Build/Products/Debug-watchos -iframework /Applications/Xcode-27.0.0-Release.Candidate.app/Contents/Developer/Platforms/WatchOS.platform/Developer/Library/Frameworks -iframework /Applications/Xcode-27.0.0-Release.Candidate.app/Contents/Developer/Platforms/WatchOS.platform/Developer/SDKs/WatchOS27.0.sdk/Developer/Library/Frameworks -DXcode
Copy /Users/admin/builder/spi-builder-workspace/.derivedData/Build/Intermediates.noindex/GeneratedModuleMaps-watchos/DZNEmptyDataSet.modulemap /Users/admin/builder/spi-builder-workspace/.derivedData/Build/Intermediates.noindex/DZNEmptyDataSet.build/Debug-watchos/DZNEmptyDataSet-t.build/DZNEmptyDataSet.modulemap (in target 'DZNEmptyDataSet' from project 'DZNEmptyDataSet')
    cd /Users/admin/builder/spi-builder-workspace
    builtin-copy -exclude .DS_Store -exclude CVS -exclude .svn -exclude .git -exclude .hg -resolve-src-symlinks /Users/admin/builder/spi-builder-workspace/.derivedData/Build/Intermediates.noindex/DZNEmptyDataSet.build/Debug-watchos/DZNEmptyDataSet-t.build/DZNEmptyDataSet.modulemap /Users/admin/builder/spi-builder-workspace/.derivedData/Build/Intermediates.noindex/GeneratedModuleMaps-watchos
ScanDependencies /Users/admin/builder/spi-builder-workspace/.derivedData/Build/Intermediates.noindex/DZNEmptyDataSet.build/Debug-watchos/DZNEmptyDataSet-t.build/Objects-normal/arm64/UIScrollView+EmptyDataSet.o /Users/admin/builder/spi-builder-workspace/Source/UIScrollView+EmptyDataSet.m normal arm64 objective-c com.apple.compilers.llvm.clang.1_0.compiler (in target 'DZNEmptyDataSet' from project 'DZNEmptyDataSet')
    cd /Users/admin/builder/spi-builder-workspace/.swiftpm/xcode

    Using response file: /Users/admin/builder/spi-builder-workspace/.derivedData/Build/Intermediates.noindex/DZNEmptyDataSet.build/Debug-watchos/DZNEmptyDataSet-t.build/Objects-normal/arm64/e6072d4f65d7061329687fe24e3d63a7-common-args.resp

    builtin-ScanDependencies -o /Users/admin/builder/spi-builder-workspace/.derivedData/Build/Intermediates.noindex/DZNEmptyDataSet.build/Debug-watchos/DZNEmptyDataSet-t.build/Objects-normal/arm64/UIScrollView+EmptyDataSet.o.scan -- /Applications/Xcode-27.0.0-Release.Candidate.app/Contents/Developer/Toolchains/XcodeDefault.xctoolchain/usr/bin/clang -x objective-c -ivfsstatcache /Users/admin/builder/spi-builder-workspace/.derivedData/SDKStatCaches.noindex/watchos27.0-24R360-e829b21a6f8c9b70876ba0858053c04477534ef55a1706bf4c1112bbb242f0a2.sdkstatcache -target arm64-apple-watchos9.0 -fmessage-length\=0 -fdiagnostics-show-note-include-stack -fmacro-backtrace-limit\=0 -fno-color-diagnostics -fmodules-prune-interval\=86400 -fmodules-prune-after\=345600 -fbuild-session-file\=/Users/admin/builder/spi-builder-workspace/.derivedData/ModuleCache.noindex/Session.modulevalidation -fmodules-validate-once-per-build-session -Wnon-modular-include-in-framework-module -Werror\=non-modular-include-in-framework-module -Wno-trigraphs -Wno-missing-field-initializers -Wno-missing-prototypes -Wno-return-type -Wno-implicit-atomic-properties -Wno-objc-interface-ivars -Wno-arc-repeated-use-of-weak -Wno-missing-braces -Wparentheses -Wswitch -Wno-unused-function -Wno-unused-label -Wno-unused-parameter -Wno-unused-variable -Wunused-value -Wno-empty-body -Wno-uninitialized -Wno-unknown-pragmas -Wno-shadow -Wno-four-char-constants -Wno-conversion -Wno-constant-conversion -Wno-int-conversion -Wno-bool-conversion -Wno-enum-conversion -Wno-float-conversion -Wno-non-literal-null-conversion -Wno-objc-literal-conversion -Wshorten-64-to-32 -Wpointer-sign -Wno-newline-eof -Wno-selector -Wno-strict-selector-match -Wno-undeclared-selector -Wno-deprecated-implementations -Wno-implicit-fallthrough -isysroot /Applications/Xcode-27.0.0-Release.Candidate.app/Contents/Developer/Platforms/WatchOS.platform/Developer/SDKs/WatchOS27.0.sdk -fstrict-aliasing -Wprotocol -Wdeprecated-declarations -Wno-sign-conversion -Wno-infinite-recursion -Wno-comma -Wno-block-capture-autoreleasing -Wno-strict-prototypes -Wno-semicolon-before-method-body -index-store-path /Users/admin/builder/spi-builder-workspace/.derivedData/Index.noindex/DataStore @/Users/admin/builder/spi-builder-workspace/.derivedData/Build/Intermediates.noindex/DZNEmptyDataSet.build/Debug-watchos/DZNEmptyDataSet-t.build/Objects-normal/arm64/e6072d4f65d7061329687fe24e3d63a7-common-args.resp -MMD -MT dependencies -MF /Users/admin/builder/spi-builder-workspace/.derivedData/Build/Intermediates.noindex/DZNEmptyDataSet.build/Debug-watchos/DZNEmptyDataSet-t.build/Objects-normal/arm64/UIScrollView+EmptyDataSet.d --serialize-diagnostics /Users/admin/builder/spi-builder-workspace/.derivedData/Build/Intermediates.noindex/DZNEmptyDataSet.build/Debug-watchos/DZNEmptyDataSet-t.build/Objects-normal/arm64/UIScrollView+EmptyDataSet.dia -c /Users/admin/builder/spi-builder-workspace/Source/UIScrollView+EmptyDataSet.m -o /Users/admin/builder/spi-builder-workspace/.derivedData/Build/Intermediates.noindex/DZNEmptyDataSet.build/Debug-watchos/DZNEmptyDataSet-t.build/Objects-normal/arm64/UIScrollView+EmptyDataSet.o -index-unit-output-path /DZNEmptyDataSet.build/Debug-watchos/DZNEmptyDataSet-t.build/Objects-normal/arm64/UIScrollView+EmptyDataSet.o
ScanDependencies /Users/admin/builder/spi-builder-workspace/.derivedData/Build/Intermediates.noindex/DZNEmptyDataSet.build/Debug-watchos/DZNEmptyDataSet-t.build/Objects-normal/arm64_32/UIScrollView+EmptyDataSet.o /Users/admin/builder/spi-builder-workspace/Source/UIScrollView+EmptyDataSet.m normal arm64_32 objective-c com.apple.compilers.llvm.clang.1_0.compiler (in target 'DZNEmptyDataSet' from project 'DZNEmptyDataSet')
    cd /Users/admin/builder/spi-builder-workspace/.swiftpm/xcode

    Using response file: /Users/admin/builder/spi-builder-workspace/.derivedData/Build/Intermediates.noindex/DZNEmptyDataSet.build/Debug-watchos/DZNEmptyDataSet-t.build/Objects-normal/arm64_32/e6072d4f65d7061329687fe24e3d63a7-common-args.resp

    builtin-ScanDependencies -o /Users/admin/builder/spi-builder-workspace/.derivedData/Build/Intermediates.noindex/DZNEmptyDataSet.build/Debug-watchos/DZNEmptyDataSet-t.build/Objects-normal/arm64_32/UIScrollView+EmptyDataSet.o.scan -- /Applications/Xcode-27.0.0-Release.Candidate.app/Contents/Developer/Toolchains/XcodeDefault.xctoolchain/usr/bin/clang -x objective-c -ivfsstatcache /Users/admin/builder/spi-builder-workspace/.derivedData/SDKStatCaches.noindex/watchos27.0-24R360-e829b21a6f8c9b70876ba0858053c04477534ef55a1706bf4c1112bbb242f0a2.sdkstatcache -target arm64_32-apple-watchos9.0 -fmessage-length\=0 -fdiagnostics-show-note-include-stack -fmacro-backtrace-limit\=0 -fno-color-diagnostics -fmodules-prune-interval\=86400 -fmodules-prune-after\=345600 -fbuild-session-file\=/Users/admin/builder/spi-builder-workspace/.derivedData/ModuleCache.noindex/Session.modulevalidation -fmodules-validate-once-per-build-session -Wnon-modular-include-in-framework-module -Werror\=non-modular-include-in-framework-module -Wno-trigraphs -Wno-missing-field-initializers -Wno-missing-prototypes -Wno-return-type -Wno-implicit-atomic-properties -Wno-objc-interface-ivars -Wno-arc-repeated-use-of-weak -Wno-missing-braces -Wparentheses -Wswitch -Wno-unused-function -Wno-unused-label -Wno-unused-parameter -Wno-unused-variable -Wunused-value -Wno-empty-body -Wno-uninitialized -Wno-unknown-pragmas -Wno-shadow -Wno-four-char-constants -Wno-conversion -Wno-constant-conversion -Wno-int-conversion -Wno-bool-conversion -Wno-enum-conversion -Wno-float-conversion -Wno-non-literal-null-conversion -Wno-objc-literal-conversion -Wno-shorten-64-to-32 -Wpointer-sign -Wno-newline-eof -Wno-selector -Wno-strict-selector-match -Wno-undeclared-selector -Wno-deprecated-implementations -Wno-implicit-fallthrough -isysroot /Applications/Xcode-27.0.0-Release.Candidate.app/Contents/Developer/Platforms/WatchOS.platform/Developer/SDKs/WatchOS27.0.sdk -fstrict-aliasing -Wprotocol -Wdeprecated-declarations -Wno-sign-conversion -Wno-infinite-recursion -Wno-comma -Wno-block-capture-autoreleasing -Wno-strict-prototypes -Wno-semicolon-before-method-body -index-store-path /Users/admin/builder/spi-builder-workspace/.derivedData/Index.noindex/DataStore @/Users/admin/builder/spi-builder-workspace/.derivedData/Build/Intermediates.noindex/DZNEmptyDataSet.build/Debug-watchos/DZNEmptyDataSet-t.build/Objects-normal/arm64_32/e6072d4f65d7061329687fe24e3d63a7-common-args.resp -MMD -MT dependencies -MF /Users/admin/builder/spi-builder-workspace/.derivedData/Build/Intermediates.noindex/DZNEmptyDataSet.build/Debug-watchos/DZNEmptyDataSet-t.build/Objects-normal/arm64_32/UIScrollView+EmptyDataSet.d --serialize-diagnostics /Users/admin/builder/spi-builder-workspace/.derivedData/Build/Intermediates.noindex/DZNEmptyDataSet.build/Debug-watchos/DZNEmptyDataSet-t.build/Objects-normal/arm64_32/UIScrollView+EmptyDataSet.dia -c /Users/admin/builder/spi-builder-workspace/Source/UIScrollView+EmptyDataSet.m -o /Users/admin/builder/spi-builder-workspace/.derivedData/Build/Intermediates.noindex/DZNEmptyDataSet.build/Debug-watchos/DZNEmptyDataSet-t.build/Objects-normal/arm64_32/UIScrollView+EmptyDataSet.o -index-unit-output-path /DZNEmptyDataSet.build/Debug-watchos/DZNEmptyDataSet-t.build/Objects-normal/arm64_32/UIScrollView+EmptyDataSet.o
PrecompileModule /Users/admin/builder/spi-builder-workspace/.derivedData/Build/Intermediates.noindex/ExplicitPrecompiledModules/_AvailabilityInternal-F2MS55NAO9CMZ3AVZNRYLS1D4.scan
    cd /
    builtin-precompileModule /Users/admin/builder/spi-builder-workspace/.derivedData/Build/Intermediates.noindex/ExplicitPrecompiledModules/_AvailabilityInternal-F2MS55NAO9CMZ3AVZNRYLS1D4.scan
PrecompileModule /Users/admin/builder/spi-builder-workspace/.derivedData/Build/Intermediates.noindex/ExplicitPrecompiledModules/_Builtin_float-CCWMVN9GZ6Z3P4COSWVDOODTI.scan
    cd /
    builtin-precompileModule /Users/admin/builder/spi-builder-workspace/.derivedData/Build/Intermediates.noindex/ExplicitPrecompiledModules/_Builtin_float-CCWMVN9GZ6Z3P4COSWVDOODTI.scan
PrecompileModule /Users/admin/builder/spi-builder-workspace/.derivedData/Build/Intermediates.noindex/ExplicitPrecompiledModules/_Builtin_stdbool-67QHX3B3E2KT005CTP2E5XFYO.scan
    cd /
    builtin-precompileModule /Users/admin/builder/spi-builder-workspace/.derivedData/Build/Intermediates.noindex/ExplicitPrecompiledModules/_Builtin_stdbool-67QHX3B3E2KT005CTP2E5XFYO.scan
PrecompileModule /Users/admin/builder/spi-builder-workspace/.derivedData/Build/Intermediates.noindex/ExplicitPrecompiledModules/_Builtin_stdarg-4MZ7X921MGI76KM9104X5ZTY5.scan
    cd /
    builtin-precompileModule /Users/admin/builder/spi-builder-workspace/.derivedData/Build/Intermediates.noindex/ExplicitPrecompiledModules/_Builtin_stdarg-4MZ7X921MGI76KM9104X5ZTY5.scan
PrecompileModule /Users/admin/builder/spi-builder-workspace/.derivedData/Build/Intermediates.noindex/ExplicitPrecompiledModules/ptrcheck-7H4W0FD4QB5LOSDAQ0JT6XPBR.scan
    cd /
    builtin-precompileModule /Users/admin/builder/spi-builder-workspace/.derivedData/Build/Intermediates.noindex/ExplicitPrecompiledModules/ptrcheck-7H4W0FD4QB5LOSDAQ0JT6XPBR.scan
PrecompileModule /Users/admin/builder/spi-builder-workspace/.derivedData/Build/Intermediates.noindex/ExplicitPrecompiledModules/ptrauth-CID7SR6B5XD2S67XVB6UT213R.scan
    cd /
    builtin-precompileModule /Users/admin/builder/spi-builder-workspace/.derivedData/Build/Intermediates.noindex/ExplicitPrecompiledModules/ptrauth-CID7SR6B5XD2S67XVB6UT213R.scan
PrecompileModule /Users/admin/builder/spi-builder-workspace/.derivedData/Build/Intermediates.noindex/ExplicitPrecompiledModules/_Builtin_stddef-CE13GU63Z8DK88QANQ3ZAC0YT.scan
    cd /
    builtin-precompileModule /Users/admin/builder/spi-builder-workspace/.derivedData/Build/Intermediates.noindex/ExplicitPrecompiledModules/_Builtin_stddef-CE13GU63Z8DK88QANQ3ZAC0YT.scan
PrecompileModule /Users/admin/builder/spi-builder-workspace/.derivedData/Build/Intermediates.noindex/ExplicitPrecompiledModules/_Builtin_stdbool-D649XUGWO01K5689JO4R7ZWD.scan
    cd /
    builtin-precompileModule /Users/admin/builder/spi-builder-workspace/.derivedData/Build/Intermediates.noindex/ExplicitPrecompiledModules/_Builtin_stdbool-D649XUGWO01K5689JO4R7ZWD.scan
PrecompileModule /Users/admin/builder/spi-builder-workspace/.derivedData/Build/Intermediates.noindex/ExplicitPrecompiledModules/_AvailabilityInternal-EK48HVPNFCFZC3TDC1FUBXWTV.scan
    cd /
    builtin-precompileModule /Users/admin/builder/spi-builder-workspace/.derivedData/Build/Intermediates.noindex/ExplicitPrecompiledModules/_AvailabilityInternal-EK48HVPNFCFZC3TDC1FUBXWTV.scan
PrecompileModule /Users/admin/builder/spi-builder-workspace/.derivedData/Build/Intermediates.noindex/ExplicitPrecompiledModules/ptrcheck-E2AUDIQM0FG3Y89VVI0OEFMSZ.scan
    cd /
    builtin-precompileModule /Users/admin/builder/spi-builder-workspace/.derivedData/Build/Intermediates.noindex/ExplicitPrecompiledModules/ptrcheck-E2AUDIQM0FG3Y89VVI0OEFMSZ.scan
PrecompileModule /Users/admin/builder/spi-builder-workspace/.derivedData/Build/Intermediates.noindex/ExplicitPrecompiledModules/ptrauth-1HI3M7Y8CG64GXYI94WXBS30H.scan
    cd /
    builtin-precompileModule /Users/admin/builder/spi-builder-workspace/.derivedData/Build/Intermediates.noindex/ExplicitPrecompiledModules/ptrauth-1HI3M7Y8CG64GXYI94WXBS30H.scan
PrecompileModule /Users/admin/builder/spi-builder-workspace/.derivedData/Build/Intermediates.noindex/ExplicitPrecompiledModules/_Builtin_stddef-2IDNA9GZ4JK5P9H4GYVGS6BEP.scan
    cd /
    builtin-precompileModule /Users/admin/builder/spi-builder-workspace/.derivedData/Build/Intermediates.noindex/ExplicitPrecompiledModules/_Builtin_stddef-2IDNA9GZ4JK5P9H4GYVGS6BEP.scan
PrecompileModule /Users/admin/builder/spi-builder-workspace/.derivedData/Build/Intermediates.noindex/ExplicitPrecompiledModules/_Builtin_float-EAKO7GUISI6YBLJJO1PQ14VQ2.scan
    cd /
    builtin-precompileModule /Users/admin/builder/spi-builder-workspace/.derivedData/Build/Intermediates.noindex/ExplicitPrecompiledModules/_Builtin_float-EAKO7GUISI6YBLJJO1PQ14VQ2.scan
PrecompileModule /Users/admin/builder/spi-builder-workspace/.derivedData/Build/Intermediates.noindex/ExplicitPrecompiledModules/_Builtin_stdarg-7LN4T8YDHGKLYACMKYEMO8O7M.scan
    cd /
    builtin-precompileModule /Users/admin/builder/spi-builder-workspace/.derivedData/Build/Intermediates.noindex/ExplicitPrecompiledModules/_Builtin_stdarg-7LN4T8YDHGKLYACMKYEMO8O7M.scan
PrecompileModule /Users/admin/builder/spi-builder-workspace/.derivedData/Build/Intermediates.noindex/ExplicitPrecompiledModules/_DarwinFoundation1-9F1DJW9DUJEH474GGMAR0HQJR.scan
    cd /
    builtin-precompileModule /Users/admin/builder/spi-builder-workspace/.derivedData/Build/Intermediates.noindex/ExplicitPrecompiledModules/_DarwinFoundation1-9F1DJW9DUJEH474GGMAR0HQJR.scan
PrecompileModule /Users/admin/builder/spi-builder-workspace/.derivedData/Build/Intermediates.noindex/ExplicitPrecompiledModules/_DarwinFoundation1-VNGNV7SK3PKYOZ8PDT5WOO09.scan
    cd /
    builtin-precompileModule /Users/admin/builder/spi-builder-workspace/.derivedData/Build/Intermediates.noindex/ExplicitPrecompiledModules/_DarwinFoundation1-VNGNV7SK3PKYOZ8PDT5WOO09.scan
PrecompileModule /Users/admin/builder/spi-builder-workspace/.derivedData/Build/Intermediates.noindex/ExplicitPrecompiledModules/_Builtin_limits-2357P1R47IDJNKO4YCUW06X8B.scan
    cd /
    builtin-precompileModule /Users/admin/builder/spi-builder-workspace/.derivedData/Build/Intermediates.noindex/ExplicitPrecompiledModules/_Builtin_limits-2357P1R47IDJNKO4YCUW06X8B.scan
PrecompileModule /Users/admin/builder/spi-builder-workspace/.derivedData/Build/Intermediates.noindex/ExplicitPrecompiledModules/_DarwinFoundation2-1QO5H0AUJRU6EO6RKE4VZX15M.scan
    cd /
    builtin-precompileModule /Users/admin/builder/spi-builder-workspace/.derivedData/Build/Intermediates.noindex/ExplicitPrecompiledModules/_DarwinFoundation2-1QO5H0AUJRU6EO6RKE4VZX15M.scan
PrecompileModule /Users/admin/builder/spi-builder-workspace/.derivedData/Build/Intermediates.noindex/ExplicitPrecompiledModules/_Builtin_limits-WSW114AZQAOGDP3ITWL5X6R7.scan
    cd /
    builtin-precompileModule /Users/admin/builder/spi-builder-workspace/.derivedData/Build/Intermediates.noindex/ExplicitPrecompiledModules/_Builtin_limits-WSW114AZQAOGDP3ITWL5X6R7.scan
PrecompileModule /Users/admin/builder/spi-builder-workspace/.derivedData/Build/Intermediates.noindex/ExplicitPrecompiledModules/_DarwinFoundation2-1DFY1MARP2HCJFOCU2QX2LFZO.scan
    cd /
    builtin-precompileModule /Users/admin/builder/spi-builder-workspace/.derivedData/Build/Intermediates.noindex/ExplicitPrecompiledModules/_DarwinFoundation2-1DFY1MARP2HCJFOCU2QX2LFZO.scan
PrecompileModule /Users/admin/builder/spi-builder-workspace/.derivedData/Build/Intermediates.noindex/ExplicitPrecompiledModules/_Builtin_stdint-2UI2OSKQ18WTPSXJMIJZB1B9I.scan
    cd /
    builtin-precompileModule /Users/admin/builder/spi-builder-workspace/.derivedData/Build/Intermediates.noindex/ExplicitPrecompiledModules/_Builtin_stdint-2UI2OSKQ18WTPSXJMIJZB1B9I.scan
PrecompileModule /Users/admin/builder/spi-builder-workspace/.derivedData/Build/Intermediates.noindex/ExplicitPrecompiledModules/_Builtin_stdint-DZPJEJB02GWTURAQ4236KD6KZ.scan
    cd /
    builtin-precompileModule /Users/admin/builder/spi-builder-workspace/.derivedData/Build/Intermediates.noindex/ExplicitPrecompiledModules/_Builtin_stdint-DZPJEJB02GWTURAQ4236KD6KZ.scan
PrecompileModule /Users/admin/builder/spi-builder-workspace/.derivedData/Build/Intermediates.noindex/ExplicitPrecompiledModules/_DarwinFoundation3-8VK47H4S9JNA5CYPKNL4IT42.scan
    cd /
    builtin-precompileModule /Users/admin/builder/spi-builder-workspace/.derivedData/Build/Intermediates.noindex/ExplicitPrecompiledModules/_DarwinFoundation3-8VK47H4S9JNA5CYPKNL4IT42.scan
PrecompileModule /Users/admin/builder/spi-builder-workspace/.derivedData/Build/Intermediates.noindex/ExplicitPrecompiledModules/_DarwinFoundation3-DK33DRI8NOLNIOGJOEQK2DFJ9.scan
    cd /
    builtin-precompileModule /Users/admin/builder/spi-builder-workspace/.derivedData/Build/Intermediates.noindex/ExplicitPrecompiledModules/_DarwinFoundation3-DK33DRI8NOLNIOGJOEQK2DFJ9.scan
PrecompileModule /Users/admin/builder/spi-builder-workspace/.derivedData/Build/Intermediates.noindex/ExplicitPrecompiledModules/_Builtin_inttypes-3EPQ3FONVEZLNY3ML0EJNR609.scan
    cd /
    builtin-precompileModule /Users/admin/builder/spi-builder-workspace/.derivedData/Build/Intermediates.noindex/ExplicitPrecompiledModules/_Builtin_inttypes-3EPQ3FONVEZLNY3ML0EJNR609.scan
PrecompileModule /Users/admin/builder/spi-builder-workspace/.derivedData/Build/Intermediates.noindex/ExplicitPrecompiledModules/_Builtin_inttypes-6SSP90ML0D5UKCV59YMIC742R.scan
    cd /
    builtin-precompileModule /Users/admin/builder/spi-builder-workspace/.derivedData/Build/Intermediates.noindex/ExplicitPrecompiledModules/_Builtin_inttypes-6SSP90ML0D5UKCV59YMIC742R.scan
PrecompileModule /Users/admin/builder/spi-builder-workspace/.derivedData/Build/Intermediates.noindex/ExplicitPrecompiledModules/Darwin-DS15HL4ULFWUL2KCUN5XP8EJF.scan
    cd /
    builtin-precompileModule /Users/admin/builder/spi-builder-workspace/.derivedData/Build/Intermediates.noindex/ExplicitPrecompiledModules/Darwin-DS15HL4ULFWUL2KCUN5XP8EJF.scan
PrecompileModule /Users/admin/builder/spi-builder-workspace/.derivedData/Build/Intermediates.noindex/ExplicitPrecompiledModules/Darwin-7AYZXY0JNENHDFL8C7OFRYYFG.scan
    cd /
    builtin-precompileModule /Users/admin/builder/spi-builder-workspace/.derivedData/Build/Intermediates.noindex/ExplicitPrecompiledModules/Darwin-7AYZXY0JNENHDFL8C7OFRYYFG.scan
PrecompileModule /Users/admin/builder/spi-builder-workspace/.derivedData/Build/Intermediates.noindex/ExplicitPrecompiledModules/ObjectiveC-BKRD1OM40PFBRS2LM5SXEBUZG.scan
    cd /
    builtin-precompileModule /Users/admin/builder/spi-builder-workspace/.derivedData/Build/Intermediates.noindex/ExplicitPrecompiledModules/ObjectiveC-BKRD1OM40PFBRS2LM5SXEBUZG.scan
PrecompileModule /Users/admin/builder/spi-builder-workspace/.derivedData/Build/Intermediates.noindex/ExplicitPrecompiledModules/ObjectiveC-7OFOJRZYIUCKSSSTRWRNXGZ02.scan
    cd /
    builtin-precompileModule /Users/admin/builder/spi-builder-workspace/.derivedData/Build/Intermediates.noindex/ExplicitPrecompiledModules/ObjectiveC-7OFOJRZYIUCKSSSTRWRNXGZ02.scan
PrecompileModule /Users/admin/builder/spi-builder-workspace/.derivedData/Build/Intermediates.noindex/ExplicitPrecompiledModules/os_object-DCH4V2Q9M35EPWVRDX7T2XV3D.scan
    cd /
    builtin-precompileModule /Users/admin/builder/spi-builder-workspace/.derivedData/Build/Intermediates.noindex/ExplicitPrecompiledModules/os_object-DCH4V2Q9M35EPWVRDX7T2XV3D.scan
PrecompileModule /Users/admin/builder/spi-builder-workspace/.derivedData/Build/Intermediates.noindex/ExplicitPrecompiledModules/os_object-EUX4I48UFTROXPXQJ4ORMMRTH.scan
    cd /
    builtin-precompileModule /Users/admin/builder/spi-builder-workspace/.derivedData/Build/Intermediates.noindex/ExplicitPrecompiledModules/os_object-EUX4I48UFTROXPXQJ4ORMMRTH.scan
PrecompileModule /Users/admin/builder/spi-builder-workspace/.derivedData/Build/Intermediates.noindex/ExplicitPrecompiledModules/os_workgroup-141Q9IIOHZS2WXT6OVG2612LV.scan
    cd /
    builtin-precompileModule /Users/admin/builder/spi-builder-workspace/.derivedData/Build/Intermediates.noindex/ExplicitPrecompiledModules/os_workgroup-141Q9IIOHZS2WXT6OVG2612LV.scan
PrecompileModule /Users/admin/builder/spi-builder-workspace/.derivedData/Build/Intermediates.noindex/ExplicitPrecompiledModules/os_workgroup-675FUK9KW1IG6E9NW39PVLEQH.scan
    cd /
    builtin-precompileModule /Users/admin/builder/spi-builder-workspace/.derivedData/Build/Intermediates.noindex/ExplicitPrecompiledModules/os_workgroup-675FUK9KW1IG6E9NW39PVLEQH.scan
PrecompileModule /Users/admin/builder/spi-builder-workspace/.derivedData/Build/Intermediates.noindex/ExplicitPrecompiledModules/Dispatch-DTVFPMEG1K3842I8EF3ZF1NYB.scan
    cd /
    builtin-precompileModule /Users/admin/builder/spi-builder-workspace/.derivedData/Build/Intermediates.noindex/ExplicitPrecompiledModules/Dispatch-DTVFPMEG1K3842I8EF3ZF1NYB.scan
PrecompileModule /Users/admin/builder/spi-builder-workspace/.derivedData/Build/Intermediates.noindex/ExplicitPrecompiledModules/Dispatch-4A5WFBGXQAD7Z0P1SHYEHEHM9.scan
    cd /
    builtin-precompileModule /Users/admin/builder/spi-builder-workspace/.derivedData/Build/Intermediates.noindex/ExplicitPrecompiledModules/Dispatch-4A5WFBGXQAD7Z0P1SHYEHEHM9.scan
PrecompileModule /Users/admin/builder/spi-builder-workspace/.derivedData/Build/Intermediates.noindex/ExplicitPrecompiledModules/XPC-DV3R9OID4FHTR5QG9V1VK10FX.scan
    cd /
    builtin-precompileModule /Users/admin/builder/spi-builder-workspace/.derivedData/Build/Intermediates.noindex/ExplicitPrecompiledModules/XPC-DV3R9OID4FHTR5QG9V1VK10FX.scan
PrecompileModule /Users/admin/builder/spi-builder-workspace/.derivedData/Build/Intermediates.noindex/ExplicitPrecompiledModules/CoreFoundation-6K489R49ZVRSEI9C12FKB0SFS.scan
    cd /
    builtin-precompileModule /Users/admin/builder/spi-builder-workspace/.derivedData/Build/Intermediates.noindex/ExplicitPrecompiledModules/CoreFoundation-6K489R49ZVRSEI9C12FKB0SFS.scan
PrecompileModule /Users/admin/builder/spi-builder-workspace/.derivedData/Build/Intermediates.noindex/ExplicitPrecompiledModules/CoreFoundation-B0JJXX6PHAIBJDN3YT3OJH8H3.scan
    cd /
    builtin-precompileModule /Users/admin/builder/spi-builder-workspace/.derivedData/Build/Intermediates.noindex/ExplicitPrecompiledModules/CoreFoundation-B0JJXX6PHAIBJDN3YT3OJH8H3.scan
PrecompileModule /Users/admin/builder/spi-builder-workspace/.derivedData/Build/Intermediates.noindex/ExplicitPrecompiledModules/XPC-QGO6QW9680Y26JZMOUXARONV.scan
    cd /
    builtin-precompileModule /Users/admin/builder/spi-builder-workspace/.derivedData/Build/Intermediates.noindex/ExplicitPrecompiledModules/XPC-QGO6QW9680Y26JZMOUXARONV.scan
PrecompileModule /Users/admin/builder/spi-builder-workspace/.derivedData/Build/Intermediates.noindex/ExplicitPrecompiledModules/CoreGraphics-8P91WAAOJPYAKDROX85GLC5K9.scan
    cd /
    builtin-precompileModule /Users/admin/builder/spi-builder-workspace/.derivedData/Build/Intermediates.noindex/ExplicitPrecompiledModules/CoreGraphics-8P91WAAOJPYAKDROX85GLC5K9.scan
PrecompileModule /Users/admin/builder/spi-builder-workspace/.derivedData/Build/Intermediates.noindex/ExplicitPrecompiledModules/Security-F2SDFAIBABKPZ3IOKIUGR6WM0.scan
    cd /
    builtin-precompileModule /Users/admin/builder/spi-builder-workspace/.derivedData/Build/Intermediates.noindex/ExplicitPrecompiledModules/Security-F2SDFAIBABKPZ3IOKIUGR6WM0.scan
PrecompileModule /Users/admin/builder/spi-builder-workspace/.derivedData/Build/Intermediates.noindex/ExplicitPrecompiledModules/Security-3T6G6U6DBIVYH54RTWBQ0CD0S.scan
    cd /
    builtin-precompileModule /Users/admin/builder/spi-builder-workspace/.derivedData/Build/Intermediates.noindex/ExplicitPrecompiledModules/Security-3T6G6U6DBIVYH54RTWBQ0CD0S.scan
PrecompileModule /Users/admin/builder/spi-builder-workspace/.derivedData/Build/Intermediates.noindex/ExplicitPrecompiledModules/CoreGraphics-44F9FWX17JKYHK58073VDYITA.scan
    cd /
    builtin-precompileModule /Users/admin/builder/spi-builder-workspace/.derivedData/Build/Intermediates.noindex/ExplicitPrecompiledModules/CoreGraphics-44F9FWX17JKYHK58073VDYITA.scan
PrecompileModule /Users/admin/builder/spi-builder-workspace/.derivedData/Build/Intermediates.noindex/ExplicitPrecompiledModules/Foundation-AKBJQLBJM3P9M8FZNUJ6Z21T.scan
    cd /
    builtin-precompileModule /Users/admin/builder/spi-builder-workspace/.derivedData/Build/Intermediates.noindex/ExplicitPrecompiledModules/Foundation-AKBJQLBJM3P9M8FZNUJ6Z21T.scan
PrecompileModule /Users/admin/builder/spi-builder-workspace/.derivedData/Build/Intermediates.noindex/ExplicitPrecompiledModules/Foundation-F2KBWX41FVCKIU807472SK297.scan
    cd /
    builtin-precompileModule /Users/admin/builder/spi-builder-workspace/.derivedData/Build/Intermediates.noindex/ExplicitPrecompiledModules/Foundation-F2KBWX41FVCKIU807472SK297.scan
PrecompileModule /Users/admin/builder/spi-builder-workspace/.derivedData/Build/Intermediates.noindex/ExplicitPrecompiledModules/CoreText-BX5QDCRM1F1UU10QKTJ19IOAB.scan
    cd /
    builtin-precompileModule /Users/admin/builder/spi-builder-workspace/.derivedData/Build/Intermediates.noindex/ExplicitPrecompiledModules/CoreText-BX5QDCRM1F1UU10QKTJ19IOAB.scan
PrecompileModule /Users/admin/builder/spi-builder-workspace/.derivedData/Build/Intermediates.noindex/ExplicitPrecompiledModules/CoreVideo-400YWXW10ZMHYC0HG511AZE8Q.scan
    cd /
    builtin-precompileModule /Users/admin/builder/spi-builder-workspace/.derivedData/Build/Intermediates.noindex/ExplicitPrecompiledModules/CoreVideo-400YWXW10ZMHYC0HG511AZE8Q.scan
PrecompileModule /Users/admin/builder/spi-builder-workspace/.derivedData/Build/Intermediates.noindex/ExplicitPrecompiledModules/CoreText-DV6F6JPJNY9MVFYIUK6B4YT6L.scan
    cd /
    builtin-precompileModule /Users/admin/builder/spi-builder-workspace/.derivedData/Build/Intermediates.noindex/ExplicitPrecompiledModules/CoreText-DV6F6JPJNY9MVFYIUK6B4YT6L.scan
PrecompileModule /Users/admin/builder/spi-builder-workspace/.derivedData/Build/Intermediates.noindex/ExplicitPrecompiledModules/CoreVideo-9S4LXQKCQA7NOCO1NDW3SXUUG.scan
    cd /
    builtin-precompileModule /Users/admin/builder/spi-builder-workspace/.derivedData/Build/Intermediates.noindex/ExplicitPrecompiledModules/CoreVideo-9S4LXQKCQA7NOCO1NDW3SXUUG.scan
PrecompileModule /Users/admin/builder/spi-builder-workspace/.derivedData/Build/Intermediates.noindex/ExplicitPrecompiledModules/_LocationEssentials-291SUWH0XFOKQVDI1S9ZL82X6.scan
    cd /
    builtin-precompileModule /Users/admin/builder/spi-builder-workspace/.derivedData/Build/Intermediates.noindex/ExplicitPrecompiledModules/_LocationEssentials-291SUWH0XFOKQVDI1S9ZL82X6.scan
PrecompileModule /Users/admin/builder/spi-builder-workspace/.derivedData/Build/Intermediates.noindex/ExplicitPrecompiledModules/UIUtilities-DJCBW46BL0MWEKP39WDR5XFGV.scan
    cd /
    builtin-precompileModule /Users/admin/builder/spi-builder-workspace/.derivedData/Build/Intermediates.noindex/ExplicitPrecompiledModules/UIUtilities-DJCBW46BL0MWEKP39WDR5XFGV.scan
PrecompileModule /Users/admin/builder/spi-builder-workspace/.derivedData/Build/Intermediates.noindex/ExplicitPrecompiledModules/Symbols-WXZH754A2TR6AFN7DS0LCPYJ.scan
    cd /
    builtin-precompileModule /Users/admin/builder/spi-builder-workspace/.derivedData/Build/Intermediates.noindex/ExplicitPrecompiledModules/Symbols-WXZH754A2TR6AFN7DS0LCPYJ.scan
PrecompileModule /Users/admin/builder/spi-builder-workspace/.derivedData/Build/Intermediates.noindex/ExplicitPrecompiledModules/UserNotifications-73059CVO3FHLCLU3ADEAX4G8X.scan
    cd /
    builtin-precompileModule /Users/admin/builder/spi-builder-workspace/.derivedData/Build/Intermediates.noindex/ExplicitPrecompiledModules/UserNotifications-73059CVO3FHLCLU3ADEAX4G8X.scan
PrecompileModule /Users/admin/builder/spi-builder-workspace/.derivedData/Build/Intermediates.noindex/ExplicitPrecompiledModules/UserNotifications-EEWM79Q7OJ9ZLHNWT0A2Y1KX8.scan
    cd /
    builtin-precompileModule /Users/admin/builder/spi-builder-workspace/.derivedData/Build/Intermediates.noindex/ExplicitPrecompiledModules/UserNotifications-EEWM79Q7OJ9ZLHNWT0A2Y1KX8.scan
PrecompileModule /Users/admin/builder/spi-builder-workspace/.derivedData/Build/Intermediates.noindex/ExplicitPrecompiledModules/Symbols-D3L48G521GX875IXVK7YGWVKA.scan
    cd /
    builtin-precompileModule /Users/admin/builder/spi-builder-workspace/.derivedData/Build/Intermediates.noindex/ExplicitPrecompiledModules/Symbols-D3L48G521GX875IXVK7YGWVKA.scan
PrecompileModule /Users/admin/builder/spi-builder-workspace/.derivedData/Build/Intermediates.noindex/ExplicitPrecompiledModules/QuartzCore-BXB0I2MAM28BPELP53NO7L287.scan
    cd /
    builtin-precompileModule /Users/admin/builder/spi-builder-workspace/.derivedData/Build/Intermediates.noindex/ExplicitPrecompiledModules/QuartzCore-BXB0I2MAM28BPELP53NO7L287.scan
PrecompileModule /Users/admin/builder/spi-builder-workspace/.derivedData/Build/Intermediates.noindex/ExplicitPrecompiledModules/UIUtilities-F0NJLBH1KH9MAO2KX9QBFDA69.scan
    cd /
    builtin-precompileModule /Users/admin/builder/spi-builder-workspace/.derivedData/Build/Intermediates.noindex/ExplicitPrecompiledModules/UIUtilities-F0NJLBH1KH9MAO2KX9QBFDA69.scan
PrecompileModule /Users/admin/builder/spi-builder-workspace/.derivedData/Build/Intermediates.noindex/ExplicitPrecompiledModules/_LocationEssentials-7YG8DJL6A525EIJ95TWL4A664.scan
    cd /
    builtin-precompileModule /Users/admin/builder/spi-builder-workspace/.derivedData/Build/Intermediates.noindex/ExplicitPrecompiledModules/_LocationEssentials-7YG8DJL6A525EIJ95TWL4A664.scan
PrecompileModule /Users/admin/builder/spi-builder-workspace/.derivedData/Build/Intermediates.noindex/ExplicitPrecompiledModules/QuartzCore-2CQXFSBKI3NFMX5BMUFRVCC45.scan
    cd /
    builtin-precompileModule /Users/admin/builder/spi-builder-workspace/.derivedData/Build/Intermediates.noindex/ExplicitPrecompiledModules/QuartzCore-2CQXFSBKI3NFMX5BMUFRVCC45.scan
PrecompileModule /Users/admin/builder/spi-builder-workspace/.derivedData/Build/Intermediates.noindex/ExplicitPrecompiledModules/CoreLocation-CALEKV0WRV3VVOMH8RKQ6L31F.scan
    cd /
    builtin-precompileModule /Users/admin/builder/spi-builder-workspace/.derivedData/Build/Intermediates.noindex/ExplicitPrecompiledModules/CoreLocation-CALEKV0WRV3VVOMH8RKQ6L31F.scan
PrecompileModule /Users/admin/builder/spi-builder-workspace/.derivedData/Build/Intermediates.noindex/ExplicitPrecompiledModules/CoreLocation-6542775DY79DOY2MFF22MLEDD.scan
    cd /
    builtin-precompileModule /Users/admin/builder/spi-builder-workspace/.derivedData/Build/Intermediates.noindex/ExplicitPrecompiledModules/CoreLocation-6542775DY79DOY2MFF22MLEDD.scan
PrecompileModule /Users/admin/builder/spi-builder-workspace/.derivedData/Build/Intermediates.noindex/ExplicitPrecompiledModules/CoreMotion-26ODGZI6WBQZMV6IIVJ8BHTWP.scan
    cd /
    builtin-precompileModule /Users/admin/builder/spi-builder-workspace/.derivedData/Build/Intermediates.noindex/ExplicitPrecompiledModules/CoreMotion-26ODGZI6WBQZMV6IIVJ8BHTWP.scan
PrecompileModule /Users/admin/builder/spi-builder-workspace/.derivedData/Build/Intermediates.noindex/ExplicitPrecompiledModules/CoreMotion-5AJ42GVSOLHJWU8QRWMFEKV4U.scan
    cd /
    builtin-precompileModule /Users/admin/builder/spi-builder-workspace/.derivedData/Build/Intermediates.noindex/ExplicitPrecompiledModules/CoreMotion-5AJ42GVSOLHJWU8QRWMFEKV4U.scan
PrecompileModule /Users/admin/builder/spi-builder-workspace/.derivedData/Build/Intermediates.noindex/ExplicitPrecompiledModules/UIKit-6VLEXFPHHIVZFGPP0CSOJ3UZD.scan
    cd /
    builtin-precompileModule /Users/admin/builder/spi-builder-workspace/.derivedData/Build/Intermediates.noindex/ExplicitPrecompiledModules/UIKit-6VLEXFPHHIVZFGPP0CSOJ3UZD.scan
PrecompileModule /Users/admin/builder/spi-builder-workspace/.derivedData/Build/Intermediates.noindex/ExplicitPrecompiledModules/UIKit-1TVLGSDLITC5FS02QESMIQ3D9.scan
    cd /
    builtin-precompileModule /Users/admin/builder/spi-builder-workspace/.derivedData/Build/Intermediates.noindex/ExplicitPrecompiledModules/UIKit-1TVLGSDLITC5FS02QESMIQ3D9.scan
CompileC /Users/admin/builder/spi-builder-workspace/.derivedData/Build/Intermediates.noindex/DZNEmptyDataSet.build/Debug-watchos/DZNEmptyDataSet-t.build/Objects-normal/arm64_32/UIScrollView+EmptyDataSet.o /Users/admin/builder/spi-builder-workspace/Source/UIScrollView+EmptyDataSet.m normal arm64_32 objective-c com.apple.compilers.llvm.clang.1_0.compiler (in target 'DZNEmptyDataSet' from project 'DZNEmptyDataSet')
    cd /Users/admin/builder/spi-builder-workspace/.swiftpm/xcode

    Using response file: /Users/admin/builder/spi-builder-workspace/.derivedData/Build/Intermediates.noindex/DZNEmptyDataSet.build/Debug-watchos/DZNEmptyDataSet-t.build/Objects-normal/arm64_32/e6072d4f65d7061329687fe24e3d63a7-common-args.resp

    /Applications/Xcode-27.0.0-Release.Candidate.app/Contents/Developer/Toolchains/XcodeDefault.xctoolchain/usr/bin/clang -x objective-c -ivfsstatcache /Users/admin/builder/spi-builder-workspace/.derivedData/SDKStatCaches.noindex/watchos27.0-24R360-e829b21a6f8c9b70876ba0858053c04477534ef55a1706bf4c1112bbb242f0a2.sdkstatcache -target arm64_32-apple-watchos9.0 -fmessage-length\=0 -fdiagnostics-show-note-include-stack -fmacro-backtrace-limit\=0 -fno-color-diagnostics -fmodules-prune-interval\=86400 -fmodules-prune-after\=345600 -fbuild-session-file\=/Users/admin/builder/spi-builder-workspace/.derivedData/ModuleCache.noindex/Session.modulevalidation -fmodules-validate-once-per-build-session -Wnon-modular-include-in-framework-module -Werror\=non-modular-include-in-framework-module -Wno-trigraphs -Wno-missing-field-initializers -Wno-missing-prototypes -Wno-return-type -Wno-implicit-atomic-properties -Wno-objc-interface-ivars -Wno-arc-repeated-use-of-weak -Wno-missing-braces -Wparentheses -Wswitch -Wno-unused-function -Wno-unused-label -Wno-unused-parameter -Wno-unused-variable -Wunused-value -Wno-empty-body -Wno-uninitialized -Wno-unknown-pragmas -Wno-shadow -Wno-four-char-constants -Wno-conversion -Wno-constant-conversion -Wno-int-conversion -Wno-bool-conversion -Wno-enum-conversion -Wno-float-conversion -Wno-non-literal-null-conversion -Wno-objc-literal-conversion -Wno-shorten-64-to-32 -Wpointer-sign -Wno-newline-eof -Wno-selector -Wno-strict-selector-match -Wno-undeclared-selector -Wno-deprecated-implementations -Wno-implicit-fallthrough -isysroot /Applications/Xcode-27.0.0-Release.Candidate.app/Contents/Developer/Platforms/WatchOS.platform/Developer/SDKs/WatchOS27.0.sdk -fstrict-aliasing -Wprotocol -Wdeprecated-declarations -Wno-sign-conversion -Wno-infinite-recursion -Wno-comma -Wno-block-capture-autoreleasing -Wno-strict-prototypes -Wno-semicolon-before-method-body -index-store-path /Users/admin/builder/spi-builder-workspace/.derivedData/Index.noindex/DataStore @/Users/admin/builder/spi-builder-workspace/.derivedData/Build/Intermediates.noindex/DZNEmptyDataSet.build/Debug-watchos/DZNEmptyDataSet-t.build/Objects-normal/arm64_32/e6072d4f65d7061329687fe24e3d63a7-common-args.resp -MMD -MT dependencies -MF /Users/admin/builder/spi-builder-workspace/.derivedData/Build/Intermediates.noindex/DZNEmptyDataSet.build/Debug-watchos/DZNEmptyDataSet-t.build/Objects-normal/arm64_32/UIScrollView+EmptyDataSet.d --serialize-diagnostics /Users/admin/builder/spi-builder-workspace/.derivedData/Build/Intermediates.noindex/DZNEmptyDataSet.build/Debug-watchos/DZNEmptyDataSet-t.build/Objects-normal/arm64_32/UIScrollView+EmptyDataSet.dia -c /Users/admin/builder/spi-builder-workspace/Source/UIScrollView+EmptyDataSet.m -o /Users/admin/builder/spi-builder-workspace/.derivedData/Build/Intermediates.noindex/DZNEmptyDataSet.build/Debug-watchos/DZNEmptyDataSet-t.build/Objects-normal/arm64_32/UIScrollView+EmptyDataSet.o -index-unit-output-path /DZNEmptyDataSet.build/Debug-watchos/DZNEmptyDataSet-t.build/Objects-normal/arm64_32/UIScrollView+EmptyDataSet.o
In file included from /Users/admin/builder/spi-builder-workspace/Source/UIScrollView+EmptyDataSet.m:11:
/Users/admin/builder/spi-builder-workspace/Source/UIScrollView+EmptyDataSet.h:56:56: error: 'UIScrollView' is unavailable: not available on watchOS
   56 | - (nullable NSAttributedString *)titleForEmptyDataSet:(UIScrollView *)scrollView;
      |                                                        ^
In module 'UIKit' imported from /Users/admin/builder/spi-builder-workspace/Source/UIScrollView+EmptyDataSet.h:11:
/Applications/Xcode-27.0.0-Release.Candidate.app/Contents/Developer/Platforms/WatchOS.platform/Developer/SDKs/WatchOS27.0.sdk/System/Library/Frameworks/UIKit.framework/Headers/UIScrollView.h:87:12: note: 'UIScrollView' has been explicitly marked unavailable here
   87 | @interface UIScrollView : UIView <NSCoding, UIFocusItemScrollableContainer>
      |            ^
In file included from /Users/admin/builder/spi-builder-workspace/Source/UIScrollView+EmptyDataSet.m:11:
/Users/admin/builder/spi-builder-workspace/Source/UIScrollView+EmptyDataSet.h:65:62: error: 'UIScrollView' is unavailable: not available on watchOS
   65 | - (nullable NSAttributedString *)descriptionForEmptyDataSet:(UIScrollView *)scrollView;
      |                                                              ^
In module 'UIKit' imported from /Users/admin/builder/spi-builder-workspace/Source/UIScrollView+EmptyDataSet.h:11:
/Applications/Xcode-27.0.0-Release.Candidate.app/Contents/Developer/Platforms/WatchOS.platform/Developer/SDKs/WatchOS27.0.sdk/System/Library/Frameworks/UIKit.framework/Headers/UIScrollView.h:87:12: note: 'UIScrollView' has been explicitly marked unavailable here
   87 | @interface UIScrollView : UIView <NSCoding, UIFocusItemScrollableContainer>
      |            ^
In file included from /Users/admin/builder/spi-builder-workspace/Source/UIScrollView+EmptyDataSet.m:11:
/Users/admin/builder/spi-builder-workspace/Source/UIScrollView+EmptyDataSet.h:73:45: error: 'UIScrollView' is unavailable: not available on watchOS
   73 | - (nullable UIImage *)imageForEmptyDataSet:(UIScrollView *)scrollView;
      |                                             ^
In module 'UIKit' imported from /Users/admin/builder/spi-builder-workspace/Source/UIScrollView+EmptyDataSet.h:11:
/Applications/Xcode-27.0.0-Release.Candidate.app/Contents/Developer/Platforms/WatchOS.platform/Developer/SDKs/WatchOS27.0.sdk/System/Library/Frameworks/UIKit.framework/Headers/UIScrollView.h:87:12: note: 'UIScrollView' has been explicitly marked unavailable here
   87 | @interface UIScrollView : UIView <NSCoding, UIFocusItemScrollableContainer>
      |            ^
In file included from /Users/admin/builder/spi-builder-workspace/Source/UIScrollView+EmptyDataSet.m:11:
/Users/admin/builder/spi-builder-workspace/Source/UIScrollView+EmptyDataSet.h:82:54: error: 'UIScrollView' is unavailable: not available on watchOS
   82 | - (nullable UIColor *)imageTintColorForEmptyDataSet:(UIScrollView *)scrollView;
      |                                                      ^
In module 'UIKit' imported from /Users/admin/builder/spi-builder-workspace/Source/UIScrollView+EmptyDataSet.h:11:
/Applications/Xcode-27.0.0-Release.Candidate.app/Contents/Developer/Platforms/WatchOS.platform/Developer/SDKs/WatchOS27.0.sdk/System/Library/Frameworks/UIKit.framework/Headers/UIScrollView.h:87:12: note: 'UIScrollView' has been explicitly marked unavailable here
   87 | @interface UIScrollView : UIView <NSCoding, UIFocusItemScrollableContainer>
      |            ^
In file included from /Users/admin/builder/spi-builder-workspace/Source/UIScrollView+EmptyDataSet.m:11:
/Users/admin/builder/spi-builder-workspace/Source/UIScrollView+EmptyDataSet.h:91:13: error: 'CAAnimation' is unavailable: not available on watchOS
   91 | - (nullable CAAnimation *)imageAnimationForEmptyDataSet:(UIScrollView *)scrollView;
      |             ^
In module 'UIKit' imported from /Users/admin/builder/spi-builder-workspace/Source/UIScrollView+EmptyDataSet.h:11:
In module 'QuartzCore' imported from /Applications/Xcode-27.0.0-Release.Candidate.app/Contents/Developer/Platforms/WatchOS.platform/Developer/SDKs/WatchOS27.0.sdk/System/Library/Frameworks/UIKit.framework/Headers/UIView.h:10:
/Applications/Xcode-27.0.0-Release.Candidate.app/Contents/Developer/Platforms/WatchOS.platform/Developer/SDKs/WatchOS27.0.sdk/System/Library/Frameworks/QuartzCore.framework/Headers/CAAnimation.h:25:12: note: 'CAAnimation' has been explicitly marked unavailable here
   25 | @interface CAAnimation : NSObject
      |            ^
In file included from /Users/admin/builder/spi-builder-workspace/Source/UIScrollView+EmptyDataSet.m:11:
/Users/admin/builder/spi-builder-workspace/Source/UIScrollView+EmptyDataSet.h:91:58: error: 'UIScrollView' is unavailable: not available on watchOS
   91 | - (nullable CAAnimation *)imageAnimationForEmptyDataSet:(UIScrollView *)scrollView;
      |                                                          ^
In module 'UIKit' imported from /Users/admin/builder/spi-builder-workspace/Source/UIScrollView+EmptyDataSet.h:11:
/Applications/Xcode-27.0.0-Release.Candidate.app/Contents/Developer/Platforms/WatchOS.platform/Developer/SDKs/WatchOS27.0.sdk/System/Library/Frameworks/UIKit.framework/Headers/UIScrollView.h:87:12: note: 'UIScrollView' has been explicitly marked unavailable here
   87 | @interface UIScrollView : UIView <NSCoding, UIFocusItemScrollableContainer>
      |            ^
In file included from /Users/admin/builder/spi-builder-workspace/Source/UIScrollView+EmptyDataSet.m:11:
/Users/admin/builder/spi-builder-workspace/Source/UIScrollView+EmptyDataSet.h:101:62: error: 'UIScrollView' is unavailable: not available on watchOS
  101 | - (nullable NSAttributedString *)buttonTitleForEmptyDataSet:(UIScrollView *)scrollView forState:(UIControlState)state;
      |                                                              ^
In module 'UIKit' imported from /Users/admin/builder/spi-builder-workspace/Source/UIScrollView+EmptyDataSet.h:11:
/Applications/Xcode-27.0.0-Release.Candidate.app/Contents/Developer/Platforms/WatchOS.platform/Developer/SDKs/WatchOS27.0.sdk/System/Library/Frameworks/UIKit.framework/Headers/UIScrollView.h:87:12: note: 'UIScrollView' has been explicitly marked unavailable here
   87 | @interface UIScrollView : UIView <NSCoding, UIFocusItemScrollableContainer>
      |            ^
In file included from /Users/admin/builder/spi-builder-workspace/Source/UIScrollView+EmptyDataSet.m:11:
/Users/admin/builder/spi-builder-workspace/Source/UIScrollView+EmptyDataSet.h:101:98: error: 'UIControlState' is unavailable: not available on watchOS
  101 | - (nullable NSAttributedString *)buttonTitleForEmptyDataSet:(UIScrollView *)scrollView forState:(UIControlState)state;
      |                                                                                                  ^
In module 'UIKit' imported from /Users/admin/builder/spi-builder-workspace/Source/UIScrollView+EmptyDataSet.h:11:
/Applications/Xcode-27.0.0-Release.Candidate.app/Contents/Developer/Platforms/WatchOS.platform/Developer/SDKs/WatchOS27.0.sdk/System/Library/Frameworks/UIKit.framework/Headers/UIControl.h:59:32: note: 'UIControlState' has been explicitly marked unavailable here
   59 | typedef NS_OPTIONS(NSUInteger, UIControlState) {
      |                                ^
In file included from /Users/admin/builder/spi-builder-workspace/Source/UIScrollView+EmptyDataSet.m:11:
/Users/admin/builder/spi-builder-workspace/Source/UIScrollView+EmptyDataSet.h:111:51: error: 'UIScrollView' is unavailable: not available on watchOS
  111 | - (nullable UIImage *)buttonImageForEmptyDataSet:(UIScrollView *)scrollView forState:(UIControlState)state;
      |                                                   ^
In module 'UIKit' imported from /Users/admin/builder/spi-builder-workspace/Source/UIScrollView+EmptyDataSet.h:11:
/Applications/Xcode-27.0.0-Release.Candidate.app/Contents/Developer/Platforms/WatchOS.platform/Developer/SDKs/WatchOS27.0.sdk/System/Library/Frameworks/UIKit.framework/Headers/UIScrollView.h:87:12: note: 'UIScrollView' has been explicitly marked unavailable here
   87 | @interface UIScrollView : UIView <NSCoding, UIFocusItemScrollableContainer>
      |            ^
In file included from /Users/admin/builder/spi-builder-workspace/Source/UIScrollView+EmptyDataSet.m:11:
/Users/admin/builder/spi-builder-workspace/Source/UIScrollView+EmptyDataSet.h:111:87: error: 'UIControlState' is unavailable: not available on watchOS
  111 | - (nullable UIImage *)buttonImageForEmptyDataSet:(UIScrollView *)scrollView forState:(UIControlState)state;
      |                                                                                       ^
In module 'UIKit' imported from /Users/admin/builder/spi-builder-workspace/Source/UIScrollView+EmptyDataSet.h:11:
/Applications/Xcode-27.0.0-Release.Candidate.app/Contents/Developer/Platforms/WatchOS.platform/Developer/SDKs/WatchOS27.0.sdk/System/Library/Frameworks/UIKit.framework/Headers/UIControl.h:59:32: note: 'UIControlState' has been explicitly marked unavailable here
   59 | typedef NS_OPTIONS(NSUInteger, UIControlState) {
      |                                ^
In file included from /Users/admin/builder/spi-builder-workspace/Source/UIScrollView+EmptyDataSet.m:11:
/Users/admin/builder/spi-builder-workspace/Source/UIScrollView+EmptyDataSet.h:121:61: error: 'UIScrollView' is unavailable: not available on watchOS
  121 | - (nullable UIImage *)buttonBackgroundImageForEmptyDataSet:(UIScrollView *)scrollView forState:(UIControlState)state;
      |                                                             ^
In module 'UIKit' imported from /Users/admin/builder/spi-builder-workspace/Source/UIScrollView+EmptyDataSet.h:11:
/Applications/Xcode-27.0.0-Release.Candidate.app/Contents/Developer/Platforms/WatchOS.platform/Developer/SDKs/WatchOS27.0.sdk/System/Library/Frameworks/UIKit.framework/Headers/UIScrollView.h:87:12: note: 'UIScrollView' has been explicitly marked unavailable here
   87 | @interface UIScrollView : UIView <NSCoding, UIFocusItemScrollableContainer>
      |            ^
In file included from /Users/admin/builder/spi-builder-workspace/Source/UIScrollView+EmptyDataSet.m:11:
/Users/admin/builder/spi-builder-workspace/Source/UIScrollView+EmptyDataSet.h:121:97: error: 'UIControlState' is unavailable: not available on watchOS
  121 | - (nullable UIImage *)buttonBackgroundImageForEmptyDataSet:(UIScrollView *)scrollView forState:(UIControlState)state;
      |                                                                                                 ^
In module 'UIKit' imported from /Users/admin/builder/spi-builder-workspace/Source/UIScrollView+EmptyDataSet.h:11:
/Applications/Xcode-27.0.0-Release.Candidate.app/Contents/Developer/Platforms/WatchOS.platform/Developer/SDKs/WatchOS27.0.sdk/System/Library/Frameworks/UIKit.framework/Headers/UIControl.h:59:32: note: 'UIControlState' has been explicitly marked unavailable here
   59 | typedef NS_OPTIONS(NSUInteger, UIControlState) {
      |                                ^
In file included from /Users/admin/builder/spi-builder-workspace/Source/UIScrollView+EmptyDataSet.m:11:
/Users/admin/builder/spi-builder-workspace/Source/UIScrollView+EmptyDataSet.h:129:55: error: 'UIScrollView' is unavailable: not available on watchOS
  129 | - (nullable UIColor *)backgroundColorForEmptyDataSet:(UIScrollView *)scrollView;
      |                                                       ^
In module 'UIKit' imported from /Users/admin/builder/spi-builder-workspace/Source/UIScrollView+EmptyDataSet.h:11:
/Applications/Xcode-27.0.0-Release.Candidate.app/Contents/Developer/Platforms/WatchOS.platform/Developer/SDKs/WatchOS27.0.sdk/System/Library/Frameworks/UIKit.framework/Headers/UIScrollView.h:87:12: note: 'UIScrollView' has been explicitly marked unavailable here
   87 | @interface UIScrollView : UIView <NSCoding, UIFocusItemScrollableContainer>
      |            ^
In file included from /Users/admin/builder/spi-builder-workspace/Source/UIScrollView+EmptyDataSet.m:11:
/Users/admin/builder/spi-builder-workspace/Source/UIScrollView+EmptyDataSet.h:139:13: error: 'UIView' is unavailable: not available on watchOS
  139 | - (nullable UIView *)customViewForEmptyDataSet:(UIScrollView *)scrollView;
      |             ^
In module 'UIKit' imported from /Users/admin/builder/spi-builder-workspace/Source/UIScrollView+EmptyDataSet.h:11:
/Applications/Xcode-27.0.0-Release.Candidate.app/Contents/Developer/Platforms/WatchOS.platform/Developer/SDKs/WatchOS27.0.sdk/System/Library/Frameworks/UIKit.framework/Headers/UIView.h:152:12: note: 'UIView' has been explicitly marked unavailable here
  152 | @interface UIView : UIResponder <NSCoding, UIAppearance, UIAppearanceContainer, UIDynamicItem, UITraitEnvironment, UICoordinateSpace, UIFocusItem, UIFocusItemContainer, CALayerDelegate>
      |            ^
In file included from /Users/admin/builder/spi-builder-workspace/Source/UIScrollView+EmptyDataSet.m:11:
/Users/admin/builder/spi-builder-workspace/Source/UIScrollView+EmptyDataSet.h:139:49: error: 'UIScrollView' is unavailable: not available on watchOS
  139 | - (nullable UIView *)customViewForEmptyDataSet:(UIScrollView *)scrollView;
      |                                                 ^
In module 'UIKit' imported from /Users/admin/builder/spi-builder-workspace/Source/UIScrollView+EmptyDataSet.h:11:
/Applications/Xcode-27.0.0-Release.Candidate.app/Contents/Developer/Platforms/WatchOS.platform/Developer/SDKs/WatchOS27.0.sdk/System/Library/Frameworks/UIKit.framework/Headers/UIScrollView.h:87:12: note: 'UIScrollView' has been explicitly marked unavailable here
   87 | @interface UIScrollView : UIView <NSCoding, UIFocusItemScrollableContainer>
      |            ^
In file included from /Users/admin/builder/spi-builder-workspace/Source/UIScrollView+EmptyDataSet.m:11:
/Users/admin/builder/spi-builder-workspace/Source/UIScrollView+EmptyDataSet.h:147:35: error: 'UIScrollView' is unavailable: not available on watchOS
  147 | - (CGPoint)offsetForEmptyDataSet:(UIScrollView *)scrollView DZNEmptyDataSetDeprecated(-verticalOffsetForEmptyDataSet:);
      |                                   ^
In module 'UIKit' imported from /Users/admin/builder/spi-builder-workspace/Source/UIScrollView+EmptyDataSet.h:11:
/Applications/Xcode-27.0.0-Release.Candidate.app/Contents/Developer/Platforms/WatchOS.platform/Developer/SDKs/WatchOS27.0.sdk/System/Library/Frameworks/UIKit.framework/Headers/UIScrollView.h:87:12: note: 'UIScrollView' has been explicitly marked unavailable here
   87 | @interface UIScrollView : UIView <NSCoding, UIFocusItemScrollableContainer>
      |            ^
In file included from /Users/admin/builder/spi-builder-workspace/Source/UIScrollView+EmptyDataSet.m:11:
/Users/admin/builder/spi-builder-workspace/Source/UIScrollView+EmptyDataSet.h:148:43: error: 'UIScrollView' is unavailable: not available on watchOS
  148 | - (CGFloat)verticalOffsetForEmptyDataSet:(UIScrollView *)scrollView;
      |                                           ^
In module 'UIKit' imported from /Users/admin/builder/spi-builder-workspace/Source/UIScrollView+EmptyDataSet.h:11:
/Applications/Xcode-27.0.0-Release.Candidate.app/Contents/Developer/Platforms/WatchOS.platform/Developer/SDKs/WatchOS27.0.sdk/System/Library/Frameworks/UIKit.framework/Headers/UIScrollView.h:87:12: note: 'UIScrollView' has been explicitly marked unavailable here
   87 | @interface UIScrollView : UIView <NSCoding, UIFocusItemScrollableContainer>
      |            ^
In file included from /Users/admin/builder/spi-builder-workspace/Source/UIScrollView+EmptyDataSet.m:11:
/Users/admin/builder/spi-builder-workspace/Source/UIScrollView+EmptyDataSet.h:156:40: error: 'UIScrollView' is unavailable: not available on watchOS
  156 | - (CGFloat)spaceHeightForEmptyDataSet:(UIScrollView *)scrollView;
      |                                        ^
In module 'UIKit' imported from /Users/admin/builder/spi-builder-workspace/Source/UIScrollView+EmptyDataSet.h:11:
/Applications/Xcode-27.0.0-Release.Candidate.app/Contents/Developer/Platforms/WatchOS.platform/Developer/SDKs/WatchOS27.0.sdk/System/Library/Frameworks/UIKit.framework/Headers/UIScrollView.h:87:12: note: 'UIScrollView' has been explicitly marked unavailable here
   87 | @interface UIScrollView : UIView <NSCoding, UIFocusItemScrollableContainer>
      |            ^
In file included from /Users/admin/builder/spi-builder-workspace/Source/UIScrollView+EmptyDataSet.m:11:
/Users/admin/builder/spi-builder-workspace/Source/UIScrollView+EmptyDataSet.h:176:35: error: 'UIScrollView' is unavailable: not available on watchOS
  176 | - (BOOL)emptyDataSetShouldFadeIn:(UIScrollView *)scrollView;
      |                                   ^
In module 'UIKit' imported from /Users/admin/builder/spi-builder-workspace/Source/UIScrollView+EmptyDataSet.h:11:
/Applications/Xcode-27.0.0-Release.Candidate.app/Contents/Developer/Platforms/WatchOS.platform/Developer/SDKs/WatchOS27.0.sdk/System/Library/Frameworks/UIKit.framework/Headers/UIScrollView.h:87:12: note: 'UIScrollView' has been explicitly marked unavailable here
   87 | @interface UIScrollView : UIView <NSCoding, UIFocusItemScrollableContainer>
      |            ^
fatal error: too many errors emitted, stopping now [-ferror-limit=]
20 errors generated.
Failed frontend command:
/Applications/Xcode-27.0.0-Release.Candidate.app/Contents/Developer/Toolchains/XcodeDefault.xctoolchain/usr/bin/clang -cc1 -Wundef-prefix\=TARGET_OS_ -fdiagnostics-show-note-include-stack -fmacro-backtrace-limit\=0 -ferror-limit 19 -serialize-diagnostic-file /Users/admin/builder/spi-builder-workspace/.derivedData/Build/Intermediates.noindex/DZNEmptyDataSet.build/Debug-watchos/DZNEmptyDataSet-t.build/Objects-normal/arm64_32/UIScrollView+EmptyDataSet.dia -Wdeprecated-objc-isa-usage -Werror\=deprecated-objc-isa-usage -Werror\=implicit-function-declaration -Wnon-modular-include-in-framework-module -Werror\=non-modular-include-in-framework-module -Wno-trigraphs -Wno-missing-field-initializers -Wno-missing-prototypes -Wno-return-type -Wno-implicit-atomic-properties -Wno-objc-interface-ivars -Wno-arc-repeated-use-of-weak -Wno-missing-braces -Wparentheses -Wswitch -Wno-unused-function -Wno-unused-label -Wno-unused-parameter -Wno-unused-variable -Wunused-value -Wno-empty-body -Wno-uninitialized -Wno-unknown-pragmas -Wno-shadow -Wno-four-char-constants -Wno-conversion -Wno-constant-conversion -Wno-int-conversion -Wno-bool-conversion -Wno-enum-conversion -Wno-float-conversion -Wno-non-literal-null-conversion -Wno-objc-literal-conversion -Wno-shorten-64-to-32 -Wpointer-sign -Wno-newline-eof -Wno-selector -Wno-strict-selector-match -Wno-undeclared-selector -Wno-deprecated-implementations -Wno-implicit-fallthrough -Wprotocol -Wdeprecated-declarations -Wno-sign-conversion -Wno-infinite-recursion -Wno-comma -Wno-block-capture-autoreleasing -Wno-strict-prototypes -Wno-semicolon-before-method-body -Wno-elaborated-enum-base -Wno-error\=allocator-wrappers -index-store-path /Users/admin/builder/spi-builder-workspace/.derivedData/Index.noindex/DataStore -index-unit-output-path /DZNEmptyDataSet.build/Debug-watchos/DZNEmptyDataSet-t.build/Objects-normal/arm64_32/UIScrollView+EmptyDataSet.o -fmodule-map-file\=/Applications/Xcode-27.0.0-Release.Candidate.app/Contents/Developer/Platforms/WatchOS.platform/Developer/SDKs/WatchOS.sdk/usr/include/ObjectiveC.modulemap -fmodule-map-file\=/Applications/Xcode-27.0.0-Release.Candidate.app/Contents/Developer/Platforms/WatchOS.platform/Developer/SDKs/WatchOS.sdk/System/Library/Frameworks/UIKit.framework/Modules/module.modulemap -o /Users/admin/builder/spi-builder-workspace/.derivedData/Build/Intermediates.noindex/DZNEmptyDataSet.build/Debug-watchos/DZNEmptyDataSet-t.build/Objects-normal/arm64_32/UIScrollView+EmptyDataSet.o -disable-free -emit-obj -x objective-c /Users/admin/builder/spi-builder-workspace/Source/UIScrollView+EmptyDataSet.m -target-abi darwinpcs -target-cpu apple-s4 -target-feature +v8.3a -target-feature +aes -target-feature +complxnum -target-feature +crc -target-feature +fp-armv8 -target-feature +fullfp16 -target-feature +jsconv -target-feature +lse -target-feature +neon -target-feature +pauth -target-feature +perfmon -target-feature +ras -target-feature +rcpc -target-feature +rdm -target-feature +sha2 -triple arm64_32-apple-watchos9.0.0 -target-linker-version 1166.2 -target-sdk-version\=27.0 -fmodules-validate-system-headers -fno-modulemap-allow-subdirectory-search -isysroot /Applications/Xcode-27.0.0-Release.Candidate.app/Contents/Developer/Platforms/WatchOS.platform/Developer/SDKs/WatchOS27.0.sdk -resource-dir /Applications/Xcode-27.0.0-Release.Candidate.app/Contents/Developer/Toolchains/XcodeDefault.xctoolchain/usr/lib/clang/21 -fmodule-format\=obj -fmodule-file\=ObjectiveC\=/Users/admin/builder/spi-builder-workspace/.derivedData/Build/Intermediates.noindex/ExplicitPrecompiledModules/ObjectiveC-7OFOJRZYIUCKSSSTRWRNXGZ02.pcm -fmodule-file\=UIKit\=/Users/admin/builder/spi-builder-workspace/.derivedData/Build/Intermediates.noindex/ExplicitPrecompiledModules/UIKit-6VLEXFPHHIVZFGPP0CSOJ3UZD.pcm -I /Users/admin/builder/spi-builder-workspace/.derivedData/Build/Products/Debug-watchos/include -I /Users/admin/builder/spi-builder-workspace/Source -I /Users/admin/builder/spi-builder-workspace/.derivedData/Build/Intermediates.noindex/DZNEmptyDataSet.build/Debug-watchos/DZNEmptyDataSet-t.build/DerivedSources-normal/arm64_32 -I /Users/admin/builder/spi-builder-workspace/.derivedData/Build/Intermediates.noindex/DZNEmptyDataSet.build/Debug-watchos/DZNEmptyDataSet-t.build/DerivedSources/arm64_32 -I /Users/admin/builder/spi-builder-workspace/.derivedData/Build/Intermediates.noindex/DZNEmptyDataSet.build/Debug-watchos/DZNEmptyDataSet-t.build/DerivedSources -F /Users/admin/builder/spi-builder-workspace/.derivedData/Build/Products/Debug-watchos -iframework /Applications/Xcode-27.0.0-Release.Candidate.app/Contents/Developer/Platforms/WatchOS.platform/Developer/Library/Frameworks -iframework /Applications/Xcode-27.0.0-Release.Candidate.app/Contents/Developer/Platforms/WatchOS.platform/Developer/SDKs/WatchOS27.0.sdk/Developer/Library/Frameworks -internal-isystem /Applications/Xcode-27.0.0-Release.Candidate.app/Contents/Developer/Platforms/WatchOS.platform/Developer/SDKs/WatchOS27.0.sdk/usr/local/include -internal-isystem /Applications/Xcode-27.0.0-Release.Candidate.app/Contents/Developer/Toolchains/XcodeDefault.xctoolchain/usr/lib/clang/21/include -internal-externc-isystem /Applications/Xcode-27.0.0-Release.Candidate.app/Contents/Developer/Platforms/WatchOS.platform/Developer/SDKs/WatchOS27.0.sdk/usr/include -internal-externc-isystem /Applications/Xcode-27.0.0-Release.Candidate.app/Contents/Developer/Toolchains/XcodeDefault.xctoolchain/usr/include -internal-iframework /Applications/Xcode-27.0.0-Release.Candidate.app/Contents/Developer/Platforms/WatchOS.platform/Developer/SDKs/WatchOS27.0.sdk/System/Library/Frameworks -internal-iframework /Applications/Xcode-27.0.0-Release.Candidate.app/Contents/Developer/Platforms/WatchOS.platform/Developer/SDKs/WatchOS27.0.sdk/System/Library/SubFrameworks -internal-iframework /Applications/Xcode-27.0.0-Release.Candidate.app/Contents/Developer/Platforms/WatchOS.platform/Developer/SDKs/WatchOS27.0.sdk/Library/Frameworks -ivfsstatcache /Users/admin/builder/spi-builder-workspace/.derivedData/SDKStatCaches.noindex/watchos27.0-24R360-e829b21a6f8c9b70876ba0858053c04477534ef55a1706bf4c1112bbb242f0a2.sdkstatcache -std\=gnu11 -fexceptions -fskip-odr-check-in-gmf -fmodules -fmodule-name\=DZNEmptyDataSet -fno-implicit-modules -fobjc-exceptions -fmax-type-align\=16 -fpascal-strings -fvisibility-inlines-hidden-static-local-var -mdarwin-stkchk-strong-link -fno-odr-hash-protocols -pic-level 2 -fencode-extended-block-signature -stack-protector 1 -fobjc-runtime\=watchos-9.0.0 -fobjc-arc -fobjc-runtime-has-weak -fobjc-weak -fgnuc-version\=4.2.1 -fblocks -fno-convergent-functions -ffp-contract\=on -fclang-abi-compat\=4.0 -fno-experimental-relative-c++-abi-vtables -fno-file-reproducible -clang-vendor-feature\=+disableNonDependentMemberExprInCurrentInstantiation -clang-vendor-feature\=+enableAggressiveVLAFolding -clang-vendor-feature\=+revert09abecef7bbf -clang-vendor-feature\=+thisNoAlignAttr -clang-vendor-feature\=+thisNoNullAttr -clang-vendor-feature\=+disableAtImportPrivateFrameworkInImplementationError -O0 -fno-assume-unique-vtables -fdebug-compilation-dir\=/Users/admin/builder/spi-builder-workspace/.swiftpm/xcode -fcoverage-compilation-dir\=/Users/admin/builder/spi-builder-workspace/.swiftpm/xcode -fcommon -fdwarf2-cfi-asm -fobjc-msgsend-selector-stubs -fregister-global-dtors-with-atexit -fno-strict-return -dwarf-version\=4 -debugger-tuning\=lldb -disable-llvm-verifier -dwarf-ext-refs -funwind-tables\=1 -enable-tlsdesc -clear-ast-before-backend -discard-value-names -main-file-name UIScrollView+EmptyDataSet.m -mframe-pointer\=non-leaf -debug-info-kind\=standalone -fno-loop-interchange -fdiagnostics-hotness-threshold\=0 -fdiagnostics-misexpect-tolerance\=0 -D DEBUG\=1 -D OBJC_OLD_DISPATCH_PROTOTYPES\=1 -D SWIFT_PACKAGE -D Xcode -fdefine-target-os-macros -MT dependencies -dependency-file /Users/admin/builder/spi-builder-workspace/.derivedData/Build/Intermediates.noindex/DZNEmptyDataSet.build/Debug-watchos/DZNEmptyDataSet-t.build/Objects-normal/arm64_32/UIScrollView+EmptyDataSet.d -skip-unused-modulemap-deps -module-file-deps\=direct -fdepfile-entry\=/Applications/Xcode-27.0.0-Release.Candidate.app/Contents/Developer/Platforms/WatchOS.platform/Developer/SDKs/WatchOS27.0.sdk/SDKSettings.json
CompileC /Users/admin/builder/spi-builder-workspace/.derivedData/Build/Intermediates.noindex/DZNEmptyDataSet.build/Debug-watchos/DZNEmptyDataSet-t.build/Objects-normal/arm64/UIScrollView+EmptyDataSet.o /Users/admin/builder/spi-builder-workspace/Source/UIScrollView+EmptyDataSet.m normal arm64 objective-c com.apple.compilers.llvm.clang.1_0.compiler (in target 'DZNEmptyDataSet' from project 'DZNEmptyDataSet')
    cd /Users/admin/builder/spi-builder-workspace/.swiftpm/xcode

    Using response file: /Users/admin/builder/spi-builder-workspace/.derivedData/Build/Intermediates.noindex/DZNEmptyDataSet.build/Debug-watchos/DZNEmptyDataSet-t.build/Objects-normal/arm64/e6072d4f65d7061329687fe24e3d63a7-common-args.resp

    /Applications/Xcode-27.0.0-Release.Candidate.app/Contents/Developer/Toolchains/XcodeDefault.xctoolchain/usr/bin/clang -x objective-c -ivfsstatcache /Users/admin/builder/spi-builder-workspace/.derivedData/SDKStatCaches.noindex/watchos27.0-24R360-e829b21a6f8c9b70876ba0858053c04477534ef55a1706bf4c1112bbb242f0a2.sdkstatcache -target arm64-apple-watchos9.0 -fmessage-length\=0 -fdiagnostics-show-note-include-stack -fmacro-backtrace-limit\=0 -fno-color-diagnostics -fmodules-prune-interval\=86400 -fmodules-prune-after\=345600 -fbuild-session-file\=/Users/admin/builder/spi-builder-workspace/.derivedData/ModuleCache.noindex/Session.modulevalidation -fmodules-validate-once-per-build-session -Wnon-modular-include-in-framework-module -Werror\=non-modular-include-in-framework-module -Wno-trigraphs -Wno-missing-field-initializers -Wno-missing-prototypes -Wno-return-type -Wno-implicit-atomic-properties -Wno-objc-interface-ivars -Wno-arc-repeated-use-of-weak -Wno-missing-braces -Wparentheses -Wswitch -Wno-unused-function -Wno-unused-label -Wno-unused-parameter -Wno-unused-variable -Wunused-value -Wno-empty-body -Wno-uninitialized -Wno-unknown-pragmas -Wno-shadow -Wno-four-char-constants -Wno-conversion -Wno-constant-conversion -Wno-int-conversion -Wno-bool-conversion -Wno-enum-conversion -Wno-float-conversion -Wno-non-literal-null-conversion -Wno-objc-literal-conversion -Wshorten-64-to-32 -Wpointer-sign -Wno-newline-eof -Wno-selector -Wno-strict-selector-match -Wno-undeclared-selector -Wno-deprecated-implementations -Wno-implicit-fallthrough -isysroot /Applications/Xcode-27.0.0-Release.Candidate.app/Contents/Developer/Platforms/WatchOS.platform/Developer/SDKs/WatchOS27.0.sdk -fstrict-aliasing -Wprotocol -Wdeprecated-declarations -Wno-sign-conversion -Wno-infinite-recursion -Wno-comma -Wno-block-capture-autoreleasing -Wno-strict-prototypes -Wno-semicolon-before-method-body -index-store-path /Users/admin/builder/spi-builder-workspace/.derivedData/Index.noindex/DataStore @/Users/admin/builder/spi-builder-workspace/.derivedData/Build/Intermediates.noindex/DZNEmptyDataSet.build/Debug-watchos/DZNEmptyDataSet-t.build/Objects-normal/arm64/e6072d4f65d7061329687fe24e3d63a7-common-args.resp -MMD -MT dependencies -MF /Users/admin/builder/spi-builder-workspace/.derivedData/Build/Intermediates.noindex/DZNEmptyDataSet.build/Debug-watchos/DZNEmptyDataSet-t.build/Objects-normal/arm64/UIScrollView+EmptyDataSet.d --serialize-diagnostics /Users/admin/builder/spi-builder-workspace/.derivedData/Build/Intermediates.noindex/DZNEmptyDataSet.build/Debug-watchos/DZNEmptyDataSet-t.build/Objects-normal/arm64/UIScrollView+EmptyDataSet.dia -c /Users/admin/builder/spi-builder-workspace/Source/UIScrollView+EmptyDataSet.m -o /Users/admin/builder/spi-builder-workspace/.derivedData/Build/Intermediates.noindex/DZNEmptyDataSet.build/Debug-watchos/DZNEmptyDataSet-t.build/Objects-normal/arm64/UIScrollView+EmptyDataSet.o -index-unit-output-path /DZNEmptyDataSet.build/Debug-watchos/DZNEmptyDataSet-t.build/Objects-normal/arm64/UIScrollView+EmptyDataSet.o
In file included from /Users/admin/builder/spi-builder-workspace/Source/UIScrollView+EmptyDataSet.m:11:
/Users/admin/builder/spi-builder-workspace/Source/UIScrollView+EmptyDataSet.h:56:56: error: 'UIScrollView' is unavailable: not available on watchOS
   56 | - (nullable NSAttributedString *)titleForEmptyDataSet:(UIScrollView *)scrollView;
      |                                                        ^
In module 'UIKit' imported from /Users/admin/builder/spi-builder-workspace/Source/UIScrollView+EmptyDataSet.h:11:
/Applications/Xcode-27.0.0-Release.Candidate.app/Contents/Developer/Platforms/WatchOS.platform/Developer/SDKs/WatchOS27.0.sdk/System/Library/Frameworks/UIKit.framework/Headers/UIScrollView.h:87:12: note: 'UIScrollView' has been explicitly marked unavailable here
   87 | @interface UIScrollView : UIView <NSCoding, UIFocusItemScrollableContainer>
      |            ^
In file included from /Users/admin/builder/spi-builder-workspace/Source/UIScrollView+EmptyDataSet.m:11:
/Users/admin/builder/spi-builder-workspace/Source/UIScrollView+EmptyDataSet.h:65:62: error: 'UIScrollView' is unavailable: not available on watchOS
   65 | - (nullable NSAttributedString *)descriptionForEmptyDataSet:(UIScrollView *)scrollView;
      |                                                              ^
In module 'UIKit' imported from /Users/admin/builder/spi-builder-workspace/Source/UIScrollView+EmptyDataSet.h:11:
/Applications/Xcode-27.0.0-Release.Candidate.app/Contents/Developer/Platforms/WatchOS.platform/Developer/SDKs/WatchOS27.0.sdk/System/Library/Frameworks/UIKit.framework/Headers/UIScrollView.h:87:12: note: 'UIScrollView' has been explicitly marked unavailable here
   87 | @interface UIScrollView : UIView <NSCoding, UIFocusItemScrollableContainer>
      |            ^
In file included from /Users/admin/builder/spi-builder-workspace/Source/UIScrollView+EmptyDataSet.m:11:
/Users/admin/builder/spi-builder-workspace/Source/UIScrollView+EmptyDataSet.h:73:45: error: 'UIScrollView' is unavailable: not available on watchOS
   73 | - (nullable UIImage *)imageForEmptyDataSet:(UIScrollView *)scrollView;
      |                                             ^
In module 'UIKit' imported from /Users/admin/builder/spi-builder-workspace/Source/UIScrollView+EmptyDataSet.h:11:
/Applications/Xcode-27.0.0-Release.Candidate.app/Contents/Developer/Platforms/WatchOS.platform/Developer/SDKs/WatchOS27.0.sdk/System/Library/Frameworks/UIKit.framework/Headers/UIScrollView.h:87:12: note: 'UIScrollView' has been explicitly marked unavailable here
   87 | @interface UIScrollView : UIView <NSCoding, UIFocusItemScrollableContainer>
      |            ^
In file included from /Users/admin/builder/spi-builder-workspace/Source/UIScrollView+EmptyDataSet.m:11:
/Users/admin/builder/spi-builder-workspace/Source/UIScrollView+EmptyDataSet.h:82:54: error: 'UIScrollView' is unavailable: not available on watchOS
   82 | - (nullable UIColor *)imageTintColorForEmptyDataSet:(UIScrollView *)scrollView;
      |                                                      ^
In module 'UIKit' imported from /Users/admin/builder/spi-builder-workspace/Source/UIScrollView+EmptyDataSet.h:11:
/Applications/Xcode-27.0.0-Release.Candidate.app/Contents/Developer/Platforms/WatchOS.platform/Developer/SDKs/WatchOS27.0.sdk/System/Library/Frameworks/UIKit.framework/Headers/UIScrollView.h:87:12: note: 'UIScrollView' has been explicitly marked unavailable here
   87 | @interface UIScrollView : UIView <NSCoding, UIFocusItemScrollableContainer>
      |            ^
In file included from /Users/admin/builder/spi-builder-workspace/Source/UIScrollView+EmptyDataSet.m:11:
/Users/admin/builder/spi-builder-workspace/Source/UIScrollView+EmptyDataSet.h:91:13: error: 'CAAnimation' is unavailable: not available on watchOS
   91 | - (nullable CAAnimation *)imageAnimationForEmptyDataSet:(UIScrollView *)scrollView;
      |             ^
In module 'UIKit' imported from /Users/admin/builder/spi-builder-workspace/Source/UIScrollView+EmptyDataSet.h:11:
In module 'QuartzCore' imported from /Applications/Xcode-27.0.0-Release.Candidate.app/Contents/Developer/Platforms/WatchOS.platform/Developer/SDKs/WatchOS27.0.sdk/System/Library/Frameworks/UIKit.framework/Headers/UIView.h:10:
/Applications/Xcode-27.0.0-Release.Candidate.app/Contents/Developer/Platforms/WatchOS.platform/Developer/SDKs/WatchOS27.0.sdk/System/Library/Frameworks/QuartzCore.framework/Headers/CAAnimation.h:25:12: note: 'CAAnimation' has been explicitly marked unavailable here
   25 | @interface CAAnimation : NSObject
      |            ^
In file included from /Users/admin/builder/spi-builder-workspace/Source/UIScrollView+EmptyDataSet.m:11:
/Users/admin/builder/spi-builder-workspace/Source/UIScrollView+EmptyDataSet.h:91:58: error: 'UIScrollView' is unavailable: not available on watchOS
   91 | - (nullable CAAnimation *)imageAnimationForEmptyDataSet:(UIScrollView *)scrollView;
      |                                                          ^
In module 'UIKit' imported from /Users/admin/builder/spi-builder-workspace/Source/UIScrollView+EmptyDataSet.h:11:
/Applications/Xcode-27.0.0-Release.Candidate.app/Contents/Developer/Platforms/WatchOS.platform/Developer/SDKs/WatchOS27.0.sdk/System/Library/Frameworks/UIKit.framework/Headers/UIScrollView.h:87:12: note: 'UIScrollView' has been explicitly marked unavailable here
   87 | @interface UIScrollView : UIView <NSCoding, UIFocusItemScrollableContainer>
      |            ^
In file included from /Users/admin/builder/spi-builder-workspace/Source/UIScrollView+EmptyDataSet.m:11:
/Users/admin/builder/spi-builder-workspace/Source/UIScrollView+EmptyDataSet.h:101:62: error: 'UIScrollView' is unavailable: not available on watchOS
  101 | - (nullable NSAttributedString *)buttonTitleForEmptyDataSet:(UIScrollView *)scrollView forState:(UIControlState)state;
      |                                                              ^
In module 'UIKit' imported from /Users/admin/builder/spi-builder-workspace/Source/UIScrollView+EmptyDataSet.h:11:
/Applications/Xcode-27.0.0-Release.Candidate.app/Contents/Developer/Platforms/WatchOS.platform/Developer/SDKs/WatchOS27.0.sdk/System/Library/Frameworks/UIKit.framework/Headers/UIScrollView.h:87:12: note: 'UIScrollView' has been explicitly marked unavailable here
   87 | @interface UIScrollView : UIView <NSCoding, UIFocusItemScrollableContainer>
      |            ^
In file included from /Users/admin/builder/spi-builder-workspace/Source/UIScrollView+EmptyDataSet.m:11:
/Users/admin/builder/spi-builder-workspace/Source/UIScrollView+EmptyDataSet.h:101:98: error: 'UIControlState' is unavailable: not available on watchOS
  101 | - (nullable NSAttributedString *)buttonTitleForEmptyDataSet:(UIScrollView *)scrollView forState:(UIControlState)state;
      |                                                                                                  ^
In module 'UIKit' imported from /Users/admin/builder/spi-builder-workspace/Source/UIScrollView+EmptyDataSet.h:11:
/Applications/Xcode-27.0.0-Release.Candidate.app/Contents/Developer/Platforms/WatchOS.platform/Developer/SDKs/WatchOS27.0.sdk/System/Library/Frameworks/UIKit.framework/Headers/UIControl.h:59:32: note: 'UIControlState' has been explicitly marked unavailable here
   59 | typedef NS_OPTIONS(NSUInteger, UIControlState) {
      |                                ^
In file included from /Users/admin/builder/spi-builder-workspace/Source/UIScrollView+EmptyDataSet.m:11:
/Users/admin/builder/spi-builder-workspace/Source/UIScrollView+EmptyDataSet.h:111:51: error: 'UIScrollView' is unavailable: not available on watchOS
  111 | - (nullable UIImage *)buttonImageForEmptyDataSet:(UIScrollView *)scrollView forState:(UIControlState)state;
      |                                                   ^
In module 'UIKit' imported from /Users/admin/builder/spi-builder-workspace/Source/UIScrollView+EmptyDataSet.h:11:
/Applications/Xcode-27.0.0-Release.Candidate.app/Contents/Developer/Platforms/WatchOS.platform/Developer/SDKs/WatchOS27.0.sdk/System/Library/Frameworks/UIKit.framework/Headers/UIScrollView.h:87:12: note: 'UIScrollView' has been explicitly marked unavailable here
   87 | @interface UIScrollView : UIView <NSCoding, UIFocusItemScrollableContainer>
      |            ^
In file included from /Users/admin/builder/spi-builder-workspace/Source/UIScrollView+EmptyDataSet.m:11:
/Users/admin/builder/spi-builder-workspace/Source/UIScrollView+EmptyDataSet.h:111:87: error: 'UIControlState' is unavailable: not available on watchOS
  111 | - (nullable UIImage *)buttonImageForEmptyDataSet:(UIScrollView *)scrollView forState:(UIControlState)state;
      |                                                                                       ^
In module 'UIKit' imported from /Users/admin/builder/spi-builder-workspace/Source/UIScrollView+EmptyDataSet.h:11:
/Applications/Xcode-27.0.0-Release.Candidate.app/Contents/Developer/Platforms/WatchOS.platform/Developer/SDKs/WatchOS27.0.sdk/System/Library/Frameworks/UIKit.framework/Headers/UIControl.h:59:32: note: 'UIControlState' has been explicitly marked unavailable here
   59 | typedef NS_OPTIONS(NSUInteger, UIControlState) {
      |                                ^
In file included from /Users/admin/builder/spi-builder-workspace/Source/UIScrollView+EmptyDataSet.m:11:
/Users/admin/builder/spi-builder-workspace/Source/UIScrollView+EmptyDataSet.h:121:61: error: 'UIScrollView' is unavailable: not available on watchOS
  121 | - (nullable UIImage *)buttonBackgroundImageForEmptyDataSet:(UIScrollView *)scrollView forState:(UIControlState)state;
      |                                                             ^
In module 'UIKit' imported from /Users/admin/builder/spi-builder-workspace/Source/UIScrollView+EmptyDataSet.h:11:
/Applications/Xcode-27.0.0-Release.Candidate.app/Contents/Developer/Platforms/WatchOS.platform/Developer/SDKs/WatchOS27.0.sdk/System/Library/Frameworks/UIKit.framework/Headers/UIScrollView.h:87:12: note: 'UIScrollView' has been explicitly marked unavailable here
   87 | @interface UIScrollView : UIView <NSCoding, UIFocusItemScrollableContainer>
      |            ^
In file included from /Users/admin/builder/spi-builder-workspace/Source/UIScrollView+EmptyDataSet.m:11:
/Users/admin/builder/spi-builder-workspace/Source/UIScrollView+EmptyDataSet.h:121:97: error: 'UIControlState' is unavailable: not available on watchOS
  121 | - (nullable UIImage *)buttonBackgroundImageForEmptyDataSet:(UIScrollView *)scrollView forState:(UIControlState)state;
      |                                                                                                 ^
In module 'UIKit' imported from /Users/admin/builder/spi-builder-workspace/Source/UIScrollView+EmptyDataSet.h:11:
/Applications/Xcode-27.0.0-Release.Candidate.app/Contents/Developer/Platforms/WatchOS.platform/Developer/SDKs/WatchOS27.0.sdk/System/Library/Frameworks/UIKit.framework/Headers/UIControl.h:59:32: note: 'UIControlState' has been explicitly marked unavailable here
   59 | typedef NS_OPTIONS(NSUInteger, UIControlState) {
      |                                ^
In file included from /Users/admin/builder/spi-builder-workspace/Source/UIScrollView+EmptyDataSet.m:11:
/Users/admin/builder/spi-builder-workspace/Source/UIScrollView+EmptyDataSet.h:129:55: error: 'UIScrollView' is unavailable: not available on watchOS
  129 | - (nullable UIColor *)backgroundColorForEmptyDataSet:(UIScrollView *)scrollView;
      |                                                       ^
In module 'UIKit' imported from /Users/admin/builder/spi-builder-workspace/Source/UIScrollView+EmptyDataSet.h:11:
/Applications/Xcode-27.0.0-Release.Candidate.app/Contents/Developer/Platforms/WatchOS.platform/Developer/SDKs/WatchOS27.0.sdk/System/Library/Frameworks/UIKit.framework/Headers/UIScrollView.h:87:12: note: 'UIScrollView' has been explicitly marked unavailable here
   87 | @interface UIScrollView : UIView <NSCoding, UIFocusItemScrollableContainer>
      |            ^
In file included from /Users/admin/builder/spi-builder-workspace/Source/UIScrollView+EmptyDataSet.m:11:
/Users/admin/builder/spi-builder-workspace/Source/UIScrollView+EmptyDataSet.h:139:13: error: 'UIView' is unavailable: not available on watchOS
  139 | - (nullable UIView *)customViewForEmptyDataSet:(UIScrollView *)scrollView;
      |             ^
In module 'UIKit' imported from /Users/admin/builder/spi-builder-workspace/Source/UIScrollView+EmptyDataSet.h:11:
/Applications/Xcode-27.0.0-Release.Candidate.app/Contents/Developer/Platforms/WatchOS.platform/Developer/SDKs/WatchOS27.0.sdk/System/Library/Frameworks/UIKit.framework/Headers/UIView.h:152:12: note: 'UIView' has been explicitly marked unavailable here
  152 | @interface UIView : UIResponder <NSCoding, UIAppearance, UIAppearanceContainer, UIDynamicItem, UITraitEnvironment, UICoordinateSpace, UIFocusItem, UIFocusItemContainer, CALayerDelegate>
      |            ^
In file included from /Users/admin/builder/spi-builder-workspace/Source/UIScrollView+EmptyDataSet.m:11:
/Users/admin/builder/spi-builder-workspace/Source/UIScrollView+EmptyDataSet.h:139:49: error: 'UIScrollView' is unavailable: not available on watchOS
  139 | - (nullable UIView *)customViewForEmptyDataSet:(UIScrollView *)scrollView;
      |                                                 ^
In module 'UIKit' imported from /Users/admin/builder/spi-builder-workspace/Source/UIScrollView+EmptyDataSet.h:11:
/Applications/Xcode-27.0.0-Release.Candidate.app/Contents/Developer/Platforms/WatchOS.platform/Developer/SDKs/WatchOS27.0.sdk/System/Library/Frameworks/UIKit.framework/Headers/UIScrollView.h:87:12: note: 'UIScrollView' has been explicitly marked unavailable here
   87 | @interface UIScrollView : UIView <NSCoding, UIFocusItemScrollableContainer>
      |            ^
In file included from /Users/admin/builder/spi-builder-workspace/Source/UIScrollView+EmptyDataSet.m:11:
/Users/admin/builder/spi-builder-workspace/Source/UIScrollView+EmptyDataSet.h:147:35: error: 'UIScrollView' is unavailable: not available on watchOS
  147 | - (CGPoint)offsetForEmptyDataSet:(UIScrollView *)scrollView DZNEmptyDataSetDeprecated(-verticalOffsetForEmptyDataSet:);
      |                                   ^
In module 'UIKit' imported from /Users/admin/builder/spi-builder-workspace/Source/UIScrollView+EmptyDataSet.h:11:
/Applications/Xcode-27.0.0-Release.Candidate.app/Contents/Developer/Platforms/WatchOS.platform/Developer/SDKs/WatchOS27.0.sdk/System/Library/Frameworks/UIKit.framework/Headers/UIScrollView.h:87:12: note: 'UIScrollView' has been explicitly marked unavailable here
   87 | @interface UIScrollView : UIView <NSCoding, UIFocusItemScrollableContainer>
      |            ^
In file included from /Users/admin/builder/spi-builder-workspace/Source/UIScrollView+EmptyDataSet.m:11:
/Users/admin/builder/spi-builder-workspace/Source/UIScrollView+EmptyDataSet.h:148:43: error: 'UIScrollView' is unavailable: not available on watchOS
  148 | - (CGFloat)verticalOffsetForEmptyDataSet:(UIScrollView *)scrollView;
      |                                           ^
In module 'UIKit' imported from /Users/admin/builder/spi-builder-workspace/Source/UIScrollView+EmptyDataSet.h:11:
/Applications/Xcode-27.0.0-Release.Candidate.app/Contents/Developer/Platforms/WatchOS.platform/Developer/SDKs/WatchOS27.0.sdk/System/Library/Frameworks/UIKit.framework/Headers/UIScrollView.h:87:12: note: 'UIScrollView' has been explicitly marked unavailable here
   87 | @interface UIScrollView : UIView <NSCoding, UIFocusItemScrollableContainer>
      |            ^
In file included from /Users/admin/builder/spi-builder-workspace/Source/UIScrollView+EmptyDataSet.m:11:
/Users/admin/builder/spi-builder-workspace/Source/UIScrollView+EmptyDataSet.h:156:40: error: 'UIScrollView' is unavailable: not available on watchOS
  156 | - (CGFloat)spaceHeightForEmptyDataSet:(UIScrollView *)scrollView;
      |                                        ^
In module 'UIKit' imported from /Users/admin/builder/spi-builder-workspace/Source/UIScrollView+EmptyDataSet.h:11:
/Applications/Xcode-27.0.0-Release.Candidate.app/Contents/Developer/Platforms/WatchOS.platform/Developer/SDKs/WatchOS27.0.sdk/System/Library/Frameworks/UIKit.framework/Headers/UIScrollView.h:87:12: note: 'UIScrollView' has been explicitly marked unavailable here
   87 | @interface UIScrollView : UIView <NSCoding, UIFocusItemScrollableContainer>
      |            ^
In file included from /Users/admin/builder/spi-builder-workspace/Source/UIScrollView+EmptyDataSet.m:11:
/Users/admin/builder/spi-builder-workspace/Source/UIScrollView+EmptyDataSet.h:176:35: error: 'UIScrollView' is unavailable: not available on watchOS
  176 | - (BOOL)emptyDataSetShouldFadeIn:(UIScrollView *)scrollView;
      |                                   ^
In module 'UIKit' imported from /Users/admin/builder/spi-builder-workspace/Source/UIScrollView+EmptyDataSet.h:11:
/Applications/Xcode-27.0.0-Release.Candidate.app/Contents/Developer/Platforms/WatchOS.platform/Developer/SDKs/WatchOS27.0.sdk/System/Library/Frameworks/UIKit.framework/Headers/UIScrollView.h:87:12: note: 'UIScrollView' has been explicitly marked unavailable here
   87 | @interface UIScrollView : UIView <NSCoding, UIFocusItemScrollableContainer>
      |            ^
fatal error: too many errors emitted, stopping now [-ferror-limit=]
20 errors generated.
Failed frontend command:
/Applications/Xcode-27.0.0-Release.Candidate.app/Contents/Developer/Toolchains/XcodeDefault.xctoolchain/usr/bin/clang -cc1 -Wundef-prefix\=TARGET_OS_ -fdiagnostics-show-note-include-stack -fmacro-backtrace-limit\=0 -ferror-limit 19 -serialize-diagnostic-file /Users/admin/builder/spi-builder-workspace/.derivedData/Build/Intermediates.noindex/DZNEmptyDataSet.build/Debug-watchos/DZNEmptyDataSet-t.build/Objects-normal/arm64/UIScrollView+EmptyDataSet.dia -Wdeprecated-objc-isa-usage -Werror\=deprecated-objc-isa-usage -Werror\=implicit-function-declaration -Wnon-modular-include-in-framework-module -Werror\=non-modular-include-in-framework-module -Wno-trigraphs -Wno-missing-field-initializers -Wno-missing-prototypes -Wno-return-type -Wno-implicit-atomic-properties -Wno-objc-interface-ivars -Wno-arc-repeated-use-of-weak -Wno-missing-braces -Wparentheses -Wswitch -Wno-unused-function -Wno-unused-label -Wno-unused-parameter -Wno-unused-variable -Wunused-value -Wno-empty-body -Wno-uninitialized -Wno-unknown-pragmas -Wno-shadow -Wno-four-char-constants -Wno-conversion -Wno-constant-conversion -Wno-int-conversion -Wno-bool-conversion -Wno-enum-conversion -Wno-float-conversion -Wno-non-literal-null-conversion -Wno-objc-literal-conversion -Wshorten-64-to-32 -Wpointer-sign -Wno-newline-eof -Wno-selector -Wno-strict-selector-match -Wno-undeclared-selector -Wno-deprecated-implementations -Wno-implicit-fallthrough -Wprotocol -Wdeprecated-declarations -Wno-sign-conversion -Wno-infinite-recursion -Wno-comma -Wno-block-capture-autoreleasing -Wno-strict-prototypes -Wno-semicolon-before-method-body -Wno-elaborated-enum-base -Wno-error\=allocator-wrappers -index-store-path /Users/admin/builder/spi-builder-workspace/.derivedData/Index.noindex/DataStore -index-unit-output-path /DZNEmptyDataSet.build/Debug-watchos/DZNEmptyDataSet-t.build/Objects-normal/arm64/UIScrollView+EmptyDataSet.o -fmodule-map-file\=/Applications/Xcode-27.0.0-Release.Candidate.app/Contents/Developer/Platforms/WatchOS.platform/Developer/SDKs/WatchOS.sdk/usr/include/ObjectiveC.modulemap -fmodule-map-file\=/Applications/Xcode-27.0.0-Release.Candidate.app/Contents/Developer/Platforms/WatchOS.platform/Developer/SDKs/WatchOS.sdk/System/Library/Frameworks/UIKit.framework/Modules/module.modulemap -o /Users/admin/builder/spi-builder-workspace/.derivedData/Build/Intermediates.noindex/DZNEmptyDataSet.build/Debug-watchos/DZNEmptyDataSet-t.build/Objects-normal/arm64/UIScrollView+EmptyDataSet.o -disable-free -emit-obj -x objective-c /Users/admin/builder/spi-builder-workspace/Source/UIScrollView+EmptyDataSet.m -target-abi darwinpcs -target-cpu apple-s9 -target-feature +v8.6a -target-feature +aes -target-feature +bf16 -target-feature +complxnum -target-feature +crc -target-feature +dotprod -target-feature +fp-armv8 -target-feature +fp16fml -target-feature +fpac -target-feature +fullfp16 -target-feature +hcx -target-feature +i8mm -target-feature +jsconv -target-feature +lse -target-feature +neon -target-feature +pauth -target-feature +perfmon -target-feature +ras -target-feature +rcpc -target-feature +rdm -target-feature +sha2 -target-feature +sha3 -target-feature +ssbs -triple arm64-apple-watchos9.0.0 -target-linker-version 1166.2 -target-sdk-version\=27.0 -fmodules-validate-system-headers -fno-modulemap-allow-subdirectory-search -isysroot /Applications/Xcode-27.0.0-Release.Candidate.app/Contents/Developer/Platforms/WatchOS.platform/Developer/SDKs/WatchOS27.0.sdk -resource-dir /Applications/Xcode-27.0.0-Release.Candidate.app/Contents/Developer/Toolchains/XcodeDefault.xctoolchain/usr/lib/clang/21 -fmodule-format\=obj -fmodule-file\=ObjectiveC\=/Users/admin/builder/spi-builder-workspace/.derivedData/Build/Intermediates.noindex/ExplicitPrecompiledModules/ObjectiveC-BKRD1OM40PFBRS2LM5SXEBUZG.pcm -fmodule-file\=UIKit\=/Users/admin/builder/spi-builder-workspace/.derivedData/Build/Intermediates.noindex/ExplicitPrecompiledModules/UIKit-1TVLGSDLITC5FS02QESMIQ3D9.pcm -I /Users/admin/builder/spi-builder-workspace/.derivedData/Build/Products/Debug-watchos/include -I /Users/admin/builder/spi-builder-workspace/Source -I /Users/admin/builder/spi-builder-workspace/.derivedData/Build/Intermediates.noindex/DZNEmptyDataSet.build/Debug-watchos/DZNEmptyDataSet-t.build/DerivedSources-normal/arm64 -I /Users/admin/builder/spi-builder-workspace/.derivedData/Build/Intermediates.noindex/DZNEmptyDataSet.build/Debug-watchos/DZNEmptyDataSet-t.build/DerivedSources/arm64 -I /Users/admin/builder/spi-builder-workspace/.derivedData/Build/Intermediates.noindex/DZNEmptyDataSet.build/Debug-watchos/DZNEmptyDataSet-t.build/DerivedSources -F /Users/admin/builder/spi-builder-workspace/.derivedData/Build/Products/Debug-watchos -iframework /Applications/Xcode-27.0.0-Release.Candidate.app/Contents/Developer/Platforms/WatchOS.platform/Developer/Library/Frameworks -iframework /Applications/Xcode-27.0.0-Release.Candidate.app/Contents/Developer/Platforms/WatchOS.platform/Developer/SDKs/WatchOS27.0.sdk/Developer/Library/Frameworks -internal-isystem /Applications/Xcode-27.0.0-Release.Candidate.app/Contents/Developer/Platforms/WatchOS.platform/Developer/SDKs/WatchOS27.0.sdk/usr/local/include -internal-isystem /Applications/Xcode-27.0.0-Release.Candidate.app/Contents/Developer/Toolchains/XcodeDefault.xctoolchain/usr/lib/clang/21/include -internal-externc-isystem /Applications/Xcode-27.0.0-Release.Candidate.app/Contents/Developer/Platforms/WatchOS.platform/Developer/SDKs/WatchOS27.0.sdk/usr/include -internal-externc-isystem /Applications/Xcode-27.0.0-Release.Candidate.app/Contents/Developer/Toolchains/XcodeDefault.xctoolchain/usr/include -internal-iframework /Applications/Xcode-27.0.0-Release.Candidate.app/Contents/Developer/Platforms/WatchOS.platform/Developer/SDKs/WatchOS27.0.sdk/System/Library/Frameworks -internal-iframework /Applications/Xcode-27.0.0-Release.Candidate.app/Contents/Developer/Platforms/WatchOS.platform/Developer/SDKs/WatchOS27.0.sdk/System/Library/SubFrameworks -internal-iframework /Applications/Xcode-27.0.0-Release.Candidate.app/Contents/Developer/Platforms/WatchOS.platform/Developer/SDKs/WatchOS27.0.sdk/Library/Frameworks -ivfsstatcache /Users/admin/builder/spi-builder-workspace/.derivedData/SDKStatCaches.noindex/watchos27.0-24R360-e829b21a6f8c9b70876ba0858053c04477534ef55a1706bf4c1112bbb242f0a2.sdkstatcache -std\=gnu11 -fexceptions -fskip-odr-check-in-gmf -fmodules -fmodule-name\=DZNEmptyDataSet -fno-implicit-modules -fobjc-exceptions -fmax-type-align\=16 -fpascal-strings -fstack-check -fvisibility-inlines-hidden-static-local-var -mdarwin-stkchk-strong-link -fno-odr-hash-protocols -pic-level 2 -fencode-extended-block-signature -stack-protector 1 -fobjc-runtime\=watchos-9.0.0 -fobjc-arc -fobjc-runtime-has-weak -fobjc-weak -fgnuc-version\=4.2.1 -fblocks -fno-convergent-functions -ffp-contract\=on -fclang-abi-compat\=4.0 -fno-experimental-relative-c++-abi-vtables -fno-file-reproducible -clang-vendor-feature\=+disableNonDependentMemberExprInCurrentInstantiation -clang-vendor-feature\=+enableAggressiveVLAFolding -clang-vendor-feature\=+revert09abecef7bbf -clang-vendor-feature\=+thisNoAlignAttr -clang-vendor-feature\=+thisNoNullAttr -clang-vendor-feature\=+disableAtImportPrivateFrameworkInImplementationError -O0 -fno-assume-unique-vtables -fdebug-compilation-dir\=/Users/admin/builder/spi-builder-workspace/.swiftpm/xcode -fcoverage-compilation-dir\=/Users/admin/builder/spi-builder-workspace/.swiftpm/xcode -fcommon -fdwarf2-cfi-asm -fobjc-msgsend-selector-stubs -fregister-global-dtors-with-atexit -fno-strict-return -dwarf-version\=4 -debugger-tuning\=lldb -disable-llvm-verifier -dwarf-ext-refs -funwind-tables\=1 -enable-tlsdesc -clear-ast-before-backend -discard-value-names -main-file-name UIScrollView+EmptyDataSet.m -mframe-pointer\=non-leaf -debug-info-kind\=standalone -fno-loop-interchange -fdiagnostics-hotness-threshold\=0 -fdiagnostics-misexpect-tolerance\=0 -D DEBUG\=1 -D OBJC_OLD_DISPATCH_PROTOTYPES\=1 -D SWIFT_PACKAGE -D Xcode -fdefine-target-os-macros -MT dependencies -dependency-file /Users/admin/builder/spi-builder-workspace/.derivedData/Build/Intermediates.noindex/DZNEmptyDataSet.build/Debug-watchos/DZNEmptyDataSet-t.build/Objects-normal/arm64/UIScrollView+EmptyDataSet.d -skip-unused-modulemap-deps -module-file-deps\=direct -fdepfile-entry\=/Applications/Xcode-27.0.0-Release.Candidate.app/Contents/Developer/Platforms/WatchOS.platform/Developer/SDKs/WatchOS27.0.sdk/SDKSettings.json
PruneExplicitPrecompiledModules /Users/admin/builder/spi-builder-workspace/.derivedData/Build/Intermediates.noindex/SwiftExplicitPrecompiledModules
PruneExplicitPrecompiledModules /Users/admin/builder/spi-builder-workspace/.derivedData/Build/Intermediates.noindex/ExplicitPrecompiledModules
PruneExplicitPrecompiledModules /Users/admin/builder/spi-builder-workspace/.derivedData/SDKExplicitPrecompiledModules
2026-09-20 19:04:42.412 xcodebuild[696:4289] [MT] IDERunDestination: Supported platforms for the buildables in the current scheme is empty.
** BUILD FAILED **
The following build commands failed:
	CompileC /Users/admin/builder/spi-builder-workspace/.derivedData/Build/Intermediates.noindex/DZNEmptyDataSet.build/Debug-watchos/DZNEmptyDataSet-t.build/Objects-normal/arm64_32/UIScrollView+EmptyDataSet.o /Users/admin/builder/spi-builder-workspace/Source/UIScrollView+EmptyDataSet.m normal arm64_32 objective-c com.apple.compilers.llvm.clang.1_0.compiler (in target 'DZNEmptyDataSet' from project 'DZNEmptyDataSet')
	CompileC /Users/admin/builder/spi-builder-workspace/.derivedData/Build/Intermediates.noindex/DZNEmptyDataSet.build/Debug-watchos/DZNEmptyDataSet-t.build/Objects-normal/arm64/UIScrollView+EmptyDataSet.o /Users/admin/builder/spi-builder-workspace/Source/UIScrollView+EmptyDataSet.m normal arm64 objective-c com.apple.compilers.llvm.clang.1_0.compiler (in target 'DZNEmptyDataSet' from project 'DZNEmptyDataSet')
	Building workspace DZNEmptyDataSet with scheme DZNEmptyDataSet
(3 failures)
Command line invocation:
    /Applications/Xcode-27.0.0-Release.Candidate.app/Contents/Developer/usr/bin/xcodebuild -IDEClonedSourcePackagesDirPathOverride=/Users/admin/builder/spi-builder-workspace/.dependencies -resolvePackageDependencies
Resolve Package Graph
Resolved source packages:
  DZNEmptyDataSet: /Users/admin/builder/spi-builder-workspace
resolved source packages: DZNEmptyDataSet
2026-09-20 19:04:47.217 xcodebuild[847:4965] [MT] IDERunDestination: Supported platforms for the buildables in the current scheme is empty.
{
  "dependencies" : [
  ],
  "manifest_display_name" : "DZNEmptyDataSet",
  "name" : "DZNEmptyDataSet",
  "path" : "/Users/admin/builder/spi-builder-workspace",
  "platforms" : [
    {
      "name" : "ios",
      "version" : "9.0"
    },
    {
      "name" : "tvos",
      "version" : "9.0"
    }
  ],
  "products" : [
    {
      "name" : "DZNEmptyDataSet",
      "targets" : [
        "DZNEmptyDataSet"
      ],
      "type" : {
        "library" : [
          "automatic"
        ]
      }
    }
  ],
  "targets" : [
    {
      "c99name" : "DZNEmptyDataSet",
      "module_type" : "ClangTarget",
      "name" : "DZNEmptyDataSet",
      "path" : ".",
      "product_memberships" : [
        "DZNEmptyDataSet"
      ],
      "sources" : [
        "Source/UIScrollView+EmptyDataSet.m"
      ],
      "type" : "library"
    }
  ],
  "tools_version" : "5.0"
}
{
  "workspace" : {
    "name" : "DZNEmptyDataSet",
    "schemes" : [
      "DZNEmptyDataSet"
    ]
  }
}
2026-09-20 19:04:48.445 xcodebuild[855:5027] [MT] IDERunDestination: Supported platforms for the buildables in the current scheme is empty.
Running build ...
env DEVELOPER_DIR=/Applications/Xcode-27.0.0-Release.Candidate.app xcrun xcodebuild -IDEClonedSourcePackagesDirPathOverride=$PWD/.dependencies -skipMacroValidation -skipPackagePluginValidation -derivedDataPath $PWD/.derivedData build -scheme DZNEmptyDataSet -destination generic/platform=watchOS
Command line invocation:
    /Applications/Xcode-27.0.0-Release.Candidate.app/Contents/Developer/usr/bin/xcodebuild -IDEClonedSourcePackagesDirPathOverride=/Users/admin/builder/spi-builder-workspace/.dependencies -skipMacroValidation -skipPackagePluginValidation -derivedDataPath /Users/admin/builder/spi-builder-workspace/.derivedData build -scheme DZNEmptyDataSet -destination generic/platform=watchOS
Resolve Package Graph
Resolved source packages:
  DZNEmptyDataSet: /Users/admin/builder/spi-builder-workspace
ComputePackagePrebuildTargetDependencyGraph
Prepare packages
CreateBuildRequest
SendProjectDescription
CreateBuildOperation
ComputeTargetDependencyGraph
note: Building targets in dependency order
note: Target dependency graph (2 targets)
    Target 'DZNEmptyDataSet-product' in project 'DZNEmptyDataSet'
        ➜ Explicit dependency on target 'DZNEmptyDataSet' in project 'DZNEmptyDataSet'
    Target 'DZNEmptyDataSet' in project 'DZNEmptyDataSet' (no dependencies)
GatherProvisioningInputs
CreateBuildDescription
ClangStatCache /Applications/Xcode-27.0.0-Release.Candidate.app/Contents/Developer/Toolchains/XcodeDefault.xctoolchain/usr/bin/clang-stat-cache /Applications/Xcode-27.0.0-Release.Candidate.app/Contents/Developer/Platforms/WatchOS.platform/Developer/SDKs/WatchOS27.0.sdk /Users/admin/builder/spi-builder-workspace/.derivedData/SDKStatCaches.noindex/watchos27.0-24R360-e829b21a6f8c9b70876ba0858053c04477534ef55a1706bf4c1112bbb242f0a2.sdkstatcache
    cd /Users/admin/builder/spi-builder-workspace/.swiftpm/xcode
    /Applications/Xcode-27.0.0-Release.Candidate.app/Contents/Developer/Toolchains/XcodeDefault.xctoolchain/usr/bin/clang-stat-cache /Applications/Xcode-27.0.0-Release.Candidate.app/Contents/Developer/Platforms/WatchOS.platform/Developer/SDKs/WatchOS27.0.sdk -o /Users/admin/builder/spi-builder-workspace/.derivedData/SDKStatCaches.noindex/watchos27.0-24R360-e829b21a6f8c9b70876ba0858053c04477534ef55a1706bf4c1112bbb242f0a2.sdkstatcache
CompileC /Users/admin/builder/spi-builder-workspace/.derivedData/Build/Intermediates.noindex/DZNEmptyDataSet.build/Debug-watchos/DZNEmptyDataSet-t.build/Objects-normal/arm64/UIScrollView+EmptyDataSet.o /Users/admin/builder/spi-builder-workspace/Source/UIScrollView+EmptyDataSet.m normal arm64 objective-c com.apple.compilers.llvm.clang.1_0.compiler (in target 'DZNEmptyDataSet' from project 'DZNEmptyDataSet')
    cd /Users/admin/builder/spi-builder-workspace/.swiftpm/xcode

    Using response file: /Users/admin/builder/spi-builder-workspace/.derivedData/Build/Intermediates.noindex/DZNEmptyDataSet.build/Debug-watchos/DZNEmptyDataSet-t.build/Objects-normal/arm64/e6072d4f65d7061329687fe24e3d63a7-common-args.resp

    /Applications/Xcode-27.0.0-Release.Candidate.app/Contents/Developer/Toolchains/XcodeDefault.xctoolchain/usr/bin/clang -x objective-c -ivfsstatcache /Users/admin/builder/spi-builder-workspace/.derivedData/SDKStatCaches.noindex/watchos27.0-24R360-e829b21a6f8c9b70876ba0858053c04477534ef55a1706bf4c1112bbb242f0a2.sdkstatcache -target arm64-apple-watchos9.0 -fmessage-length\=0 -fdiagnostics-show-note-include-stack -fmacro-backtrace-limit\=0 -fno-color-diagnostics -fmodules-prune-interval\=86400 -fmodules-prune-after\=345600 -fbuild-session-file\=/Users/admin/builder/spi-builder-workspace/.derivedData/ModuleCache.noindex/Session.modulevalidation -fmodules-validate-once-per-build-session -Wnon-modular-include-in-framework-module -Werror\=non-modular-include-in-framework-module -Wno-trigraphs -Wno-missing-field-initializers -Wno-missing-prototypes -Wno-return-type -Wno-implicit-atomic-properties -Wno-objc-interface-ivars -Wno-arc-repeated-use-of-weak -Wno-missing-braces -Wparentheses -Wswitch -Wno-unused-function -Wno-unused-label -Wno-unused-parameter -Wno-unused-variable -Wunused-value -Wno-empty-body -Wno-uninitialized -Wno-unknown-pragmas -Wno-shadow -Wno-four-char-constants -Wno-conversion -Wno-constant-conversion -Wno-int-conversion -Wno-bool-conversion -Wno-enum-conversion -Wno-float-conversion -Wno-non-literal-null-conversion -Wno-objc-literal-conversion -Wshorten-64-to-32 -Wpointer-sign -Wno-newline-eof -Wno-selector -Wno-strict-selector-match -Wno-undeclared-selector -Wno-deprecated-implementations -Wno-implicit-fallthrough -isysroot /Applications/Xcode-27.0.0-Release.Candidate.app/Contents/Developer/Platforms/WatchOS.platform/Developer/SDKs/WatchOS27.0.sdk -fstrict-aliasing -Wprotocol -Wdeprecated-declarations -Wno-sign-conversion -Wno-infinite-recursion -Wno-comma -Wno-block-capture-autoreleasing -Wno-strict-prototypes -Wno-semicolon-before-method-body -index-store-path /Users/admin/builder/spi-builder-workspace/.derivedData/Index.noindex/DataStore @/Users/admin/builder/spi-builder-workspace/.derivedData/Build/Intermediates.noindex/DZNEmptyDataSet.build/Debug-watchos/DZNEmptyDataSet-t.build/Objects-normal/arm64/e6072d4f65d7061329687fe24e3d63a7-common-args.resp -MMD -MT dependencies -MF /Users/admin/builder/spi-builder-workspace/.derivedData/Build/Intermediates.noindex/DZNEmptyDataSet.build/Debug-watchos/DZNEmptyDataSet-t.build/Objects-normal/arm64/UIScrollView+EmptyDataSet.d --serialize-diagnostics /Users/admin/builder/spi-builder-workspace/.derivedData/Build/Intermediates.noindex/DZNEmptyDataSet.build/Debug-watchos/DZNEmptyDataSet-t.build/Objects-normal/arm64/UIScrollView+EmptyDataSet.dia -c /Users/admin/builder/spi-builder-workspace/Source/UIScrollView+EmptyDataSet.m -o /Users/admin/builder/spi-builder-workspace/.derivedData/Build/Intermediates.noindex/DZNEmptyDataSet.build/Debug-watchos/DZNEmptyDataSet-t.build/Objects-normal/arm64/UIScrollView+EmptyDataSet.o -index-unit-output-path /DZNEmptyDataSet.build/Debug-watchos/DZNEmptyDataSet-t.build/Objects-normal/arm64/UIScrollView+EmptyDataSet.o
In file included from /Users/admin/builder/spi-builder-workspace/Source/UIScrollView+EmptyDataSet.m:11:
/Users/admin/builder/spi-builder-workspace/Source/UIScrollView+EmptyDataSet.h:56:56: error: 'UIScrollView' is unavailable: not available on watchOS
   56 | - (nullable NSAttributedString *)titleForEmptyDataSet:(UIScrollView *)scrollView;
      |                                                        ^
In module 'UIKit' imported from /Users/admin/builder/spi-builder-workspace/Source/UIScrollView+EmptyDataSet.h:11:
/Applications/Xcode-27.0.0-Release.Candidate.app/Contents/Developer/Platforms/WatchOS.platform/Developer/SDKs/WatchOS27.0.sdk/System/Library/Frameworks/UIKit.framework/Headers/UIScrollView.h:87:12: note: 'UIScrollView' has been explicitly marked unavailable here
   87 | @interface UIScrollView : UIView <NSCoding, UIFocusItemScrollableContainer>
      |            ^
In file included from /Users/admin/builder/spi-builder-workspace/Source/UIScrollView+EmptyDataSet.m:11:
/Users/admin/builder/spi-builder-workspace/Source/UIScrollView+EmptyDataSet.h:65:62: error: 'UIScrollView' is unavailable: not available on watchOS
   65 | - (nullable NSAttributedString *)descriptionForEmptyDataSet:(UIScrollView *)scrollView;
      |                                                              ^
In module 'UIKit' imported from /Users/admin/builder/spi-builder-workspace/Source/UIScrollView+EmptyDataSet.h:11:
/Applications/Xcode-27.0.0-Release.Candidate.app/Contents/Developer/Platforms/WatchOS.platform/Developer/SDKs/WatchOS27.0.sdk/System/Library/Frameworks/UIKit.framework/Headers/UIScrollView.h:87:12: note: 'UIScrollView' has been explicitly marked unavailable here
   87 | @interface UIScrollView : UIView <NSCoding, UIFocusItemScrollableContainer>
      |            ^
In file included from /Users/admin/builder/spi-builder-workspace/Source/UIScrollView+EmptyDataSet.m:11:
/Users/admin/builder/spi-builder-workspace/Source/UIScrollView+EmptyDataSet.h:73:45: error: 'UIScrollView' is unavailable: not available on watchOS
   73 | - (nullable UIImage *)imageForEmptyDataSet:(UIScrollView *)scrollView;
      |                                             ^
In module 'UIKit' imported from /Users/admin/builder/spi-builder-workspace/Source/UIScrollView+EmptyDataSet.h:11:
/Applications/Xcode-27.0.0-Release.Candidate.app/Contents/Developer/Platforms/WatchOS.platform/Developer/SDKs/WatchOS27.0.sdk/System/Library/Frameworks/UIKit.framework/Headers/UIScrollView.h:87:12: note: 'UIScrollView' has been explicitly marked unavailable here
   87 | @interface UIScrollView : UIView <NSCoding, UIFocusItemScrollableContainer>
      |            ^
In file included from /Users/admin/builder/spi-builder-workspace/Source/UIScrollView+EmptyDataSet.m:11:
/Users/admin/builder/spi-builder-workspace/Source/UIScrollView+EmptyDataSet.h:82:54: error: 'UIScrollView' is unavailable: not available on watchOS
   82 | - (nullable UIColor *)imageTintColorForEmptyDataSet:(UIScrollView *)scrollView;
      |                                                      ^
In module 'UIKit' imported from /Users/admin/builder/spi-builder-workspace/Source/UIScrollView+EmptyDataSet.h:11:
/Applications/Xcode-27.0.0-Release.Candidate.app/Contents/Developer/Platforms/WatchOS.platform/Developer/SDKs/WatchOS27.0.sdk/System/Library/Frameworks/UIKit.framework/Headers/UIScrollView.h:87:12: note: 'UIScrollView' has been explicitly marked unavailable here
   87 | @interface UIScrollView : UIView <NSCoding, UIFocusItemScrollableContainer>
      |            ^
In file included from /Users/admin/builder/spi-builder-workspace/Source/UIScrollView+EmptyDataSet.m:11:
/Users/admin/builder/spi-builder-workspace/Source/UIScrollView+EmptyDataSet.h:91:13: error: 'CAAnimation' is unavailable: not available on watchOS
   91 | - (nullable CAAnimation *)imageAnimationForEmptyDataSet:(UIScrollView *)scrollView;
      |             ^
In module 'UIKit' imported from /Users/admin/builder/spi-builder-workspace/Source/UIScrollView+EmptyDataSet.h:11:
In module 'QuartzCore' imported from /Applications/Xcode-27.0.0-Release.Candidate.app/Contents/Developer/Platforms/WatchOS.platform/Developer/SDKs/WatchOS27.0.sdk/System/Library/Frameworks/UIKit.framework/Headers/UIView.h:10:
/Applications/Xcode-27.0.0-Release.Candidate.app/Contents/Developer/Platforms/WatchOS.platform/Developer/SDKs/WatchOS27.0.sdk/System/Library/Frameworks/QuartzCore.framework/Headers/CAAnimation.h:25:12: note: 'CAAnimation' has been explicitly marked unavailable here
   25 | @interface CAAnimation : NSObject
      |            ^
In file included from /Users/admin/builder/spi-builder-workspace/Source/UIScrollView+EmptyDataSet.m:11:
/Users/admin/builder/spi-builder-workspace/Source/UIScrollView+EmptyDataSet.h:91:58: error: 'UIScrollView' is unavailable: not available on watchOS
   91 | - (nullable CAAnimation *)imageAnimationForEmptyDataSet:(UIScrollView *)scrollView;
      |                                                          ^
In module 'UIKit' imported from /Users/admin/builder/spi-builder-workspace/Source/UIScrollView+EmptyDataSet.h:11:
/Applications/Xcode-27.0.0-Release.Candidate.app/Contents/Developer/Platforms/WatchOS.platform/Developer/SDKs/WatchOS27.0.sdk/System/Library/Frameworks/UIKit.framework/Headers/UIScrollView.h:87:12: note: 'UIScrollView' has been explicitly marked unavailable here
   87 | @interface UIScrollView : UIView <NSCoding, UIFocusItemScrollableContainer>
      |            ^
In file included from /Users/admin/builder/spi-builder-workspace/Source/UIScrollView+EmptyDataSet.m:11:
/Users/admin/builder/spi-builder-workspace/Source/UIScrollView+EmptyDataSet.h:101:62: error: 'UIScrollView' is unavailable: not available on watchOS
  101 | - (nullable NSAttributedString *)buttonTitleForEmptyDataSet:(UIScrollView *)scrollView forState:(UIControlState)state;
      |                                                              ^
In module 'UIKit' imported from /Users/admin/builder/spi-builder-workspace/Source/UIScrollView+EmptyDataSet.h:11:
/Applications/Xcode-27.0.0-Release.Candidate.app/Contents/Developer/Platforms/WatchOS.platform/Developer/SDKs/WatchOS27.0.sdk/System/Library/Frameworks/UIKit.framework/Headers/UIScrollView.h:87:12: note: 'UIScrollView' has been explicitly marked unavailable here
   87 | @interface UIScrollView : UIView <NSCoding, UIFocusItemScrollableContainer>
      |            ^
In file included from /Users/admin/builder/spi-builder-workspace/Source/UIScrollView+EmptyDataSet.m:11:
/Users/admin/builder/spi-builder-workspace/Source/UIScrollView+EmptyDataSet.h:101:98: error: 'UIControlState' is unavailable: not available on watchOS
  101 | - (nullable NSAttributedString *)buttonTitleForEmptyDataSet:(UIScrollView *)scrollView forState:(UIControlState)state;
      |                                                                                                  ^
In module 'UIKit' imported from /Users/admin/builder/spi-builder-workspace/Source/UIScrollView+EmptyDataSet.h:11:
/Applications/Xcode-27.0.0-Release.Candidate.app/Contents/Developer/Platforms/WatchOS.platform/Developer/SDKs/WatchOS27.0.sdk/System/Library/Frameworks/UIKit.framework/Headers/UIControl.h:59:32: note: 'UIControlState' has been explicitly marked unavailable here
   59 | typedef NS_OPTIONS(NSUInteger, UIControlState) {
      |                                ^
In file included from /Users/admin/builder/spi-builder-workspace/Source/UIScrollView+EmptyDataSet.m:11:
/Users/admin/builder/spi-builder-workspace/Source/UIScrollView+EmptyDataSet.h:111:51: error: 'UIScrollView' is unavailable: not available on watchOS
  111 | - (nullable UIImage *)buttonImageForEmptyDataSet:(UIScrollView *)scrollView forState:(UIControlState)state;
      |                                                   ^
In module 'UIKit' imported from /Users/admin/builder/spi-builder-workspace/Source/UIScrollView+EmptyDataSet.h:11:
/Applications/Xcode-27.0.0-Release.Candidate.app/Contents/Developer/Platforms/WatchOS.platform/Developer/SDKs/WatchOS27.0.sdk/System/Library/Frameworks/UIKit.framework/Headers/UIScrollView.h:87:12: note: 'UIScrollView' has been explicitly marked unavailable here
   87 | @interface UIScrollView : UIView <NSCoding, UIFocusItemScrollableContainer>
      |            ^
In file included from /Users/admin/builder/spi-builder-workspace/Source/UIScrollView+EmptyDataSet.m:11:
/Users/admin/builder/spi-builder-workspace/Source/UIScrollView+EmptyDataSet.h:111:87: error: 'UIControlState' is unavailable: not available on watchOS
  111 | - (nullable UIImage *)buttonImageForEmptyDataSet:(UIScrollView *)scrollView forState:(UIControlState)state;
      |                                                                                       ^
In module 'UIKit' imported from /Users/admin/builder/spi-builder-workspace/Source/UIScrollView+EmptyDataSet.h:11:
/Applications/Xcode-27.0.0-Release.Candidate.app/Contents/Developer/Platforms/WatchOS.platform/Developer/SDKs/WatchOS27.0.sdk/System/Library/Frameworks/UIKit.framework/Headers/UIControl.h:59:32: note: 'UIControlState' has been explicitly marked unavailable here
   59 | typedef NS_OPTIONS(NSUInteger, UIControlState) {
      |                                ^
In file included from /Users/admin/builder/spi-builder-workspace/Source/UIScrollView+EmptyDataSet.m:11:
/Users/admin/builder/spi-builder-workspace/Source/UIScrollView+EmptyDataSet.h:121:61: error: 'UIScrollView' is unavailable: not available on watchOS
  121 | - (nullable UIImage *)buttonBackgroundImageForEmptyDataSet:(UIScrollView *)scrollView forState:(UIControlState)state;
      |                                                             ^
In module 'UIKit' imported from /Users/admin/builder/spi-builder-workspace/Source/UIScrollView+EmptyDataSet.h:11:
/Applications/Xcode-27.0.0-Release.Candidate.app/Contents/Developer/Platforms/WatchOS.platform/Developer/SDKs/WatchOS27.0.sdk/System/Library/Frameworks/UIKit.framework/Headers/UIScrollView.h:87:12: note: 'UIScrollView' has been explicitly marked unavailable here
   87 | @interface UIScrollView : UIView <NSCoding, UIFocusItemScrollableContainer>
      |            ^
In file included from /Users/admin/builder/spi-builder-workspace/Source/UIScrollView+EmptyDataSet.m:11:
/Users/admin/builder/spi-builder-workspace/Source/UIScrollView+EmptyDataSet.h:121:97: error: 'UIControlState' is unavailable: not available on watchOS
  121 | - (nullable UIImage *)buttonBackgroundImageForEmptyDataSet:(UIScrollView *)scrollView forState:(UIControlState)state;
      |                                                                                                 ^
In module 'UIKit' imported from /Users/admin/builder/spi-builder-workspace/Source/UIScrollView+EmptyDataSet.h:11:
/Applications/Xcode-27.0.0-Release.Candidate.app/Contents/Developer/Platforms/WatchOS.platform/Developer/SDKs/WatchOS27.0.sdk/System/Library/Frameworks/UIKit.framework/Headers/UIControl.h:59:32: note: 'UIControlState' has been explicitly marked unavailable here
   59 | typedef NS_OPTIONS(NSUInteger, UIControlState) {
      |                                ^
In file included from /Users/admin/builder/spi-builder-workspace/Source/UIScrollView+EmptyDataSet.m:11:
/Users/admin/builder/spi-builder-workspace/Source/UIScrollView+EmptyDataSet.h:129:55: error: 'UIScrollView' is unavailable: not available on watchOS
  129 | - (nullable UIColor *)backgroundColorForEmptyDataSet:(UIScrollView *)scrollView;
      |                                                       ^
In module 'UIKit' imported from /Users/admin/builder/spi-builder-workspace/Source/UIScrollView+EmptyDataSet.h:11:
/Applications/Xcode-27.0.0-Release.Candidate.app/Contents/Developer/Platforms/WatchOS.platform/Developer/SDKs/WatchOS27.0.sdk/System/Library/Frameworks/UIKit.framework/Headers/UIScrollView.h:87:12: note: 'UIScrollView' has been explicitly marked unavailable here
   87 | @interface UIScrollView : UIView <NSCoding, UIFocusItemScrollableContainer>
      |            ^
In file included from /Users/admin/builder/spi-builder-workspace/Source/UIScrollView+EmptyDataSet.m:11:
/Users/admin/builder/spi-builder-workspace/Source/UIScrollView+EmptyDataSet.h:139:13: error: 'UIView' is unavailable: not available on watchOS
  139 | - (nullable UIView *)customViewForEmptyDataSet:(UIScrollView *)scrollView;
      |             ^
In module 'UIKit' imported from /Users/admin/builder/spi-builder-workspace/Source/UIScrollView+EmptyDataSet.h:11:
/Applications/Xcode-27.0.0-Release.Candidate.app/Contents/Developer/Platforms/WatchOS.platform/Developer/SDKs/WatchOS27.0.sdk/System/Library/Frameworks/UIKit.framework/Headers/UIView.h:152:12: note: 'UIView' has been explicitly marked unavailable here
  152 | @interface UIView : UIResponder <NSCoding, UIAppearance, UIAppearanceContainer, UIDynamicItem, UITraitEnvironment, UICoordinateSpace, UIFocusItem, UIFocusItemContainer, CALayerDelegate>
      |            ^
In file included from /Users/admin/builder/spi-builder-workspace/Source/UIScrollView+EmptyDataSet.m:11:
/Users/admin/builder/spi-builder-workspace/Source/UIScrollView+EmptyDataSet.h:139:49: error: 'UIScrollView' is unavailable: not available on watchOS
  139 | - (nullable UIView *)customViewForEmptyDataSet:(UIScrollView *)scrollView;
      |                                                 ^
In module 'UIKit' imported from /Users/admin/builder/spi-builder-workspace/Source/UIScrollView+EmptyDataSet.h:11:
/Applications/Xcode-27.0.0-Release.Candidate.app/Contents/Developer/Platforms/WatchOS.platform/Developer/SDKs/WatchOS27.0.sdk/System/Library/Frameworks/UIKit.framework/Headers/UIScrollView.h:87:12: note: 'UIScrollView' has been explicitly marked unavailable here
   87 | @interface UIScrollView : UIView <NSCoding, UIFocusItemScrollableContainer>
      |            ^
In file included from /Users/admin/builder/spi-builder-workspace/Source/UIScrollView+EmptyDataSet.m:11:
/Users/admin/builder/spi-builder-workspace/Source/UIScrollView+EmptyDataSet.h:147:35: error: 'UIScrollView' is unavailable: not available on watchOS
  147 | - (CGPoint)offsetForEmptyDataSet:(UIScrollView *)scrollView DZNEmptyDataSetDeprecated(-verticalOffsetForEmptyDataSet:);
      |                                   ^
In module 'UIKit' imported from /Users/admin/builder/spi-builder-workspace/Source/UIScrollView+EmptyDataSet.h:11:
/Applications/Xcode-27.0.0-Release.Candidate.app/Contents/Developer/Platforms/WatchOS.platform/Developer/SDKs/WatchOS27.0.sdk/System/Library/Frameworks/UIKit.framework/Headers/UIScrollView.h:87:12: note: 'UIScrollView' has been explicitly marked unavailable here
   87 | @interface UIScrollView : UIView <NSCoding, UIFocusItemScrollableContainer>
      |            ^
In file included from /Users/admin/builder/spi-builder-workspace/Source/UIScrollView+EmptyDataSet.m:11:
/Users/admin/builder/spi-builder-workspace/Source/UIScrollView+EmptyDataSet.h:148:43: error: 'UIScrollView' is unavailable: not available on watchOS
  148 | - (CGFloat)verticalOffsetForEmptyDataSet:(UIScrollView *)scrollView;
      |                                           ^
In module 'UIKit' imported from /Users/admin/builder/spi-builder-workspace/Source/UIScrollView+EmptyDataSet.h:11:
/Applications/Xcode-27.0.0-Release.Candidate.app/Contents/Developer/Platforms/WatchOS.platform/Developer/SDKs/WatchOS27.0.sdk/System/Library/Frameworks/UIKit.framework/Headers/UIScrollView.h:87:12: note: 'UIScrollView' has been explicitly marked unavailable here
   87 | @interface UIScrollView : UIView <NSCoding, UIFocusItemScrollableContainer>
      |            ^
In file included from /Users/admin/builder/spi-builder-workspace/Source/UIScrollView+EmptyDataSet.m:11:
/Users/admin/builder/spi-builder-workspace/Source/UIScrollView+EmptyDataSet.h:156:40: error: 'UIScrollView' is unavailable: not available on watchOS
  156 | - (CGFloat)spaceHeightForEmptyDataSet:(UIScrollView *)scrollView;
      |                                        ^
In module 'UIKit' imported from /Users/admin/builder/spi-builder-workspace/Source/UIScrollView+EmptyDataSet.h:11:
/Applications/Xcode-27.0.0-Release.Candidate.app/Contents/Developer/Platforms/WatchOS.platform/Developer/SDKs/WatchOS27.0.sdk/System/Library/Frameworks/UIKit.framework/Headers/UIScrollView.h:87:12: note: 'UIScrollView' has been explicitly marked unavailable here
   87 | @interface UIScrollView : UIView <NSCoding, UIFocusItemScrollableContainer>
      |            ^
In file included from /Users/admin/builder/spi-builder-workspace/Source/UIScrollView+EmptyDataSet.m:11:
/Users/admin/builder/spi-builder-workspace/Source/UIScrollView+EmptyDataSet.h:176:35: error: 'UIScrollView' is unavailable: not available on watchOS
  176 | - (BOOL)emptyDataSetShouldFadeIn:(UIScrollView *)scrollView;
      |                                   ^
In module 'UIKit' imported from /Users/admin/builder/spi-builder-workspace/Source/UIScrollView+EmptyDataSet.h:11:
/Applications/Xcode-27.0.0-Release.Candidate.app/Contents/Developer/Platforms/WatchOS.platform/Developer/SDKs/WatchOS27.0.sdk/System/Library/Frameworks/UIKit.framework/Headers/UIScrollView.h:87:12: note: 'UIScrollView' has been explicitly marked unavailable here
   87 | @interface UIScrollView : UIView <NSCoding, UIFocusItemScrollableContainer>
      |            ^
fatal error: too many errors emitted, stopping now [-ferror-limit=]
20 errors generated.
Failed frontend command:
/Applications/Xcode-27.0.0-Release.Candidate.app/Contents/Developer/Toolchains/XcodeDefault.xctoolchain/usr/bin/clang -cc1 -Wundef-prefix\=TARGET_OS_ -fdiagnostics-show-note-include-stack -fmacro-backtrace-limit\=0 -ferror-limit 19 -serialize-diagnostic-file /Users/admin/builder/spi-builder-workspace/.derivedData/Build/Intermediates.noindex/DZNEmptyDataSet.build/Debug-watchos/DZNEmptyDataSet-t.build/Objects-normal/arm64/UIScrollView+EmptyDataSet.dia -Wdeprecated-objc-isa-usage -Werror\=deprecated-objc-isa-usage -Werror\=implicit-function-declaration -Wnon-modular-include-in-framework-module -Werror\=non-modular-include-in-framework-module -Wno-trigraphs -Wno-missing-field-initializers -Wno-missing-prototypes -Wno-return-type -Wno-implicit-atomic-properties -Wno-objc-interface-ivars -Wno-arc-repeated-use-of-weak -Wno-missing-braces -Wparentheses -Wswitch -Wno-unused-function -Wno-unused-label -Wno-unused-parameter -Wno-unused-variable -Wunused-value -Wno-empty-body -Wno-uninitialized -Wno-unknown-pragmas -Wno-shadow -Wno-four-char-constants -Wno-conversion -Wno-constant-conversion -Wno-int-conversion -Wno-bool-conversion -Wno-enum-conversion -Wno-float-conversion -Wno-non-literal-null-conversion -Wno-objc-literal-conversion -Wshorten-64-to-32 -Wpointer-sign -Wno-newline-eof -Wno-selector -Wno-strict-selector-match -Wno-undeclared-selector -Wno-deprecated-implementations -Wno-implicit-fallthrough -Wprotocol -Wdeprecated-declarations -Wno-sign-conversion -Wno-infinite-recursion -Wno-comma -Wno-block-capture-autoreleasing -Wno-strict-prototypes -Wno-semicolon-before-method-body -Wno-elaborated-enum-base -Wno-error\=allocator-wrappers -index-store-path /Users/admin/builder/spi-builder-workspace/.derivedData/Index.noindex/DataStore -index-unit-output-path /DZNEmptyDataSet.build/Debug-watchos/DZNEmptyDataSet-t.build/Objects-normal/arm64/UIScrollView+EmptyDataSet.o -fmodule-map-file\=/Applications/Xcode-27.0.0-Release.Candidate.app/Contents/Developer/Platforms/WatchOS.platform/Developer/SDKs/WatchOS.sdk/usr/include/ObjectiveC.modulemap -fmodule-map-file\=/Applications/Xcode-27.0.0-Release.Candidate.app/Contents/Developer/Platforms/WatchOS.platform/Developer/SDKs/WatchOS.sdk/System/Library/Frameworks/UIKit.framework/Modules/module.modulemap -o /Users/admin/builder/spi-builder-workspace/.derivedData/Build/Intermediates.noindex/DZNEmptyDataSet.build/Debug-watchos/DZNEmptyDataSet-t.build/Objects-normal/arm64/UIScrollView+EmptyDataSet.o -disable-free -emit-obj -x objective-c /Users/admin/builder/spi-builder-workspace/Source/UIScrollView+EmptyDataSet.m -target-abi darwinpcs -target-cpu apple-s9 -target-feature +v8.6a -target-feature +aes -target-feature +bf16 -target-feature +complxnum -target-feature +crc -target-feature +dotprod -target-feature +fp-armv8 -target-feature +fp16fml -target-feature +fpac -target-feature +fullfp16 -target-feature +hcx -target-feature +i8mm -target-feature +jsconv -target-feature +lse -target-feature +neon -target-feature +pauth -target-feature +perfmon -target-feature +ras -target-feature +rcpc -target-feature +rdm -target-feature +sha2 -target-feature +sha3 -target-feature +ssbs -triple arm64-apple-watchos9.0.0 -target-linker-version 1166.2 -target-sdk-version\=27.0 -fmodules-validate-system-headers -fno-modulemap-allow-subdirectory-search -isysroot /Applications/Xcode-27.0.0-Release.Candidate.app/Contents/Developer/Platforms/WatchOS.platform/Developer/SDKs/WatchOS27.0.sdk -resource-dir /Applications/Xcode-27.0.0-Release.Candidate.app/Contents/Developer/Toolchains/XcodeDefault.xctoolchain/usr/lib/clang/21 -fmodule-format\=obj -fmodule-file\=ObjectiveC\=/Users/admin/builder/spi-builder-workspace/.derivedData/Build/Intermediates.noindex/ExplicitPrecompiledModules/ObjectiveC-BKRD1OM40PFBRS2LM5SXEBUZG.pcm -fmodule-file\=UIKit\=/Users/admin/builder/spi-builder-workspace/.derivedData/Build/Intermediates.noindex/ExplicitPrecompiledModules/UIKit-1TVLGSDLITC5FS02QESMIQ3D9.pcm -I /Users/admin/builder/spi-builder-workspace/.derivedData/Build/Products/Debug-watchos/include -I /Users/admin/builder/spi-builder-workspace/Source -I /Users/admin/builder/spi-builder-workspace/.derivedData/Build/Intermediates.noindex/DZNEmptyDataSet.build/Debug-watchos/DZNEmptyDataSet-t.build/DerivedSources-normal/arm64 -I /Users/admin/builder/spi-builder-workspace/.derivedData/Build/Intermediates.noindex/DZNEmptyDataSet.build/Debug-watchos/DZNEmptyDataSet-t.build/DerivedSources/arm64 -I /Users/admin/builder/spi-builder-workspace/.derivedData/Build/Intermediates.noindex/DZNEmptyDataSet.build/Debug-watchos/DZNEmptyDataSet-t.build/DerivedSources -F /Users/admin/builder/spi-builder-workspace/.derivedData/Build/Products/Debug-watchos -iframework /Applications/Xcode-27.0.0-Release.Candidate.app/Contents/Developer/Platforms/WatchOS.platform/Developer/Library/Frameworks -iframework /Applications/Xcode-27.0.0-Release.Candidate.app/Contents/Developer/Platforms/WatchOS.platform/Developer/SDKs/WatchOS27.0.sdk/Developer/Library/Frameworks -internal-isystem /Applications/Xcode-27.0.0-Release.Candidate.app/Contents/Developer/Platforms/WatchOS.platform/Developer/SDKs/WatchOS27.0.sdk/usr/local/include -internal-isystem /Applications/Xcode-27.0.0-Release.Candidate.app/Contents/Developer/Toolchains/XcodeDefault.xctoolchain/usr/lib/clang/21/include -internal-externc-isystem /Applications/Xcode-27.0.0-Release.Candidate.app/Contents/Developer/Platforms/WatchOS.platform/Developer/SDKs/WatchOS27.0.sdk/usr/include -internal-externc-isystem /Applications/Xcode-27.0.0-Release.Candidate.app/Contents/Developer/Toolchains/XcodeDefault.xctoolchain/usr/include -internal-iframework /Applications/Xcode-27.0.0-Release.Candidate.app/Contents/Developer/Platforms/WatchOS.platform/Developer/SDKs/WatchOS27.0.sdk/System/Library/Frameworks -internal-iframework /Applications/Xcode-27.0.0-Release.Candidate.app/Contents/Developer/Platforms/WatchOS.platform/Developer/SDKs/WatchOS27.0.sdk/System/Library/SubFrameworks -internal-iframework /Applications/Xcode-27.0.0-Release.Candidate.app/Contents/Developer/Platforms/WatchOS.platform/Developer/SDKs/WatchOS27.0.sdk/Library/Frameworks -ivfsstatcache /Users/admin/builder/spi-builder-workspace/.derivedData/SDKStatCaches.noindex/watchos27.0-24R360-e829b21a6f8c9b70876ba0858053c04477534ef55a1706bf4c1112bbb242f0a2.sdkstatcache -std\=gnu11 -fexceptions -fskip-odr-check-in-gmf -fmodules -fmodule-name\=DZNEmptyDataSet -fno-implicit-modules -fobjc-exceptions -fmax-type-align\=16 -fpascal-strings -fstack-check -fvisibility-inlines-hidden-static-local-var -mdarwin-stkchk-strong-link -fno-odr-hash-protocols -pic-level 2 -fencode-extended-block-signature -stack-protector 1 -fobjc-runtime\=watchos-9.0.0 -fobjc-arc -fobjc-runtime-has-weak -fobjc-weak -fgnuc-version\=4.2.1 -fblocks -fno-convergent-functions -ffp-contract\=on -fclang-abi-compat\=4.0 -fno-experimental-relative-c++-abi-vtables -fno-file-reproducible -clang-vendor-feature\=+disableNonDependentMemberExprInCurrentInstantiation -clang-vendor-feature\=+enableAggressiveVLAFolding -clang-vendor-feature\=+revert09abecef7bbf -clang-vendor-feature\=+thisNoAlignAttr -clang-vendor-feature\=+thisNoNullAttr -clang-vendor-feature\=+disableAtImportPrivateFrameworkInImplementationError -O0 -fno-assume-unique-vtables -fdebug-compilation-dir\=/Users/admin/builder/spi-builder-workspace/.swiftpm/xcode -fcoverage-compilation-dir\=/Users/admin/builder/spi-builder-workspace/.swiftpm/xcode -fcommon -fdwarf2-cfi-asm -fobjc-msgsend-selector-stubs -fregister-global-dtors-with-atexit -fno-strict-return -dwarf-version\=4 -debugger-tuning\=lldb -disable-llvm-verifier -dwarf-ext-refs -funwind-tables\=1 -enable-tlsdesc -clear-ast-before-backend -discard-value-names -main-file-name UIScrollView+EmptyDataSet.m -mframe-pointer\=non-leaf -debug-info-kind\=standalone -fno-loop-interchange -fdiagnostics-hotness-threshold\=0 -fdiagnostics-misexpect-tolerance\=0 -D DEBUG\=1 -D OBJC_OLD_DISPATCH_PROTOTYPES\=1 -D SWIFT_PACKAGE -D Xcode -fdefine-target-os-macros -MT dependencies -dependency-file /Users/admin/builder/spi-builder-workspace/.derivedData/Build/Intermediates.noindex/DZNEmptyDataSet.build/Debug-watchos/DZNEmptyDataSet-t.build/Objects-normal/arm64/UIScrollView+EmptyDataSet.d -skip-unused-modulemap-deps -module-file-deps\=direct -fdepfile-entry\=/Applications/Xcode-27.0.0-Release.Candidate.app/Contents/Developer/Platforms/WatchOS.platform/Developer/SDKs/WatchOS27.0.sdk/SDKSettings.json
CompileC /Users/admin/builder/spi-builder-workspace/.derivedData/Build/Intermediates.noindex/DZNEmptyDataSet.build/Debug-watchos/DZNEmptyDataSet-t.build/Objects-normal/arm64_32/UIScrollView+EmptyDataSet.o /Users/admin/builder/spi-builder-workspace/Source/UIScrollView+EmptyDataSet.m normal arm64_32 objective-c com.apple.compilers.llvm.clang.1_0.compiler (in target 'DZNEmptyDataSet' from project 'DZNEmptyDataSet')
    cd /Users/admin/builder/spi-builder-workspace/.swiftpm/xcode

    Using response file: /Users/admin/builder/spi-builder-workspace/.derivedData/Build/Intermediates.noindex/DZNEmptyDataSet.build/Debug-watchos/DZNEmptyDataSet-t.build/Objects-normal/arm64_32/e6072d4f65d7061329687fe24e3d63a7-common-args.resp

    /Applications/Xcode-27.0.0-Release.Candidate.app/Contents/Developer/Toolchains/XcodeDefault.xctoolchain/usr/bin/clang -x objective-c -ivfsstatcache /Users/admin/builder/spi-builder-workspace/.derivedData/SDKStatCaches.noindex/watchos27.0-24R360-e829b21a6f8c9b70876ba0858053c04477534ef55a1706bf4c1112bbb242f0a2.sdkstatcache -target arm64_32-apple-watchos9.0 -fmessage-length\=0 -fdiagnostics-show-note-include-stack -fmacro-backtrace-limit\=0 -fno-color-diagnostics -fmodules-prune-interval\=86400 -fmodules-prune-after\=345600 -fbuild-session-file\=/Users/admin/builder/spi-builder-workspace/.derivedData/ModuleCache.noindex/Session.modulevalidation -fmodules-validate-once-per-build-session -Wnon-modular-include-in-framework-module -Werror\=non-modular-include-in-framework-module -Wno-trigraphs -Wno-missing-field-initializers -Wno-missing-prototypes -Wno-return-type -Wno-implicit-atomic-properties -Wno-objc-interface-ivars -Wno-arc-repeated-use-of-weak -Wno-missing-braces -Wparentheses -Wswitch -Wno-unused-function -Wno-unused-label -Wno-unused-parameter -Wno-unused-variable -Wunused-value -Wno-empty-body -Wno-uninitialized -Wno-unknown-pragmas -Wno-shadow -Wno-four-char-constants -Wno-conversion -Wno-constant-conversion -Wno-int-conversion -Wno-bool-conversion -Wno-enum-conversion -Wno-float-conversion -Wno-non-literal-null-conversion -Wno-objc-literal-conversion -Wno-shorten-64-to-32 -Wpointer-sign -Wno-newline-eof -Wno-selector -Wno-strict-selector-match -Wno-undeclared-selector -Wno-deprecated-implementations -Wno-implicit-fallthrough -isysroot /Applications/Xcode-27.0.0-Release.Candidate.app/Contents/Developer/Platforms/WatchOS.platform/Developer/SDKs/WatchOS27.0.sdk -fstrict-aliasing -Wprotocol -Wdeprecated-declarations -Wno-sign-conversion -Wno-infinite-recursion -Wno-comma -Wno-block-capture-autoreleasing -Wno-strict-prototypes -Wno-semicolon-before-method-body -index-store-path /Users/admin/builder/spi-builder-workspace/.derivedData/Index.noindex/DataStore @/Users/admin/builder/spi-builder-workspace/.derivedData/Build/Intermediates.noindex/DZNEmptyDataSet.build/Debug-watchos/DZNEmptyDataSet-t.build/Objects-normal/arm64_32/e6072d4f65d7061329687fe24e3d63a7-common-args.resp -MMD -MT dependencies -MF /Users/admin/builder/spi-builder-workspace/.derivedData/Build/Intermediates.noindex/DZNEmptyDataSet.build/Debug-watchos/DZNEmptyDataSet-t.build/Objects-normal/arm64_32/UIScrollView+EmptyDataSet.d --serialize-diagnostics /Users/admin/builder/spi-builder-workspace/.derivedData/Build/Intermediates.noindex/DZNEmptyDataSet.build/Debug-watchos/DZNEmptyDataSet-t.build/Objects-normal/arm64_32/UIScrollView+EmptyDataSet.dia -c /Users/admin/builder/spi-builder-workspace/Source/UIScrollView+EmptyDataSet.m -o /Users/admin/builder/spi-builder-workspace/.derivedData/Build/Intermediates.noindex/DZNEmptyDataSet.build/Debug-watchos/DZNEmptyDataSet-t.build/Objects-normal/arm64_32/UIScrollView+EmptyDataSet.o -index-unit-output-path /DZNEmptyDataSet.build/Debug-watchos/DZNEmptyDataSet-t.build/Objects-normal/arm64_32/UIScrollView+EmptyDataSet.o
In file included from /Users/admin/builder/spi-builder-workspace/Source/UIScrollView+EmptyDataSet.m:11:
/Users/admin/builder/spi-builder-workspace/Source/UIScrollView+EmptyDataSet.h:56:56: error: 'UIScrollView' is unavailable: not available on watchOS
   56 | - (nullable NSAttributedString *)titleForEmptyDataSet:(UIScrollView *)scrollView;
      |                                                        ^
In module 'UIKit' imported from /Users/admin/builder/spi-builder-workspace/Source/UIScrollView+EmptyDataSet.h:11:
/Applications/Xcode-27.0.0-Release.Candidate.app/Contents/Developer/Platforms/WatchOS.platform/Developer/SDKs/WatchOS27.0.sdk/System/Library/Frameworks/UIKit.framework/Headers/UIScrollView.h:87:12: note: 'UIScrollView' has been explicitly marked unavailable here
   87 | @interface UIScrollView : UIView <NSCoding, UIFocusItemScrollableContainer>
      |            ^
In file included from /Users/admin/builder/spi-builder-workspace/Source/UIScrollView+EmptyDataSet.m:11:
/Users/admin/builder/spi-builder-workspace/Source/UIScrollView+EmptyDataSet.h:65:62: error: 'UIScrollView' is unavailable: not available on watchOS
   65 | - (nullable NSAttributedString *)descriptionForEmptyDataSet:(UIScrollView *)scrollView;
      |                                                              ^
In module 'UIKit' imported from /Users/admin/builder/spi-builder-workspace/Source/UIScrollView+EmptyDataSet.h:11:
/Applications/Xcode-27.0.0-Release.Candidate.app/Contents/Developer/Platforms/WatchOS.platform/Developer/SDKs/WatchOS27.0.sdk/System/Library/Frameworks/UIKit.framework/Headers/UIScrollView.h:87:12: note: 'UIScrollView' has been explicitly marked unavailable here
   87 | @interface UIScrollView : UIView <NSCoding, UIFocusItemScrollableContainer>
      |            ^
In file included from /Users/admin/builder/spi-builder-workspace/Source/UIScrollView+EmptyDataSet.m:11:
/Users/admin/builder/spi-builder-workspace/Source/UIScrollView+EmptyDataSet.h:73:45: error: 'UIScrollView' is unavailable: not available on watchOS
   73 | - (nullable UIImage *)imageForEmptyDataSet:(UIScrollView *)scrollView;
      |                                             ^
In module 'UIKit' imported from /Users/admin/builder/spi-builder-workspace/Source/UIScrollView+EmptyDataSet.h:11:
/Applications/Xcode-27.0.0-Release.Candidate.app/Contents/Developer/Platforms/WatchOS.platform/Developer/SDKs/WatchOS27.0.sdk/System/Library/Frameworks/UIKit.framework/Headers/UIScrollView.h:87:12: note: 'UIScrollView' has been explicitly marked unavailable here
   87 | @interface UIScrollView : UIView <NSCoding, UIFocusItemScrollableContainer>
      |            ^
In file included from /Users/admin/builder/spi-builder-workspace/Source/UIScrollView+EmptyDataSet.m:11:
/Users/admin/builder/spi-builder-workspace/Source/UIScrollView+EmptyDataSet.h:82:54: error: 'UIScrollView' is unavailable: not available on watchOS
   82 | - (nullable UIColor *)imageTintColorForEmptyDataSet:(UIScrollView *)scrollView;
      |                                                      ^
In module 'UIKit' imported from /Users/admin/builder/spi-builder-workspace/Source/UIScrollView+EmptyDataSet.h:11:
/Applications/Xcode-27.0.0-Release.Candidate.app/Contents/Developer/Platforms/WatchOS.platform/Developer/SDKs/WatchOS27.0.sdk/System/Library/Frameworks/UIKit.framework/Headers/UIScrollView.h:87:12: note: 'UIScrollView' has been explicitly marked unavailable here
   87 | @interface UIScrollView : UIView <NSCoding, UIFocusItemScrollableContainer>
      |            ^
In file included from /Users/admin/builder/spi-builder-workspace/Source/UIScrollView+EmptyDataSet.m:11:
/Users/admin/builder/spi-builder-workspace/Source/UIScrollView+EmptyDataSet.h:91:13: error: 'CAAnimation' is unavailable: not available on watchOS
   91 | - (nullable CAAnimation *)imageAnimationForEmptyDataSet:(UIScrollView *)scrollView;
      |             ^
In module 'UIKit' imported from /Users/admin/builder/spi-builder-workspace/Source/UIScrollView+EmptyDataSet.h:11:
In module 'QuartzCore' imported from /Applications/Xcode-27.0.0-Release.Candidate.app/Contents/Developer/Platforms/WatchOS.platform/Developer/SDKs/WatchOS27.0.sdk/System/Library/Frameworks/UIKit.framework/Headers/UIView.h:10:
/Applications/Xcode-27.0.0-Release.Candidate.app/Contents/Developer/Platforms/WatchOS.platform/Developer/SDKs/WatchOS27.0.sdk/System/Library/Frameworks/QuartzCore.framework/Headers/CAAnimation.h:25:12: note: 'CAAnimation' has been explicitly marked unavailable here
   25 | @interface CAAnimation : NSObject
      |            ^
In file included from /Users/admin/builder/spi-builder-workspace/Source/UIScrollView+EmptyDataSet.m:11:
/Users/admin/builder/spi-builder-workspace/Source/UIScrollView+EmptyDataSet.h:91:58: error: 'UIScrollView' is unavailable: not available on watchOS
   91 | - (nullable CAAnimation *)imageAnimationForEmptyDataSet:(UIScrollView *)scrollView;
      |                                                          ^
In module 'UIKit' imported from /Users/admin/builder/spi-builder-workspace/Source/UIScrollView+EmptyDataSet.h:11:
/Applications/Xcode-27.0.0-Release.Candidate.app/Contents/Developer/Platforms/WatchOS.platform/Developer/SDKs/WatchOS27.0.sdk/System/Library/Frameworks/UIKit.framework/Headers/UIScrollView.h:87:12: note: 'UIScrollView' has been explicitly marked unavailable here
   87 | @interface UIScrollView : UIView <NSCoding, UIFocusItemScrollableContainer>
      |            ^
In file included from /Users/admin/builder/spi-builder-workspace/Source/UIScrollView+EmptyDataSet.m:11:
/Users/admin/builder/spi-builder-workspace/Source/UIScrollView+EmptyDataSet.h:101:62: error: 'UIScrollView' is unavailable: not available on watchOS
  101 | - (nullable NSAttributedString *)buttonTitleForEmptyDataSet:(UIScrollView *)scrollView forState:(UIControlState)state;
      |                                                              ^
In module 'UIKit' imported from /Users/admin/builder/spi-builder-workspace/Source/UIScrollView+EmptyDataSet.h:11:
/Applications/Xcode-27.0.0-Release.Candidate.app/Contents/Developer/Platforms/WatchOS.platform/Developer/SDKs/WatchOS27.0.sdk/System/Library/Frameworks/UIKit.framework/Headers/UIScrollView.h:87:12: note: 'UIScrollView' has been explicitly marked unavailable here
   87 | @interface UIScrollView : UIView <NSCoding, UIFocusItemScrollableContainer>
      |            ^
In file included from /Users/admin/builder/spi-builder-workspace/Source/UIScrollView+EmptyDataSet.m:11:
/Users/admin/builder/spi-builder-workspace/Source/UIScrollView+EmptyDataSet.h:101:98: error: 'UIControlState' is unavailable: not available on watchOS
  101 | - (nullable NSAttributedString *)buttonTitleForEmptyDataSet:(UIScrollView *)scrollView forState:(UIControlState)state;
      |                                                                                                  ^
In module 'UIKit' imported from /Users/admin/builder/spi-builder-workspace/Source/UIScrollView+EmptyDataSet.h:11:
/Applications/Xcode-27.0.0-Release.Candidate.app/Contents/Developer/Platforms/WatchOS.platform/Developer/SDKs/WatchOS27.0.sdk/System/Library/Frameworks/UIKit.framework/Headers/UIControl.h:59:32: note: 'UIControlState' has been explicitly marked unavailable here
   59 | typedef NS_OPTIONS(NSUInteger, UIControlState) {
      |                                ^
In file included from /Users/admin/builder/spi-builder-workspace/Source/UIScrollView+EmptyDataSet.m:11:
/Users/admin/builder/spi-builder-workspace/Source/UIScrollView+EmptyDataSet.h:111:51: error: 'UIScrollView' is unavailable: not available on watchOS
  111 | - (nullable UIImage *)buttonImageForEmptyDataSet:(UIScrollView *)scrollView forState:(UIControlState)state;
      |                                                   ^
In module 'UIKit' imported from /Users/admin/builder/spi-builder-workspace/Source/UIScrollView+EmptyDataSet.h:11:
/Applications/Xcode-27.0.0-Release.Candidate.app/Contents/Developer/Platforms/WatchOS.platform/Developer/SDKs/WatchOS27.0.sdk/System/Library/Frameworks/UIKit.framework/Headers/UIScrollView.h:87:12: note: 'UIScrollView' has been explicitly marked unavailable here
   87 | @interface UIScrollView : UIView <NSCoding, UIFocusItemScrollableContainer>
      |            ^
In file included from /Users/admin/builder/spi-builder-workspace/Source/UIScrollView+EmptyDataSet.m:11:
/Users/admin/builder/spi-builder-workspace/Source/UIScrollView+EmptyDataSet.h:111:87: error: 'UIControlState' is unavailable: not available on watchOS
  111 | - (nullable UIImage *)buttonImageForEmptyDataSet:(UIScrollView *)scrollView forState:(UIControlState)state;
      |                                                                                       ^
In module 'UIKit' imported from /Users/admin/builder/spi-builder-workspace/Source/UIScrollView+EmptyDataSet.h:11:
/Applications/Xcode-27.0.0-Release.Candidate.app/Contents/Developer/Platforms/WatchOS.platform/Developer/SDKs/WatchOS27.0.sdk/System/Library/Frameworks/UIKit.framework/Headers/UIControl.h:59:32: note: 'UIControlState' has been explicitly marked unavailable here
   59 | typedef NS_OPTIONS(NSUInteger, UIControlState) {
      |                                ^
In file included from /Users/admin/builder/spi-builder-workspace/Source/UIScrollView+EmptyDataSet.m:11:
/Users/admin/builder/spi-builder-workspace/Source/UIScrollView+EmptyDataSet.h:121:61: error: 'UIScrollView' is unavailable: not available on watchOS
  121 | - (nullable UIImage *)buttonBackgroundImageForEmptyDataSet:(UIScrollView *)scrollView forState:(UIControlState)state;
      |                                                             ^
In module 'UIKit' imported from /Users/admin/builder/spi-builder-workspace/Source/UIScrollView+EmptyDataSet.h:11:
/Applications/Xcode-27.0.0-Release.Candidate.app/Contents/Developer/Platforms/WatchOS.platform/Developer/SDKs/WatchOS27.0.sdk/System/Library/Frameworks/UIKit.framework/Headers/UIScrollView.h:87:12: note: 'UIScrollView' has been explicitly marked unavailable here
   87 | @interface UIScrollView : UIView <NSCoding, UIFocusItemScrollableContainer>
      |            ^
In file included from /Users/admin/builder/spi-builder-workspace/Source/UIScrollView+EmptyDataSet.m:11:
/Users/admin/builder/spi-builder-workspace/Source/UIScrollView+EmptyDataSet.h:121:97: error: 'UIControlState' is unavailable: not available on watchOS
  121 | - (nullable UIImage *)buttonBackgroundImageForEmptyDataSet:(UIScrollView *)scrollView forState:(UIControlState)state;
      |                                                                                                 ^
In module 'UIKit' imported from /Users/admin/builder/spi-builder-workspace/Source/UIScrollView+EmptyDataSet.h:11:
/Applications/Xcode-27.0.0-Release.Candidate.app/Contents/Developer/Platforms/WatchOS.platform/Developer/SDKs/WatchOS27.0.sdk/System/Library/Frameworks/UIKit.framework/Headers/UIControl.h:59:32: note: 'UIControlState' has been explicitly marked unavailable here
   59 | typedef NS_OPTIONS(NSUInteger, UIControlState) {
      |                                ^
In file included from /Users/admin/builder/spi-builder-workspace/Source/UIScrollView+EmptyDataSet.m:11:
/Users/admin/builder/spi-builder-workspace/Source/UIScrollView+EmptyDataSet.h:129:55: error: 'UIScrollView' is unavailable: not available on watchOS
  129 | - (nullable UIColor *)backgroundColorForEmptyDataSet:(UIScrollView *)scrollView;
      |                                                       ^
In module 'UIKit' imported from /Users/admin/builder/spi-builder-workspace/Source/UIScrollView+EmptyDataSet.h:11:
/Applications/Xcode-27.0.0-Release.Candidate.app/Contents/Developer/Platforms/WatchOS.platform/Developer/SDKs/WatchOS27.0.sdk/System/Library/Frameworks/UIKit.framework/Headers/UIScrollView.h:87:12: note: 'UIScrollView' has been explicitly marked unavailable here
   87 | @interface UIScrollView : UIView <NSCoding, UIFocusItemScrollableContainer>
      |            ^
In file included from /Users/admin/builder/spi-builder-workspace/Source/UIScrollView+EmptyDataSet.m:11:
/Users/admin/builder/spi-builder-workspace/Source/UIScrollView+EmptyDataSet.h:139:13: error: 'UIView' is unavailable: not available on watchOS
  139 | - (nullable UIView *)customViewForEmptyDataSet:(UIScrollView *)scrollView;
      |             ^
In module 'UIKit' imported from /Users/admin/builder/spi-builder-workspace/Source/UIScrollView+EmptyDataSet.h:11:
/Applications/Xcode-27.0.0-Release.Candidate.app/Contents/Developer/Platforms/WatchOS.platform/Developer/SDKs/WatchOS27.0.sdk/System/Library/Frameworks/UIKit.framework/Headers/UIView.h:152:12: note: 'UIView' has been explicitly marked unavailable here
  152 | @interface UIView : UIResponder <NSCoding, UIAppearance, UIAppearanceContainer, UIDynamicItem, UITraitEnvironment, UICoordinateSpace, UIFocusItem, UIFocusItemContainer, CALayerDelegate>
      |            ^
In file included from /Users/admin/builder/spi-builder-workspace/Source/UIScrollView+EmptyDataSet.m:11:
/Users/admin/builder/spi-builder-workspace/Source/UIScrollView+EmptyDataSet.h:139:49: error: 'UIScrollView' is unavailable: not available on watchOS
  139 | - (nullable UIView *)customViewForEmptyDataSet:(UIScrollView *)scrollView;
      |                                                 ^
In module 'UIKit' imported from /Users/admin/builder/spi-builder-workspace/Source/UIScrollView+EmptyDataSet.h:11:
/Applications/Xcode-27.0.0-Release.Candidate.app/Contents/Developer/Platforms/WatchOS.platform/Developer/SDKs/WatchOS27.0.sdk/System/Library/Frameworks/UIKit.framework/Headers/UIScrollView.h:87:12: note: 'UIScrollView' has been explicitly marked unavailable here
   87 | @interface UIScrollView : UIView <NSCoding, UIFocusItemScrollableContainer>
      |            ^
In file included from /Users/admin/builder/spi-builder-workspace/Source/UIScrollView+EmptyDataSet.m:11:
/Users/admin/builder/spi-builder-workspace/Source/UIScrollView+EmptyDataSet.h:147:35: error: 'UIScrollView' is unavailable: not available on watchOS
  147 | - (CGPoint)offsetForEmptyDataSet:(UIScrollView *)scrollView DZNEmptyDataSetDeprecated(-verticalOffsetForEmptyDataSet:);
      |                                   ^
In module 'UIKit' imported from /Users/admin/builder/spi-builder-workspace/Source/UIScrollView+EmptyDataSet.h:11:
/Applications/Xcode-27.0.0-Release.Candidate.app/Contents/Developer/Platforms/WatchOS.platform/Developer/SDKs/WatchOS27.0.sdk/System/Library/Frameworks/UIKit.framework/Headers/UIScrollView.h:87:12: note: 'UIScrollView' has been explicitly marked unavailable here
   87 | @interface UIScrollView : UIView <NSCoding, UIFocusItemScrollableContainer>
      |            ^
In file included from /Users/admin/builder/spi-builder-workspace/Source/UIScrollView+EmptyDataSet.m:11:
/Users/admin/builder/spi-builder-workspace/Source/UIScrollView+EmptyDataSet.h:148:43: error: 'UIScrollView' is unavailable: not available on watchOS
  148 | - (CGFloat)verticalOffsetForEmptyDataSet:(UIScrollView *)scrollView;
      |                                           ^
In module 'UIKit' imported from /Users/admin/builder/spi-builder-workspace/Source/UIScrollView+EmptyDataSet.h:11:
/Applications/Xcode-27.0.0-Release.Candidate.app/Contents/Developer/Platforms/WatchOS.platform/Developer/SDKs/WatchOS27.0.sdk/System/Library/Frameworks/UIKit.framework/Headers/UIScrollView.h:87:12: note: 'UIScrollView' has been explicitly marked unavailable here
   87 | @interface UIScrollView : UIView <NSCoding, UIFocusItemScrollableContainer>
      |            ^
In file included from /Users/admin/builder/spi-builder-workspace/Source/UIScrollView+EmptyDataSet.m:11:
/Users/admin/builder/spi-builder-workspace/Source/UIScrollView+EmptyDataSet.h:156:40: error: 'UIScrollView' is unavailable: not available on watchOS
  156 | - (CGFloat)spaceHeightForEmptyDataSet:(UIScrollView *)scrollView;
      |                                        ^
In module 'UIKit' imported from /Users/admin/builder/spi-builder-workspace/Source/UIScrollView+EmptyDataSet.h:11:
/Applications/Xcode-27.0.0-Release.Candidate.app/Contents/Developer/Platforms/WatchOS.platform/Developer/SDKs/WatchOS27.0.sdk/System/Library/Frameworks/UIKit.framework/Headers/UIScrollView.h:87:12: note: 'UIScrollView' has been explicitly marked unavailable here
   87 | @interface UIScrollView : UIView <NSCoding, UIFocusItemScrollableContainer>
      |            ^
In file included from /Users/admin/builder/spi-builder-workspace/Source/UIScrollView+EmptyDataSet.m:11:
/Users/admin/builder/spi-builder-workspace/Source/UIScrollView+EmptyDataSet.h:176:35: error: 'UIScrollView' is unavailable: not available on watchOS
  176 | - (BOOL)emptyDataSetShouldFadeIn:(UIScrollView *)scrollView;
      |                                   ^
In module 'UIKit' imported from /Users/admin/builder/spi-builder-workspace/Source/UIScrollView+EmptyDataSet.h:11:
/Applications/Xcode-27.0.0-Release.Candidate.app/Contents/Developer/Platforms/WatchOS.platform/Developer/SDKs/WatchOS27.0.sdk/System/Library/Frameworks/UIKit.framework/Headers/UIScrollView.h:87:12: note: 'UIScrollView' has been explicitly marked unavailable here
   87 | @interface UIScrollView : UIView <NSCoding, UIFocusItemScrollableContainer>
      |            ^
fatal error: too many errors emitted, stopping now [-ferror-limit=]
20 errors generated.
Failed frontend command:
/Applications/Xcode-27.0.0-Release.Candidate.app/Contents/Developer/Toolchains/XcodeDefault.xctoolchain/usr/bin/clang -cc1 -Wundef-prefix\=TARGET_OS_ -fdiagnostics-show-note-include-stack -fmacro-backtrace-limit\=0 -ferror-limit 19 -serialize-diagnostic-file /Users/admin/builder/spi-builder-workspace/.derivedData/Build/Intermediates.noindex/DZNEmptyDataSet.build/Debug-watchos/DZNEmptyDataSet-t.build/Objects-normal/arm64_32/UIScrollView+EmptyDataSet.dia -Wdeprecated-objc-isa-usage -Werror\=deprecated-objc-isa-usage -Werror\=implicit-function-declaration -Wnon-modular-include-in-framework-module -Werror\=non-modular-include-in-framework-module -Wno-trigraphs -Wno-missing-field-initializers -Wno-missing-prototypes -Wno-return-type -Wno-implicit-atomic-properties -Wno-objc-interface-ivars -Wno-arc-repeated-use-of-weak -Wno-missing-braces -Wparentheses -Wswitch -Wno-unused-function -Wno-unused-label -Wno-unused-parameter -Wno-unused-variable -Wunused-value -Wno-empty-body -Wno-uninitialized -Wno-unknown-pragmas -Wno-shadow -Wno-four-char-constants -Wno-conversion -Wno-constant-conversion -Wno-int-conversion -Wno-bool-conversion -Wno-enum-conversion -Wno-float-conversion -Wno-non-literal-null-conversion -Wno-objc-literal-conversion -Wno-shorten-64-to-32 -Wpointer-sign -Wno-newline-eof -Wno-selector -Wno-strict-selector-match -Wno-undeclared-selector -Wno-deprecated-implementations -Wno-implicit-fallthrough -Wprotocol -Wdeprecated-declarations -Wno-sign-conversion -Wno-infinite-recursion -Wno-comma -Wno-block-capture-autoreleasing -Wno-strict-prototypes -Wno-semicolon-before-method-body -Wno-elaborated-enum-base -Wno-error\=allocator-wrappers -index-store-path /Users/admin/builder/spi-builder-workspace/.derivedData/Index.noindex/DataStore -index-unit-output-path /DZNEmptyDataSet.build/Debug-watchos/DZNEmptyDataSet-t.build/Objects-normal/arm64_32/UIScrollView+EmptyDataSet.o -fmodule-map-file\=/Applications/Xcode-27.0.0-Release.Candidate.app/Contents/Developer/Platforms/WatchOS.platform/Developer/SDKs/WatchOS.sdk/usr/include/ObjectiveC.modulemap -fmodule-map-file\=/Applications/Xcode-27.0.0-Release.Candidate.app/Contents/Developer/Platforms/WatchOS.platform/Developer/SDKs/WatchOS.sdk/System/Library/Frameworks/UIKit.framework/Modules/module.modulemap -o /Users/admin/builder/spi-builder-workspace/.derivedData/Build/Intermediates.noindex/DZNEmptyDataSet.build/Debug-watchos/DZNEmptyDataSet-t.build/Objects-normal/arm64_32/UIScrollView+EmptyDataSet.o -disable-free -emit-obj -x objective-c /Users/admin/builder/spi-builder-workspace/Source/UIScrollView+EmptyDataSet.m -target-abi darwinpcs -target-cpu apple-s4 -target-feature +v8.3a -target-feature +aes -target-feature +complxnum -target-feature +crc -target-feature +fp-armv8 -target-feature +fullfp16 -target-feature +jsconv -target-feature +lse -target-feature +neon -target-feature +pauth -target-feature +perfmon -target-feature +ras -target-feature +rcpc -target-feature +rdm -target-feature +sha2 -triple arm64_32-apple-watchos9.0.0 -target-linker-version 1166.2 -target-sdk-version\=27.0 -fmodules-validate-system-headers -fno-modulemap-allow-subdirectory-search -isysroot /Applications/Xcode-27.0.0-Release.Candidate.app/Contents/Developer/Platforms/WatchOS.platform/Developer/SDKs/WatchOS27.0.sdk -resource-dir /Applications/Xcode-27.0.0-Release.Candidate.app/Contents/Developer/Toolchains/XcodeDefault.xctoolchain/usr/lib/clang/21 -fmodule-format\=obj -fmodule-file\=ObjectiveC\=/Users/admin/builder/spi-builder-workspace/.derivedData/Build/Intermediates.noindex/ExplicitPrecompiledModules/ObjectiveC-7OFOJRZYIUCKSSSTRWRNXGZ02.pcm -fmodule-file\=UIKit\=/Users/admin/builder/spi-builder-workspace/.derivedData/Build/Intermediates.noindex/ExplicitPrecompiledModules/UIKit-6VLEXFPHHIVZFGPP0CSOJ3UZD.pcm -I /Users/admin/builder/spi-builder-workspace/.derivedData/Build/Products/Debug-watchos/include -I /Users/admin/builder/spi-builder-workspace/Source -I /Users/admin/builder/spi-builder-workspace/.derivedData/Build/Intermediates.noindex/DZNEmptyDataSet.build/Debug-watchos/DZNEmptyDataSet-t.build/DerivedSources-normal/arm64_32 -I /Users/admin/builder/spi-builder-workspace/.derivedData/Build/Intermediates.noindex/DZNEmptyDataSet.build/Debug-watchos/DZNEmptyDataSet-t.build/DerivedSources/arm64_32 -I /Users/admin/builder/spi-builder-workspace/.derivedData/Build/Intermediates.noindex/DZNEmptyDataSet.build/Debug-watchos/DZNEmptyDataSet-t.build/DerivedSources -F /Users/admin/builder/spi-builder-workspace/.derivedData/Build/Products/Debug-watchos -iframework /Applications/Xcode-27.0.0-Release.Candidate.app/Contents/Developer/Platforms/WatchOS.platform/Developer/Library/Frameworks -iframework /Applications/Xcode-27.0.0-Release.Candidate.app/Contents/Developer/Platforms/WatchOS.platform/Developer/SDKs/WatchOS27.0.sdk/Developer/Library/Frameworks -internal-isystem /Applications/Xcode-27.0.0-Release.Candidate.app/Contents/Developer/Platforms/WatchOS.platform/Developer/SDKs/WatchOS27.0.sdk/usr/local/include -internal-isystem /Applications/Xcode-27.0.0-Release.Candidate.app/Contents/Developer/Toolchains/XcodeDefault.xctoolchain/usr/lib/clang/21/include -internal-externc-isystem /Applications/Xcode-27.0.0-Release.Candidate.app/Contents/Developer/Platforms/WatchOS.platform/Developer/SDKs/WatchOS27.0.sdk/usr/include -internal-externc-isystem /Applications/Xcode-27.0.0-Release.Candidate.app/Contents/Developer/Toolchains/XcodeDefault.xctoolchain/usr/include -internal-iframework /Applications/Xcode-27.0.0-Release.Candidate.app/Contents/Developer/Platforms/WatchOS.platform/Developer/SDKs/WatchOS27.0.sdk/System/Library/Frameworks -internal-iframework /Applications/Xcode-27.0.0-Release.Candidate.app/Contents/Developer/Platforms/WatchOS.platform/Developer/SDKs/WatchOS27.0.sdk/System/Library/SubFrameworks -internal-iframework /Applications/Xcode-27.0.0-Release.Candidate.app/Contents/Developer/Platforms/WatchOS.platform/Developer/SDKs/WatchOS27.0.sdk/Library/Frameworks -ivfsstatcache /Users/admin/builder/spi-builder-workspace/.derivedData/SDKStatCaches.noindex/watchos27.0-24R360-e829b21a6f8c9b70876ba0858053c04477534ef55a1706bf4c1112bbb242f0a2.sdkstatcache -std\=gnu11 -fexceptions -fskip-odr-check-in-gmf -fmodules -fmodule-name\=DZNEmptyDataSet -fno-implicit-modules -fobjc-exceptions -fmax-type-align\=16 -fpascal-strings -fvisibility-inlines-hidden-static-local-var -mdarwin-stkchk-strong-link -fno-odr-hash-protocols -pic-level 2 -fencode-extended-block-signature -stack-protector 1 -fobjc-runtime\=watchos-9.0.0 -fobjc-arc -fobjc-runtime-has-weak -fobjc-weak -fgnuc-version\=4.2.1 -fblocks -fno-convergent-functions -ffp-contract\=on -fclang-abi-compat\=4.0 -fno-experimental-relative-c++-abi-vtables -fno-file-reproducible -clang-vendor-feature\=+disableNonDependentMemberExprInCurrentInstantiation -clang-vendor-feature\=+enableAggressiveVLAFolding -clang-vendor-feature\=+revert09abecef7bbf -clang-vendor-feature\=+thisNoAlignAttr -clang-vendor-feature\=+thisNoNullAttr -clang-vendor-feature\=+disableAtImportPrivateFrameworkInImplementationError -O0 -fno-assume-unique-vtables -fdebug-compilation-dir\=/Users/admin/builder/spi-builder-workspace/.swiftpm/xcode -fcoverage-compilation-dir\=/Users/admin/builder/spi-builder-workspace/.swiftpm/xcode -fcommon -fdwarf2-cfi-asm -fobjc-msgsend-selector-stubs -fregister-global-dtors-with-atexit -fno-strict-return -dwarf-version\=4 -debugger-tuning\=lldb -disable-llvm-verifier -dwarf-ext-refs -funwind-tables\=1 -enable-tlsdesc -clear-ast-before-backend -discard-value-names -main-file-name UIScrollView+EmptyDataSet.m -mframe-pointer\=non-leaf -debug-info-kind\=standalone -fno-loop-interchange -fdiagnostics-hotness-threshold\=0 -fdiagnostics-misexpect-tolerance\=0 -D DEBUG\=1 -D OBJC_OLD_DISPATCH_PROTOTYPES\=1 -D SWIFT_PACKAGE -D Xcode -fdefine-target-os-macros -MT dependencies -dependency-file /Users/admin/builder/spi-builder-workspace/.derivedData/Build/Intermediates.noindex/DZNEmptyDataSet.build/Debug-watchos/DZNEmptyDataSet-t.build/Objects-normal/arm64_32/UIScrollView+EmptyDataSet.d -skip-unused-modulemap-deps -module-file-deps\=direct -fdepfile-entry\=/Applications/Xcode-27.0.0-Release.Candidate.app/Contents/Developer/Platforms/WatchOS.platform/Developer/SDKs/WatchOS27.0.sdk/SDKSettings.json
PruneExplicitPrecompiledModules /Users/admin/builder/spi-builder-workspace/.derivedData/Build/Intermediates.noindex/ExplicitPrecompiledModules
PruneExplicitPrecompiledModules /Users/admin/builder/spi-builder-workspace/.derivedData/SDKExplicitPrecompiledModules
PruneExplicitPrecompiledModules /Users/admin/builder/spi-builder-workspace/.derivedData/Build/Intermediates.noindex/SwiftExplicitPrecompiledModules
2026-09-20 19:04:49.381 xcodebuild[856:5055] [MT] IDERunDestination: Supported platforms for the buildables in the current scheme is empty.
** BUILD FAILED **
The following build commands failed:
	CompileC /Users/admin/builder/spi-builder-workspace/.derivedData/Build/Intermediates.noindex/DZNEmptyDataSet.build/Debug-watchos/DZNEmptyDataSet-t.build/Objects-normal/arm64/UIScrollView+EmptyDataSet.o /Users/admin/builder/spi-builder-workspace/Source/UIScrollView+EmptyDataSet.m normal arm64 objective-c com.apple.compilers.llvm.clang.1_0.compiler (in target 'DZNEmptyDataSet' from project 'DZNEmptyDataSet')
	CompileC /Users/admin/builder/spi-builder-workspace/.derivedData/Build/Intermediates.noindex/DZNEmptyDataSet.build/Debug-watchos/DZNEmptyDataSet-t.build/Objects-normal/arm64_32/UIScrollView+EmptyDataSet.o /Users/admin/builder/spi-builder-workspace/Source/UIScrollView+EmptyDataSet.m normal arm64_32 objective-c com.apple.compilers.llvm.clang.1_0.compiler (in target 'DZNEmptyDataSet' from project 'DZNEmptyDataSet')
	Building workspace DZNEmptyDataSet with scheme DZNEmptyDataSet
(3 failures)
BUILD FAILURE 6.4 watchOS